Data-RenderAsTree v1.04 Perl 5 v5.22.2 amd64-freebsd-thread-multi

Status
Fail
From
Slaven Rezić
Dist
Data-RenderAsTree v1.04
Platform
Perl 5 v5.22.2 amd64-freebsd-thread-multi
Date
2025-05-12 20:04:28
ID
4f414ef2-2f6c-11f0-916e-c8f16d8775ea
This distribution has been tested as part of the CPAN Testers
project, supporting the Perl programming language.  See
http://wiki.cpantesters.org/ for more information or email
questions to cpan-testers-discuss@perl.org


--
Dear Ron Savage,

This is a computer-generated report for Data-RenderAsTree-1.04
on perl 5.22.2, created by CPAN-Reporter-1.2017.

Thank you for uploading your work to CPAN.  However, there was a problem
testing your distribution.

If you think this report is invalid, please consult the CPAN Testers Wiki
for suggestions on how to avoid getting FAIL reports for missing library
or binary dependencies, unsupported operating systems, and so on:

http://wiki.cpantesters.org/wiki/CPANAuthorNotes

Sections of this report:

    * Tester comments
    * Program output
    * Prerequisites
    * Environment and other context

------------------------------
TESTER COMMENTS
------------------------------

Additional comments from tester:

none provided

------------------------------
PROGRAM OUTPUT
------------------------------

Output from '/usr/bin/make test':

PERL_DL_NONLAZY=1 "/usr/perl5.22.2t/bin/perl" "-MExtUtils::Command::MM" "-MTest::Harness" "-e" "undef *Test::Harness::Switches; test_harness(0, 'blib/lib', 'blib/arch')" t/*.t

#   Failed test 'Rendered'
#   at t/array.t line 104.
#     Structures begin differing at:
#          $got->[0] = 'Array Demo'
#     $expected->[0] = 'Array Demo. Attributes: {}'

#   Failed test 'Rendered'
#   at t/array.t line 104.
#     Structures begin differing at:
#          $got->[0] = 'Array Demo'
#     $expected->[0] = 'Array Demo. Attributes: {}'

#   Failed test 'Rendered'
#   at t/array.t line 104.
#     Structures begin differing at:
#          $got->[0] = 'Array Demo'
#     $expected->[0] = 'Array Demo. Attributes: {}'

#   Failed test 'Rendered'
#   at t/array.t line 104.
#     Structures begin differing at:
#          $got->[0] = 'Array Demo'
#     $expected->[0] = 'Array Demo. Attributes: {}'

#   Failed test 'Rendered'
#   at t/array.t line 104.
#     Structures begin differing at:
#          $got->[0] = 'Array Demo'
#     $expected->[0] = 'Array Demo. Attributes: {}'
# Looks like you failed 5 tests of 5.
t/array.t .. 
Dubious, test returned 5 (wstat 1280, 0x500)
Failed 5/5 subtests 

#   Failed test 'Rendered'
#   at t/bless.t line 69.
#     Structures begin differing at:
#          $got->[0] = 'Bless Demo'
#     $expected->[0] = 'Bless Demo. Attributes: {}'

#   Failed test 'Rendered'
#   at t/bless.t line 69.
#     Structures begin differing at:
#          $got->[0] = 'Bless Demo'
#     $expected->[0] = 'Bless Demo. Attributes: {}'
# Looks like you failed 2 tests of 2.
t/bless.t .. 
Dubious, test returned 2 (wstat 512, 0x200)
Failed 2/2 subtests 

#   Failed test 'Rendered'
#   at t/empty.t line 42.
#     Structures begin differing at:
#          $got->[0] = 'Empty Demo'
#     $expected->[0] = 'Empty Demo. Attributes: {}'
# Looks like you failed 1 test of 1.
t/empty.t .. 
Dubious, test returned 1 (wstat 256, 0x100)
Failed 1/1 subtests 

#   Failed test 'Rendered'
#   at t/hash.t line 129.
#     Structures begin differing at:
#          $got->[0] = 'Hash Demo'
#     $expected->[0] = 'Hash Demo. Attributes: {}'

#   Failed test 'Rendered'
#   at t/hash.t line 129.
#     Structures begin differing at:
#          $got->[0] = 'Hash Demo'
#     $expected->[0] = 'Hash Demo. Attributes: {}'

#   Failed test 'Rendered'
#   at t/hash.t line 129.
#     Structures begin differing at:
#          $got->[0] = 'Hash Demo'
#     $expected->[0] = 'Hash Demo. Attributes: {}'

#   Failed test 'Rendered'
#   at t/hash.t line 129.
#     Structures begin differing at:
#          $got->[0] = 'Hash Demo'
#     $expected->[0] = 'Hash Demo. Attributes: {}'

#   Failed test 'Rendered'
#   at t/hash.t line 129.
#     Structures begin differing at:
#          $got->[0] = 'Hash Demo'
#     $expected->[0] = 'Hash Demo. Attributes: {}'

#   Failed test 'Rendered'
#   at t/hash.t line 129.
#     Structures begin differing at:
#          $got->[0] = 'Hash Demo'
#     $expected->[0] = 'Hash Demo. Attributes: {}'

#   Failed test 'Rendered'
#   at t/hash.t line 129.
#     Structures begin differing at:
#          $got->[0] = 'Hash Demo'
#     $expected->[0] = 'Hash Demo. Attributes: {}'
# Looks like you failed 7 tests of 7.
t/hash.t ... 
Dubious, test returned 7 (wstat 1792, 0x700)
Failed 7/7 subtests 

#   Failed test 'Rendered'
#   at t/mixup.t line 100.
#     Structures begin differing at:
#          $got->[0] = 'Mixup Demo'
#     $expected->[0] = 'Mixup Demo. Attributes: {}'

#   Failed test 'Rendered'
#   at t/mixup.t line 100.
#     Structures begin differing at:
#          $got->[0] = 'Mixup Demo'
#     $expected->[0] = 'Mixup Demo. Attributes: {}'

#   Failed test 'Rendered'
#   at t/mixup.t line 100.
#     Structures begin differing at:
#          $got->[0] = 'Mixup Demo'
#     $expected->[0] = 'Mixup Demo. Attributes: {}'

#   Failed test 'Rendered'
#   at t/mixup.t line 100.
#     Structures begin differing at:
#          $got->[0] = 'Mixup Demo'
#     $expected->[0] = 'Mixup Demo. Attributes: {}'

#   Failed test 'Rendered'
#   at t/mixup.t line 100.
#     Structures begin differing at:
#          $got->[0] = 'Mixup Demo'
#     $expected->[0] = 'Mixup Demo. Attributes: {}'
# Looks like you failed 5 tests of 5.
t/mixup.t .. 
Dubious, test returned 5 (wstat 1280, 0x500)
Failed 5/5 subtests 

#   Failed test 'Rendered'
#   at t/ref.t line 70.
#     Structures begin differing at:
#          $got->[0] = 'Ref Demo'
#     $expected->[0] = 'Ref Demo. Attributes: {}'

#   Failed test 'Rendered'
#   at t/ref.t line 70.
#     Structures begin differing at:
#          $got->[0] = 'Ref Demo'
#     $expected->[0] = 'Ref Demo. Attributes: {}'
# Looks like you failed 2 tests of 2.
t/ref.t .... 
Dubious, test returned 2 (wstat 512, 0x200)
Failed 2/2 subtests 

#   Failed test 'Rendered'
#   at t/undef.t line 42.
#     Structures begin differing at:
#          $got->[0] = 'Undef Demo'
#     $expected->[0] = 'Undef Demo. Attributes: {}'
# Looks like you failed 1 test of 1.
t/undef.t .. 
Dubious, test returned 1 (wstat 256, 0x100)
Failed 1/1 subtests 

#   Failed test 'Rendered'
#   at t/zero.t line 42.
#     Structures begin differing at:
#          $got->[0] = 'Undef Demo'
#     $expected->[0] = 'Undef Demo. Attributes: {}'
# Looks like you failed 1 test of 1.
t/zero.t ... 
Dubious, test returned 1 (wstat 256, 0x100)
Failed 1/1 subtests 

Test Summary Report
-------------------
t/array.t (Wstat: 1280 Tests: 5 Failed: 5)
  Failed tests:  1-5
  Non-zero exit status: 5
t/bless.t (Wstat: 512 Tests: 2 Failed: 2)
  Failed tests:  1-2
  Non-zero exit status: 2
t/empty.t (Wstat: 256 Tests: 1 Failed: 1)
  Failed test:  1
  Non-zero exit status: 1
t/hash.t (Wstat: 1792 Tests: 7 Failed: 7)
  Failed tests:  1-7
  Non-zero exit status: 7
t/mixup.t (Wstat: 1280 Tests: 5 Failed: 5)
  Failed tests:  1-5
  Non-zero exit status: 5
t/ref.t  (Wstat: 512 Tests: 2 Failed: 2)
  Failed tests:  1-2
  Non-zero exit status: 2
t/undef.t (Wstat: 256 Tests: 1 Failed: 1)
  Failed test:  1
  Non-zero exit status: 1
t/zero.t (Wstat: 256 Tests: 1 Failed: 1)
  Failed test:  1
  Non-zero exit status: 1
Files=8, Tests=24,  1 wallclock secs ( 0.00 usr  0.03 sys +  0.48 cusr  0.59 csys =  1.10 CPU)
Result: FAIL
Failed 8/8 test programs. 24/24 subtests failed.
*** Error code 1

Stop.
make: stopped in /home/cpansand/.cpan/build/2025051210/Data-RenderAsTree-1.04-3dOth3

------------------------------
PREREQUISITES
------------------------------

Prerequisite modules loaded:

requires:

    Module                Need     Have    
    --------------------- -------- --------
    Data::Dumper::Concise 2.022    2.022   
    Moo                   2.000001 2.003000
    Scalar::Util          1.42     1.45    
    Set::Array            0.3      0.30    
    strict                0        1.09    
    Test::More            1.001014 1.302183
    Test::Pod             1.51     1.51    
    Text::Truncate        1.06     1.06    
    Tree::DAG_Node        1.26     1.29    
    Types::Standard       1.000005 1.000006
    warnings              0        1.34    

build_requires:

    Module                Need     Have    
    --------------------- -------- --------
    Data::Dumper          2.023    2.158   
    ExtUtils::MakeMaker   0        7.58    
    Test::More            1.001014 1.302183

configure_requires:

    Module                Need     Have    
    --------------------- -------- --------
    ExtUtils::MakeMaker   0        7.58    


------------------------------
ENVIRONMENT AND OTHER CONTEXT
------------------------------

Environment variables:

    LC_ALL = de_DE.ISO8859-1
    PATH = /usr/local/bin:/usr/bin:/bin:/usr/local/sbin:/usr/sbin:/sbin:/home/cpansand/bin/freebsd10.3:/home/cpansand/bin/sh:/home/cpansand/bin:/usr/games:/home/cpansand/devel:/home/eserte/src/srezic-misc/scripts
    PERL5LIB = /home/cpansand/.cpan/build/2025051210/Text-Truncate-1.06-VKbSWv/blib/arch:/home/cpansand/.cpan/build/2025051210/Text-Truncate-1.06-VKbSWv/blib/lib
    PERL5OPT = 
    PERL5_CPANPLUS_IS_RUNNING = 93519
    PERL5_CPAN_IS_RUNNING = 93519
    PERL5_CPAN_IS_RUNNING_IN_RECURSION = 93482,93519
    PERLDOC = -MPod::Perldoc::ToTextOverstrike
    PERL_BATCH = yes
    PERL_CANARY_STABILITY_NOPROMPT = 1
    PERL_CPAN_REPORTER_CONFIG = /var/tmp/cpansmoker-1023/2025051210/cpanreporter_000_config.ini
    PERL_EXTUTILS_AUTOINSTALL = --defaultdeps
    SHELL = /usr/local/bin/zsh
    TERM = screen
    TMPDIR = /var/tmp/cpansmoker-1023/2025051210

Perl special variables (and OS-specific diagnostics, for MSWin32):

    $^X = /usr/perl5.22.2t/bin/perl
    $UID/$EUID = 1023 / 1023
    $GID = 1023 1023
    $EGID = 1023 1023

Perl module toolchain versions installed:

    Module              Have    
    ------------------- --------
    CPAN                2.11    
    CPAN::Meta          2.150001
    Cwd                 3.62    
    ExtUtils::CBuilder  0.280221
    ExtUtils::Command   7.58    
    ExtUtils::Install   2.06    
    ExtUtils::MakeMaker 7.58    
    ExtUtils::Manifest  1.70    
    ExtUtils::ParseXS   3.35    
    File::Spec          3.62    
    JSON                2.90    
    JSON::PP            2.27300 
    Module::Build       0.4218  
    Module::Signature   0.80    
    Parse::CPAN::Meta   1.4422  
    Test::Harness       3.35    
    Test::More          1.302183
    YAML                1.15    
    YAML::Syck          1.29    
    version             0.9917  


--

Summary of my perl5 (revision 5 version 22 subversion 2) configuration:
   
  Platform:
    osname=freebsd, osvers=10.1-release, archname=amd64-freebsd-thread-multi
    uname='freebsd cvrsnica-freebsd-101.herceg.de 10.1-release freebsd 10.1-release #0 r274401: tue nov 11 21:02:49 utc 2014 root@releng1.nyi.freebsd.org:usrobjusrsrcsysgeneric amd64 '
    config_args='-ds -e -Dprefix=/usr/perl5.22.2t -Dusethreads -Dcf_email=srezic@cpan.org -Doptimize=-O2 -pipe'
    hint=recommended, useposix=true, d_sigaction=define
    useithreads=define, usemultiplicity=define
    use64bitint=define, use64bitall=define, uselongdouble=undef
    usemymalloc=n, bincompat5005=undef
  Compiler:
    cc='cc', ccflags ='-DHAS_FPSETMASK -DHAS_FLOATINGPOINT_H -fno-strict-aliasing -pipe -fstack-protector -I/usr/local/include -D_FORTIFY_SOURCE=2',
    optimize='-O2 -pipe',
    cppflags='-DHAS_FPSETMASK -DHAS_FLOATINGPOINT_H -fno-strict-aliasing -pipe -fstack-protector -I/usr/local/include'
    ccversion='', gccversion='4.2.1 Compatible FreeBSD Clang 3.4.1 (tags/RELEASE_34/dot1-final 208032)', gccosandvers=''
    intsize=4, longsize=8, ptrsize=8, doublesize=8, byteorder=12345678, doublekind=3
    d_longlong=define, longlongsize=8, d_longdbl=define, longdblsize=16, longdblkind=3
    ivtype='long', ivsize=8, nvtype='double', nvsize=8, Off_t='off_t', lseeksize=8
    alignbytes=8, prototype=define
  Linker and Libraries:
    ld='cc', ldflags ='-pthread -Wl,-E  -fstack-protector -L/usr/local/lib'
    libpth=/usr/lib /usr/local/lib /usr/include/clang/3.4.1 /usr/lib
    libs=-lpthread -lgdbm -lm -lcrypt -lutil
    perllibs=-lpthread -lm -lcrypt -lutil
    libc=, so=so, useshrplib=false, libperl=libperl.a
    gnulibc_version=''
  Dynamic Linking:
    dlsrc=dl_dlopen.xs, dlext=so, d_dlsymun=undef, ccdlflags=' '
    cccdlflags='-DPIC -fPIC', lddlflags='-shared  -L/usr/local/lib -fstack-protector'


Characteristics of this binary (from libperl): 
  Compile-time options: HAS_TIMES MULTIPLICITY PERLIO_LAYERS
                        PERL_DONT_CREATE_GVSV
                        PERL_HASH_FUNC_ONE_AT_A_TIME_HARD
                        PERL_IMPLICIT_CONTEXT PERL_MALLOC_WRAP
                        PERL_NEW_COPY_ON_WRITE PERL_PRESERVE_IVUV
                        USE_64_BIT_ALL USE_64_BIT_INT USE_ITHREADS
                        USE_LARGE_FILES USE_LOCALE USE_LOCALE_COLLATE
                        USE_LOCALE_CTYPE USE_LOCALE_NUMERIC USE_LOCALE_TIME
                        USE_PERLIO USE_PERL_ATOF USE_REENTRANT_API
  Built under freebsd
  Compiled at Jun 18 2016 12:32:50
  %ENV:
    PERL5LIB="/home/cpansand/.cpan/build/2025051210/Text-Truncate-1.06-VKbSWv/blib/arch:/home/cpansand/.cpan/build/2025051210/Text-Truncate-1.06-VKbSWv/blib/lib"
    PERL5OPT=""
    PERL5_CPANPLUS_IS_RUNNING="93519"
    PERL5_CPAN_IS_RUNNING="93519"
    PERL5_CPAN_IS_RUNNING_IN_RECURSION="93482,93519"
    PERLDOC="-MPod::Perldoc::ToTextOverstrike"
    PERL_BATCH="yes"
    PERL_CANARY_STABILITY_NOPROMPT="1"
    PERL_CPAN_REPORTER_CONFIG="/var/tmp/cpansmoker-1023/2025051210/cpanreporter_000_config.ini"
    PERL_EXTUTILS_AUTOINSTALL="--defaultdeps"
  @INC:
    /home/cpansand/.cpan/build/2025051210/Text-Truncate-1.06-VKbSWv/blib/arch
    /home/cpansand/.cpan/build/2025051210/Text-Truncate-1.06-VKbSWv/blib/lib
    /usr/perl5.22.2t/lib/site_perl/5.22.2/amd64-freebsd-thread-multi
    /usr/perl5.22.2t/lib/site_perl/5.22.2
    /usr/perl5.22.2t/lib/5.22.2/amd64-freebsd-thread-multi
    /usr/perl5.22.2t/lib/5.22.2
    .