Image-SVG-Path v0.31_01 Perl 5 v5.8.9 x86_64-linux-thread-multi

Status
Fail
From
Chris Williams (BINGOS)
Dist
Image-SVG-Path v0.31_01
Platform
Perl 5 v5.8.9 x86_64-linux-thread-multi
Date
2017-11-06 12:59:21
ID
4e80f0ba-c2f2-11e7-a1cf-bb670eaac09d
This distribution has been tested as part of the CPAN Testers
project, supporting the Perl programming language.  See
http://wiki.cpantesters.org/ for more information or email
questions to cpan-testers-discuss@perl.org


--

Dear BKB,

This is a computer-generated error report created automatically by
CPANPLUS, version 0.9172. Testers personal comments may appear
at the end of this report.


Thank you for uploading your work to CPAN.  However, it appears that
there were some problems testing your distribution.

TEST RESULTS:

Below is the error stack from stage 'make test':

PERL_DL_NONLAZY=1 "/home/cpan/pit/thr/perl-5.8.9/bin/perl" "-MExtUtils::Command::MM" "-MTest::Harness" "-e" "undef *Test::Harness::Switches; test_harness(0, 'blib/lib', 'blib/arch')" t/*.t
Scalar found where operator expected at /home/cpan/pit/thr/conf/perl-5.8.9/.cpanplus/5.8.9/build/DqzIrZzV5u/Image-SVG-Path-0.31_01/blib/lib/Image/SVG/Path.pm line 384, near "if ($original !~ /$moveto"
  (Might be a runaway multi-line // string starting on line 382)
	(Do you need to predeclare if?)
"my" variable $expect_numbers masks earlier declaration in same scope at /home/cpan/pit/thr/conf/perl-5.8.9/.cpanplus/5.8.9/build/DqzIrZzV5u/Image-SVG-Path-0.31_01/blib/lib/Image/SVG/Path.pm line 429.
"my" variable $position masks earlier declaration in same scope at /home/cpan/pit/thr/conf/perl-5.8.9/.cpanplus/5.8.9/build/DqzIrZzV5u/Image-SVG-Path-0.31_01/blib/lib/Image/SVG/Path.pm line 434.
"my" variable $i masks earlier declaration in same scope at /home/cpan/pit/thr/conf/perl-5.8.9/.cpanplus/5.8.9/build/DqzIrZzV5u/Image-SVG-Path-0.31_01/blib/lib/Image/SVG/Path.pm line 435.
"my" variable $offset masks earlier declaration in same scope at /home/cpan/pit/thr/conf/perl-5.8.9/.cpanplus/5.8.9/build/DqzIrZzV5u/Image-SVG-Path-0.31_01/blib/lib/Image/SVG/Path.pm line 436.
"my" variable @control2 masks earlier declaration in same scope at /home/cpan/pit/thr/conf/perl-5.8.9/.cpanplus/5.8.9/build/DqzIrZzV5u/Image-SVG-Path-0.31_01/blib/lib/Image/SVG/Path.pm line 437.
"my" variable @end masks earlier declaration in same scope at /home/cpan/pit/thr/conf/perl-5.8.9/.cpanplus/5.8.9/build/DqzIrZzV5u/Image-SVG-Path-0.31_01/blib/lib/Image/SVG/Path.pm line 438.
"my" variable $expect_numbers masks earlier declaration in same scope at /home/cpan/pit/thr/conf/perl-5.8.9/.cpanplus/5.8.9/build/DqzIrZzV5u/Image-SVG-Path-0.31_01/blib/lib/Image/SVG/Path.pm line 450.
"my" variable $position masks earlier declaration in same scope at /home/cpan/pit/thr/conf/perl-5.8.9/.cpanplus/5.8.9/build/DqzIrZzV5u/Image-SVG-Path-0.31_01/blib/lib/Image/SVG/Path.pm line 457.
"my" variable $position masks earlier declaration in same scope at /home/cpan/pit/thr/conf/perl-5.8.9/.cpanplus/5.8.9/build/DqzIrZzV5u/Image-SVG-Path-0.31_01/blib/lib/Image/SVG/Path.pm line 465.
"my" variable $expect_numbers masks earlier declaration in same scope at /home/cpan/pit/thr/conf/perl-5.8.9/.cpanplus/5.8.9/build/DqzIrZzV5u/Image-SVG-Path-0.31_01/blib/lib/Image/SVG/Path.pm line 474.
"my" variable $position masks earlier declaration in same scope at /home/cpan/pit/thr/conf/perl-5.8.9/.cpanplus/5.8.9/build/DqzIrZzV5u/Image-SVG-Path-0.31_01/blib/lib/Image/SVG/Path.pm line 479.
"my" variable $i masks earlier declaration in same scope at /home/cpan/pit/thr/conf/perl-5.8.9/.cpanplus/5.8.9/build/DqzIrZzV5u/Image-SVG-Path-0.31_01/blib/lib/Image/SVG/Path.pm line 480.
"my" variable $expect_numbers masks earlier declaration in same scope at /home/cpan/pit/thr/conf/perl-5.8.9/.cpanplus/5.8.9/build/DqzIrZzV5u/Image-SVG-Path-0.31_01/blib/lib/Image/SVG/Path.pm line 493.
"my" variable $position masks earlier declaration in same scope at /home/cpan/pit/thr/conf/perl-5.8.9/.cpanplus/5.8.9/build/DqzIrZzV5u/Image-SVG-Path-0.31_01/blib/lib/Image/SVG/Path.pm line 498.
"my" variable $i masks earlier declaration in same scope at /home/cpan/pit/thr/conf/perl-5.8.9/.cpanplus/5.8.9/build/DqzIrZzV5u/Image-SVG-Path-0.31_01/blib/lib/Image/SVG/Path.pm line 499.
"my" variable $o masks earlier declaration in same scope at /home/cpan/pit/thr/conf/perl-5.8.9/.cpanplus/5.8.9/build/DqzIrZzV5u/Image-SVG-Path-0.31_01/blib/lib/Image/SVG/Path.pm line 500.
"my" variable $position masks earlier declaration in same scope at /home/cpan/pit/thr/conf/perl-5.8.9/.cpanplus/5.8.9/build/DqzIrZzV5u/Image-SVG-Path-0.31_01/blib/lib/Image/SVG/Path.pm line 511.
"my" variable $i masks earlier declaration in same scope at /home/cpan/pit/thr/conf/perl-5.8.9/.cpanplus/5.8.9/build/DqzIrZzV5u/Image-SVG-Path-0.31_01/blib/lib/Image/SVG/Path.pm line 512.
"my" variable $position masks earlier declaration in same scope at /home/cpan/pit/thr/conf/perl-5.8.9/.cpanplus/5.8.9/build/DqzIrZzV5u/Image-SVG-Path-0.31_01/blib/lib/Image/SVG/Path.pm line 523.
"my" variable $i masks earlier declaration in same scope at /home/cpan/pit/thr/conf/perl-5.8.9/.cpanplus/5.8.9/build/DqzIrZzV5u/Image-SVG-Path-0.31_01/blib/lib/Image/SVG/Path.pm line 524.
"my" variable $position masks earlier declaration in same scope at /home/cpan/pit/thr/conf/perl-5.8.9/.cpanplus/5.8.9/build/DqzIrZzV5u/Image-SVG-Path-0.31_01/blib/lib/Image/SVG/Path.pm line 535.
"my" variable $expect_numbers masks earlier declaration in same scope at /home/cpan/pit/thr/conf/perl-5.8.9/.cpanplus/5.8.9/build/DqzIrZzV5u/Image-SVG-Path-0.31_01/blib/lib/Image/SVG/Path.pm line 536.
"my" variable $i masks earlier declaration in same scope at /home/cpan/pit/thr/conf/perl-5.8.9/.cpanplus/5.8.9/build/DqzIrZzV5u/Image-SVG-Path-0.31_01/blib/lib/Image/SVG/Path.pm line 540.
"my" variable $o masks earlier declaration in same scope at /home/cpan/pit/thr/conf/perl-5.8.9/.cpanplus/5.8.9/build/DqzIrZzV5u/Image-SVG-Path-0.31_01/blib/lib/Image/SVG/Path.pm line 541.
"my" variable $expect_numbers masks earlier declaration in same scope at /home/cpan/pit/thr/conf/perl-5.8.9/.cpanplus/5.8.9/build/DqzIrZzV5u/Image-SVG-Path-0.31_01/blib/lib/Image/SVG/Path.pm line 552.
"my" variable $position masks earlier declaration in same scope at /home/cpan/pit/thr/conf/perl-5.8.9/.cpanplus/5.8.9/build/DqzIrZzV5u/Image-SVG-Path-0.31_01/blib/lib/Image/SVG/Path.pm line 553.
Global symbol "$original" requires explicit package name at /home/cpan/pit/thr/conf/perl-5.8.9/.cpanplus/5.8.9/build/DqzIrZzV5u/Image-SVG-Path-0.31_01/blib/lib/Image/SVG/Path.pm line 382.
Global symbol "$values" requires explicit package name at /home/cpan/pit/thr/conf/perl-5.8.9/.cpanplus/5.8.9/build/DqzIrZzV5u/Image-SVG-Path-0.31_01/blib/lib/Image/SVG/Path.pm line 382.
Global symbol "$original" requires explicit package name at /home/cpan/pit/thr/conf/perl-5.8.9/.cpanplus/5.8.9/build/DqzIrZzV5u/Image-SVG-Path-0.31_01/blib/lib/Image/SVG/Path.pm line 382.
syntax error at /home/cpan/pit/thr/conf/perl-5.8.9/.cpanplus/5.8.9/build/DqzIrZzV5u/Image-SVG-Path-0.31_01/blib/lib/Image/SVG/Path.pm line 384, near "if ($original !~ /$moveto"
Global symbol "$original" requires explicit package name at /home/cpan/pit/thr/conf/perl-5.8.9/.cpanplus/5.8.9/build/DqzIrZzV5u/Image-SVG-Path-0.31_01/blib/lib/Image/SVG/Path.pm line 385.
Global symbol "$original" requires explicit package name at /home/cpan/pit/thr/conf/perl-5.8.9/.cpanplus/5.8.9/build/DqzIrZzV5u/Image-SVG-Path-0.31_01/blib/lib/Image/SVG/Path.pm line 388.
Global symbol "@curves" requires explicit package name at /home/cpan/pit/thr/conf/perl-5.8.9/.cpanplus/5.8.9/build/DqzIrZzV5u/Image-SVG-Path-0.31_01/blib/lib/Image/SVG/Path.pm line 391.
Global symbol "$verbose" requires explicit package name at /home/cpan/pit/thr/conf/perl-5.8.9/.cpanplus/5.8.9/build/DqzIrZzV5u/Image-SVG-Path-0.31_01/blib/lib/Image/SVG/Path.pm line 399.
Global symbol "$me" requires explicit package name at /home/cpan/pit/thr/conf/perl-5.8.9/.cpanplus/5.8.9/build/DqzIrZzV5u/Image-SVG-Path-0.31_01/blib/lib/Image/SVG/Path.pm line 400.
Global symbol "$me" requires explicit package name at /home/cpan/pit/thr/conf/perl-5.8.9/.cpanplus/5.8.9/build/DqzIrZzV5u/Image-SVG-Path-0.31_01/blib/lib/Image/SVG/Path.pm line 406.
Global symbol "$path" requires explicit package name at /home/cpan/pit/thr/conf/perl-5.8.9/.cpanplus/5.8.9/build/DqzIrZzV5u/Image-SVG-Path-0.31_01/blib/lib/Image/SVG/Path.pm line 407.
Global symbol "@path_info" requires explicit package name at /home/cpan/pit/thr/conf/perl-5.8.9/.cpanplus/5.8.9/build/DqzIrZzV5u/Image-SVG-Path-0.31_01/blib/lib/Image/SVG/Path.pm line 417.
Global symbol "$me" requires explicit package name at /home/cpan/pit/thr/conf/perl-5.8.9/.cpanplus/5.8.9/build/DqzIrZzV5u/Image-SVG-Path-0.31_01/blib/lib/Image/SVG/Path.pm line 431.
Global symbol "$path" requires explicit package name at /home/cpan/pit/thr/conf/perl-5.8.9/.cpanplus/5.8.9/build/DqzIrZzV5u/Image-SVG-Path-0.31_01/blib/lib/Image/SVG/Path.pm line 432.
Global symbol "@path_info" requires explicit package name at /home/cpan/pit/thr/conf/perl-5.8.9/.cpanplus/5.8.9/build/DqzIrZzV5u/Image-SVG-Path-0.31_01/blib/lib/Image/SVG/Path.pm line 439.
Global symbol "$path" requires explicit package name at /home/cpan/pit/thr/conf/perl-5.8.9/.cpanplus/5.8.9/build/DqzIrZzV5u/Image-SVG-Path-0.31_01/blib/lib/Image/SVG/Path.pm line 455.
Global symbol "@path_info" requires explicit package name at /home/cpan/pit/thr/conf/perl-5.8.9/.cpanplus/5.8.9/build/DqzIrZzV5u/Image-SVG-Path-0.31_01/blib/lib/Image/SVG/Path.pm line 458.
Global symbol "$path" requires explicit package name at /home/cpan/pit/thr/conf/perl-5.8.9/.cpanplus/5.8.9/build/DqzIrZzV5u/Image-SVG-Path-0.31_01/blib/lib/Image/SVG/Path.pm line 463.
Global symbol "@path_info" requires explicit package name at /home/cpan/pit/thr/conf/perl-5.8.9/.cpanplus/5.8.9/build/DqzIrZzV5u/Image-SVG-Path-0.31_01/blib/lib/Image/SVG/Path.pm line 466.
Global symbol "$path" requires explicit package name at /home/cpan/pit/thr/conf/perl-5.8.9/.cpanplus/5.8.9/build/DqzIrZzV5u/Image-SVG-Path-0.31_01/blib/lib/Image/SVG/Path.pm line 477.
Global symbol "@path_info" requires explicit package name at /home/cpan/pit/thr/conf/perl-5.8.9/.cpanplus/5.8.9/build/DqzIrZzV5u/Image-SVG-Path-0.31_01/blib/lib/Image/SVG/Path.pm line 482.
Global symbol "$me" requires explicit package name at /home/cpan/pit/thr/conf/perl-5.8.9/.cpanplus/5.8.9/build/DqzIrZzV5u/Image-SVG-Path-0.31_01/blib/lib/Image/SVG/Path.pm line 495.
Global symbol "$path" requires explicit package name at /home/cpan/pit/thr/conf/perl-5.8.9/.cpanplus/5.8.9/build/DqzIrZzV5u/Image-SVG-Path-0.31_01/blib/lib/Image/SVG/Path.pm line 496.
Global symbol "@path_info" requires explicit package name at /home/cpan/pit/thr/conf/perl-5.8.9/.cpanplus/5.8.9/build/DqzIrZzV5u/Image-SVG-Path-0.31_01/blib/lib/Image/SVG/Path.pm line 501.
Global symbol "@path_info" requires explicit package name at /home/cpan/pit/thr/conf/perl-5.8.9/.cpanplus/5.8.9/build/DqzIrZzV5u/Image-SVG-Path-0.31_01/blib/lib/Image/SVG/Path.pm line 513.
Global symbol "@path_info" requires explicit package name at /home/cpan/pit/thr/conf/perl-5.8.9/.cpanplus/5.8.9/build/DqzIrZzV5u/Image-SVG-Path-0.31_01/blib/lib/Image/SVG/Path.pm line 525.
Global symbol "$me" requires explicit package name at /home/cpan/pit/thr/conf/perl-5.8.9/.cpanplus/5.8.9/build/DqzIrZzV5u/Image-SVG-Path-0.31_01/blib/lib/Image/SVG/Path.pm line 538.
Global symbol "@path_info" requires explicit package name at /home/cpan/pit/thr/conf/perl-5.8.9/.cpanplus/5.8.9/build/DqzIrZzV5u/Image-SVG-Path-0.31_01/blib/lib/Image/SVG/Path.pm line 548.
Global symbol "$me" requires explicit package name at /home/cpan/pit/thr/conf/perl-5.8.9/.cpanplus/5.8.9/build/DqzIrZzV5u/Image-SVG-Path-0.31_01/blib/lib/Image/SVG/Path.pm line 555.
Global symbol "$me" requires explicit package name at /home/cpan/pit/thr/conf/perl-5.8.9/.cpanplus/5.8.9/build/DqzIrZzV5u/Image-SVG-Path-0.31_01/blib/lib/Image/SVG/Path.pm line 558.
Global symbol "$path" requires explicit package name at /home/cpan/pit/thr/conf/perl-5.8.9/.cpanplus/5.8.9/build/DqzIrZzV5u/Image-SVG-Path-0.31_01/blib/lib/Image/SVG/Path.pm line 559.
Global symbol "@path_info" requires explicit package name at /home/cpan/pit/thr/conf/perl-5.8.9/.cpanplus/5.8.9/build/DqzIrZzV5u/Image-SVG-Path-0.31_01/blib/lib/Image/SVG/Path.pm line 561.
Global symbol "@path_info" requires explicit package name at /home/cpan/pit/thr/conf/perl-5.8.9/.cpanplus/5.8.9/build/DqzIrZzV5u/Image-SVG-Path-0.31_01/blib/lib/Image/SVG/Path.pm line 572.
Global symbol "$options_ref" requires explicit package name at /home/cpan/pit/thr/conf/perl-5.8.9/.cpanplus/5.8.9/build/DqzIrZzV5u/Image-SVG-Path-0.31_01/blib/lib/Image/SVG/Path.pm line 583.
Global symbol "$options_ref" requires explicit package name at /home/cpan/pit/thr/conf/perl-5.8.9/.cpanplus/5.8.9/build/DqzIrZzV5u/Image-SVG-Path-0.31_01/blib/lib/Image/SVG/Path.pm line 584.
Global symbol "$options_ref" requires explicit package name at /home/cpan/pit/thr/conf/perl-5.8.9/.cpanplus/5.8.9/build/DqzIrZzV5u/Image-SVG-Path-0.31_01/blib/lib/Image/SVG/Path.pm line 584.
Global symbol "$verbose" requires explicit package name at /home/cpan/pit/thr/conf/perl-5.8.9/.cpanplus/5.8.9/build/DqzIrZzV5u/Image-SVG-Path-0.31_01/blib/lib/Image/SVG/Path.pm line 586.
Global symbol "@path_info" requires explicit package name at /home/cpan/pit/thr/conf/perl-5.8.9/.cpanplus/5.8.9/build/DqzIrZzV5u/Image-SVG-Path-0.31_01/blib/lib/Image/SVG/Path.pm line 593.
Global symbol "$options_ref" requires explicit package name at /home/cpan/pit/thr/conf/perl-5.8.9/.cpanplus/5.8.9/build/DqzIrZzV5u/Image-SVG-Path-0.31_01/blib/lib/Image/SVG/Path.pm line 596.
Global symbol "$me" requires explicit package name at /home/cpan/pit/thr/conf/perl-5.8.9/.cpanplus/5.8.9/build/DqzIrZzV5u/Image-SVG-Path-0.31_01/blib/lib/Image/SVG/Path.pm line 600.
Global symbol "$verbose" requires explicit package name at /home/cpan/pit/thr/conf/perl-5.8.9/.cpanplus/5.8.9/build/DqzIrZzV5u/Image-SVG-Path-0.31_01/blib/lib/Image/SVG/Path.pm line 615.
Global symbol "$verbose" requires explicit package name at /home/cpan/pit/thr/conf/perl-5.8.9/.cpanplus/5.8.9/build/DqzIrZzV5u/Image-SVG-Path-0.31_01/blib/lib/Image/SVG/Path.pm line 628.
Global symbol "$verbose" requires explicit package name at /home/cpan/pit/thr/conf/perl-5.8.9/.cpanplus/5.8.9/build/DqzIrZzV5u/Image-SVG-Path-0.31_01/blib/lib/Image/SVG/Path.pm line 641.
Global symbol "$verbose" requires explicit package name at /home/cpan/pit/thr/conf/perl-5.8.9/.cpanplus/5.8.9/build/DqzIrZzV5u/Image-SVG-Path-0.31_01/blib/lib/Image/SVG/Path.pm line 656.
Global symbol "$verbose" requires explicit package name at /home/cpan/pit/thr/conf/perl-5.8.9/.cpanplus/5.8.9/build/DqzIrZzV5u/Image-SVG-Path-0.31_01/blib/lib/Image/SVG/Path.pm line 684.
Global symbol "$verbose" requires explicit package name at /home/cpan/pit/thr/conf/perl-5.8.9/.cpanplus/5.8.9/build/DqzIrZzV5u/Image-SVG-Path-0.31_01/blib/lib/Image/SVG/Path.pm line 702.
Global symbol "$verbose" requires explicit package name at /home/cpan/pit/thr/conf/perl-5.8.9/.cpanplus/5.8.9/build/DqzIrZzV5u/Image-SVG-Path-0.31_01/blib/lib/Image/SVG/Path.pm line 713.
Global symbol "@path_info" requires explicit package name at /home/cpan/pit/thr/conf/perl-5.8.9/.cpanplus/5.8.9/build/DqzIrZzV5u/Image-SVG-Path-0.31_01/blib/lib/Image/SVG/Path.pm line 727.
syntax error at /home/cpan/pit/thr/conf/perl-5.8.9/.cpanplus/5.8.9/build/DqzIrZzV5u/Image-SVG-Path-0.31_01/blib/lib/Image/SVG/Path.pm line 728, near "}"
/home/cpan/pit/thr/conf/perl-5.8.9/.cpanplus/5.8.9/build/DqzIrZzV5u/Image-SVG-Path-0.31_01/blib/lib/Image/SVG/Path.pm has too many errors.
Compilation failed in require at t/doubled-path-commands.t line 6.
BEGIN failed--compilation aborted at t/doubled-path-commands.t line 6.
t/doubled-path-commands.t .. 
Dubious, test returned 9 (wstat 2304, 0x900)
No subtests run 
Scalar found where operator expected at /home/cpan/pit/thr/conf/perl-5.8.9/.cpanplus/5.8.9/build/DqzIrZzV5u/Image-SVG-Path-0.31_01/blib/lib/Image/SVG/Path.pm line 384, near "if ($original !~ /$moveto"
  (Might be a runaway multi-line // string starting on line 382)
	(Do you need to predeclare if?)
"my" variable $expect_numbers masks earlier declaration in same scope at /home/cpan/pit/thr/conf/perl-5.8.9/.cpanplus/5.8.9/build/DqzIrZzV5u/Image-SVG-Path-0.31_01/blib/lib/Image/SVG/Path.pm line 429.
"my" variable $position masks earlier declaration in same scope at /home/cpan/pit/thr/conf/perl-5.8.9/.cpanplus/5.8.9/build/DqzIrZzV5u/Image-SVG-Path-0.31_01/blib/lib/Image/SVG/Path.pm line 434.
"my" variable $i masks earlier declaration in same scope at /home/cpan/pit/thr/conf/perl-5.8.9/.cpanplus/5.8.9/build/DqzIrZzV5u/Image-SVG-Path-0.31_01/blib/lib/Image/SVG/Path.pm line 435.
"my" variable $offset masks earlier declaration in same scope at /home/cpan/pit/thr/conf/perl-5.8.9/.cpanplus/5.8.9/build/DqzIrZzV5u/Image-SVG-Path-0.31_01/blib/lib/Image/SVG/Path.pm line 436.
"my" variable @control2 masks earlier declaration in same scope at /home/cpan/pit/thr/conf/perl-5.8.9/.cpanplus/5.8.9/build/DqzIrZzV5u/Image-SVG-Path-0.31_01/blib/lib/Image/SVG/Path.pm line 437.
"my" variable @end masks earlier declaration in same scope at /home/cpan/pit/thr/conf/perl-5.8.9/.cpanplus/5.8.9/build/DqzIrZzV5u/Image-SVG-Path-0.31_01/blib/lib/Image/SVG/Path.pm line 438.
"my" variable $expect_numbers masks earlier declaration in same scope at /home/cpan/pit/thr/conf/perl-5.8.9/.cpanplus/5.8.9/build/DqzIrZzV5u/Image-SVG-Path-0.31_01/blib/lib/Image/SVG/Path.pm line 450.
"my" variable $position masks earlier declaration in same scope at /home/cpan/pit/thr/conf/perl-5.8.9/.cpanplus/5.8.9/build/DqzIrZzV5u/Image-SVG-Path-0.31_01/blib/lib/Image/SVG/Path.pm line 457.
"my" variable $position masks earlier declaration in same scope at /home/cpan/pit/thr/conf/perl-5.8.9/.cpanplus/5.8.9/build/DqzIrZzV5u/Image-SVG-Path-0.31_01/blib/lib/Image/SVG/Path.pm line 465.
"my" variable $expect_numbers masks earlier declaration in same scope at /home/cpan/pit/thr/conf/perl-5.8.9/.cpanplus/5.8.9/build/DqzIrZzV5u/Image-SVG-Path-0.31_01/blib/lib/Image/SVG/Path.pm line 474.
"my" variable $position masks earlier declaration in same scope at /home/cpan/pit/thr/conf/perl-5.8.9/.cpanplus/5.8.9/build/DqzIrZzV5u/Image-SVG-Path-0.31_01/blib/lib/Image/SVG/Path.pm line 479.
"my" variable $i masks earlier declaration in same scope at /home/cpan/pit/thr/conf/perl-5.8.9/.cpanplus/5.8.9/build/DqzIrZzV5u/Image-SVG-Path-0.31_01/blib/lib/Image/SVG/Path.pm line 480.
"my" variable $expect_numbers masks earlier declaration in same scope at /home/cpan/pit/thr/conf/perl-5.8.9/.cpanplus/5.8.9/build/DqzIrZzV5u/Image-SVG-Path-0.31_01/blib/lib/Image/SVG/Path.pm line 493.
"my" variable $position masks earlier declaration in same scope at /home/cpan/pit/thr/conf/perl-5.8.9/.cpanplus/5.8.9/build/DqzIrZzV5u/Image-SVG-Path-0.31_01/blib/lib/Image/SVG/Path.pm line 498.
"my" variable $i masks earlier declaration in same scope at /home/cpan/pit/thr/conf/perl-5.8.9/.cpanplus/5.8.9/build/DqzIrZzV5u/Image-SVG-Path-0.31_01/blib/lib/Image/SVG/Path.pm line 499.
"my" variable $o masks earlier declaration in same scope at /home/cpan/pit/thr/conf/perl-5.8.9/.cpanplus/5.8.9/build/DqzIrZzV5u/Image-SVG-Path-0.31_01/blib/lib/Image/SVG/Path.pm line 500.
"my" variable $position masks earlier declaration in same scope at /home/cpan/pit/thr/conf/perl-5.8.9/.cpanplus/5.8.9/build/DqzIrZzV5u/Image-SVG-Path-0.31_01/blib/lib/Image/SVG/Path.pm line 511.
"my" variable $i masks earlier declaration in same scope at /home/cpan/pit/thr/conf/perl-5.8.9/.cpanplus/5.8.9/build/DqzIrZzV5u/Image-SVG-Path-0.31_01/blib/lib/Image/SVG/Path.pm line 512.
"my" variable $position masks earlier declaration in same scope at /home/cpan/pit/thr/conf/perl-5.8.9/.cpanplus/5.8.9/build/DqzIrZzV5u/Image-SVG-Path-0.31_01/blib/lib/Image/SVG/Path.pm line 523.
"my" variable $i masks earlier declaration in same scope at /home/cpan/pit/thr/conf/perl-5.8.9/.cpanplus/5.8.9/build/DqzIrZzV5u/Image-SVG-Path-0.31_01/blib/lib/Image/SVG/Path.pm line 524.
"my" variable $position masks earlier declaration in same scope at /home/cpan/pit/thr/conf/perl-5.8.9/.cpanplus/5.8.9/build/DqzIrZzV5u/Image-SVG-Path-0.31_01/blib/lib/Image/SVG/Path.pm line 535.
"my" variable $expect_numbers masks earlier declaration in same scope at /home/cpan/pit/thr/conf/perl-5.8.9/.cpanplus/5.8.9/build/DqzIrZzV5u/Image-SVG-Path-0.31_01/blib/lib/Image/SVG/Path.pm line 536.
"my" variable $i masks earlier declaration in same scope at /home/cpan/pit/thr/conf/perl-5.8.9/.cpanplus/5.8.9/build/DqzIrZzV5u/Image-SVG-Path-0.31_01/blib/lib/Image/SVG/Path.pm line 540.
"my" variable $o masks earlier declaration in same scope at /home/cpan/pit/thr/conf/perl-5.8.9/.cpanplus/5.8.9/build/DqzIrZzV5u/Image-SVG-Path-0.31_01/blib/lib/Image/SVG/Path.pm line 541.
"my" variable $expect_numbers masks earlier declaration in same scope at /home/cpan/pit/thr/conf/perl-5.8.9/.cpanplus/5.8.9/build/DqzIrZzV5u/Image-SVG-Path-0.31_01/blib/lib/Image/SVG/Path.pm line 552.
"my" variable $position masks earlier declaration in same scope at /home/cpan/pit/thr/conf/perl-5.8.9/.cpanplus/5.8.9/build/DqzIrZzV5u/Image-SVG-Path-0.31_01/blib/lib/Image/SVG/Path.pm line 553.
Global symbol "$original" requires explicit package name at /home/cpan/pit/thr/conf/perl-5.8.9/.cpanplus/5.8.9/build/DqzIrZzV5u/Image-SVG-Path-0.31_01/blib/lib/Image/SVG/Path.pm line 382.
Global symbol "$values" requires explicit package name at /home/cpan/pit/thr/conf/perl-5.8.9/.cpanplus/5.8.9/build/DqzIrZzV5u/Image-SVG-Path-0.31_01/blib/lib/Image/SVG/Path.pm line 382.
Global symbol "$original" requires explicit package name at /home/cpan/pit/thr/conf/perl-5.8.9/.cpanplus/5.8.9/build/DqzIrZzV5u/Image-SVG-Path-0.31_01/blib/lib/Image/SVG/Path.pm line 382.
syntax error at /home/cpan/pit/thr/conf/perl-5.8.9/.cpanplus/5.8.9/build/DqzIrZzV5u/Image-SVG-Path-0.31_01/blib/lib/Image/SVG/Path.pm line 384, near "if ($original !~ /$moveto"
Global symbol "$original" requires explicit package name at /home/cpan/pit/thr/conf/perl-5.8.9/.cpanplus/5.8.9/build/DqzIrZzV5u/Image-SVG-Path-0.31_01/blib/lib/Image/SVG/Path.pm line 385.
Global symbol "$original" requires explicit package name at /home/cpan/pit/thr/conf/perl-5.8.9/.cpanplus/5.8.9/build/DqzIrZzV5u/Image-SVG-Path-0.31_01/blib/lib/Image/SVG/Path.pm line 388.
Global symbol "@curves" requires explicit package name at /home/cpan/pit/thr/conf/perl-5.8.9/.cpanplus/5.8.9/build/DqzIrZzV5u/Image-SVG-Path-0.31_01/blib/lib/Image/SVG/Path.pm line 391.
Global symbol "$verbose" requires explicit package name at /home/cpan/pit/thr/conf/perl-5.8.9/.cpanplus/5.8.9/build/DqzIrZzV5u/Image-SVG-Path-0.31_01/blib/lib/Image/SVG/Path.pm line 399.
Global symbol "$me" requires explicit package name at /home/cpan/pit/thr/conf/perl-5.8.9/.cpanplus/5.8.9/build/DqzIrZzV5u/Image-SVG-Path-0.31_01/blib/lib/Image/SVG/Path.pm line 400.
Global symbol "$me" requires explicit package name at /home/cpan/pit/thr/conf/perl-5.8.9/.cpanplus/5.8.9/build/DqzIrZzV5u/Image-SVG-Path-0.31_01/blib/lib/Image/SVG/Path.pm line 406.
Global symbol "$path" requires explicit package name at /home/cpan/pit/thr/conf/perl-5.8.9/.cpanplus/5.8.9/build/DqzIrZzV5u/Image-SVG-Path-0.31_01/blib/lib/Image/SVG/Path.pm line 407.
Global symbol "@path_info" requires explicit package name at /home/cpan/pit/thr/conf/perl-5.8.9/.cpanplus/5.8.9/build/DqzIrZzV5u/Image-SVG-Path-0.31_01/blib/lib/Image/SVG/Path.pm line 417.
Global symbol "$me" requires explicit package name at /home/cpan/pit/thr/conf/perl-5.8.9/.cpanplus/5.8.9/build/DqzIrZzV5u/Image-SVG-Path-0.31_01/blib/lib/Image/SVG/Path.pm line 431.
Global symbol "$path" requires explicit package name at /home/cpan/pit/thr/conf/perl-5.8.9/.cpanplus/5.8.9/build/DqzIrZzV5u/Image-SVG-Path-0.31_01/blib/lib/Image/SVG/Path.pm line 432.
Global symbol "@path_info" requires explicit package name at /home/cpan/pit/thr/conf/perl-5.8.9/.cpanplus/5.8.9/build/DqzIrZzV5u/Image-SVG-Path-0.31_01/blib/lib/Image/SVG/Path.pm line 439.
Global symbol "$path" requires explicit package name at /home/cpan/pit/thr/conf/perl-5.8.9/.cpanplus/5.8.9/build/DqzIrZzV5u/Image-SVG-Path-0.31_01/blib/lib/Image/SVG/Path.pm line 455.
Global symbol "@path_info" requires explicit package name at /home/cpan/pit/thr/conf/perl-5.8.9/.cpanplus/5.8.9/build/DqzIrZzV5u/Image-SVG-Path-0.31_01/blib/lib/Image/SVG/Path.pm line 458.
Global symbol "$path" requires explicit package name at /home/cpan/pit/thr/conf/perl-5.8.9/.cpanplus/5.8.9/build/DqzIrZzV5u/Image-SVG-Path-0.31_01/blib/lib/Image/SVG/Path.pm line 463.
Global symbol "@path_info" requires explicit package name at /home/cpan/pit/thr/conf/perl-5.8.9/.cpanplus/5.8.9/build/DqzIrZzV5u/Image-SVG-Path-0.31_01/blib/lib/Image/SVG/Path.pm line 466.
Global symbol "$path" requires explicit package name at /home/cpan/pit/thr/conf/perl-5.8.9/.cpanplus/5.8.9/build/DqzIrZzV5u/Image-SVG-Path-0.31_01/blib/lib/Image/SVG/Path.pm line 477.
Global symbol "@path_info" requires explicit package name at /home/cpan/pit/thr/conf/perl-5.8.9/.cpanplus/5.8.9/build/DqzIrZzV5u/Image-SVG-Path-0.31_01/blib/lib/Image/SVG/Path.pm line 482.
Global symbol "$me" requires explicit package name at /home/cpan/pit/thr/conf/perl-5.8.9/.cpanplus/5.8.9/build/DqzIrZzV5u/Image-SVG-Path-0.31_01/blib/lib/Image/SVG/Path.pm line 495.
Global symbol "$path" requires explicit package name at /home/cpan/pit/thr/conf/perl-5.8.9/.cpanplus/5.8.9/build/DqzIrZzV5u/Image-SVG-Path-0.31_01/blib/lib/Image/SVG/Path.pm line 496.
Global symbol "@path_info" requires explicit package name at /home/cpan/pit/thr/conf/perl-5.8.9/.cpanplus/5.8.9/build/DqzIrZzV5u/Image-SVG-Path-0.31_01/blib/lib/Image/SVG/Path.pm line 501.
Global symbol "@path_info" requires explicit package name at /home/cpan/pit/thr/conf/perl-5.8.9/.cpanplus/5.8.9/build/DqzIrZzV5u/Image-SVG-Path-0.31_01/blib/lib/Image/SVG/Path.pm line 513.
Global symbol "@path_info" requires explicit package name at /home/cpan/pit/thr/conf/perl-5.8.9/.cpanplus/5.8.9/build/DqzIrZzV5u/Image-SVG-Path-0.31_01/blib/lib/Image/SVG/Path.pm line 525.
Global symbol "$me" requires explicit package name at /home/cpan/pit/thr/conf/perl-5.8.9/.cpanplus/5.8.9/build/DqzIrZzV5u/Image-SVG-Path-0.31_01/blib/lib/Image/SVG/Path.pm line 538.
Global symbol "@path_info" requires explicit package name at /home/cpan/pit/thr/conf/perl-5.8.9/.cpanplus/5.8.9/build/DqzIrZzV5u/Image-SVG-Path-0.31_01/blib/lib/Image/SVG/Path.pm line 548.
Global symbol "$me" requires explicit package name at /home/cpan/pit/thr/conf/perl-5.8.9/.cpanplus/5.8.9/build/DqzIrZzV5u/Image-SVG-Path-0.31_01/blib/lib/Image/SVG/Path.pm line 555.
Global symbol "$me" requires explicit package name at /home/cpan/pit/thr/conf/perl-5.8.9/.cpanplus/5.8.9/build/DqzIrZzV5u/Image-SVG-Path-0.31_01/blib/lib/Image/SVG/Path.pm line 558.
Global symbol "$path" requires explicit package name at /home/cpan/pit/thr/conf/perl-5.8.9/.cpanplus/5.8.9/build/DqzIrZzV5u/Image-SVG-Path-0.31_01/blib/lib/Image/SVG/Path.pm line 559.
Global symbol "@path_info" requires explicit package name at /home/cpan/pit/thr/conf/perl-5.8.9/.cpanplus/5.8.9/build/DqzIrZzV5u/Image-SVG-Path-0.31_01/blib/lib/Image/SVG/Path.pm line 561.
Global symbol "@path_info" requires explicit package name at /home/cpan/pit/thr/conf/perl-5.8.9/.cpanplus/5.8.9/build/DqzIrZzV5u/Image-SVG-Path-0.31_01/blib/lib/Image/SVG/Path.pm line 572.
Global symbol "$options_ref" requires explicit package name at /home/cpan/pit/thr/conf/perl-5.8.9/.cpanplus/5.8.9/build/DqzIrZzV5u/Image-SVG-Path-0.31_01/blib/lib/Image/SVG/Path.pm line 583.
Global symbol "$options_ref" requires explicit package name at /home/cpan/pit/thr/conf/perl-5.8.9/.cpanplus/5.8.9/build/DqzIrZzV5u/Image-SVG-Path-0.31_01/blib/lib/Image/SVG/Path.pm line 584.
Global symbol "$options_ref" requires explicit package name at /home/cpan/pit/thr/conf/perl-5.8.9/.cpanplus/5.8.9/build/DqzIrZzV5u/Image-SVG-Path-0.31_01/blib/lib/Image/SVG/Path.pm line 584.
Global symbol "$verbose" requires explicit package name at /home/cpan/pit/thr/conf/perl-5.8.9/.cpanplus/5.8.9/build/DqzIrZzV5u/Image-SVG-Path-0.31_01/blib/lib/Image/SVG/Path.pm line 586.
Global symbol "@path_info" requires explicit package name at /home/cpan/pit/thr/conf/perl-5.8.9/.cpanplus/5.8.9/build/DqzIrZzV5u/Image-SVG-Path-0.31_01/blib/lib/Image/SVG/Path.pm line 593.
Global symbol "$options_ref" requires explicit package name at /home/cpan/pit/thr/conf/perl-5.8.9/.cpanplus/5.8.9/build/DqzIrZzV5u/Image-SVG-Path-0.31_01/blib/lib/Image/SVG/Path.pm line 596.
Global symbol "$me" requires explicit package name at /home/cpan/pit/thr/conf/perl-5.8.9/.cpanplus/5.8.9/build/DqzIrZzV5u/Image-SVG-Path-0.31_01/blib/lib/Image/SVG/Path.pm line 600.
Global symbol "$verbose" requires explicit package name at /home/cpan/pit/thr/conf/perl-5.8.9/.cpanplus/5.8.9/build/DqzIrZzV5u/Image-SVG-Path-0.31_01/blib/lib/Image/SVG/Path.pm line 615.
Global symbol "$verbose" requires explicit package name at /home/cpan/pit/thr/conf/perl-5.8.9/.cpanplus/5.8.9/build/DqzIrZzV5u/Image-SVG-Path-0.31_01/blib/lib/Image/SVG/Path.pm line 628.
Global symbol "$verbose" requires explicit package name at /home/cpan/pit/thr/conf/perl-5.8.9/.cpanplus/5.8.9/build/DqzIrZzV5u/Image-SVG-Path-0.31_01/blib/lib/Image/SVG/Path.pm line 641.
Global symbol "$verbose" requires explicit package name at /home/cpan/pit/thr/conf/perl-5.8.9/.cpanplus/5.8.9/build/DqzIrZzV5u/Image-SVG-Path-0.31_01/blib/lib/Image/SVG/Path.pm line 656.
Global symbol "$verbose" requires explicit package name at /home/cpan/pit/thr/conf/perl-5.8.9/.cpanplus/5.8.9/build/DqzIrZzV5u/Image-SVG-Path-0.31_01/blib/lib/Image/SVG/Path.pm line 684.
Global symbol "$verbose" requires explicit package name at /home/cpan/pit/thr/conf/perl-5.8.9/.cpanplus/5.8.9/build/DqzIrZzV5u/Image-SVG-Path-0.31_01/blib/lib/Image/SVG/Path.pm line 702.
Global symbol "$verbose" requires explicit package name at /home/cpan/pit/thr/conf/perl-5.8.9/.cpanplus/5.8.9/build/DqzIrZzV5u/Image-SVG-Path-0.31_01/blib/lib/Image/SVG/Path.pm line 713.
Global symbol "@path_info" requires explicit package name at /home/cpan/pit/thr/conf/perl-5.8.9/.cpanplus/5.8.9/build/DqzIrZzV5u/Image-SVG-Path-0.31_01/blib/lib/Image/SVG/Path.pm line 727.
syntax error at /home/cpan/pit/thr/conf/perl-5.8.9/.cpanplus/5.8.9/build/DqzIrZzV5u/Image-SVG-Path-0.31_01/blib/lib/Image/SVG/Path.pm line 728, near "}"
/home/cpan/pit/thr/conf/perl-5.8.9/.cpanplus/5.8.9/build/DqzIrZzV5u/Image-SVG-Path-0.31_01/blib/lib/Image/SVG/Path.pm has too many errors.
Compilation failed in require at t/Image-SVG-Path.t line 4.
BEGIN failed--compilation aborted at t/Image-SVG-Path.t line 4.
t/Image-SVG-Path.t ......... 
Dubious, test returned 9 (wstat 2304, 0x900)
No subtests run 
Scalar found where operator expected at /home/cpan/pit/thr/conf/perl-5.8.9/.cpanplus/5.8.9/build/DqzIrZzV5u/Image-SVG-Path-0.31_01/blib/lib/Image/SVG/Path.pm line 384, near "if ($original !~ /$moveto"
  (Might be a runaway multi-line // string starting on line 382)
	(Do you need to predeclare if?)
"my" variable $expect_numbers masks earlier declaration in same scope at /home/cpan/pit/thr/conf/perl-5.8.9/.cpanplus/5.8.9/build/DqzIrZzV5u/Image-SVG-Path-0.31_01/blib/lib/Image/SVG/Path.pm line 429.
"my" variable $position masks earlier declaration in same scope at /home/cpan/pit/thr/conf/perl-5.8.9/.cpanplus/5.8.9/build/DqzIrZzV5u/Image-SVG-Path-0.31_01/blib/lib/Image/SVG/Path.pm line 434.
"my" variable $i masks earlier declaration in same scope at /home/cpan/pit/thr/conf/perl-5.8.9/.cpanplus/5.8.9/build/DqzIrZzV5u/Image-SVG-Path-0.31_01/blib/lib/Image/SVG/Path.pm line 435.
"my" variable $offset masks earlier declaration in same scope at /home/cpan/pit/thr/conf/perl-5.8.9/.cpanplus/5.8.9/build/DqzIrZzV5u/Image-SVG-Path-0.31_01/blib/lib/Image/SVG/Path.pm line 436.
"my" variable @control2 masks earlier declaration in same scope at /home/cpan/pit/thr/conf/perl-5.8.9/.cpanplus/5.8.9/build/DqzIrZzV5u/Image-SVG-Path-0.31_01/blib/lib/Image/SVG/Path.pm line 437.
"my" variable @end masks earlier declaration in same scope at /home/cpan/pit/thr/conf/perl-5.8.9/.cpanplus/5.8.9/build/DqzIrZzV5u/Image-SVG-Path-0.31_01/blib/lib/Image/SVG/Path.pm line 438.
"my" variable $expect_numbers masks earlier declaration in same scope at /home/cpan/pit/thr/conf/perl-5.8.9/.cpanplus/5.8.9/build/DqzIrZzV5u/Image-SVG-Path-0.31_01/blib/lib/Image/SVG/Path.pm line 450.
"my" variable $position masks earlier declaration in same scope at /home/cpan/pit/thr/conf/perl-5.8.9/.cpanplus/5.8.9/build/DqzIrZzV5u/Image-SVG-Path-0.31_01/blib/lib/Image/SVG/Path.pm line 457.
"my" variable $position masks earlier declaration in same scope at /home/cpan/pit/thr/conf/perl-5.8.9/.cpanplus/5.8.9/build/DqzIrZzV5u/Image-SVG-Path-0.31_01/blib/lib/Image/SVG/Path.pm line 465.
"my" variable $expect_numbers masks earlier declaration in same scope at /home/cpan/pit/thr/conf/perl-5.8.9/.cpanplus/5.8.9/build/DqzIrZzV5u/Image-SVG-Path-0.31_01/blib/lib/Image/SVG/Path.pm line 474.
"my" variable $position masks earlier declaration in same scope at /home/cpan/pit/thr/conf/perl-5.8.9/.cpanplus/5.8.9/build/DqzIrZzV5u/Image-SVG-Path-0.31_01/blib/lib/Image/SVG/Path.pm line 479.
"my" variable $i masks earlier declaration in same scope at /home/cpan/pit/thr/conf/perl-5.8.9/.cpanplus/5.8.9/build/DqzIrZzV5u/Image-SVG-Path-0.31_01/blib/lib/Image/SVG/Path.pm line 480.
"my" variable $expect_numbers masks earlier declaration in same scope at /home/cpan/pit/thr/conf/perl-5.8.9/.cpanplus/5.8.9/build/DqzIrZzV5u/Image-SVG-Path-0.31_01/blib/lib/Image/SVG/Path.pm line 493.
"my" variable $position masks earlier declaration in same scope at /home/cpan/pit/thr/conf/perl-5.8.9/.cpanplus/5.8.9/build/DqzIrZzV5u/Image-SVG-Path-0.31_01/blib/lib/Image/SVG/Path.pm line 498.
"my" variable $i masks earlier declaration in same scope at /home/cpan/pit/thr/conf/perl-5.8.9/.cpanplus/5.8.9/build/DqzIrZzV5u/Image-SVG-Path-0.31_01/blib/lib/Image/SVG/Path.pm line 499.
"my" variable $o masks earlier declaration in same scope at /home/cpan/pit/thr/conf/perl-5.8.9/.cpanplus/5.8.9/build/DqzIrZzV5u/Image-SVG-Path-0.31_01/blib/lib/Image/SVG/Path.pm line 500.
"my" variable $position masks earlier declaration in same scope at /home/cpan/pit/thr/conf/perl-5.8.9/.cpanplus/5.8.9/build/DqzIrZzV5u/Image-SVG-Path-0.31_01/blib/lib/Image/SVG/Path.pm line 511.
"my" variable $i masks earlier declaration in same scope at /home/cpan/pit/thr/conf/perl-5.8.9/.cpanplus/5.8.9/build/DqzIrZzV5u/Image-SVG-Path-0.31_01/blib/lib/Image/SVG/Path.pm line 512.
"my" variable $position masks earlier declaration in same scope at /home/cpan/pit/thr/conf/perl-5.8.9/.cpanplus/5.8.9/build/DqzIrZzV5u/Image-SVG-Path-0.31_01/blib/lib/Image/SVG/Path.pm line 523.
"my" variable $i masks earlier declaration in same scope at /home/cpan/pit/thr/conf/perl-5.8.9/.cpanplus/5.8.9/build/DqzIrZzV5u/Image-SVG-Path-0.31_01/blib/lib/Image/SVG/Path.pm line 524.
"my" variable $position masks earlier declaration in same scope at /home/cpan/pit/thr/conf/perl-5.8.9/.cpanplus/5.8.9/build/DqzIrZzV5u/Image-SVG-Path-0.31_01/blib/lib/Image/SVG/Path.pm line 535.
"my" variable $expect_numbers masks earlier declaration in same scope at /home/cpan/pit/thr/conf/perl-5.8.9/.cpanplus/5.8.9/build/DqzIrZzV5u/Image-SVG-Path-0.31_01/blib/lib/Image/SVG/Path.pm line 536.
"my" variable $i masks earlier declaration in same scope at /home/cpan/pit/thr/conf/perl-5.8.9/.cpanplus/5.8.9/build/DqzIrZzV5u/Image-SVG-Path-0.31_01/blib/lib/Image/SVG/Path.pm line 540.
"my" variable $o masks earlier declaration in same scope at /home/cpan/pit/thr/conf/perl-5.8.9/.cpanplus/5.8.9/build/DqzIrZzV5u/Image-SVG-Path-0.31_01/blib/lib/Image/SVG/Path.pm line 541.
"my" variable $expect_numbers masks earlier declaration in same scope at /home/cpan/pit/thr/conf/perl-5.8.9/.cpanplus/5.8.9/build/DqzIrZzV5u/Image-SVG-Path-0.31_01/blib/lib/Image/SVG/Path.pm line 552.
"my" variable $position masks earlier declaration in same scope at /home/cpan/pit/thr/conf/perl-5.8.9/.cpanplus/5.8.9/build/DqzIrZzV5u/Image-SVG-Path-0.31_01/blib/lib/Image/SVG/Path.pm line 553.
Global symbol "$original" requires explicit package name at /home/cpan/pit/thr/conf/perl-5.8.9/.cpanplus/5.8.9/build/DqzIrZzV5u/Image-SVG-Path-0.31_01/blib/lib/Image/SVG/Path.pm line 382.
Global symbol "$values" requires explicit package name at /home/cpan/pit/thr/conf/perl-5.8.9/.cpanplus/5.8.9/build/DqzIrZzV5u/Image-SVG-Path-0.31_01/blib/lib/Image/SVG/Path.pm line 382.
Global symbol "$original" requires explicit package name at /home/cpan/pit/thr/conf/perl-5.8.9/.cpanplus/5.8.9/build/DqzIrZzV5u/Image-SVG-Path-0.31_01/blib/lib/Image/SVG/Path.pm line 382.
syntax error at /home/cpan/pit/thr/conf/perl-5.8.9/.cpanplus/5.8.9/build/DqzIrZzV5u/Image-SVG-Path-0.31_01/blib/lib/Image/SVG/Path.pm line 384, near "if ($original !~ /$moveto"
Global symbol "$original" requires explicit package name at /home/cpan/pit/thr/conf/perl-5.8.9/.cpanplus/5.8.9/build/DqzIrZzV5u/Image-SVG-Path-0.31_01/blib/lib/Image/SVG/Path.pm line 385.
Global symbol "$original" requires explicit package name at /home/cpan/pit/thr/conf/perl-5.8.9/.cpanplus/5.8.9/build/DqzIrZzV5u/Image-SVG-Path-0.31_01/blib/lib/Image/SVG/Path.pm line 388.
Global symbol "@curves" requires explicit package name at /home/cpan/pit/thr/conf/perl-5.8.9/.cpanplus/5.8.9/build/DqzIrZzV5u/Image-SVG-Path-0.31_01/blib/lib/Image/SVG/Path.pm line 391.
Global symbol "$verbose" requires explicit package name at /home/cpan/pit/thr/conf/perl-5.8.9/.cpanplus/5.8.9/build/DqzIrZzV5u/Image-SVG-Path-0.31_01/blib/lib/Image/SVG/Path.pm line 399.
Global symbol "$me" requires explicit package name at /home/cpan/pit/thr/conf/perl-5.8.9/.cpanplus/5.8.9/build/DqzIrZzV5u/Image-SVG-Path-0.31_01/blib/lib/Image/SVG/Path.pm line 400.
Global symbol "$me" requires explicit package name at /home/cpan/pit/thr/conf/perl-5.8.9/.cpanplus/5.8.9/build/DqzIrZzV5u/Image-SVG-Path-0.31_01/blib/lib/Image/SVG/Path.pm line 406.
Global symbol "$path" requires explicit package name at /home/cpan/pit/thr/conf/perl-5.8.9/.cpanplus/5.8.9/build/DqzIrZzV5u/Image-SVG-Path-0.31_01/blib/lib/Image/SVG/Path.pm line 407.
Global symbol "@path_info" requires explicit package name at /home/cpan/pit/thr/conf/perl-5.8.9/.cpanplus/5.8.9/build/DqzIrZzV5u/Image-SVG-Path-0.31_01/blib/lib/Image/SVG/Path.pm line 417.
Global symbol "$me" requires explicit package name at /home/cpan/pit/thr/conf/perl-5.8.9/.cpanplus/5.8.9/build/DqzIrZzV5u/Image-SVG-Path-0.31_01/blib/lib/Image/SVG/Path.pm line 431.
Global symbol "$path" requires explicit package name at /home/cpan/pit/thr/conf/perl-5.8.9/.cpanplus/5.8.9/build/DqzIrZzV5u/Image-SVG-Path-0.31_01/blib/lib/Image/SVG/Path.pm line 432.
Global symbol "@path_info" requires explicit package name at /home/cpan/pit/thr/conf/perl-5.8.9/.cpanplus/5.8.9/build/DqzIrZzV5u/Image-SVG-Path-0.31_01/blib/lib/Image/SVG/Path.pm line 439.
Global symbol "$path" requires explicit package name at /home/cpan/pit/thr/conf/perl-5.8.9/.cpanplus/5.8.9/build/DqzIrZzV5u/Image-SVG-Path-0.31_01/blib/lib/Image/SVG/Path.pm line 455.
Global symbol "@path_info" requires explicit package name at /home/cpan/pit/thr/conf/perl-5.8.9/.cpanplus/5.8.9/build/DqzIrZzV5u/Image-SVG-Path-0.31_01/blib/lib/Image/SVG/Path.pm line 458.
Global symbol "$path" requires explicit package name at /home/cpan/pit/thr/conf/perl-5.8.9/.cpanplus/5.8.9/build/DqzIrZzV5u/Image-SVG-Path-0.31_01/blib/lib/Image/SVG/Path.pm line 463.
Global symbol "@path_info" requires explicit package name at /home/cpan/pit/thr/conf/perl-5.8.9/.cpanplus/5.8.9/build/DqzIrZzV5u/Image-SVG-Path-0.31_01/blib/lib/Image/SVG/Path.pm line 466.
Global symbol "$path" requires explicit package name at /home/cpan/pit/thr/conf/perl-5.8.9/.cpanplus/5.8.9/build/DqzIrZzV5u/Image-SVG-Path-0.31_01/blib/lib/Image/SVG/Path.pm line 477.
Global symbol "@path_info" requires explicit package name at /home/cpan/pit/thr/conf/perl-5.8.9/.cpanplus/5.8.9/build/DqzIrZzV5u/Image-SVG-Path-0.31_01/blib/lib/Image/SVG/Path.pm line 482.
Global symbol "$me" requires explicit package name at /home/cpan/pit/thr/conf/perl-5.8.9/.cpanplus/5.8.9/build/DqzIrZzV5u/Image-SVG-Path-0.31_01/blib/lib/Image/SVG/Path.pm line 495.
Global symbol "$path" requires explicit package name at /home/cpan/pit/thr/conf/perl-5.8.9/.cpanplus/5.8.9/build/DqzIrZzV5u/Image-SVG-Path-0.31_01/blib/lib/Image/SVG/Path.pm line 496.
Global symbol "@path_info" requires explicit package name at /home/cpan/pit/thr/conf/perl-5.8.9/.cpanplus/5.8.9/build/DqzIrZzV5u/Image-SVG-Path-0.31_01/blib/lib/Image/SVG/Path.pm line 501.
Global symbol "@path_info" requires explicit package name at /home/cpan/pit/thr/conf/perl-5.8.9/.cpanplus/5.8.9/build/DqzIrZzV5u/Image-SVG-Path-0.31_01/blib/lib/Image/SVG/Path.pm line 513.
Global symbol "@path_info" requires explicit package name at /home/cpan/pit/thr/conf/perl-5.8.9/.cpanplus/5.8.9/build/DqzIrZzV5u/Image-SVG-Path-0.31_01/blib/lib/Image/SVG/Path.pm line 525.
Global symbol "$me" requires explicit package name at /home/cpan/pit/thr/conf/perl-5.8.9/.cpanplus/5.8.9/build/DqzIrZzV5u/Image-SVG-Path-0.31_01/blib/lib/Image/SVG/Path.pm line 538.
Global symbol "@path_info" requires explicit package name at /home/cpan/pit/thr/conf/perl-5.8.9/.cpanplus/5.8.9/build/DqzIrZzV5u/Image-SVG-Path-0.31_01/blib/lib/Image/SVG/Path.pm line 548.
Global symbol "$me" requires explicit package name at /home/cpan/pit/thr/conf/perl-5.8.9/.cpanplus/5.8.9/build/DqzIrZzV5u/Image-SVG-Path-0.31_01/blib/lib/Image/SVG/Path.pm line 555.
Global symbol "$me" requires explicit package name at /home/cpan/pit/thr/conf/perl-5.8.9/.cpanplus/5.8.9/build/DqzIrZzV5u/Image-SVG-Path-0.31_01/blib/lib/Image/SVG/Path.pm line 558.
Global symbol "$path" requires explicit package name at /home/cpan/pit/thr/conf/perl-5.8.9/.cpanplus/5.8.9/build/DqzIrZzV5u/Image-SVG-Path-0.31_01/blib/lib/Image/SVG/Path.pm line 559.
Global symbol "@path_info" requires explicit package name at /home/cpan/pit/thr/conf/perl-5.8.9/.cpanplus/5.8.9/build/DqzIrZzV5u/Image-SVG-Path-0.31_01/blib/lib/Image/SVG/Path.pm line 561.
Global symbol "@path_info" requires explicit package name at /home/cpan/pit/thr/conf/perl-5.8.9/.cpanplus/5.8.9/build/DqzIrZzV5u/Image-SVG-Path-0.31_01/blib/lib/Image/SVG/Path.pm line 572.
Global symbol "$options_ref" requires explicit package name at /home/cpan/pit/thr/conf/perl-5.8.9/.cpanplus/5.8.9/build/DqzIrZzV5u/Image-SVG-Path-0.31_01/blib/lib/Image/SVG/Path.pm line 583.
Global symbol "$options_ref" requires explicit package name at /home/cpan/pit/thr/conf/perl-5.8.9/.cpanplus/5.8.9/build/DqzIrZzV5u/Image-SVG-Path-0.31_01/blib/lib/Image/SVG/Path.pm line 584.
Global symbol "$options_ref" requires explicit package name at /home/cpan/pit/thr/conf/perl-5.8.9/.cpanplus/5.8.9/build/DqzIrZzV5u/Image-SVG-Path-0.31_01/blib/lib/Image/SVG/Path.pm line 584.
Global symbol "$verbose" requires explicit package name at /home/cpan/pit/thr/conf/perl-5.8.9/.cpanplus/5.8.9/build/DqzIrZzV5u/Image-SVG-Path-0.31_01/blib/lib/Image/SVG/Path.pm line 586.
Global symbol "@path_info" requires explicit package name at /home/cpan/pit/thr/conf/perl-5.8.9/.cpanplus/5.8.9/build/DqzIrZzV5u/Image-SVG-Path-0.31_01/blib/lib/Image/SVG/Path.pm line 593.
Global symbol "$options_ref" requires explicit package name at /home/cpan/pit/thr/conf/perl-5.8.9/.cpanplus/5.8.9/build/DqzIrZzV5u/Image-SVG-Path-0.31_01/blib/lib/Image/SVG/Path.pm line 596.
Global symbol "$me" requires explicit package name at /home/cpan/pit/thr/conf/perl-5.8.9/.cpanplus/5.8.9/build/DqzIrZzV5u/Image-SVG-Path-0.31_01/blib/lib/Image/SVG/Path.pm line 600.
Global symbol "$verbose" requires explicit package name at /home/cpan/pit/thr/conf/perl-5.8.9/.cpanplus/5.8.9/build/DqzIrZzV5u/Image-SVG-Path-0.31_01/blib/lib/Image/SVG/Path.pm line 615.
Global symbol "$verbose" requires explicit package name at /home/cpan/pit/thr/conf/perl-5.8.9/.cpanplus/5.8.9/build/DqzIrZzV5u/Image-SVG-Path-0.31_01/blib/lib/Image/SVG/Path.pm line 628.
Global symbol "$verbose" requires explicit package name at /home/cpan/pit/thr/conf/perl-5.8.9/.cpanplus/5.8.9/build/DqzIrZzV5u/Image-SVG-Path-0.31_01/blib/lib/Image/SVG/Path.pm line 641.
Global symbol "$verbose" requires explicit package name at /home/cpan/pit/thr/conf/perl-5.8.9/.cpanplus/5.8.9/build/DqzIrZzV5u/Image-SVG-Path-0.31_01/blib/lib/Image/SVG/Path.pm line 656.
Global symbol "$verbose" requires explicit package name at /home/cpan/pit/thr/conf/perl-5.8.9/.cpanplus/5.8.9/build/DqzIrZzV5u/Image-SVG-Path-0.31_01/blib/lib/Image/SVG/Path.pm line 684.
Global symbol "$verbose" requires explicit package name at /home/cpan/pit/thr/conf/perl-5.8.9/.cpanplus/5.8.9/build/DqzIrZzV5u/Image-SVG-Path-0.31_01/blib/lib/Image/SVG/Path.pm line 702.
Global symbol "$verbose" requires explicit package name at /home/cpan/pit/thr/conf/perl-5.8.9/.cpanplus/5.8.9/build/DqzIrZzV5u/Image-SVG-Path-0.31_01/blib/lib/Image/SVG/Path.pm line 713.
Global symbol "@path_info" requires explicit package name at /home/cpan/pit/thr/conf/perl-5.8.9/.cpanplus/5.8.9/build/DqzIrZzV5u/Image-SVG-Path-0.31_01/blib/lib/Image/SVG/Path.pm line 727.
syntax error at /home/cpan/pit/thr/conf/perl-5.8.9/.cpanplus/5.8.9/build/DqzIrZzV5u/Image-SVG-Path-0.31_01/blib/lib/Image/SVG/Path.pm line 728, near "}"
/home/cpan/pit/thr/conf/perl-5.8.9/.cpanplus/5.8.9/build/DqzIrZzV5u/Image-SVG-Path-0.31_01/blib/lib/Image/SVG/Path.pm has too many errors.
Compilation failed in require at t/number-paths.t line 14.
BEGIN failed--compilation aborted at t/number-paths.t line 14.
t/number-paths.t ........... 
Dubious, test returned 9 (wstat 2304, 0x900)
No subtests run 
Scalar found where operator expected at /home/cpan/pit/thr/conf/perl-5.8.9/.cpanplus/5.8.9/build/DqzIrZzV5u/Image-SVG-Path-0.31_01/blib/lib/Image/SVG/Path.pm line 384, near "if ($original !~ /$moveto"
  (Might be a runaway multi-line // string starting on line 382)
	(Do you need to predeclare if?)
"my" variable $expect_numbers masks earlier declaration in same scope at /home/cpan/pit/thr/conf/perl-5.8.9/.cpanplus/5.8.9/build/DqzIrZzV5u/Image-SVG-Path-0.31_01/blib/lib/Image/SVG/Path.pm line 429.
"my" variable $position masks earlier declaration in same scope at /home/cpan/pit/thr/conf/perl-5.8.9/.cpanplus/5.8.9/build/DqzIrZzV5u/Image-SVG-Path-0.31_01/blib/lib/Image/SVG/Path.pm line 434.
"my" variable $i masks earlier declaration in same scope at /home/cpan/pit/thr/conf/perl-5.8.9/.cpanplus/5.8.9/build/DqzIrZzV5u/Image-SVG-Path-0.31_01/blib/lib/Image/SVG/Path.pm line 435.
"my" variable $offset masks earlier declaration in same scope at /home/cpan/pit/thr/conf/perl-5.8.9/.cpanplus/5.8.9/build/DqzIrZzV5u/Image-SVG-Path-0.31_01/blib/lib/Image/SVG/Path.pm line 436.
"my" variable @control2 masks earlier declaration in same scope at /home/cpan/pit/thr/conf/perl-5.8.9/.cpanplus/5.8.9/build/DqzIrZzV5u/Image-SVG-Path-0.31_01/blib/lib/Image/SVG/Path.pm line 437.
"my" variable @end masks earlier declaration in same scope at /home/cpan/pit/thr/conf/perl-5.8.9/.cpanplus/5.8.9/build/DqzIrZzV5u/Image-SVG-Path-0.31_01/blib/lib/Image/SVG/Path.pm line 438.
"my" variable $expect_numbers masks earlier declaration in same scope at /home/cpan/pit/thr/conf/perl-5.8.9/.cpanplus/5.8.9/build/DqzIrZzV5u/Image-SVG-Path-0.31_01/blib/lib/Image/SVG/Path.pm line 450.
"my" variable $position masks earlier declaration in same scope at /home/cpan/pit/thr/conf/perl-5.8.9/.cpanplus/5.8.9/build/DqzIrZzV5u/Image-SVG-Path-0.31_01/blib/lib/Image/SVG/Path.pm line 457.
"my" variable $position masks earlier declaration in same scope at /home/cpan/pit/thr/conf/perl-5.8.9/.cpanplus/5.8.9/build/DqzIrZzV5u/Image-SVG-Path-0.31_01/blib/lib/Image/SVG/Path.pm line 465.
"my" variable $expect_numbers masks earlier declaration in same scope at /home/cpan/pit/thr/conf/perl-5.8.9/.cpanplus/5.8.9/build/DqzIrZzV5u/Image-SVG-Path-0.31_01/blib/lib/Image/SVG/Path.pm line 474.
"my" variable $position masks earlier declaration in same scope at /home/cpan/pit/thr/conf/perl-5.8.9/.cpanplus/5.8.9/build/DqzIrZzV5u/Image-SVG-Path-0.31_01/blib/lib/Image/SVG/Path.pm line 479.
"my" variable $i masks earlier declaration in same scope at /home/cpan/pit/thr/conf/perl-5.8.9/.cpanplus/5.8.9/build/DqzIrZzV5u/Image-SVG-Path-0.31_01/blib/lib/Image/SVG/Path.pm line 480.
"my" variable $expect_numbers masks earlier declaration in same scope at /home/cpan/pit/thr/conf/perl-5.8.9/.cpanplus/5.8.9/build/DqzIrZzV5u/Image-SVG-Path-0.31_01/blib/lib/Image/SVG/Path.pm line 493.
"my" variable $position masks earlier declaration in same scope at /home/cpan/pit/thr/conf/perl-5.8.9/.cpanplus/5.8.9/build/DqzIrZzV5u/Image-SVG-Path-0.31_01/blib/lib/Image/SVG/Path.pm line 498.
"my" variable $i masks earlier declaration in same scope at /home/cpan/pit/thr/conf/perl-5.8.9/.cpanplus/5.8.9/build/DqzIrZzV5u/Image-SVG-Path-0.31_01/blib/lib/Image/SVG/Path.pm line 499.
"my" variable $o masks earlier declaration in same scope at /home/cpan/pit/thr/conf/perl-5.8.9/.cpanplus/5.8.9/build/DqzIrZzV5u/Image-SVG-Path-0.31_01/blib/lib/Image/SVG/Path.pm line 500.
"my" variable $position masks earlier declaration in same scope at /home/cpan/pit/thr/conf/perl-5.8.9/.cpanplus/5.8.9/build/DqzIrZzV5u/Image-SVG-Path-0.31_01/blib/lib/Image/SVG/Path.pm line 511.
"my" variable $i masks earlier declaration in same scope at /home/cpan/pit/thr/conf/perl-5.8.9/.cpanplus/5.8.9/build/DqzIrZzV5u/Image-SVG-Path-0.31_01/blib/lib/Image/SVG/Path.pm line 512.
"my" variable $position masks earlier declaration in same scope at /home/cpan/pit/thr/conf/perl-5.8.9/.cpanplus/5.8.9/build/DqzIrZzV5u/Image-SVG-Path-0.31_01/blib/lib/Image/SVG/Path.pm line 523.
"my" variable $i masks earlier declaration in same scope at /home/cpan/pit/thr/conf/perl-5.8.9/.cpanplus/5.8.9/build/DqzIrZzV5u/Image-SVG-Path-0.31_01/blib/lib/Image/SVG/Path.pm line 524.
"my" variable $position masks earlier declaration in same scope at /home/cpan/pit/thr/conf/perl-5.8.9/.cpanplus/5.8.9/build/DqzIrZzV5u/Image-SVG-Path-0.31_01/blib/lib/Image/SVG/Path.pm line 535.
"my" variable $expect_numbers masks earlier declaration in same scope at /home/cpan/pit/thr/conf/perl-5.8.9/.cpanplus/5.8.9/build/DqzIrZzV5u/Image-SVG-Path-0.31_01/blib/lib/Image/SVG/Path.pm line 536.
"my" variable $i masks earlier declaration in same scope at /home/cpan/pit/thr/conf/perl-5.8.9/.cpanplus/5.8.9/build/DqzIrZzV5u/Image-SVG-Path-0.31_01/blib/lib/Image/SVG/Path.pm line 540.
"my" variable $o masks earlier declaration in same scope at /home/cpan/pit/thr/conf/perl-5.8.9/.cpanplus/5.8.9/build/DqzIrZzV5u/Image-SVG-Path-0.31_01/blib/lib/Image/SVG/Path.pm line 541.
"my" variable $expect_numbers masks earlier declaration in same scope at /home/cpan/pit/thr/conf/perl-5.8.9/.cpanplus/5.8.9/build/DqzIrZzV5u/Image-SVG-Path-0.31_01/blib/lib/Image/SVG/Path.pm line 552.
"my" variable $position masks earlier declaration in same scope at /home/cpan/pit/thr/conf/perl-5.8.9/.cpanplus/5.8.9/build/DqzIrZzV5u/Image-SVG-Path-0.31_01/blib/lib/Image/SVG/Path.pm line 553.
Global symbol "$original" requires explicit package name at /home/cpan/pit/thr/conf/perl-5.8.9/.cpanplus/5.8.9/build/DqzIrZzV5u/Image-SVG-Path-0.31_01/blib/lib/Image/SVG/Path.pm line 382.
Global symbol "$values" requires explicit package name at /home/cpan/pit/thr/conf/perl-5.8.9/.cpanplus/5.8.9/build/DqzIrZzV5u/Image-SVG-Path-0.31_01/blib/lib/Image/SVG/Path.pm line 382.
Global symbol "$original" requires explicit package name at /home/cpan/pit/thr/conf/perl-5.8.9/.cpanplus/5.8.9/build/DqzIrZzV5u/Image-SVG-Path-0.31_01/blib/lib/Image/SVG/Path.pm line 382.
syntax error at /home/cpan/pit/thr/conf/perl-5.8.9/.cpanplus/5.8.9/build/DqzIrZzV5u/Image-SVG-Path-0.31_01/blib/lib/Image/SVG/Path.pm line 384, near "if ($original !~ /$moveto"
Global symbol "$original" requires explicit package name at /home/cpan/pit/thr/conf/perl-5.8.9/.cpanplus/5.8.9/build/DqzIrZzV5u/Image-SVG-Path-0.31_01/blib/lib/Image/SVG/Path.pm line 385.
Global symbol "$original" requires explicit package name at /home/cpan/pit/thr/conf/perl-5.8.9/.cpanplus/5.8.9/build/DqzIrZzV5u/Image-SVG-Path-0.31_01/blib/lib/Image/SVG/Path.pm line 388.
Global symbol "@curves" requires explicit package name at /home/cpan/pit/thr/conf/perl-5.8.9/.cpanplus/5.8.9/build/DqzIrZzV5u/Image-SVG-Path-0.31_01/blib/lib/Image/SVG/Path.pm line 391.
Global symbol "$verbose" requires explicit package name at /home/cpan/pit/thr/conf/perl-5.8.9/.cpanplus/5.8.9/build/DqzIrZzV5u/Image-SVG-Path-0.31_01/blib/lib/Image/SVG/Path.pm line 399.
Global symbol "$me" requires explicit package name at /home/cpan/pit/thr/conf/perl-5.8.9/.cpanplus/5.8.9/build/DqzIrZzV5u/Image-SVG-Path-0.31_01/blib/lib/Image/SVG/Path.pm line 400.
Global symbol "$me" requires explicit package name at /home/cpan/pit/thr/conf/perl-5.8.9/.cpanplus/5.8.9/build/DqzIrZzV5u/Image-SVG-Path-0.31_01/blib/lib/Image/SVG/Path.pm line 406.
Global symbol "$path" requires explicit package name at /home/cpan/pit/thr/conf/perl-5.8.9/.cpanplus/5.8.9/build/DqzIrZzV5u/Image-SVG-Path-0.31_01/blib/lib/Image/SVG/Path.pm line 407.
Global symbol "@path_info" requires explicit package name at /home/cpan/pit/thr/conf/perl-5.8.9/.cpanplus/5.8.9/build/DqzIrZzV5u/Image-SVG-Path-0.31_01/blib/lib/Image/SVG/Path.pm line 417.
Global symbol "$me" requires explicit package name at /home/cpan/pit/thr/conf/perl-5.8.9/.cpanplus/5.8.9/build/DqzIrZzV5u/Image-SVG-Path-0.31_01/blib/lib/Image/SVG/Path.pm line 431.
Global symbol "$path" requires explicit package name at /home/cpan/pit/thr/conf/perl-5.8.9/.cpanplus/5.8.9/build/DqzIrZzV5u/Image-SVG-Path-0.31_01/blib/lib/Image/SVG/Path.pm line 432.
Global symbol "@path_info" requires explicit package name at /home/cpan/pit/thr/conf/perl-5.8.9/.cpanplus/5.8.9/build/DqzIrZzV5u/Image-SVG-Path-0.31_01/blib/lib/Image/SVG/Path.pm line 439.
Global symbol "$path" requires explicit package name at /home/cpan/pit/thr/conf/perl-5.8.9/.cpanplus/5.8.9/build/DqzIrZzV5u/Image-SVG-Path-0.31_01/blib/lib/Image/SVG/Path.pm line 455.
Global symbol "@path_info" requires explicit package name at /home/cpan/pit/thr/conf/perl-5.8.9/.cpanplus/5.8.9/build/DqzIrZzV5u/Image-SVG-Path-0.31_01/blib/lib/Image/SVG/Path.pm line 458.
Global symbol "$path" requires explicit package name at /home/cpan/pit/thr/conf/perl-5.8.9/.cpanplus/5.8.9/build/DqzIrZzV5u/Image-SVG-Path-0.31_01/blib/lib/Image/SVG/Path.pm line 463.
Global symbol "@path_info" requires explicit package name at /home/cpan/pit/thr/conf/perl-5.8.9/.cpanplus/5.8.9/build/DqzIrZzV5u/Image-SVG-Path-0.31_01/blib/lib/Image/SVG/Path.pm line 466.
Global symbol "$path" requires explicit package name at /home/cpan/pit/thr/conf/perl-5.8.9/.cpanplus/5.8.9/build/DqzIrZzV5u/Image-SVG-Path-0.31_01/blib/lib/Image/SVG/Path.pm line 477.
Global symbol "@path_info" requires explicit package name at /home/cpan/pit/thr/conf/perl-5.8.9/.cpanplus/5.8.9/build/DqzIrZzV5u/Image-SVG-Path-0.31_01/blib/lib/Image/SVG/Path.pm line 482.
Global symbol "$me" requires explicit package name at /home/cpan/pit/thr/conf/perl-5.8.9/.cpanplus/5.8.9/build/DqzIrZzV5u/Image-SVG-Path-0.31_01/blib/lib/Image/SVG/Path.pm line 495.
Global symbol "$path" requires explicit package name at /home/cpan/pit/thr/conf/perl-5.8.9/.cpanplus/5.8.9/build/DqzIrZzV5u/Image-SVG-Path-0.31_01/blib/lib/Image/SVG/Path.pm line 496.
Global symbol "@path_info" requires explicit package name at /home/cpan/pit/thr/conf/perl-5.8.9/.cpanplus/5.8.9/build/DqzIrZzV5u/Image-SVG-Path-0.31_01/blib/lib/Image/SVG/Path.pm line 501.
Global symbol "@path_info" requires explicit package name at /home/cpan/pit/thr/conf/perl-5.8.9/.cpanplus/5.8.9/build/DqzIrZzV5u/Image-SVG-Path-0.31_01/blib/lib/Image/SVG/Path.pm line 513.
Global symbol "@path_info" requires explicit package name at /home/cpan/pit/thr/conf/perl-5.8.9/.cpanplus/5.8.9/build/DqzIrZzV5u/Image-SVG-Path-0.31_01/blib/lib/Image/SVG/Path.pm line 525.
Global symbol "$me" requires explicit package name at /home/cpan/pit/thr/conf/perl-5.8.9/.cpanplus/5.8.9/build/DqzIrZzV5u/Image-SVG-Path-0.31_01/blib/lib/Image/SVG/Path.pm line 538.
Global symbol "@path_info" requires explicit package name at /home/cpan/pit/thr/conf/perl-5.8.9/.cpanplus/5.8.9/build/DqzIrZzV5u/Image-SVG-Path-0.31_01/blib/lib/Image/SVG/Path.pm line 548.
Global symbol "$me" requires explicit package name at /home/cpan/pit/thr/conf/perl-5.8.9/.cpanplus/5.8.9/build/DqzIrZzV5u/Image-SVG-Path-0.31_01/blib/lib/Image/SVG/Path.pm line 555.
Global symbol "$me" requires explicit package name at /home/cpan/pit/thr/conf/perl-5.8.9/.cpanplus/5.8.9/build/DqzIrZzV5u/Image-SVG-Path-0.31_01/blib/lib/Image/SVG/Path.pm line 558.
Global symbol "$path" requires explicit package name at /home/cpan/pit/thr/conf/perl-5.8.9/.cpanplus/5.8.9/build/DqzIrZzV5u/Image-SVG-Path-0.31_01/blib/lib/Image/SVG/Path.pm line 559.
Global symbol "@path_info" requires explicit package name at /home/cpan/pit/thr/conf/perl-5.8.9/.cpanplus/5.8.9/build/DqzIrZzV5u/Image-SVG-Path-0.31_01/blib/lib/Image/SVG/Path.pm line 561.
Global symbol "@path_info" requires explicit package name at /home/cpan/pit/thr/conf/perl-5.8.9/.cpanplus/5.8.9/build/DqzIrZzV5u/Image-SVG-Path-0.31_01/blib/lib/Image/SVG/Path.pm line 572.
Global symbol "$options_ref" requires explicit package name at /home/cpan/pit/thr/conf/perl-5.8.9/.cpanplus/5.8.9/build/DqzIrZzV5u/Image-SVG-Path-0.31_01/blib/lib/Image/SVG/Path.pm line 583.
Global symbol "$options_ref" requires explicit package name at /home/cpan/pit/thr/conf/perl-5.8.9/.cpanplus/5.8.9/build/DqzIrZzV5u/Image-SVG-Path-0.31_01/blib/lib/Image/SVG/Path.pm line 584.
Global symbol "$options_ref" requires explicit package name at /home/cpan/pit/thr/conf/perl-5.8.9/.cpanplus/5.8.9/build/DqzIrZzV5u/Image-SVG-Path-0.31_01/blib/lib/Image/SVG/Path.pm line 584.
Global symbol "$verbose" requires explicit package name at /home/cpan/pit/thr/conf/perl-5.8.9/.cpanplus/5.8.9/build/DqzIrZzV5u/Image-SVG-Path-0.31_01/blib/lib/Image/SVG/Path.pm line 586.
Global symbol "@path_info" requires explicit package name at /home/cpan/pit/thr/conf/perl-5.8.9/.cpanplus/5.8.9/build/DqzIrZzV5u/Image-SVG-Path-0.31_01/blib/lib/Image/SVG/Path.pm line 593.
Global symbol "$options_ref" requires explicit package name at /home/cpan/pit/thr/conf/perl-5.8.9/.cpanplus/5.8.9/build/DqzIrZzV5u/Image-SVG-Path-0.31_01/blib/lib/Image/SVG/Path.pm line 596.
Global symbol "$me" requires explicit package name at /home/cpan/pit/thr/conf/perl-5.8.9/.cpanplus/5.8.9/build/DqzIrZzV5u/Image-SVG-Path-0.31_01/blib/lib/Image/SVG/Path.pm line 600.
Global symbol "$verbose" requires explicit package name at /home/cpan/pit/thr/conf/perl-5.8.9/.cpanplus/5.8.9/build/DqzIrZzV5u/Image-SVG-Path-0.31_01/blib/lib/Image/SVG/Path.pm line 615.
Global symbol "$verbose" requires explicit package name at /home/cpan/pit/thr/conf/perl-5.8.9/.cpanplus/5.8.9/build/DqzIrZzV5u/Image-SVG-Path-0.31_01/blib/lib/Image/SVG/Path.pm line 628.
Global symbol "$verbose" requires explicit package name at /home/cpan/pit/thr/conf/perl-5.8.9/.cpanplus/5.8.9/build/DqzIrZzV5u/Image-SVG-Path-0.31_01/blib/lib/Image/SVG/Path.pm line 641.
Global symbol "$verbose" requires explicit package name at /home/cpan/pit/thr/conf/perl-5.8.9/.cpanplus/5.8.9/build/DqzIrZzV5u/Image-SVG-Path-0.31_01/blib/lib/Image/SVG/Path.pm line 656.
Global symbol "$verbose" requires explicit package name at /home/cpan/pit/thr/conf/perl-5.8.9/.cpanplus/5.8.9/build/DqzIrZzV5u/Image-SVG-Path-0.31_01/blib/lib/Image/SVG/Path.pm line 684.
Global symbol "$verbose" requires explicit package name at /home/cpan/pit/thr/conf/perl-5.8.9/.cpanplus/5.8.9/build/DqzIrZzV5u/Image-SVG-Path-0.31_01/blib/lib/Image/SVG/Path.pm line 702.
Global symbol "$verbose" requires explicit package name at /home/cpan/pit/thr/conf/perl-5.8.9/.cpanplus/5.8.9/build/DqzIrZzV5u/Image-SVG-Path-0.31_01/blib/lib/Image/SVG/Path.pm line 713.
Global symbol "@path_info" requires explicit package name at /home/cpan/pit/thr/conf/perl-5.8.9/.cpanplus/5.8.9/build/DqzIrZzV5u/Image-SVG-Path-0.31_01/blib/lib/Image/SVG/Path.pm line 727.
syntax error at /home/cpan/pit/thr/conf/perl-5.8.9/.cpanplus/5.8.9/build/DqzIrZzV5u/Image-SVG-Path-0.31_01/blib/lib/Image/SVG/Path.pm line 728, near "}"
/home/cpan/pit/thr/conf/perl-5.8.9/.cpanplus/5.8.9/build/DqzIrZzV5u/Image-SVG-Path-0.31_01/blib/lib/Image/SVG/Path.pm has too many errors.
Compilation failed in require at t/regex-export.t line 12.
BEGIN failed--compilation aborted at t/regex-export.t line 12.
t/regex-export.t ........... 
Dubious, test returned 9 (wstat 2304, 0x900)
No subtests run 
Scalar found where operator expected at /home/cpan/pit/thr/conf/perl-5.8.9/.cpanplus/5.8.9/build/DqzIrZzV5u/Image-SVG-Path-0.31_01/blib/lib/Image/SVG/Path.pm line 384, near "if ($original !~ /$moveto"
  (Might be a runaway multi-line // string starting on line 382)
	(Do you need to predeclare if?)
"my" variable $expect_numbers masks earlier declaration in same scope at /home/cpan/pit/thr/conf/perl-5.8.9/.cpanplus/5.8.9/build/DqzIrZzV5u/Image-SVG-Path-0.31_01/blib/lib/Image/SVG/Path.pm line 429.
"my" variable $position masks earlier declaration in same scope at /home/cpan/pit/thr/conf/perl-5.8.9/.cpanplus/5.8.9/build/DqzIrZzV5u/Image-SVG-Path-0.31_01/blib/lib/Image/SVG/Path.pm line 434.
"my" variable $i masks earlier declaration in same scope at /home/cpan/pit/thr/conf/perl-5.8.9/.cpanplus/5.8.9/build/DqzIrZzV5u/Image-SVG-Path-0.31_01/blib/lib/Image/SVG/Path.pm line 435.
"my" variable $offset masks earlier declaration in same scope at /home/cpan/pit/thr/conf/perl-5.8.9/.cpanplus/5.8.9/build/DqzIrZzV5u/Image-SVG-Path-0.31_01/blib/lib/Image/SVG/Path.pm line 436.
"my" variable @control2 masks earlier declaration in same scope at /home/cpan/pit/thr/conf/perl-5.8.9/.cpanplus/5.8.9/build/DqzIrZzV5u/Image-SVG-Path-0.31_01/blib/lib/Image/SVG/Path.pm line 437.
"my" variable @end masks earlier declaration in same scope at /home/cpan/pit/thr/conf/perl-5.8.9/.cpanplus/5.8.9/build/DqzIrZzV5u/Image-SVG-Path-0.31_01/blib/lib/Image/SVG/Path.pm line 438.
"my" variable $expect_numbers masks earlier declaration in same scope at /home/cpan/pit/thr/conf/perl-5.8.9/.cpanplus/5.8.9/build/DqzIrZzV5u/Image-SVG-Path-0.31_01/blib/lib/Image/SVG/Path.pm line 450.
"my" variable $position masks earlier declaration in same scope at /home/cpan/pit/thr/conf/perl-5.8.9/.cpanplus/5.8.9/build/DqzIrZzV5u/Image-SVG-Path-0.31_01/blib/lib/Image/SVG/Path.pm line 457.
"my" variable $position masks earlier declaration in same scope at /home/cpan/pit/thr/conf/perl-5.8.9/.cpanplus/5.8.9/build/DqzIrZzV5u/Image-SVG-Path-0.31_01/blib/lib/Image/SVG/Path.pm line 465.
"my" variable $expect_numbers masks earlier declaration in same scope at /home/cpan/pit/thr/conf/perl-5.8.9/.cpanplus/5.8.9/build/DqzIrZzV5u/Image-SVG-Path-0.31_01/blib/lib/Image/SVG/Path.pm line 474.
"my" variable $position masks earlier declaration in same scope at /home/cpan/pit/thr/conf/perl-5.8.9/.cpanplus/5.8.9/build/DqzIrZzV5u/Image-SVG-Path-0.31_01/blib/lib/Image/SVG/Path.pm line 479.
"my" variable $i masks earlier declaration in same scope at /home/cpan/pit/thr/conf/perl-5.8.9/.cpanplus/5.8.9/build/DqzIrZzV5u/Image-SVG-Path-0.31_01/blib/lib/Image/SVG/Path.pm line 480.
"my" variable $expect_numbers masks earlier declaration in same scope at /home/cpan/pit/thr/conf/perl-5.8.9/.cpanplus/5.8.9/build/DqzIrZzV5u/Image-SVG-Path-0.31_01/blib/lib/Image/SVG/Path.pm line 493.
"my" variable $position masks earlier declaration in same scope at /home/cpan/pit/thr/conf/perl-5.8.9/.cpanplus/5.8.9/build/DqzIrZzV5u/Image-SVG-Path-0.31_01/blib/lib/Image/SVG/Path.pm line 498.
"my" variable $i masks earlier declaration in same scope at /home/cpan/pit/thr/conf/perl-5.8.9/.cpanplus/5.8.9/build/DqzIrZzV5u/Image-SVG-Path-0.31_01/blib/lib/Image/SVG/Path.pm line 499.
"my" variable $o masks earlier declaration in same scope at /home/cpan/pit/thr/conf/perl-5.8.9/.cpanplus/5.8.9/build/DqzIrZzV5u/Image-SVG-Path-0.31_01/blib/lib/Image/SVG/Path.pm line 500.
"my" variable $position masks earlier declaration in same scope at /home/cpan/pit/thr/conf/perl-5.8.9/.cpanplus/5.8.9/build/DqzIrZzV5u/Image-SVG-Path-0.31_01/blib/lib/Image/SVG/Path.pm line 511.
"my" variable $i masks earlier declaration in same scope at /home/cpan/pit/thr/conf/perl-5.8.9/.cpanplus/5.8.9/build/DqzIrZzV5u/Image-SVG-Path-0.31_01/blib/lib/Image/SVG/Path.pm line 512.
"my" variable $position masks earlier declaration in same scope at /home/cpan/pit/thr/conf/perl-5.8.9/.cpanplus/5.8.9/build/DqzIrZzV5u/Image-SVG-Path-0.31_01/blib/lib/Image/SVG/Path.pm line 523.
"my" variable $i masks earlier declaration in same scope at /home/cpan/pit/thr/conf/perl-5.8.9/.cpanplus/5.8.9/build/DqzIrZzV5u/Image-SVG-Path-0.31_01/blib/lib/Image/SVG/Path.pm line 524.
"my" variable $position masks earlier declaration in same scope at /home/cpan/pit/thr/conf/perl-5.8.9/.cpanplus/5.8.9/build/DqzIrZzV5u/Image-SVG-Path-0.31_01/blib/lib/Image/SVG/Path.pm line 535.
"my" variable $expect_numbers masks earlier declaration in same scope at /home/cpan/pit/thr/conf/perl-5.8.9/.cpanplus/5.8.9/build/DqzIrZzV5u/Image-SVG-Path-0.31_01/blib/lib/Image/SVG/Path.pm line 536.
"my" variable $i masks earlier declaration in same scope at /home/cpan/pit/thr/conf/perl-5.8.9/.cpanplus/5.8.9/build/DqzIrZzV5u/Image-SVG-Path-0.31_01/blib/lib/Image/SVG/Path.pm line 540.
"my" variable $o masks earlier declaration in same scope at /home/cpan/pit/thr/conf/perl-5.8.9/.cpanplus/5.8.9/build/DqzIrZzV5u/Image-SVG-Path-0.31_01/blib/lib/Image/SVG/Path.pm line 541.
"my" variable $expect_numbers masks earlier declaration in same scope at /home/cpan/pit/thr/conf/perl-5.8.9/.cpanplus/5.8.9/build/DqzIrZzV5u/Image-SVG-Path-0.31_01/blib/lib/Image/SVG/Path.pm line 552.
"my" variable $position masks earlier declaration in same scope at /home/cpan/pit/thr/conf/perl-5.8.9/.cpanplus/5.8.9/build/DqzIrZzV5u/Image-SVG-Path-0.31_01/blib/lib/Image/SVG/Path.pm line 553.
Global symbol "$original" requires explicit package name at /home/cpan/pit/thr/conf/perl-5.8.9/.cpanplus/5.8.9/build/DqzIrZzV5u/Image-SVG-Path-0.31_01/blib/lib/Image/SVG/Path.pm line 382.
Global symbol "$values" requires explicit package name at /home/cpan/pit/thr/conf/perl-5.8.9/.cpanplus/5.8.9/build/DqzIrZzV5u/Image-SVG-Path-0.31_01/blib/lib/Image/SVG/Path.pm line 382.
Global symbol "$original" requires explicit package name at /home/cpan/pit/thr/conf/perl-5.8.9/.cpanplus/5.8.9/build/DqzIrZzV5u/Image-SVG-Path-0.31_01/blib/lib/Image/SVG/Path.pm line 382.
syntax error at /home/cpan/pit/thr/conf/perl-5.8.9/.cpanplus/5.8.9/build/DqzIrZzV5u/Image-SVG-Path-0.31_01/blib/lib/Image/SVG/Path.pm line 384, near "if ($original !~ /$moveto"
Global symbol "$original" requires explicit package name at /home/cpan/pit/thr/conf/perl-5.8.9/.cpanplus/5.8.9/build/DqzIrZzV5u/Image-SVG-Path-0.31_01/blib/lib/Image/SVG/Path.pm line 385.
Global symbol "$original" requires explicit package name at /home/cpan/pit/thr/conf/perl-5.8.9/.cpanplus/5.8.9/build/DqzIrZzV5u/Image-SVG-Path-0.31_01/blib/lib/Image/SVG/Path.pm line 388.
Global symbol "@curves" requires explicit package name at /home/cpan/pit/thr/conf/perl-5.8.9/.cpanplus/5.8.9/build/DqzIrZzV5u/Image-SVG-Path-0.31_01/blib/lib/Image/SVG/Path.pm line 391.
Global symbol "$verbose" requires explicit package name at /home/cpan/pit/thr/conf/perl-5.8.9/.cpanplus/5.8.9/build/DqzIrZzV5u/Image-SVG-Path-0.31_01/blib/lib/Image/SVG/Path.pm line 399.
Global symbol "$me" requires explicit package name at /home/cpan/pit/thr/conf/perl-5.8.9/.cpanplus/5.8.9/build/DqzIrZzV5u/Image-SVG-Path-0.31_01/blib/lib/Image/SVG/Path.pm line 400.
Global symbol "$me" requires explicit package name at /home/cpan/pit/thr/conf/perl-5.8.9/.cpanplus/5.8.9/build/DqzIrZzV5u/Image-SVG-Path-0.31_01/blib/lib/Image/SVG/Path.pm line 406.
Global symbol "$path" requires explicit package name at /home/cpan/pit/thr/conf/perl-5.8.9/.cpanplus/5.8.9/build/DqzIrZzV5u/Image-SVG-Path-0.31_01/blib/lib/Image/SVG/Path.pm line 407.
Global symbol "@path_info" requires explicit package name at /home/cpan/pit/thr/conf/perl-5.8.9/.cpanplus/5.8.9/build/DqzIrZzV5u/Image-SVG-Path-0.31_01/blib/lib/Image/SVG/Path.pm line 417.
Global symbol "$me" requires explicit package name at /home/cpan/pit/thr/conf/perl-5.8.9/.cpanplus/5.8.9/build/DqzIrZzV5u/Image-SVG-Path-0.31_01/blib/lib/Image/SVG/Path.pm line 431.
Global symbol "$path" requires explicit package name at /home/cpan/pit/thr/conf/perl-5.8.9/.cpanplus/5.8.9/build/DqzIrZzV5u/Image-SVG-Path-0.31_01/blib/lib/Image/SVG/Path.pm line 432.
Global symbol "@path_info" requires explicit package name at /home/cpan/pit/thr/conf/perl-5.8.9/.cpanplus/5.8.9/build/DqzIrZzV5u/Image-SVG-Path-0.31_01/blib/lib/Image/SVG/Path.pm line 439.
Global symbol "$path" requires explicit package name at /home/cpan/pit/thr/conf/perl-5.8.9/.cpanplus/5.8.9/build/DqzIrZzV5u/Image-SVG-Path-0.31_01/blib/lib/Image/SVG/Path.pm line 455.
Global symbol "@path_info" requires explicit package name at /home/cpan/pit/thr/conf/perl-5.8.9/.cpanplus/5.8.9/build/DqzIrZzV5u/Image-SVG-Path-0.31_01/blib/lib/Image/SVG/Path.pm line 458.
Global symbol "$path" requires explicit package name at /home/cpan/pit/thr/conf/perl-5.8.9/.cpanplus/5.8.9/build/DqzIrZzV5u/Image-SVG-Path-0.31_01/blib/lib/Image/SVG/Path.pm line 463.
Global symbol "@path_info" requires explicit package name at /home/cpan/pit/thr/conf/perl-5.8.9/.cpanplus/5.8.9/build/DqzIrZzV5u/Image-SVG-Path-0.31_01/blib/lib/Image/SVG/Path.pm line 466.
Global symbol "$path" requires explicit package name at /home/cpan/pit/thr/conf/perl-5.8.9/.cpanplus/5.8.9/build/DqzIrZzV5u/Image-SVG-Path-0.31_01/blib/lib/Image/SVG/Path.pm line 477.
Global symbol "@path_info" requires explicit package name at /home/cpan/pit/thr/conf/perl-5.8.9/.cpanplus/5.8.9/build/DqzIrZzV5u/Image-SVG-Path-0.31_01/blib/lib/Image/SVG/Path.pm line 482.
Global symbol "$me" requires explicit package name at /home/cpan/pit/thr/conf/perl-5.8.9/.cpanplus/5.8.9/build/DqzIrZzV5u/Image-SVG-Path-0.31_01/blib/lib/Image/SVG/Path.pm line 495.
Global symbol "$path" requires explicit package name at /home/cpan/pit/thr/conf/perl-5.8.9/.cpanplus/5.8.9/build/DqzIrZzV5u/Image-SVG-Path-0.31_01/blib/lib/Image/SVG/Path.pm line 496.
Global symbol "@path_info" requires explicit package name at /home/cpan/pit/thr/conf/perl-5.8.9/.cpanplus/5.8.9/build/DqzIrZzV5u/Image-SVG-Path-0.31_01/blib/lib/Image/SVG/Path.pm line 501.
Global symbol "@path_info" requires explicit package name at /home/cpan/pit/thr/conf/perl-5.8.9/.cpanplus/5.8.9/build/DqzIrZzV5u/Image-SVG-Path-0.31_01/blib/lib/Image/SVG/Path.pm line 513.
Global symbol "@path_info" requires explicit package name at /home/cpan/pit/thr/conf/perl-5.8.9/.cpanplus/5.8.9/build/DqzIrZzV5u/Image-SVG-Path-0.31_01/blib/lib/Image/SVG/Path.pm line 525.
Global symbol "$me" requires explicit package name at /home/cpan/pit/thr/conf/perl-5.8.9/.cpanplus/5.8.9/build/DqzIrZzV5u/Image-SVG-Path-0.31_01/blib/lib/Image/SVG/Path.pm line 538.
Global symbol "@path_info" requires explicit package name at /home/cpan/pit/thr/conf/perl-5.8.9/.cpanplus/5.8.9/build/DqzIrZzV5u/Image-SVG-Path-0.31_01/blib/lib/Image/SVG/Path.pm line 548.
Global symbol "$me" requires explicit package name at /home/cpan/pit/thr/conf/perl-5.8.9/.cpanplus/5.8.9/build/DqzIrZzV5u/Image-SVG-Path-0.31_01/blib/lib/Image/SVG/Path.pm line 555.
Global symbol "$me" requires explicit package name at /home/cpan/pit/thr/conf/perl-5.8.9/.cpanplus/5.8.9/build/DqzIrZzV5u/Image-SVG-Path-0.31_01/blib/lib/Image/SVG/Path.pm line 558.
Global symbol "$path" requires explicit package name at /home/cpan/pit/thr/conf/perl-5.8.9/.cpanplus/5.8.9/build/DqzIrZzV5u/Image-SVG-Path-0.31_01/blib/lib/Image/SVG/Path.pm line 559.
Global symbol "@path_info" requires explicit package name at /home/cpan/pit/thr/conf/perl-5.8.9/.cpanplus/5.8.9/build/DqzIrZzV5u/Image-SVG-Path-0.31_01/blib/lib/Image/SVG/Path.pm line 561.
Global symbol "@path_info" requires explicit package name at /home/cpan/pit/thr/conf/perl-5.8.9/.cpanplus/5.8.9/build/DqzIrZzV5u/Image-SVG-Path-0.31_01/blib/lib/Image/SVG/Path.pm line 572.
Global symbol "$options_ref" requires explicit package name at /home/cpan/pit/thr/conf/perl-5.8.9/.cpanplus/5.8.9/build/DqzIrZzV5u/Image-SVG-Path-0.31_01/blib/lib/Image/SVG/Path.pm line 583.
Global symbol "$options_ref" requires explicit package name at /home/cpan/pit/thr/conf/perl-5.8.9/.cpanplus/5.8.9/build/DqzIrZzV5u/Image-SVG-Path-0.31_01/blib/lib/Image/SVG/Path.pm line 584.
Global symbol "$options_ref" requires explicit package name at /home/cpan/pit/thr/conf/perl-5.8.9/.cpanplus/5.8.9/build/DqzIrZzV5u/Image-SVG-Path-0.31_01/blib/lib/Image/SVG/Path.pm line 584.
Global symbol "$verbose" requires explicit package name at /home/cpan/pit/thr/conf/perl-5.8.9/.cpanplus/5.8.9/build/DqzIrZzV5u/Image-SVG-Path-0.31_01/blib/lib/Image/SVG/Path.pm line 586.
Global symbol "@path_info" requires explicit package name at /home/cpan/pit/thr/conf/perl-5.8.9/.cpanplus/5.8.9/build/DqzIrZzV5u/Image-SVG-Path-0.31_01/blib/lib/Image/SVG/Path.pm line 593.
Global symbol "$options_ref" requires explicit package name at /home/cpan/pit/thr/conf/perl-5.8.9/.cpanplus/5.8.9/build/DqzIrZzV5u/Image-SVG-Path-0.31_01/blib/lib/Image/SVG/Path.pm line 596.
Global symbol "$me" requires explicit package name at /home/cpan/pit/thr/conf/perl-5.8.9/.cpanplus/5.8.9/build/DqzIrZzV5u/Image-SVG-Path-0.31_01/blib/lib/Image/SVG/Path.pm line 600.
Global symbol "$verbose" requires explicit package name at /home/cpan/pit/thr/conf/perl-5.8.9/.cpanplus/5.8.9/build/DqzIrZzV5u/Image-SVG-Path-0.31_01/blib/lib/Image/SVG/Path.pm line 615.
Global symbol "$verbose" requires explicit package name at /home/cpan/pit/thr/conf/perl-5.8.9/.cpanplus/5.8.9/build/DqzIrZzV5u/Image-SVG-Path-0.31_01/blib/lib/Image/SVG/Path.pm line 628.
Global symbol "$verbose" requires explicit package name at /home/cpan/pit/thr/conf/perl-5.8.9/.cpanplus/5.8.9/build/DqzIrZzV5u/Image-SVG-Path-0.31_01/blib/lib/Image/SVG/Path.pm line 641.
Global symbol "$verbose" requires explicit package name at /home/cpan/pit/thr/conf/perl-5.8.9/.cpanplus/5.8.9/build/DqzIrZzV5u/Image-SVG-Path-0.31_01/blib/lib/Image/SVG/Path.pm line 656.
Global symbol "$verbose" requires explicit package name at /home/cpan/pit/thr/conf/perl-5.8.9/.cpanplus/5.8.9/build/DqzIrZzV5u/Image-SVG-Path-0.31_01/blib/lib/Image/SVG/Path.pm line 684.
Global symbol "$verbose" requires explicit package name at /home/cpan/pit/thr/conf/perl-5.8.9/.cpanplus/5.8.9/build/DqzIrZzV5u/Image-SVG-Path-0.31_01/blib/lib/Image/SVG/Path.pm line 702.
Global symbol "$verbose" requires explicit package name at /home/cpan/pit/thr/conf/perl-5.8.9/.cpanplus/5.8.9/build/DqzIrZzV5u/Image-SVG-Path-0.31_01/blib/lib/Image/SVG/Path.pm line 713.
Global symbol "@path_info" requires explicit package name at /home/cpan/pit/thr/conf/perl-5.8.9/.cpanplus/5.8.9/build/DqzIrZzV5u/Image-SVG-Path-0.31_01/blib/lib/Image/SVG/Path.pm line 727.
syntax error at /home/cpan/pit/thr/conf/perl-5.8.9/.cpanplus/5.8.9/build/DqzIrZzV5u/Image-SVG-Path-0.31_01/blib/lib/Image/SVG/Path.pm line 728, near "}"
/home/cpan/pit/thr/conf/perl-5.8.9/.cpanplus/5.8.9/build/DqzIrZzV5u/Image-SVG-Path-0.31_01/blib/lib/Image/SVG/Path.pm has too many errors.
Compilation failed in require at t/svg-signs.t line 6.
BEGIN failed--compilation aborted at t/svg-signs.t line 6.
t/svg-signs.t .............. 
Dubious, test returned 9 (wstat 2304, 0x900)
No subtests run 

Test Summary Report
-------------------
t/doubled-path-commands.t (Wstat: 2304 Tests: 0 Failed: 0)
  Non-zero exit status: 9
  Parse errors: No plan found in TAP output
t/Image-SVG-Path.t       (Wstat: 2304 Tests: 0 Failed: 0)
  Non-zero exit status: 9
  Parse errors: No plan found in TAP output
t/number-paths.t         (Wstat: 2304 Tests: 0 Failed: 0)
  Non-zero exit status: 9
  Parse errors: No plan found in TAP output
t/regex-export.t         (Wstat: 2304 Tests: 0 Failed: 0)
  Non-zero exit status: 9
  Parse errors: No plan found in TAP output
t/svg-signs.t            (Wstat: 2304 Tests: 0 Failed: 0)
  Non-zero exit status: 9
  Parse errors: No plan found in TAP output
Files=5, Tests=0,  0 wallclock secs ( 0.01 usr  0.01 sys +  0.11 cusr  0.03 csys =  0.16 CPU)
Result: FAIL
Failed 5/5 test programs. 0/0 subtests failed.
Makefile:864: recipe for target 'test_dynamic' failed
make: *** [test_dynamic] Error 9


PREREQUISITES:

Here is a list of prerequisites you specified and versions we
managed to load:

	  Module Name                        Have     Want
	  ExtUtils::MakeMaker                7.30        0

Perl module toolchain versions installed:
	Module Name                        Have
	CPANPLUS                         0.9172
	CPANPLUS::Dist::Build              0.88
	Cwd                                3.62
	ExtUtils::CBuilder             0.280226
	ExtUtils::Command                  7.30
	ExtUtils::Install                  2.14
	ExtUtils::MakeMaker                7.30
	ExtUtils::Manifest                 1.70
	ExtUtils::ParseXS                  3.35
	File::Spec                         3.62
	Module::Build                    0.4224
	Pod::Parser                        1.35
	Pod::Simple                        3.32
	Test2                          1.302098
	Test::Harness                      3.39
	Test::More                     1.302098
	version                          0.9918

******************************** NOTE ********************************
The comments above are created mechanically, possibly without manual
checking by the sender.  As there are many people performing automatic
tests on each upload to CPAN, it is likely that you will receive
identical messages about the same problem.

If you believe that the message is mistaken, please reply to the first
one with correction and/or additional informations, and do not take
it personally.  We appreciate your patience. :)
**********************************************************************

Additional comments:


This report was machine-generated by CPANPLUS::Dist::YACSmoke 1.02.
Powered by minismokebox version 0.68

------------------------------
ENVIRONMENT AND OTHER CONTEXT
------------------------------

Environment variables:

    AUTOMATED_TESTING = 1
    LANG = en_GB.UTF-8
    LANGUAGE = en_GB:en
    NONINTERACTIVE_TESTING = 1
    PATH = /usr/local/sbin:/usr/local/bin:/usr/sbin:/usr/bin:/sbin:/bin:/usr/games:/usr/local/games:/snap/bin
    PERL5LIB = :/home/cpan/pit/thr/conf/perl-5.8.9/.cpanplus/5.8.9/build/DqzIrZzV5u/Image-SVG-Path-0.31_01/blib/lib:/home/cpan/pit/thr/conf/perl-5.8.9/.cpanplus/5.8.9/build/DqzIrZzV5u/Image-SVG-Path-0.31_01/blib/arch
    PERL5_CPANPLUS_IS_RUNNING = 21849
    PERL5_CPANPLUS_IS_VERSION = 0.9172
    PERL5_MINISMOKEBOX = 0.68
    PERL5_YACSMOKE_BASE = /home/cpan/pit/thr/conf/perl-5.8.9
    PERL_EXTUTILS_AUTOINSTALL = --defaultdeps
    PERL_MM_USE_DEFAULT = 1
    SHELL = /bin/bash
    TERM = screen

Perl special variables (and OS-specific diagnostics, for MSWin32):

    Perl: $^X = /home/cpan/pit/thr/perl-5.8.9/bin/perl
    UID:  $<  = 1001
    EUID: $>  = 1001
    GID:  $(  = 1001 1001
    EGID: $)  = 1001 1001


-------------------------------


--

Summary of my perl5 (revision 5 version 8 subversion 9) configuration:
  Platform:
    osname=linux, osvers=4.4.0-21-generic, archname=x86_64-linux-thread-multi
    uname='linux uchder 4.4.0-21-generic #37-ubuntu smp mon apr 18 18:33:37 utc 2016 x86_64 x86_64 x86_64 gnulinux '
    config_args='-des -Dprefix=/home/cpan/pit/thr/perl-5.8.9 -Dusethreads'
    hint=recommended, useposix=true, d_sigaction=define
    usethreads=define use5005threads=undef useithreads=define usemultiplicity=define
    useperlio=define d_sfio=undef uselargefiles=define usesocks=undef
    use64bitint=define use64bitall=define uselongdouble=undef
    usemymalloc=n, bincompat5005=undef
  Compiler:
    cc='cc', ccflags ='-D_REENTRANT -D_GNU_SOURCE -fno-strict-aliasing -pipe -I/usr/local/include -D_LARGEFILE_SOURCE -D_FILE_OFFSET_BITS=64',
    optimize='-O2',
    cppflags='-D_REENTRANT -D_GNU_SOURCE -fno-strict-aliasing -pipe -I/usr/local/include'
    ccversion='', gccversion='5.3.1 20160413', gccosandvers=''
    intsize=4, longsize=8, ptrsize=8, doublesize=8, byteorder=12345678
    d_longlong=define, longlongsize=8, d_longdbl=define, longdblsize=16
    ivtype='long', ivsize=8, nvtype='double', nvsize=8, Off_t='off_t', lseeksize=8
    alignbytes=8, prototype=define
  Linker and Libraries:
    ld='cc', ldflags =' -L/usr/local/lib'
    libpth=/usr/local/lib /lib/x86_64-linux-gnu /lib/../lib /usr/lib/x86_64-linux-gnu /usr/lib/../lib /lib /usr/lib
    libs=-lnsl -lgdbm -ldl -lm -lcrypt -lutil -lpthread -lc -lgdbm_compat
    perllibs=-lnsl -ldl -lm -lcrypt -lutil -lpthread -lc -lgdbm_compat
    libc=libc-2.23.so, so=so, useshrplib=false, libperl=libperl.a
    gnulibc_version='2.23'
  Dynamic Linking:
    dlsrc=dl_dlopen.xs, dlext=so, d_dlsymun=undef, ccdlflags='-Wl,-E'
    cccdlflags='-fPIC', lddlflags='-shared -O2 -L/usr/local/lib'


Characteristics of this binary (from libperl): 
  Compile-time options: MULTIPLICITY PERL_IMPLICIT_CONTEXT PERL_MALLOC_WRAP
                        USE_64_BIT_ALL USE_64_BIT_INT USE_FAST_STDIO
                        USE_ITHREADS USE_LARGE_FILES USE_PERLIO
                        USE_REENTRANT_API
  Locally applied patches:
	Devel::PatchPerl 1.42
  Built under linux
  Compiled at May  2 2016 01:00:34
  %ENV:
    PERL5LIB=":/home/cpan/pit/thr/conf/perl-5.8.9/.cpanplus/5.8.9/build/DqzIrZzV5u/Image-SVG-Path-0.31_01/blib/lib:/home/cpan/pit/thr/conf/perl-5.8.9/.cpanplus/5.8.9/build/DqzIrZzV5u/Image-SVG-Path-0.31_01/blib/arch"
    PERL5_CPANPLUS_IS_RUNNING="21849"
    PERL5_CPANPLUS_IS_VERSION="0.9172"
    PERL5_MINISMOKEBOX="0.68"
    PERL5_YACSMOKE_BASE="/home/cpan/pit/thr/conf/perl-5.8.9"
    PERL_EXTUTILS_AUTOINSTALL="--defaultdeps"
    PERL_MM_USE_DEFAULT="1"
  @INC:
    /home/cpan/pit/thr/conf/perl-5.8.9/.cpanplus/5.8.9/build/DqzIrZzV5u/Image-SVG-Path-0.31_01/blib/lib
    /home/cpan/pit/thr/conf/perl-5.8.9/.cpanplus/5.8.9/build/DqzIrZzV5u/Image-SVG-Path-0.31_01/blib/arch
    /home/cpan/pit/thr/perl-5.8.9/lib/5.8.9/x86_64-linux-thread-multi
    /home/cpan/pit/thr/perl-5.8.9/lib/5.8.9
    /home/cpan/pit/thr/perl-5.8.9/lib/site_perl/5.8.9/x86_64-linux-thread-multi
    /home/cpan/pit/thr/perl-5.8.9/lib/site_perl/5.8.9
    .