Report for File-Find-Rule-DirCompare-0.020

Back
From: metabase:user:838e5b0a-2bb6-1016-a696-43a2537fa0c6
Subject: FAIL File-Find-Rule-DirCompare-0.020 v5.16.3 
Date: 2013-10-04T17:43:37Z

This distribution has been tested as part of the CPAN Testers
project, supporting the Perl programming language.  See
http://wiki.cpantesters.org/ for more information or email
questions to cpan-testers-discuss@perl.org


--
Dear Jens Rehsack,

This is a computer-generated report for File-Find-Rule-DirCompare-0.020
on perl 5.16.3, created by CPAN-Reporter-1.2010.

Thank you for uploading your work to CPAN.  However, there was a problem
testing your distribution.

If you think this report is invalid, please consult the CPAN Testers Wiki
for suggestions on how to avoid getting FAIL reports for missing library
or binary dependencies, unsupported operating systems, and so on:

http://wiki.cpantesters.org/wiki/CPANAuthorNotes

Sections of this report:

    * Tester comments
    * Program output
    * Prerequisites
    * Environment and other context

------------------------------
TESTER COMMENTS
------------------------------

Additional comments from tester:

this report is from an automated smoke testing program
and was not reviewed by a human for accuracy

------------------------------
PROGRAM OUTPUT
------------------------------

Output from 'G:\perl\portable_smokers\strawberry-perl-5.16.3.1-32bit-portable\perl\bin\perl.exe ./Build test':

# Testing File::Find::Rule::DirCompare 0.020, Perl 5.016003, G:\perl\portable_smokers\strawberry-perl-5.16.3.1-32bit-portable\perl\bin\perl.exe
t\00-load.t .... ok

#   Failed test 'newer in cmpdir'
#   at t\01-simple.t line 26.
#          got: 0
#     expected: 1

#   Failed test 'older in cmpdir'
#   at t\01-simple.t line 28.
#          got: 0
#     expected: 1

#   Failed test 'newer in cmpdir (array ref)'
#   at t\01-simple.t line 35.
#          got: 0
#     expected: 1

#   Failed test 'older in cmpdir (array ref)'
#   at t\01-simple.t line 37.
#          got: 0
#     expected: 1
# Looks like you failed 4 tests of 8.
t\01-simple.t .. 
Dubious, test returned 4 (wstat 1024, 0x400)
Failed 4/8 subtests 

#   Failed test 'newer in'
#   at t\02-obj.t line 34.
#          got: 0
#     expected: 1

#   Failed test 'older in'
#   at t\02-obj.t line 39.
#          got: 0
#     expected: 1

#   Failed test 'Newer or newly created'
#   at t\02-obj.t line 47.
#          got: 1
#     expected: 2
# Looks like you failed 3 tests of 5.
t\02-obj.t ..... 
Dubious, test returned 3 (wstat 768, 0x300)
Failed 3/5 subtests 

Test Summary Report
-------------------
t\01-simple.t (Wstat: 1024 Tests: 8 Failed: 4)
  Failed tests:  3-4, 7-8
  Non-zero exit status: 4
t\02-obj.t   (Wstat: 768 Tests: 5 Failed: 3)
  Failed tests:  3-5
  Non-zero exit status: 3
Files=3, Tests=14,  2 wallclock secs ( 0.05 usr +  0.06 sys =  0.11 CPU)
Result: FAIL
Failed 2/3 test programs. 7/14 subtests failed.

------------------------------
PREREQUISITES
------------------------------

Prerequisite modules loaded:

requires:

    Module           Need Have  
    ---------------- ---- ------
    File::Find::Rule 0.3  0.33  
    Params::Util     1    1.07  
    Text::Glob       0    0.09  

build_requires:

    Module           Need Have  
    ---------------- ---- ------
    File::Touch      0    0.08  
    Test::More       0    0.98  

configure_requires:

    Module           Need Have  
    ---------------- ---- ------
    Module::Build    0.40 0.4003


------------------------------
ENVIRONMENT AND OTHER CONTEXT
------------------------------

Environment variables:

    AUTOMATED_TESTING = 1
    COMSPEC = C:\Windows\system32\cmd.exe
    NUMBER_OF_PROCESSORS = 8
    PATH = G:\perl\portable_smokers\strawberry-perl-5.16.3.1-32bit-portable\perl\site\bin;G:\perl\portable_smokers\strawberry-perl-5.16.3.1-32bit-portable\perl\bin;G:\perl\portable_smokers\strawberry-perl-5.16.3.1-32bit-portable\c\bin;C:\Program Files\MiKTeX\2.9\miktex\bin;C:\Windows\system32;C:\Windows;C:\Windows\System32\Wbem;C:\Windows\System32\WindowsPowerShell\v1.0\;C:\rv\BIN;c:\Program Files\Microsoft SQL Server\100\Tools\Binn\;c:\Program Files\Microsoft SQL Server\100\DTS\Binn\;C:\strawberry\c\bin;C:\strawberry\perl\site\bin;C:\strawberry\perl\bin;C:\Program Files\Microsoft SQL Server\100\Tools\Binn\VSShell\Common7\IDE\;C:\Program Files\Microsoft Visual Studio 9.0\Common7\IDE\PrivateAssemblies\;C:\Program Files\Microsoft SQL Server\80\Tools\Binn\;C:\Program Files\Microsoft SQL Server\90\Tools\binn\;C:\Program Files\Microsoft SQL Server\90\DTS\Binn\;C:\Program Files\Microsoft SQL Server\90\Tools\Binn\VSShell\Common7\IDE\;C:\Program Files\Microsoft Visual Studio 8\Common7\IDE\PrivateAssemblies\;C:\Program Files\TortoiseSVN\bin;C:\Program Files\MIT\Kerberos\bin;C:\Users\DSolimano\AppData\Local\Fidessa\systemfiles
    PERL5LIB = G:\perl\portable_smokers\strawberry-perl-5.16.3.1-32bit-portable\cpan\build\File-Touch-0.08-t3s0a3/blib/arch;G:\perl\portable_smokers\strawberry-perl-5.16.3.1-32bit-portable\cpan\build\File-Touch-0.08-t3s0a3/blib/lib
    PERL5OPT = 
    PERL5_CPANPLUS_IS_RUNNING = 8780
    PERL5_CPAN_IS_RUNNING = 8780
    PERL5_CPAN_IS_RUNNING_IN_RECURSION = 15016,8780
    PERL_CR_SMOKER_CURRENT = File-Find-Rule-DirCompare-0.020
    PERL_EXTUTILS_AUTOINSTALL = --defaultdeps
    PERL_MM_USE_DEFAULT = 1
    PROCESSOR_IDENTIFIER = x86 Family 6 Model 23 Stepping 6, GenuineIntel
    TEMP = C:\Users\DSOLIM~1\AppData\Local\Temp
    TERM = dumb

Perl special variables (and OS-specific diagnostics, for MSWin32):

    $^X = G:\perl\portable_smokers\strawberry-perl-5.16.3.1-32bit-portable\perl\bin\perl.exe
    $UID/$EUID = 0 / 0
    $GID = 0
    $EGID = 0
    Win32::GetOSName = Win7
    Win32::GetOSVersion = Service Pack 1, 6, 1, 7601, 2, 1, 0, 256, 1
    Win32::FsType = NTFS
    Win32::IsAdminUser = 1

Perl module toolchain versions installed:

    Module              Have    
    ------------------- --------
    CPAN                2.00    
    CPAN::Meta          2.132661
    Cwd                 3.40    
    ExtUtils::CBuilder  0.280206
    ExtUtils::Command   1.17    
    ExtUtils::Install   1.58    
    ExtUtils::MakeMaker 6.64    
    ExtUtils::Manifest  1.61    
    ExtUtils::ParseXS   3.18    
    File::Spec          3.40    
    JSON                2.53    
    JSON::PP            2.27200 
    Module::Build       0.4003  
    Module::Signature   0.70    
    Parse::CPAN::Meta   1.4404  
    Test::Harness       3.26    
    Test::More          0.98    
    YAML                0.84    
    YAML::Syck          1.27    
    version             0.9902  


--

Summary of my perl5 (revision 5 version 16 subversion 3) configuration:
   
  Platform:
    osname=MSWin32, osvers=4.0, archname=MSWin32-x86-multi-thread
    uname='Win32 strawberry-perl 5.16.3.1 #1 Tue Mar 12 13:55:20 2013 i386'
    config_args='undef'
    hint=recommended, useposix=true, d_sigaction=undef
    useithreads=define, usemultiplicity=define
    useperlio=define, d_sfio=undef, uselargefiles=define, usesocks=undef
    use64bitint=undef, use64bitall=undef, uselongdouble=undef
    usemymalloc=n, bincompat5005=undef
  Compiler:
    cc='gcc', ccflags =' -s -O2 -DWIN32  -DPERL_TEXTMODE_SCRIPTS -DPERL_IMPLICIT_CONTEXT -DPERL_IMPLICIT_SYS -fno-strict-aliasing -mms-bitfields',
    optimize='-s -O2',
    cppflags='-DWIN32'
    ccversion='', gccversion='4.6.3', gccosandvers=''
    intsize=4, longsize=4, ptrsize=4, doublesize=8, byteorder=1234
    d_longlong=undef, longlongsize=8, d_longdbl=define, longdblsize=12
    ivtype='long', ivsize=4, nvtype='double', nvsize=8, Off_t='long long', lseeksize=8
    alignbytes=8, prototype=define
  Linker and Libraries:
    ld='g++.exe', ldflags ='-s -L"G:\perl\portable_smokers\strawberry-perl-5.16.3.1-32bit-portable\perl\lib\CORE" -L"G:\perl\portable_smokers\strawberry-perl-5.16.3.1-32bit-portable\c\lib"'
    libpth=G:\perl\portable_smokers\strawberry-perl-5.16.3.1-32bit-portable\c\lib G:\perl\portable_smokers\strawberry-perl-5.16.3.1-32bit-portable\c\i686-w64-mingw32\lib
    libs=-lmoldname -lkernel32 -luser32 -lgdi32 -lwinspool -lcomdlg32 -ladvapi32 -lshell32 -lole32 -loleaut32 -lnetapi32 -luuid -lws2_32 -lmpr -lwinmm -lversion -lodbc32 -lodbccp32 -lcomctl32
    perllibs=-lmoldname -lkernel32 -luser32 -lgdi32 -lwinspool -lcomdlg32 -ladvapi32 -lshell32 -lole32 -loleaut32 -lnetapi32 -luuid -lws2_32 -lmpr -lwinmm -lversion -lodbc32 -lodbccp32 -lcomctl32
    libc=, so=dll, useshrplib=true, libperl=libperl516.a
    gnulibc_version=''
  Dynamic Linking:
    dlsrc=dl_win32.xs, dlext=dll, d_dlsymun=undef, ccdlflags=' '
    cccdlflags=' ', lddlflags='-mdll -s -L"G:\perl\portable_smokers\strawberry-perl-5.16.3.1-32bit-portable\perl\lib\CORE" -L"G:\perl\portable_smokers\strawberry-perl-5.16.3.1-32bit-portable\c\lib"'


Characteristics of this binary (from libperl): 
  Compile-time options: HAS_TIMES HAVE_INTERP_INTERN MULTIPLICITY
                        PERLIO_LAYERS PERL_DONT_CREATE_GVSV
                        PERL_IMPLICIT_CONTEXT PERL_IMPLICIT_SYS
                        PERL_MALLOC_WRAP PERL_PRESERVE_IVUV PL_OP_SLAB_ALLOC
                        USE_ITHREADS USE_LARGE_FILES USE_LOCALE
                        USE_LOCALE_COLLATE USE_LOCALE_CTYPE
                        USE_LOCALE_NUMERIC USE_PERLIO USE_PERL_ATOF
  Built under MSWin32
  Compiled at Mar 12 2013 14:01:07
  %ENV:
    PERL5LIB="G:\perl\portable_smokers\strawberry-perl-5.16.3.1-32bit-portable\cpan\build\File-Touch-0.08-t3s0a3/blib/arch;G:\perl\portable_smokers\strawberry-perl-5.16.3.1-32bit-portable\cpan\build\File-Touch-0.08-t3s0a3/blib/lib"
    PERL5_CPANPLUS_IS_RUNNING="8780"
    PERL5_CPAN_IS_RUNNING="8780"
    PERL5_CPAN_IS_RUNNING_IN_RECURSION="15016,8780"
    PERL_CR_SMOKER_CURRENT="File-Find-Rule-DirCompare-0.020"
    PERL_EXTUTILS_AUTOINSTALL="--defaultdeps"
    PERL_MM_USE_DEFAULT="1"
  @INC:
    G:\perl\portable_smokers\strawberry-perl-5.16.3.1-32bit-portable\cpan\build\File-Touch-0.08-t3s0a3/blib/arch
    G:\perl\portable_smokers\strawberry-perl-5.16.3.1-32bit-portable\cpan\build\File-Touch-0.08-t3s0a3/blib/lib
    G:/perl/portable_smokers/strawberry-perl-5.16.3.1-32bit-portable/perl/site/lib
    G:/perl/portable_smokers/strawberry-perl-5.16.3.1-32bit-portable/perl/vendor/lib
    G:/perl/portable_smokers/strawberry-perl-5.16.3.1-32bit-portable/perl/lib
    .