Report for MooseX-Params-0.010

Back
From: metabase:user:320bfe00-2aae-11df-837a-5e0a49663a4f
Subject: FAIL MooseX-Params-0.010 v5.10.1 GNU/Linux
Date: 2017-07-01T05:01:13Z

This distribution has been tested as part of the CPAN Testers
project, supporting the Perl programming language.  See
http://wiki.cpantesters.org/ for more information or email
questions to cpan-testers-discuss@perl.org


--
Dear Peter Shangov,

This is a computer-generated report for MooseX-Params-0.010
on perl 5.10.1, created by CPAN-Reporter-1.2018.

Thank you for uploading your work to CPAN.  However, there was a problem
testing your distribution.

If you think this report is invalid, please consult the CPAN Testers Wiki
for suggestions on how to avoid getting FAIL reports for missing library
or binary dependencies, unsupported operating systems, and so on:

http://wiki.cpantesters.org/wiki/CPANAuthorNotes

Sections of this report:

    * Tester comments
    * Program output
    * Prerequisites
    * Environment and other context

------------------------------
TESTER COMMENTS
------------------------------

Additional comments from tester:

this report is from an automated smoke testing program
and was not reviewed by a human for accuracy

------------------------------
PROGRAM OUTPUT
------------------------------

Output from '/usr/bin/make test':

PERL_DL_NONLAZY=1 "/home/sand/src/perl/repoperls/installed-perls/host/k93msid/perl-5.10.1/89ad/bin/perl" "-MExtUtils::Command::MM" "-MTest::Harness" "-e" "undef *Test::Harness::Switches; test_harness(0, 'blib/lib', 'blib/arch')" t/*.t
t/00-compile.t .......... ok
t/01-parse.t ............ ok
t/02-params.t ........... ok
t/03-lazy.t ............. ok
t/04-named.t ............ ok
t/05-buildargs.t ........ ok
t/06-inheritance.t ...... ok
t/07-procedural.t ....... ok
t/08-synopsis.t ......... ok
t/09-anon.t ............. ok
Undefined subroutine &List::MoreUtils::all called at (eval 317) line 3.
	Eval::Closure::Sandbox_260::__ANON__(ARRAY(0x558c471613d0)) called at /home/sand/src/perl/repoperls/installed-perls/host/k93msid/perl-5.10.1/89ad/lib/site_perl/5.10.1/x86_64-linux/Moose/Meta/TypeConstraint.pm line 161
	Moose::Meta::TypeConstraint::check(Moose::Meta::TypeConstraint::Parameterized=HASH(0x558c471ce478), ARRAY(0x558c471613d0)) called at /home/sand/src/perl/repoperls/installed-perls/host/k93msid/perl-5.10.1/89ad/lib/site_perl/5.10.1/x86_64-linux/Moose/Meta/TypeConstraint.pm line 211
	Moose::Meta::TypeConstraint::assert_valid(Moose::Meta::TypeConstraint::Parameterized=HASH(0x558c471ce478), ARRAY(0x558c471613d0)) called at /tmp/loop_over_bdir-23262-bGJlp0/MooseX-Params-0.010-0/blib/lib/MooseX/Params/Util.pm line 299
	MooseX::Params::Util::process_return_values(MooseX::Params::Meta::Method=HASH(0x558c471dc4f8), 1, "foo", "bar", "baz") called at /tmp/loop_over_bdir-23262-bGJlp0/MooseX-Params-0.010-0/blib/lib/MooseX/Params/Util.pm line 94
	main::stuff() called at t/10-returns.t line 21
# Tests were run but no plan was declared and done_testing() was not seen.
# Looks like your test exited with 255 just after 2.
t/10-returns.t .......... 
Dubious, test returned 255 (wstat 65280, 0xff00)
All 2 subtests passed 
t/11-returns_scalar.t ... ok
Undefined subroutine &List::MoreUtils::all called at (eval 187) line 3.
# Tests were run but no plan was declared and done_testing() was not seen.
# Looks like your test exited with 255 just after 6.
t/12-listables.t ........ 
Dubious, test returned 255 (wstat 65280, 0xff00)
All 6 subtests passed 
t/13-readonly.t ......... ok
t/99-bugs.t ............. ok
t/release-eol.t ......... skipped: these tests are for release candidate testing
t/release-no-tabs.t ..... skipped: these tests are for release candidate testing
t/release-pod-syntax.t .. skipped: these tests are for release candidate testing

Test Summary Report
-------------------
t/10-returns.t        (Wstat: 65280 Tests: 2 Failed: 0)
  Non-zero exit status: 255
  Parse errors: No plan found in TAP output
t/12-listables.t      (Wstat: 65280 Tests: 6 Failed: 0)
  Non-zero exit status: 255
  Parse errors: No plan found in TAP output
Files=18, Tests=88, 24 wallclock secs ( 0.04 usr  0.10 sys +  6.88 cusr  0.94 csys =  7.96 CPU)
Result: FAIL
Failed 2/18 test programs. 0/88 subtests failed.
Makefile:928: recipe for target 'test_dynamic' failed
make: *** [test_dynamic] Error 255

------------------------------
PREREQUISITES
------------------------------

Prerequisite modules loaded:

requires:

    Module                                       Need Have    
    -------------------------------------------- ---- --------
    Attribute::Lexical                           0    0.004   
    B::Hooks::EndOfScope                         0    0.21    
    Carp                                         0    1.38    
    Class::MOP::Class                            0    2.2005  
    List::Util                                   0    1.47    
    Moose                                        1.24 2.2005  
    Moose::Meta::Method                          0    2.2005  
    Moose::Meta::TypeConstraint::Parameterizable 0    2.2005  
    Moose::Util::TypeConstraints                 0    2.2005  
    Package::Stash                               0.18 0.37    
    parent                                       0    0.236   
    Perl6::Caller                                0    0.100   
    Scalar::Readonly                             0    0.03    
    Scalar::Util                                 0    1.47    
    strict                                       0    1.04    
    Sub::Identify                                0    0.14    
    Sub::Mutate                                  0    0.007   
    Text::CSV_XS                                 0    1.31    
    Try::Tiny                                    0    0.28    
    Variable::Magic                              0    0.61    
    warnings                                     0    1.06    

build_requires:

    Module                                       Need Have    
    -------------------------------------------- ---- --------
    base                                         0    2.23    
    Carp::Always                                 0    0.13    
    File::Find                                   0    1.14    
    File::Temp                                   0    0.2304  
    IO::String                                   0    1.08    
    Test::More                                   0    1.302088
    Test::Most                                   0    0.35    

configure_requires:

    Module                                       Need Have    
    -------------------------------------------- ---- --------
    ExtUtils::MakeMaker                          6.30 7.31_02 


------------------------------
ENVIRONMENT AND OTHER CONTEXT
------------------------------

Environment variables:

    AUTOMATED_TESTING = 1
    LANG = en_US.UTF-8
    PATH = /home/sand/bin:/usr/local/bin:/usr/bin:/bin:/usr/games:/usr/local/perl/bin:/usr/X11/bin:/sbin:/usr/sbin
    PERL5LIB = 
    PERL5OPT = 
    PERL5_CPANPLUS_IS_RUNNING = 23266
    PERL5_CPAN_IS_RUNNING = 23266
    PERL_CANARY_STABILITY_NOPROMPT = 1
    PERL_MM_USE_DEFAULT = 1
    PERL_USE_UNSAFE_INC = 1
    SHELL = /usr/bin/zsh
    TERM = screen

Perl special variables (and OS-specific diagnostics, for MSWin32):

    $^X = /home/sand/src/perl/repoperls/installed-perls/host/k93msid/perl-5.10.1/89ad/bin/perl
    $UID/$EUID = 1005 / 1005
    $GID = 1005 1005
    $EGID = 1005 1005

Perl module toolchain versions installed:

    Module              Have    
    ------------------- --------
    CPAN                2.18    
    CPAN::Meta          2.150010
    Cwd                 3.62    
    ExtUtils::CBuilder  0.280224
    ExtUtils::Command   7.31_02 
    ExtUtils::Install   2.06    
    ExtUtils::MakeMaker 7.31_02 
    ExtUtils::Manifest  1.70    
    ExtUtils::ParseXS   3.30    
    File::Spec          3.62    
    JSON                2.94    
    JSON::PP            2.94    
    Module::Build       0.4224  
    Module::Signature   0.81    
    Parse::CPAN::Meta   2.150010
    Test::Harness       3.39    
    Test::More          1.302088
    YAML                1.23    
    YAML::Syck          1.30    
    version             0.9918  


--

Summary of my perl5 (revision 5 version 10 subversion 1) configuration:
  Commit id: 5348debf9fd57fc15c26529386769684fab96e57
  Platform:
    osname=linux, osvers=4.9.0-2-amd64, archname=x86_64-linux
    uname='linux k93msid 4.9.0-2-amd64 #1 smp debian 4.9.18-1 (2017-03-30) x86_64 gnulinux '
    config_args='-Dprefix=/home/sand/src/perl/repoperls/installed-perls/host/k93msid/perl-5.10.1/89ad -Dmyhostname=k93msid -Dinstallusrbinperl=n -Uversiononly -Dusedevel -des -Ui_db -Dlibswanted=cl pthread socket inet nsl gdbm dbm malloc dl ld sun m crypt sec util c cposix posix ucb BSD gdbm_compat -Uuseithreads -Uuselongdouble -DDEBUGGING=-g'
    hint=recommended, useposix=true, d_sigaction=define
    useithreads=undef, usemultiplicity=undef
    useperlio=define, d_sfio=undef, uselargefiles=define, usesocks=undef
    use64bitint=define, use64bitall=define, uselongdouble=undef
    usemymalloc=n, bincompat5005=undef
  Compiler:
    cc='cc', ccflags ='-fno-strict-aliasing -pipe -fstack-protector -I/usr/local/include -D_LARGEFILE_SOURCE -D_FILE_OFFSET_BITS=64',
    optimize='-O2 -g',
    cppflags='-fno-strict-aliasing -pipe -fstack-protector -I/usr/local/include'
    ccversion='', gccversion='6.3.0 20170406', gccosandvers=''
    intsize=4, longsize=8, ptrsize=8, doublesize=8, byteorder=12345678
    d_longlong=define, longlongsize=8, d_longdbl=define, longdblsize=16
    ivtype='long', ivsize=8, nvtype='double', nvsize=8, Off_t='off_t', lseeksize=8
    alignbytes=8, prototype=define
  Linker and Libraries:
    ld='cc', ldflags =' -fstack-protector -L/usr/local/lib'
    libpth=/usr/local/lib /lib/x86_64-linux-gnu /lib/../lib /usr/lib/x86_64-linux-gnu /usr/lib/../lib /lib /usr/lib
    libs=-lpthread -lnsl -ldl -lm -lcrypt -lutil -lc
    perllibs=-lpthread -lnsl -ldl -lm -lcrypt -lutil -lc
    libc=libc-2.24.so, so=so, useshrplib=false, libperl=libperl.a
    gnulibc_version='2.24'
  Dynamic Linking:
    dlsrc=dl_dlopen.xs, dlext=so, d_dlsymun=undef, ccdlflags='-Wl,-E'
    cccdlflags='-fPIC', lddlflags='-shared -O2 -g -L/usr/local/lib -fstack-protector'


Characteristics of this binary (from libperl): 
  Compile-time options: PERL_DONT_CREATE_GVSV PERL_MALLOC_WRAP PERL_USE_DEVEL
                        USE_64_BIT_ALL USE_64_BIT_INT USE_LARGE_FILES
                        USE_PERLIO
  Built under linux
  Compiled at Jun 21 2017 00:40:00
  %ENV:
    PERL5LIB=""
    PERL5OPT=""
    PERL5_CPANPLUS_IS_RUNNING="23266"
    PERL5_CPAN_IS_RUNNING="23266"
    PERL_CANARY_STABILITY_NOPROMPT="1"
    PERL_MM_USE_DEFAULT="1"
    PERL_USE_UNSAFE_INC="1"
  @INC:
    /home/sand/src/perl/repoperls/installed-perls/host/k93msid/perl-5.10.1/89ad/lib/5.10.1/x86_64-linux
    /home/sand/src/perl/repoperls/installed-perls/host/k93msid/perl-5.10.1/89ad/lib/5.10.1
    /home/sand/src/perl/repoperls/installed-perls/host/k93msid/perl-5.10.1/89ad/lib/site_perl/5.10.1/x86_64-linux
    /home/sand/src/perl/repoperls/installed-perls/host/k93msid/perl-5.10.1/89ad/lib/site_perl/5.10.1
    .