Art-World v0.19_03 Perl 5 v5.22.4 x86_64-linux

Status
Fail
From
Chris Williams (BINGOS)
Dist
Art-World v0.19_03
Platform
Perl 5 v5.22.4 x86_64-linux
Date
2023-02-06 00:29:23
ID
4e049b0e-a5b5-11ed-aba6-9a79f339625c
This distribution has been tested as part of the CPAN Testers
project, supporting the Perl programming language.  See
http://wiki.cpantesters.org/ for more information or email
questions to cpan-testers-discuss@perl.org


--

Dear SMONFF,

This is a computer-generated error report created automatically by
CPANPLUS, version 0.9914. Testers personal comments may appear
at the end of this report.


Thank you for uploading your work to CPAN.  However, it appears that
there were some problems testing your distribution.

TEST RESULTS:

Below is the error stack from stage 'make test':

t/00_pod.t .......... ok
t/01_basic.t ........ ok
t/02_abstraction.t .. ok
Can't locate object method "person_first_name" via package "Faker" in /home/cpan/pit/jail/eOMZwVbcfo/lib/perl5/Venus/Core/Class.pm at line 20

Name:

(None)

Type:

Venus::Error

Context:

(None)

Stashed:

{}

Traceback (reverse chronological order):

Venus::Core::Class::BUILD
  in /home/cpan/pit/jail/eOMZwVbcfo/lib/perl5/Venus/Core.pm at line 75
Venus::Core::BLESS
  in /home/cpan/pit/jail/eOMZwVbcfo/lib/perl5/Venus/Core/Class.pm at line 74
Venus::Core::Class::new
  in /home/cpan/pit/jail/eOMZwVbcfo/lib/perl5/Venus/Error.pm at line 225
Venus::Error::throw
  in /home/cpan/pit/jail/eOMZwVbcfo/lib/perl5/Venus/Role/Proxyable.pm at line 25
Venus::Role::Proxyable::AUTOLOAD
  in /home/cpan/pit/bare/conf/perl-5.22.4/.cpanplus/5.22.4/build/8JcnrVa6ZE/Art-World-0.19_03/blib/lib/Art/World/Util.pm at line 44
Art::World::Util::__ANON__
  in (eval 975) at line 22
Art::World::Util::Person::firstname
  in /home/cpan/pit/bare/conf/perl-5.22.4/.cpanplus/5.22.4/build/8JcnrVa6ZE/Art-World-0.19_03/blib/lib/Art/World/Util.pm at line 47
Art::World::Util::__ANON__
  in (eval 976) at line 22
Art::World::Util::Person::fake_name
  in t/03_agent.t at line 5
t/03_agent.t ........ 
Dubious, test returned 255 (wstat 65280, 0xff00)
No subtests run 
Can't locate object method "person_first_name" via package "Faker" in /home/cpan/pit/jail/eOMZwVbcfo/lib/perl5/Venus/Core/Class.pm at line 20

Name:

(None)

Type:

Venus::Error

Context:

(None)

Stashed:

{}

Traceback (reverse chronological order):

Venus::Core::Class::BUILD
  in /home/cpan/pit/jail/eOMZwVbcfo/lib/perl5/Venus/Core.pm at line 75
Venus::Core::BLESS
  in /home/cpan/pit/jail/eOMZwVbcfo/lib/perl5/Venus/Core/Class.pm at line 74
Venus::Core::Class::new
  in /home/cpan/pit/jail/eOMZwVbcfo/lib/perl5/Venus/Error.pm at line 225
Venus::Error::throw
  in /home/cpan/pit/jail/eOMZwVbcfo/lib/perl5/Venus/Role/Proxyable.pm at line 25
Venus::Role::Proxyable::AUTOLOAD
  in /home/cpan/pit/bare/conf/perl-5.22.4/.cpanplus/5.22.4/build/8JcnrVa6ZE/Art-World-0.19_03/blib/lib/Art/World/Util.pm at line 44
Art::World::Util::__ANON__
  in (eval 975) at line 22
Art::World::Util::Person::firstname
  in /home/cpan/pit/bare/conf/perl-5.22.4/.cpanplus/5.22.4/build/8JcnrVa6ZE/Art-World-0.19_03/blib/lib/Art/World/Util.pm at line 47
Art::World::Util::__ANON__
  in (eval 974) at line 22
Art::World::Util::Person::fake_name
  in t/04_artist.t at line 5
t/04_artist.t ....... 
Dubious, test returned 255 (wstat 65280, 0xff00)
No subtests run 
Can't locate object method "person_first_name" via package "Faker" in /home/cpan/pit/jail/eOMZwVbcfo/lib/perl5/Venus/Core/Class.pm at line 20

Name:

(None)

Type:

Venus::Error

Context:

(None)

Stashed:

{}

Traceback (reverse chronological order):

Venus::Core::Class::BUILD
  in /home/cpan/pit/jail/eOMZwVbcfo/lib/perl5/Venus/Core.pm at line 75
Venus::Core::BLESS
  in /home/cpan/pit/jail/eOMZwVbcfo/lib/perl5/Venus/Core/Class.pm at line 74
Venus::Core::Class::new
  in /home/cpan/pit/jail/eOMZwVbcfo/lib/perl5/Venus/Error.pm at line 225
Venus::Error::throw
  in /home/cpan/pit/jail/eOMZwVbcfo/lib/perl5/Venus/Role/Proxyable.pm at line 25
Venus::Role::Proxyable::AUTOLOAD
  in /home/cpan/pit/bare/conf/perl-5.22.4/.cpanplus/5.22.4/build/8JcnrVa6ZE/Art-World-0.19_03/blib/lib/Art/World/Util.pm at line 44
Art::World::Util::__ANON__
  in (eval 974) at line 22
Art::World::Util::Person::firstname
  in /home/cpan/pit/bare/conf/perl-5.22.4/.cpanplus/5.22.4/build/8JcnrVa6ZE/Art-World-0.19_03/blib/lib/Art/World/Util.pm at line 47
Art::World::Util::__ANON__
  in (eval 973) at line 22
Art::World::Util::Person::fake_name
  in t/05_collector.t at line 11
t/05_collector.t .... 
Dubious, test returned 255 (wstat 65280, 0xff00)
No subtests run 
Can't locate object method "person_first_name" via package "Faker" in /home/cpan/pit/jail/eOMZwVbcfo/lib/perl5/Venus/Core/Class.pm at line 20

Name:

(None)

Type:

Venus::Error

Context:

(None)

Stashed:

{}

Traceback (reverse chronological order):

Venus::Core::Class::BUILD
  in /home/cpan/pit/jail/eOMZwVbcfo/lib/perl5/Venus/Core.pm at line 75
Venus::Core::BLESS
  in /home/cpan/pit/jail/eOMZwVbcfo/lib/perl5/Venus/Core/Class.pm at line 74
Venus::Core::Class::new
  in /home/cpan/pit/jail/eOMZwVbcfo/lib/perl5/Venus/Error.pm at line 225
Venus::Error::throw
  in /home/cpan/pit/jail/eOMZwVbcfo/lib/perl5/Venus/Role/Proxyable.pm at line 25
Venus::Role::Proxyable::AUTOLOAD
  in /home/cpan/pit/bare/conf/perl-5.22.4/.cpanplus/5.22.4/build/8JcnrVa6ZE/Art-World-0.19_03/blib/lib/Art/World/Util.pm at line 44
Art::World::Util::__ANON__
  in (eval 976) at line 22
Art::World::Util::Person::firstname
  in /home/cpan/pit/bare/conf/perl-5.22.4/.cpanplus/5.22.4/build/8JcnrVa6ZE/Art-World-0.19_03/blib/lib/Art/World/Util.pm at line 47
Art::World::Util::__ANON__
  in (eval 973) at line 22
Art::World::Util::Person::fake_name
  in t/06_public.t at line 7
t/06_public.t ....... 
Dubious, test returned 255 (wstat 65280, 0xff00)
No subtests run 
Can't locate object method "person_first_name" via package "Faker" in /home/cpan/pit/jail/eOMZwVbcfo/lib/perl5/Venus/Core/Class.pm at line 20

Name:

(None)

Type:

Venus::Error

Context:

(None)

Stashed:

{}

Traceback (reverse chronological order):

Venus::Core::Class::BUILD
  in /home/cpan/pit/jail/eOMZwVbcfo/lib/perl5/Venus/Core.pm at line 75
Venus::Core::BLESS
  in /home/cpan/pit/jail/eOMZwVbcfo/lib/perl5/Venus/Core/Class.pm at line 74
Venus::Core::Class::new
  in /home/cpan/pit/jail/eOMZwVbcfo/lib/perl5/Venus/Error.pm at line 225
Venus::Error::throw
  in /home/cpan/pit/jail/eOMZwVbcfo/lib/perl5/Venus/Role/Proxyable.pm at line 25
Venus::Role::Proxyable::AUTOLOAD
  in /home/cpan/pit/bare/conf/perl-5.22.4/.cpanplus/5.22.4/build/8JcnrVa6ZE/Art-World-0.19_03/blib/lib/Art/World/Util.pm at line 44
Art::World::Util::__ANON__
  in (eval 974) at line 22
Art::World::Util::Person::firstname
  in /home/cpan/pit/bare/conf/perl-5.22.4/.cpanplus/5.22.4/build/8JcnrVa6ZE/Art-World-0.19_03/blib/lib/Art/World/Util.pm at line 47
Art::World::Util::__ANON__
  in (eval 975) at line 22
Art::World::Util::Person::fake_name
  in t/07_manager.t at line 11
t/07_manager.t ...... 
Dubious, test returned 255 (wstat 65280, 0xff00)
No subtests run 
Can't locate object method "person_first_name" via package "Faker" in /home/cpan/pit/jail/eOMZwVbcfo/lib/perl5/Venus/Core/Class.pm at line 20

Name:

(None)

Type:

Venus::Error

Context:

(None)

Stashed:

{}

Traceback (reverse chronological order):

Venus::Core::Class::BUILD
  in /home/cpan/pit/jail/eOMZwVbcfo/lib/perl5/Venus/Core.pm at line 75
Venus::Core::BLESS
  in /home/cpan/pit/jail/eOMZwVbcfo/lib/perl5/Venus/Core/Class.pm at line 74
Venus::Core::Class::new
  in /home/cpan/pit/jail/eOMZwVbcfo/lib/perl5/Venus/Error.pm at line 225
Venus::Error::throw
  in /home/cpan/pit/jail/eOMZwVbcfo/lib/perl5/Venus/Role/Proxyable.pm at line 25
Venus::Role::Proxyable::AUTOLOAD
  in /home/cpan/pit/bare/conf/perl-5.22.4/.cpanplus/5.22.4/build/8JcnrVa6ZE/Art-World-0.19_03/blib/lib/Art/World/Util.pm at line 44
Art::World::Util::__ANON__
  in (eval 975) at line 22
Art::World::Util::Person::firstname
  in /home/cpan/pit/bare/conf/perl-5.22.4/.cpanplus/5.22.4/build/8JcnrVa6ZE/Art-World-0.19_03/blib/lib/Art/World/Util.pm at line 47
Art::World::Util::__ANON__
  in (eval 976) at line 22
Art::World::Util::Person::fake_name
  in t/11_artwork.t at line 7
t/11_artwork.t ...... 
Dubious, test returned 255 (wstat 65280, 0xff00)
No subtests run 
t/12_place.t ........ ok
Can't locate object method "person_first_name" via package "Faker" in /home/cpan/pit/jail/eOMZwVbcfo/lib/perl5/Venus/Core/Class.pm at line 20

Name:

(None)

Type:

Venus::Error

Context:

(None)

Stashed:

{}

Traceback (reverse chronological order):

Venus::Core::Class::BUILD
  in /home/cpan/pit/jail/eOMZwVbcfo/lib/perl5/Venus/Core.pm at line 75
Venus::Core::BLESS
  in /home/cpan/pit/jail/eOMZwVbcfo/lib/perl5/Venus/Core/Class.pm at line 74
Venus::Core::Class::new
  in /home/cpan/pit/jail/eOMZwVbcfo/lib/perl5/Venus/Error.pm at line 225
Venus::Error::throw
  in /home/cpan/pit/jail/eOMZwVbcfo/lib/perl5/Venus/Role/Proxyable.pm at line 25
Venus::Role::Proxyable::AUTOLOAD
  in /home/cpan/pit/bare/conf/perl-5.22.4/.cpanplus/5.22.4/build/8JcnrVa6ZE/Art-World-0.19_03/blib/lib/Art/World/Util.pm at line 44
Art::World::Util::__ANON__
  in (eval 974) at line 22
Art::World::Util::Person::firstname
  in /home/cpan/pit/bare/conf/perl-5.22.4/.cpanplus/5.22.4/build/8JcnrVa6ZE/Art-World-0.19_03/blib/lib/Art/World/Util.pm at line 47
Art::World::Util::__ANON__
  in (eval 975) at line 22
Art::World::Util::Person::fake_name
  in t/14_exhibition.t at line 7
t/14_exhibition.t ... 
Dubious, test returned 255 (wstat 65280, 0xff00)
No subtests run 
Can't locate object method "person_first_name" via package "Faker" in /home/cpan/pit/jail/eOMZwVbcfo/lib/perl5/Venus/Core/Class.pm at line 20

Name:

(None)

Type:

Venus::Error

Context:

(None)

Stashed:

{}

Traceback (reverse chronological order):

Venus::Core::Class::BUILD
  in /home/cpan/pit/jail/eOMZwVbcfo/lib/perl5/Venus/Core.pm at line 75
Venus::Core::BLESS
  in /home/cpan/pit/jail/eOMZwVbcfo/lib/perl5/Venus/Core/Class.pm at line 74
Venus::Core::Class::new
  in /home/cpan/pit/jail/eOMZwVbcfo/lib/perl5/Venus/Error.pm at line 225
Venus::Error::throw
  in /home/cpan/pit/jail/eOMZwVbcfo/lib/perl5/Venus/Role/Proxyable.pm at line 25
Venus::Role::Proxyable::AUTOLOAD
  in /home/cpan/pit/bare/conf/perl-5.22.4/.cpanplus/5.22.4/build/8JcnrVa6ZE/Art-World-0.19_03/blib/lib/Art/World/Util.pm at line 44
Art::World::Util::__ANON__
  in (eval 975) at line 22
Art::World::Util::Person::firstname
  in /home/cpan/pit/bare/conf/perl-5.22.4/.cpanplus/5.22.4/build/8JcnrVa6ZE/Art-World-0.19_03/blib/lib/Art/World/Util.pm at line 47
Art::World::Util::__ANON__
  in (eval 974) at line 22
Art::World::Util::Person::fake_name
  in t/15_gallery.t at line 7
t/15_gallery.t ...... 
Dubious, test returned 255 (wstat 65280, 0xff00)
No subtests run 
Can't locate object method "address_city_name" via package "Faker" in /home/cpan/pit/jail/eOMZwVbcfo/lib/perl5/Venus/Core/Class.pm at line 20

Name:

(None)

Type:

Venus::Error

Context:

(None)

Stashed:

{}

Traceback (reverse chronological order):

Venus::Core::Class::BUILD
  in /home/cpan/pit/jail/eOMZwVbcfo/lib/perl5/Venus/Core.pm at line 75
Venus::Core::BLESS
  in /home/cpan/pit/jail/eOMZwVbcfo/lib/perl5/Venus/Core/Class.pm at line 74
Venus::Core::Class::new
  in /home/cpan/pit/jail/eOMZwVbcfo/lib/perl5/Venus/Error.pm at line 225
Venus::Error::throw
  in /home/cpan/pit/jail/eOMZwVbcfo/lib/perl5/Venus/Role/Proxyable.pm at line 25
Venus::Role::Proxyable::AUTOLOAD
  in t/16_opening.t at line 9
t/16_opening.t ...... 
Dubious, test returned 255 (wstat 65280, 0xff00)
No subtests run 
t/40_concept.t ...... ok
Can't locate object method "person_first_name" via package "Faker" in /home/cpan/pit/jail/eOMZwVbcfo/lib/perl5/Venus/Core/Class.pm at line 20

Name:

(None)

Type:

Venus::Error

Context:

(None)

Stashed:

{}

Traceback (reverse chronological order):

Venus::Core::Class::BUILD
  in /home/cpan/pit/jail/eOMZwVbcfo/lib/perl5/Venus/Core.pm at line 75
Venus::Core::BLESS
  in /home/cpan/pit/jail/eOMZwVbcfo/lib/perl5/Venus/Core/Class.pm at line 74
Venus::Core::Class::new
  in /home/cpan/pit/jail/eOMZwVbcfo/lib/perl5/Venus/Error.pm at line 225
Venus::Error::throw
  in /home/cpan/pit/jail/eOMZwVbcfo/lib/perl5/Venus/Role/Proxyable.pm at line 25
Venus::Role::Proxyable::AUTOLOAD
  in /home/cpan/pit/bare/conf/perl-5.22.4/.cpanplus/5.22.4/build/8JcnrVa6ZE/Art-World-0.19_03/blib/lib/Art/World/Util.pm at line 44
Art::World::Util::__ANON__
  in (eval 975) at line 22
Art::World::Util::Person::firstname
  in /home/cpan/pit/bare/conf/perl-5.22.4/.cpanplus/5.22.4/build/8JcnrVa6ZE/Art-World-0.19_03/blib/lib/Art/World/Util.pm at line 47
Art::World::Util::__ANON__
  in (eval 974) at line 22
Art::World::Util::Person::fake_name
  in t/50_fame.t at line 7
t/50_fame.t ......... 
Dubious, test returned 255 (wstat 65280, 0xff00)
No subtests run 

Test Summary Report
-------------------
t/03_agent.t      (Wstat: 65280 (exited 255) Tests: 0 Failed: 0)
  Non-zero exit status: 255
  Parse errors: No plan found in TAP output
t/04_artist.t     (Wstat: 65280 (exited 255) Tests: 0 Failed: 0)
  Non-zero exit status: 255
  Parse errors: No plan found in TAP output
t/05_collector.t  (Wstat: 65280 (exited 255) Tests: 0 Failed: 0)
  Non-zero exit status: 255
  Parse errors: No plan found in TAP output
t/06_public.t     (Wstat: 65280 (exited 255) Tests: 0 Failed: 0)
  Non-zero exit status: 255
  Parse errors: No plan found in TAP output
t/07_manager.t    (Wstat: 65280 (exited 255) Tests: 0 Failed: 0)
  Non-zero exit status: 255
  Parse errors: No plan found in TAP output
t/11_artwork.t    (Wstat: 65280 (exited 255) Tests: 0 Failed: 0)
  Non-zero exit status: 255
  Parse errors: No plan found in TAP output
t/14_exhibition.t (Wstat: 65280 (exited 255) Tests: 0 Failed: 0)
  Non-zero exit status: 255
  Parse errors: No plan found in TAP output
t/15_gallery.t    (Wstat: 65280 (exited 255) Tests: 0 Failed: 0)
  Non-zero exit status: 255
  Parse errors: No plan found in TAP output
t/16_opening.t    (Wstat: 65280 (exited 255) Tests: 0 Failed: 0)
  Non-zero exit status: 255
  Parse errors: No plan found in TAP output
t/50_fame.t       (Wstat: 65280 (exited 255) Tests: 0 Failed: 0)
  Non-zero exit status: 255
  Parse errors: No plan found in TAP output
Files=15, Tests=14, 54 wallclock secs ( 0.04 usr  0.01 sys + 51.28 cusr  1.81 csys = 53.14 CPU)
Result: FAIL


PREREQUISITES:

Here is a list of prerequisites you specified and versions we
managed to load:

	  Module Name                        Have     Want
	! Config::Tiny                       2.28  == 2.26
	! Faker                              1.17  == 1.04
	! Math::Round                        0.07  == 0.07
	! Moo                            2.005005 == 2.005004
	! Path::Tiny                        0.144 == 0.118
	  Test2::Harness                 1.000142        0
	! Test::Pod                          1.52  == 1.52
	! Time::Moment                       0.44  == 0.44
	! Try::Tiny                          0.31  == 0.30
	! Type::Tiny                     2.002001 == 2.002001
	! Type::Tiny::XS                    0.025 == 0.025
	! Zydeco                            0.617 == 0.617

Perl module toolchain versions installed:
	Module Name                        Have
	CPANPLUS                         0.9914
	CPANPLUS::Dist::Build              0.90
	Cwd                                3.75
	ExtUtils::CBuilder             0.280236
	ExtUtils::Command                  7.64
	ExtUtils::Install                  2.20
	ExtUtils::MakeMaker                7.64
	ExtUtils::Manifest                 1.73
	ExtUtils::ParseXS                  3.44
	File::Spec                         3.75
	Module::Build                    0.4231
	Pod::Parser                        1.63
	Pod::Simple                        3.29
	Test2                          1.302191
	Test::Harness                      3.44
	Test::More                     1.302191
	version                          0.9929

******************************** NOTE ********************************
The comments above are created mechanically, possibly without manual
checking by the sender.  As there are many people performing automatic
tests on each upload to CPAN, it is likely that you will receive
identical messages about the same problem.

If you believe that the message is mistaken, please reply to the first
one with correction and/or additional informations, and do not take
it personally.  We appreciate your patience. :)
**********************************************************************

Additional comments:


This report was machine-generated by CPANPLUS::Dist::YACSmoke 1.08.
Powered by minismokebox version 0.68

CPANPLUS is prefering Build.PL

------------------------------
ENVIRONMENT AND OTHER CONTEXT
------------------------------

Environment variables:

    AUTOMATED_TESTING = 1
    LANG = C.UTF-8
    LC_COLLATE = C
    NONINTERACTIVE_TESTING = 1
    PATH = /usr/local/sbin:/usr/local/bin:/usr/sbin:/usr/bin:/sbin:/bin
    PERL5LIB = /home/cpan/pit/jail/eOMZwVbcfo/lib/perl5:/home/cpan/pit/bare/conf/perl-5.22.4/.cpanplus/5.22.4/build/8JcnrVa6ZE/Art-World-0.19_03/blib/lib:/home/cpan/pit/bare/conf/perl-5.22.4/.cpanplus/5.22.4/build/8JcnrVa6ZE/Art-World-0.19_03/blib/arch
    PERL5_CPANPLUS_IS_RUNNING = 21190
    PERL5_CPANPLUS_IS_VERSION = 0.9914
    PERL5_MINISMOKEBOX = 0.68
    PERL5_YACSMOKE_BASE = /home/cpan/pit/bare/conf/perl-5.22.4
    PERL_EXTUTILS_AUTOINSTALL = --defaultdeps
    PERL_LOCAL_LIB_ROOT = /home/cpan/pit/jail/eOMZwVbcfo
    PERL_MB_OPT = --install_base "/home/cpan/pit/jail/eOMZwVbcfo"
    PERL_MM_OPT = INSTALL_BASE=/home/cpan/pit/jail/eOMZwVbcfo
    PERL_MM_USE_DEFAULT = 1
    SHELL = /bin/bash
    TERM = screen

Perl special variables (and OS-specific diagnostics, for MSWin32):

    Perl: $^X = /home/cpan/pit/bare/perl-5.22.4/bin/perl
    UID:  $<  = 1001
    EUID: $>  = 1001
    GID:  $(  = 1001 1001
    EGID: $)  = 1001 1001


-------------------------------


--

Summary of my perl5 (revision 5 version 22 subversion 4) configuration:
   
  Platform:
    osname=linux, osvers=5.10.16-0-lts, archname=x86_64-linux
    uname='linux agaric 5.10.16-0-lts #1-alpine smp wed, 17 feb 2021 08:17:06 utc x86_64 linux '
    config_args='-des -Dprefix=/home/cpan/pit/bare/perl-5.22.4'
    hint=recommended, useposix=true, d_sigaction=define
    useithreads=undef, usemultiplicity=undef
    use64bitint=define, use64bitall=define, uselongdouble=undef
    usemymalloc=n, bincompat5005=undef
  Compiler:
    cc='cc', ccflags ='-D_GNU_SOURCE -fwrapv -fno-strict-aliasing -pipe -fstack-protector-strong -D_LARGEFILE_SOURCE -D_FILE_OFFSET_BITS=64',
    optimize='-O2',
    cppflags='-D_GNU_SOURCE -fwrapv -fno-strict-aliasing -pipe -fstack-protector-strong'
    ccversion='', gccversion='10.2.1 20201203', gccosandvers=''
    intsize=4, longsize=8, ptrsize=8, doublesize=8, byteorder=12345678, doublekind=3
    d_longlong=define, longlongsize=8, d_longdbl=define, longdblsize=16, longdblkind=3
    ivtype='long', ivsize=8, nvtype='double', nvsize=8, Off_t='off_t', lseeksize=8
    alignbytes=8, prototype=define
  Linker and Libraries:
    ld='cc', ldflags =' -fstack-protector-strong -L/usr/local/lib'
    libpth=/usr/include/fortify /usr/lib /usr/local/lib /lib/../lib /usr/lib/../lib /lib
    libs=-lpthread -lgdbm -ldl -lm -lcrypt -lutil -lc -lgdbm_compat
    perllibs=-lpthread -ldl -lm -lcrypt -lutil -lc
    libc=/usr/lib/libc.a, so=so, useshrplib=false, libperl=libperl.a
    gnulibc_version=''
  Dynamic Linking:
    dlsrc=dl_dlopen.xs, dlext=so, d_dlsymun=undef, ccdlflags='-Wl,-E'
    cccdlflags='-fPIC', lddlflags='-shared -O2 -L/usr/local/lib -fstack-protector-strong'


Characteristics of this binary (from libperl): 
  Compile-time options: HAS_TIMES PERLIO_LAYERS PERL_DONT_CREATE_GVSV
                        PERL_HASH_FUNC_ONE_AT_A_TIME_HARD PERL_MALLOC_WRAP
                        PERL_NEW_COPY_ON_WRITE PERL_PRESERVE_IVUV
                        USE_64_BIT_ALL USE_64_BIT_INT USE_LARGE_FILES
                        USE_LOCALE USE_LOCALE_COLLATE USE_LOCALE_CTYPE
                        USE_LOCALE_NUMERIC USE_LOCALE_TIME USE_PERLIO
                        USE_PERL_ATOF
  Locally applied patches:
	Devel::PatchPerl 2.08
  Built under linux
  Compiled at Mar 12 2021 04:19:39
  %ENV:
    PERL5LIB="/home/cpan/pit/jail/eOMZwVbcfo/lib/perl5:/home/cpan/pit/bare/conf/perl-5.22.4/.cpanplus/5.22.4/build/8JcnrVa6ZE/Art-World-0.19_03/blib/lib:/home/cpan/pit/bare/conf/perl-5.22.4/.cpanplus/5.22.4/build/8JcnrVa6ZE/Art-World-0.19_03/blib/arch"
    PERL5_CPANPLUS_IS_RUNNING="21190"
    PERL5_CPANPLUS_IS_VERSION="0.9914"
    PERL5_MINISMOKEBOX="0.68"
    PERL5_YACSMOKE_BASE="/home/cpan/pit/bare/conf/perl-5.22.4"
    PERL_EXTUTILS_AUTOINSTALL="--defaultdeps"
    PERL_LOCAL_LIB_ROOT="/home/cpan/pit/jail/eOMZwVbcfo"
    PERL_MB_OPT="--install_base "/home/cpan/pit/jail/eOMZwVbcfo""
    PERL_MM_OPT="INSTALL_BASE=/home/cpan/pit/jail/eOMZwVbcfo"
    PERL_MM_USE_DEFAULT="1"
  @INC:
    /home/cpan/pit/jail/eOMZwVbcfo/lib/perl5/5.22.4/x86_64-linux
    /home/cpan/pit/jail/eOMZwVbcfo/lib/perl5/5.22.4
    /home/cpan/pit/jail/eOMZwVbcfo/lib/perl5/x86_64-linux
    /home/cpan/pit/jail/eOMZwVbcfo/lib/perl5
    /home/cpan/pit/bare/conf/perl-5.22.4/.cpanplus/5.22.4/build/8JcnrVa6ZE/Art-World-0.19_03/blib/lib
    /home/cpan/pit/bare/conf/perl-5.22.4/.cpanplus/5.22.4/build/8JcnrVa6ZE/Art-World-0.19_03/blib/arch
    /home/cpan/pit/bare/perl-5.22.4/lib/site_perl/5.22.4/x86_64-linux
    /home/cpan/pit/bare/perl-5.22.4/lib/site_perl/5.22.4
    /home/cpan/pit/bare/perl-5.22.4/lib/5.22.4/x86_64-linux
    /home/cpan/pit/bare/perl-5.22.4/lib/5.22.4
    .