Net-SSH-Mechanize v0.1.3 Perl 5 v5.35.7 x86_64-linux-ld

Status
Fail
From
Andreas J. König (ANDK)
Dist
Net-SSH-Mechanize v0.1.3
Platform
Perl 5 v5.35.7 x86_64-linux-ld
Date
2022-01-18 19:17:39
ID
4da7ad04-7893-11ec-bd5c-d2bc81162a00
This distribution has been tested as part of the CPAN Testers
project, supporting the Perl programming language.  See
http://wiki.cpantesters.org/ for more information or email
questions to cpan-testers-discuss@perl.org


--
Dear Nick Stokoe,

This is a computer-generated report for Net-SSH-Mechanize-0.1.3
on perl 5.35.7, created by CPAN-Reporter-1.2018.

Thank you for uploading your work to CPAN.  However, there was a problem
testing your distribution.

If you think this report is invalid, please consult the CPAN Testers Wiki
for suggestions on how to avoid getting FAIL reports for missing library
or binary dependencies, unsupported operating systems, and so on:

http://wiki.cpantesters.org/wiki/CPANAuthorNotes

Sections of this report:

    * Tester comments
    * Program output
    * Prerequisites
    * Environment and other context

------------------------------
TESTER COMMENTS
------------------------------

Additional comments from tester:

this report is from an automated smoke testing program
and was not reviewed by a human for accuracy

------------------------------
PROGRAM OUTPUT
------------------------------

Output from './Build test':

Passing a list of values to enum is deprecated. Enum values should be wrapped in an arrayref. at /home/sand/src/perl/repoperls/installed-perls/host/k93bionic/v5.35.7/ca05/lib/site_perl/5.35.7/AnyEvent/Subprocess/Types.pm line 42.
	require AnyEvent/Subprocess/Types.pm called at /home/sand/src/perl/repoperls/installed-perls/host/k93bionic/v5.35.7/ca05/lib/site_perl/5.35.7/AnyEvent/Subprocess/Done.pm line 9
	AnyEvent::Subprocess::Done::BEGIN() called at /home/sand/src/perl/repoperls/installed-perls/host/k93bionic/v5.35.7/ca05/lib/site_perl/5.35.7/AnyEvent/Subprocess/Types.pm line 0
	eval {...} called at /home/sand/src/perl/repoperls/installed-perls/host/k93bionic/v5.35.7/ca05/lib/site_perl/5.35.7/AnyEvent/Subprocess/Types.pm line 0
	require AnyEvent/Subprocess/Done.pm called at /home/sand/src/perl/repoperls/installed-perls/host/k93bionic/v5.35.7/ca05/lib/site_perl/5.35.7/AnyEvent/Subprocess/Running.pm line 10
	AnyEvent::Subprocess::Running::BEGIN() called at /home/sand/src/perl/repoperls/installed-perls/host/k93bionic/v5.35.7/ca05/lib/site_perl/5.35.7/AnyEvent/Subprocess/Types.pm line 0
	eval {...} called at /home/sand/src/perl/repoperls/installed-perls/host/k93bionic/v5.35.7/ca05/lib/site_perl/5.35.7/AnyEvent/Subprocess/Types.pm line 0
	require AnyEvent/Subprocess/Running.pm called at /home/sand/src/perl/repoperls/installed-perls/host/k93bionic/v5.35.7/ca05/lib/site_perl/5.35.7/Module/Runtime.pm line 314
	Module::Runtime::require_module("AnyEvent::Subprocess::Running") called at /home/sand/src/perl/repoperls/installed-perls/host/k93bionic/v5.35.7/ca05/lib/site_perl/5.35.7/Module/Runtime.pm line 391
	eval {...} called at /home/sand/src/perl/repoperls/installed-perls/host/k93bionic/v5.35.7/ca05/lib/site_perl/5.35.7/Module/Runtime.pm line 391
	Module::Runtime::use_package_optimistically("AnyEvent::Subprocess::Running") called at /home/sand/src/perl/repoperls/installed-perls/host/k93bionic/v5.35.7/ca05/lib/site_perl/5.35.7/x86_64-linux-ld/Moose/Util.pm line 351
	Moose::Util::_load_user_class("AnyEvent::Subprocess::Running", undef) called at /home/sand/src/perl/repoperls/installed-perls/host/k93bionic/v5.35.7/ca05/lib/site_perl/5.35.7/x86_64-linux-ld/Moose/Meta/Class.pm line 569
	Moose::Meta::Class::superclasses(undef, "AnyEvent::Subprocess::Running") called at /home/sand/src/perl/repoperls/installed-perls/host/k93bionic/v5.35.7/ca05/lib/site_perl/5.35.7/x86_64-linux-ld/Moose.pm line 53
	Moose::extends(Moose::Meta::Class=HASH(0x55eb148e8f18), "AnyEvent::Subprocess::Running") called at /home/sand/src/perl/repoperls/installed-perls/host/k93bionic/v5.35.7/ca05/lib/site_perl/5.35.7/x86_64-linux-ld/Moose/Exporter.pm line 418
	Moose::extends("AnyEvent::Subprocess::Running") called at /tmp/loop_over_bdir-19064-8SaYN5/Net-SSH-Mechanize-0.1.3-0/blib/lib/Net/SSH/Mechanize/Session.pm line 10
	require Net/SSH/Mechanize/Session.pm called at /tmp/loop_over_bdir-19064-8SaYN5/Net-SSH-Mechanize-0.1.3-0/blib/lib/Net/SSH/Mechanize.pm line 7
	Net::SSH::Mechanize::BEGIN() called at /home/sand/src/perl/repoperls/installed-perls/host/k93bionic/v5.35.7/ca05/lib/site_perl/5.35.7/AnyEvent/Subprocess/Types.pm line 0
	eval {...} called at /home/sand/src/perl/repoperls/installed-perls/host/k93bionic/v5.35.7/ca05/lib/site_perl/5.35.7/AnyEvent/Subprocess/Types.pm line 0
	require Net/SSH/Mechanize.pm called at t/00.load.t line 76
	main::BEGIN() called at /home/sand/src/perl/repoperls/installed-perls/host/k93bionic/v5.35.7/ca05/lib/site_perl/5.35.7/AnyEvent/Subprocess/Types.pm line 0
	eval {...} called at /home/sand/src/perl/repoperls/installed-perls/host/k93bionic/v5.35.7/ca05/lib/site_perl/5.35.7/AnyEvent/Subprocess/Types.pm line 0
	eval 'package main;
BEGIN { ${^WARNING_BITS} = $args[-1] if defined $args[-1] }
#line 76 t/00.load.t
use Net::SSH::Mechanize @{$args[0]};
1;
' called at /home/sand/src/perl/repoperls/installed-perls/host/k93bionic/v5.35.7/ca05/lib/5.35.7/Test/More.pm line 1034
	Test::More::_eval("package main;\x{a}BEGIN { \${^WARNING_BITS} = \$args[-1] if defined"..., ARRAY(0x55eb13ba69e8), "UUUUUUUUUUUUUUUUUUU") called at /home/sand/src/perl/repoperls/installed-perls/host/k93bionic/v5.35.7/ca05/lib/5.35.7/Test/More.pm line 1009
	Test::More::use_ok("Net::SSH::Mechanize") called at t/00.load.t line 76
	main::__ANON__() called at /home/sand/src/perl/repoperls/installed-perls/host/k93bionic/v5.35.7/ca05/lib/5.35.7/File/Find.pm line 446
	File::Find::_find_dir(HASH(0x55eb1359d188), "/tmp/loop_over_bdir-19064-8SaYN5/Net-SSH-Mechanize-0.1.3-0/t/"..., 3) called at /home/sand/src/perl/repoperls/installed-perls/host/k93bionic/v5.35.7/ca05/lib/5.35.7/File/Find.pm line 234
	File::Find::_find_opt(HASH(0x55eb1359d188), "/tmp/loop_over_bdir-19064-8SaYN5/Net-SSH-Mechanize-0.1.3-0/t/"...) called at /home/sand/src/perl/repoperls/installed-perls/host/k93bionic/v5.35.7/ca05/lib/5.35.7/File/Find.pm line 758
	File::Find::find(HASH(0x55eb1359d188), "/tmp/loop_over_bdir-19064-8SaYN5/Net-SSH-Mechanize-0.1.3-0/t/"...) called at t/00.load.t line 78
t/00.load.t ................. ok

#   Failed test 'POD test for blib/lib/Net/SSH/Mechanize.pm'
#   at /home/sand/src/perl/repoperls/installed-perls/host/k93bionic/v5.35.7/ca05/lib/site_perl/5.35.7/Test/Pod.pm line 184.
# blib/lib/Net/SSH/Mechanize.pm (415): L<> starts or ends with whitespace
# Looks like you failed 1 test of 4.
t/01.pod.t .................. 
Dubious, test returned 1 (wstat 256, 0x100)
Failed 1/4 subtests 
Passing a list of values to enum is deprecated. Enum values should be wrapped in an arrayref. at /home/sand/src/perl/repoperls/installed-perls/host/k93bionic/v5.35.7/ca05/lib/site_perl/5.35.7/AnyEvent/Subprocess/Types.pm line 42.
	require AnyEvent/Subprocess/Types.pm called at /home/sand/src/perl/repoperls/installed-perls/host/k93bionic/v5.35.7/ca05/lib/site_perl/5.35.7/AnyEvent/Subprocess/Done.pm line 9
	AnyEvent::Subprocess::Done::BEGIN() called at /home/sand/src/perl/repoperls/installed-perls/host/k93bionic/v5.35.7/ca05/lib/site_perl/5.35.7/AnyEvent/Subprocess/Types.pm line 0
	eval {...} called at /home/sand/src/perl/repoperls/installed-perls/host/k93bionic/v5.35.7/ca05/lib/site_perl/5.35.7/AnyEvent/Subprocess/Types.pm line 0
	require AnyEvent/Subprocess/Done.pm called at /home/sand/src/perl/repoperls/installed-perls/host/k93bionic/v5.35.7/ca05/lib/site_perl/5.35.7/AnyEvent/Subprocess/Running.pm line 10
	AnyEvent::Subprocess::Running::BEGIN() called at /home/sand/src/perl/repoperls/installed-perls/host/k93bionic/v5.35.7/ca05/lib/site_perl/5.35.7/AnyEvent/Subprocess/Types.pm line 0
	eval {...} called at /home/sand/src/perl/repoperls/installed-perls/host/k93bionic/v5.35.7/ca05/lib/site_perl/5.35.7/AnyEvent/Subprocess/Types.pm line 0
	require AnyEvent/Subprocess/Running.pm called at /home/sand/src/perl/repoperls/installed-perls/host/k93bionic/v5.35.7/ca05/lib/site_perl/5.35.7/Module/Runtime.pm line 314
	Module::Runtime::require_module("AnyEvent::Subprocess::Running") called at /home/sand/src/perl/repoperls/installed-perls/host/k93bionic/v5.35.7/ca05/lib/site_perl/5.35.7/Module/Runtime.pm line 391
	eval {...} called at /home/sand/src/perl/repoperls/installed-perls/host/k93bionic/v5.35.7/ca05/lib/site_perl/5.35.7/Module/Runtime.pm line 391
	Module::Runtime::use_package_optimistically("AnyEvent::Subprocess::Running") called at /home/sand/src/perl/repoperls/installed-perls/host/k93bionic/v5.35.7/ca05/lib/site_perl/5.35.7/x86_64-linux-ld/Moose/Util.pm line 351
	Moose::Util::_load_user_class("AnyEvent::Subprocess::Running", undef) called at /home/sand/src/perl/repoperls/installed-perls/host/k93bionic/v5.35.7/ca05/lib/site_perl/5.35.7/x86_64-linux-ld/Moose/Meta/Class.pm line 569
	Moose::Meta::Class::superclasses(undef, "AnyEvent::Subprocess::Running") called at /home/sand/src/perl/repoperls/installed-perls/host/k93bionic/v5.35.7/ca05/lib/site_perl/5.35.7/x86_64-linux-ld/Moose.pm line 53
	Moose::extends(Moose::Meta::Class=HASH(0x556c04555e08), "AnyEvent::Subprocess::Running") called at /home/sand/src/perl/repoperls/installed-perls/host/k93bionic/v5.35.7/ca05/lib/site_perl/5.35.7/x86_64-linux-ld/Moose/Exporter.pm line 418
	Moose::extends("AnyEvent::Subprocess::Running") called at /tmp/loop_over_bdir-19064-8SaYN5/Net-SSH-Mechanize-0.1.3-0/t/../lib/Net/SSH/Mechanize/Session.pm line 10
	require Net/SSH/Mechanize/Session.pm called at /tmp/loop_over_bdir-19064-8SaYN5/Net-SSH-Mechanize-0.1.3-0/t/../lib/Net/SSH/Mechanize.pm line 7
	Net::SSH::Mechanize::BEGIN() called at /home/sand/src/perl/repoperls/installed-perls/host/k93bionic/v5.35.7/ca05/lib/site_perl/5.35.7/AnyEvent/Subprocess/Types.pm line 0
	eval {...} called at /home/sand/src/perl/repoperls/installed-perls/host/k93bionic/v5.35.7/ca05/lib/site_perl/5.35.7/AnyEvent/Subprocess/Types.pm line 0
	require Net/SSH/Mechanize.pm called at t/01.single-capture.t line 9
	main::BEGIN() called at /home/sand/src/perl/repoperls/installed-perls/host/k93bionic/v5.35.7/ca05/lib/site_perl/5.35.7/AnyEvent/Subprocess/Types.pm line 0
	eval {...} called at /home/sand/src/perl/repoperls/installed-perls/host/k93bionic/v5.35.7/ca05/lib/site_perl/5.35.7/AnyEvent/Subprocess/Types.pm line 0
unexpected stderr from command: Redundant argument in printf at /tmp/loop_over_bdir-19064-8SaYN5/Net-SSH-Mechanize-0.1.3-0/t/bin/mock-ssh line 134, <STDIN> line 4.
stderr output
t/01.single-capture.t ....... ok
Passing a list of values to enum is deprecated. Enum values should be wrapped in an arrayref. at /home/sand/src/perl/repoperls/installed-perls/host/k93bionic/v5.35.7/ca05/lib/site_perl/5.35.7/AnyEvent/Subprocess/Types.pm line 42.
	require AnyEvent/Subprocess/Types.pm called at /home/sand/src/perl/repoperls/installed-perls/host/k93bionic/v5.35.7/ca05/lib/site_perl/5.35.7/AnyEvent/Subprocess/Done.pm line 9
	AnyEvent::Subprocess::Done::BEGIN() called at /home/sand/src/perl/repoperls/installed-perls/host/k93bionic/v5.35.7/ca05/lib/site_perl/5.35.7/AnyEvent/Subprocess/Types.pm line 0
	eval {...} called at /home/sand/src/perl/repoperls/installed-perls/host/k93bionic/v5.35.7/ca05/lib/site_perl/5.35.7/AnyEvent/Subprocess/Types.pm line 0
	require AnyEvent/Subprocess/Done.pm called at /home/sand/src/perl/repoperls/installed-perls/host/k93bionic/v5.35.7/ca05/lib/site_perl/5.35.7/AnyEvent/Subprocess/Running.pm line 10
	AnyEvent::Subprocess::Running::BEGIN() called at /home/sand/src/perl/repoperls/installed-perls/host/k93bionic/v5.35.7/ca05/lib/site_perl/5.35.7/AnyEvent/Subprocess/Types.pm line 0
	eval {...} called at /home/sand/src/perl/repoperls/installed-perls/host/k93bionic/v5.35.7/ca05/lib/site_perl/5.35.7/AnyEvent/Subprocess/Types.pm line 0
	require AnyEvent/Subprocess/Running.pm called at /home/sand/src/perl/repoperls/installed-perls/host/k93bionic/v5.35.7/ca05/lib/site_perl/5.35.7/Module/Runtime.pm line 314
	Module::Runtime::require_module("AnyEvent::Subprocess::Running") called at /home/sand/src/perl/repoperls/installed-perls/host/k93bionic/v5.35.7/ca05/lib/site_perl/5.35.7/Module/Runtime.pm line 391
	eval {...} called at /home/sand/src/perl/repoperls/installed-perls/host/k93bionic/v5.35.7/ca05/lib/site_perl/5.35.7/Module/Runtime.pm line 391
	Module::Runtime::use_package_optimistically("AnyEvent::Subprocess::Running") called at /home/sand/src/perl/repoperls/installed-perls/host/k93bionic/v5.35.7/ca05/lib/site_perl/5.35.7/x86_64-linux-ld/Moose/Util.pm line 351
	Moose::Util::_load_user_class("AnyEvent::Subprocess::Running", undef) called at /home/sand/src/perl/repoperls/installed-perls/host/k93bionic/v5.35.7/ca05/lib/site_perl/5.35.7/x86_64-linux-ld/Moose/Meta/Class.pm line 569
	Moose::Meta::Class::superclasses(undef, "AnyEvent::Subprocess::Running") called at /home/sand/src/perl/repoperls/installed-perls/host/k93bionic/v5.35.7/ca05/lib/site_perl/5.35.7/x86_64-linux-ld/Moose.pm line 53
	Moose::extends(Moose::Meta::Class=HASH(0x55d369fa4308), "AnyEvent::Subprocess::Running") called at /home/sand/src/perl/repoperls/installed-perls/host/k93bionic/v5.35.7/ca05/lib/site_perl/5.35.7/x86_64-linux-ld/Moose/Exporter.pm line 418
	Moose::extends("AnyEvent::Subprocess::Running") called at /tmp/loop_over_bdir-19064-8SaYN5/Net-SSH-Mechanize-0.1.3-0/t/../lib/Net/SSH/Mechanize/Session.pm line 10
	require Net/SSH/Mechanize/Session.pm called at /tmp/loop_over_bdir-19064-8SaYN5/Net-SSH-Mechanize-0.1.3-0/t/../lib/Net/SSH/Mechanize.pm line 7
	Net::SSH::Mechanize::BEGIN() called at /home/sand/src/perl/repoperls/installed-perls/host/k93bionic/v5.35.7/ca05/lib/site_perl/5.35.7/AnyEvent/Subprocess/Types.pm line 0
	eval {...} called at /home/sand/src/perl/repoperls/installed-perls/host/k93bionic/v5.35.7/ca05/lib/site_perl/5.35.7/AnyEvent/Subprocess/Types.pm line 0
	require Net/SSH/Mechanize.pm called at t/01.single-sudo-capture.t line 10
	main::BEGIN() called at /home/sand/src/perl/repoperls/installed-perls/host/k93bionic/v5.35.7/ca05/lib/site_perl/5.35.7/AnyEvent/Subprocess/Types.pm line 0
	eval {...} called at /home/sand/src/perl/repoperls/installed-perls/host/k93bionic/v5.35.7/ca05/lib/site_perl/5.35.7/AnyEvent/Subprocess/Types.pm line 0
unexpected stderr from sudo command: stderr output
t/01.single-sudo-capture.t .. ok
Passing a list of values to enum is deprecated. Enum values should be wrapped in an arrayref. at /home/sand/src/perl/repoperls/installed-perls/host/k93bionic/v5.35.7/ca05/lib/site_perl/5.35.7/AnyEvent/Subprocess/Types.pm line 42.
	require AnyEvent/Subprocess/Types.pm called at /home/sand/src/perl/repoperls/installed-perls/host/k93bionic/v5.35.7/ca05/lib/site_perl/5.35.7/AnyEvent/Subprocess/Done.pm line 9
	AnyEvent::Subprocess::Done::BEGIN() called at /home/sand/src/perl/repoperls/installed-perls/host/k93bionic/v5.35.7/ca05/lib/site_perl/5.35.7/AnyEvent/Subprocess/Types.pm line 0
	eval {...} called at /home/sand/src/perl/repoperls/installed-perls/host/k93bionic/v5.35.7/ca05/lib/site_perl/5.35.7/AnyEvent/Subprocess/Types.pm line 0
	require AnyEvent/Subprocess/Done.pm called at /home/sand/src/perl/repoperls/installed-perls/host/k93bionic/v5.35.7/ca05/lib/site_perl/5.35.7/AnyEvent/Subprocess/Running.pm line 10
	AnyEvent::Subprocess::Running::BEGIN() called at /home/sand/src/perl/repoperls/installed-perls/host/k93bionic/v5.35.7/ca05/lib/site_perl/5.35.7/AnyEvent/Subprocess/Types.pm line 0
	eval {...} called at /home/sand/src/perl/repoperls/installed-perls/host/k93bionic/v5.35.7/ca05/lib/site_perl/5.35.7/AnyEvent/Subprocess/Types.pm line 0
	require AnyEvent/Subprocess/Running.pm called at /home/sand/src/perl/repoperls/installed-perls/host/k93bionic/v5.35.7/ca05/lib/site_perl/5.35.7/Module/Runtime.pm line 314
	Module::Runtime::require_module("AnyEvent::Subprocess::Running") called at /home/sand/src/perl/repoperls/installed-perls/host/k93bionic/v5.35.7/ca05/lib/site_perl/5.35.7/Module/Runtime.pm line 391
	eval {...} called at /home/sand/src/perl/repoperls/installed-perls/host/k93bionic/v5.35.7/ca05/lib/site_perl/5.35.7/Module/Runtime.pm line 391
	Module::Runtime::use_package_optimistically("AnyEvent::Subprocess::Running") called at /home/sand/src/perl/repoperls/installed-perls/host/k93bionic/v5.35.7/ca05/lib/site_perl/5.35.7/x86_64-linux-ld/Moose/Util.pm line 351
	Moose::Util::_load_user_class("AnyEvent::Subprocess::Running", undef) called at /home/sand/src/perl/repoperls/installed-perls/host/k93bionic/v5.35.7/ca05/lib/site_perl/5.35.7/x86_64-linux-ld/Moose/Meta/Class.pm line 569
	Moose::Meta::Class::superclasses(undef, "AnyEvent::Subprocess::Running") called at /home/sand/src/perl/repoperls/installed-perls/host/k93bionic/v5.35.7/ca05/lib/site_perl/5.35.7/x86_64-linux-ld/Moose.pm line 53
	Moose::extends(Moose::Meta::Class=HASH(0x56474aa40ba0), "AnyEvent::Subprocess::Running") called at /home/sand/src/perl/repoperls/installed-perls/host/k93bionic/v5.35.7/ca05/lib/site_perl/5.35.7/x86_64-linux-ld/Moose/Exporter.pm line 418
	Moose::extends("AnyEvent::Subprocess::Running") called at /tmp/loop_over_bdir-19064-8SaYN5/Net-SSH-Mechanize-0.1.3-0/t/../lib/Net/SSH/Mechanize/Session.pm line 10
	require Net/SSH/Mechanize/Session.pm called at /tmp/loop_over_bdir-19064-8SaYN5/Net-SSH-Mechanize-0.1.3-0/t/../lib/Net/SSH/Mechanize.pm line 7
	Net::SSH::Mechanize::BEGIN() called at /home/sand/src/perl/repoperls/installed-perls/host/k93bionic/v5.35.7/ca05/lib/site_perl/5.35.7/AnyEvent/Subprocess/Types.pm line 0
	eval {...} called at /home/sand/src/perl/repoperls/installed-perls/host/k93bionic/v5.35.7/ca05/lib/site_perl/5.35.7/AnyEvent/Subprocess/Types.pm line 0
	require Net/SSH/Mechanize.pm called at t/02.multi-capture.t line 10
	main::BEGIN() called at /home/sand/src/perl/repoperls/installed-perls/host/k93bionic/v5.35.7/ca05/lib/site_perl/5.35.7/AnyEvent/Subprocess/Types.pm line 0
	eval {...} called at /home/sand/src/perl/repoperls/installed-perls/host/k93bionic/v5.35.7/ca05/lib/site_perl/5.35.7/AnyEvent/Subprocess/Types.pm line 0
unexpected stderr from command: Redundant argument in printf at /tmp/loop_over_bdir-19064-8SaYN5/Net-SSH-Mechanize-0.1.3-0/t/bin/mock-ssh line 134, <STDIN> line 4.
stderr output
unexpected stderr from command: Redundant argument in printf at /tmp/loop_over_bdir-19064-8SaYN5/Net-SSH-Mechanize-0.1.3-0/t/bin/mock-ssh line 134, <STDIN> line 4.
stderr output
unexpected stderr from command: Redundant argument in printf at /tmp/loop_over_bdir-19064-8SaYN5/Net-SSH-Mechanize-0.1.3-0/t/bin/mock-ssh line 134, <STDIN> line 4.
stderr output
unexpected stderr from command: Redundant argument in printf at /tmp/loop_over_bdir-19064-8SaYN5/Net-SSH-Mechanize-0.1.3-0/t/bin/mock-ssh line 134, <STDIN> line 4.
stderr output
unexpected stderr from command: Redundant argument in printf at /tmp/loop_over_bdir-19064-8SaYN5/Net-SSH-Mechanize-0.1.3-0/t/bin/mock-ssh line 134, <STDIN> line 4.
stderr output
unexpected stderr from command: Redundant argument in printf at /tmp/loop_over_bdir-19064-8SaYN5/Net-SSH-Mechanize-0.1.3-0/t/bin/mock-ssh line 134, <STDIN> line 4.
stderr output
unexpected stderr from command: Redundant argument in printf at /tmp/loop_over_bdir-19064-8SaYN5/Net-SSH-Mechanize-0.1.3-0/t/bin/mock-ssh line 134, <STDIN> line 4.
stderr output
unexpected stderr from command: Redundant argument in printf at /tmp/loop_over_bdir-19064-8SaYN5/Net-SSH-Mechanize-0.1.3-0/t/bin/mock-ssh line 134, <STDIN> line 4.
stderr output
Redundant argument in sprintf at /tmp/loop_over_bdir-19064-8SaYN5/Net-SSH-Mechanize-0.1.3-0/t/../lib/Net/SSH/Mechanize.pm line 120.
Redundant argument in sprintf at /tmp/loop_over_bdir-19064-8SaYN5/Net-SSH-Mechanize-0.1.3-0/t/../lib/Net/SSH/Mechanize.pm line 120.
Redundant argument in sprintf at /tmp/loop_over_bdir-19064-8SaYN5/Net-SSH-Mechanize-0.1.3-0/t/../lib/Net/SSH/Mechanize.pm line 120.
Redundant argument in sprintf at /tmp/loop_over_bdir-19064-8SaYN5/Net-SSH-Mechanize-0.1.3-0/t/../lib/Net/SSH/Mechanize.pm line 120.
Redundant argument in sprintf at /tmp/loop_over_bdir-19064-8SaYN5/Net-SSH-Mechanize-0.1.3-0/t/../lib/Net/SSH/Mechanize.pm line 120.
Redundant argument in sprintf at /tmp/loop_over_bdir-19064-8SaYN5/Net-SSH-Mechanize-0.1.3-0/t/../lib/Net/SSH/Mechanize.pm line 120.
Redundant argument in sprintf at /tmp/loop_over_bdir-19064-8SaYN5/Net-SSH-Mechanize-0.1.3-0/t/../lib/Net/SSH/Mechanize.pm line 120.
Redundant argument in sprintf at /tmp/loop_over_bdir-19064-8SaYN5/Net-SSH-Mechanize-0.1.3-0/t/../lib/Net/SSH/Mechanize.pm line 120.
unexpected stderr from command: Redundant argument in printf at /tmp/loop_over_bdir-19064-8SaYN5/Net-SSH-Mechanize-0.1.3-0/t/bin/mock-ssh line 134, <STDIN> line 4.
stderr output
Redundant argument in sprintf at /tmp/loop_over_bdir-19064-8SaYN5/Net-SSH-Mechanize-0.1.3-0/t/../lib/Net/SSH/Mechanize.pm line 120.
unexpected stderr from command: Redundant argument in printf at /tmp/loop_over_bdir-19064-8SaYN5/Net-SSH-Mechanize-0.1.3-0/t/bin/mock-ssh line 134, <STDIN> line 4.
stderr output
t/02.multi-capture.t ........ ok
t/author-critic.t ........... skipped: these tests are for testing by the author
t/release-pod-coverage.t .... skipped: these tests are for release candidate testing
t/release-pod-syntax.t ...... skipped: these tests are for release candidate testing

Test Summary Report
-------------------
t/01.pod.t                (Wstat: 256 Tests: 4 Failed: 1)
  Failed test:  1
  Non-zero exit status: 1
Files=8, Tests=49,  3 wallclock secs ( 0.04 usr  0.05 sys +  2.00 cusr  0.75 csys =  2.84 CPU)
Result: FAIL
Failed 1/8 test programs. 1/49 subtests failed.

------------------------------
PREREQUISITES
------------------------------

Prerequisite modules loaded:

requires:

    Module                        Need   Have    
    ----------------------------- ------ --------
    AnyEvent                      0      7.17    
    AnyEvent::Subprocess          0      1.102912
    AnyEvent::Subprocess::Running 0      1.102912
    Carp                          0      1.52    
    Coro                          0      6.57    
    Moose                         0      2.2201  
    MooseX::Params::Validate      0      0.21    

build_requires:

    Module                        Need   Have    
    ----------------------------- ------ --------
    Config                        0      5.035007
    English                       0      1.11    
    File::Find                    0      1.39_01 
    FindBin                       0      1.53    
    Getopt::Long                  0      2.52    
    Module::Build                 0.2808 0.4231  
    Pod::Coverage::TrustPod       0      0.100005
    strict                        0      1.12    
    Test::More                    0      1.302188
    Text::ParseWords              0      3.30    
    warnings                      0      1.56    

configure_requires:

    Module                        Need   Have    
    ----------------------------- ------ --------
    Module::Build                 0.2808 0.4231  

opt_requires:

    Module                        Need   Have    
    ----------------------------- ------ --------
    Term::ReadKey                 0      2.38    
    Test::Pod                     1.14   1.52    
    Test::Pod::Coverage           1.04   1.10    


------------------------------
ENVIRONMENT AND OTHER CONTEXT
------------------------------

Environment variables:

    AUTOMATED_TESTING = 1
    LANG = en_US.utf8
    PATH = /home/sand/bin:/usr/local/bin:/usr/local/sbin:/usr/sbin:/usr/bin:/sbin:/bin:/usr/games:/usr/local/games:/snap/bin:/usr/local/perl/bin:/usr/X11/bin
    PERL = /tmp/basesmoker-reloperl-2VIe/bin/perl
    PERL5LIB = /tmp/loop_over_bdir-19064-8SaYN5/Captive-Portal-4.10-0/blib/arch:/tmp/loop_over_bdir-19064-8SaYN5/Captive-Portal-4.10-0/blib/lib:/tmp/loop_over_bdir-19064-8SaYN5/HTML-Menu-TreeView-1.22-0/blib/arch:/tmp/loop_over_bdir-19064-8SaYN5/HTML-Menu-TreeView-1.22-0/blib/lib:/tmp/loop_over_bdir-19064-8SaYN5/LiquidWeb-Storm-CLI-1.03-0/blib/arch:/tmp/loop_over_bdir-19064-8SaYN5/LiquidWeb-Storm-CLI-1.03-0/blib/lib:/tmp/loop_over_bdir-19064-8SaYN5/perl-Hardware-UPS-Perl-0.43-0/blib/arch:/tmp/loop_over_bdir-19064-8SaYN5/perl-Hardware-UPS-Perl-0.43-0/blib/lib:/tmp/loop_over_bdir-19064-8SaYN5/RDF-NLP-SPARQLQuery-0.1-0/blib/arch:/tmp/loop_over_bdir-19064-8SaYN5/RDF-NLP-SPARQLQuery-0.1-0/blib/lib:/tmp/loop_over_bdir-19064-8SaYN5/EJBCA-CrlPublish-0.60-0/blib/arch:/tmp/loop_over_bdir-19064-8SaYN5/EJBCA-CrlPublish-0.60-0/blib/lib:/tmp/loop_over_bdir-19064-8SaYN5/Lemonldap-NG-Cli-0.2-0/blib/arch:/tmp/loop_over_bdir-19064-8SaYN5/Lemonldap-NG-Cli-0.2-0/blib/lib:/tmp/loop_over_bdir-19064-8SaYN5/NoZone-1.3-0/blib/arch:/tmp/loop_over_bdir-19064-8SaYN5/NoZone-1.3-0/blib/lib:/tmp/loop_over_bdir-19064-8SaYN5/Devel-Required-0.16-0/blib/arch:/tmp/loop_over_bdir-19064-8SaYN5/Devel-Required-0.16-0/blib/lib:/tmp/loop_over_bdir-19064-8SaYN5/CORBA-Python-2.66-0/blib/arch:/tmp/loop_over_bdir-19064-8SaYN5/CORBA-Python-2.66-0/blib/lib:/tmp/loop_over_bdir-19064-8SaYN5/LCFG-Build-Skeleton-0.5.0-0/blib/arch:/tmp/loop_over_bdir-19064-8SaYN5/LCFG-Build-Skeleton-0.5.0-0/blib/lib:/tmp/loop_over_bdir-19064-8SaYN5/Business-Shipping-DataFiles-1.02-0/blib/arch:/tmp/loop_over_bdir-19064-8SaYN5/Business-Shipping-DataFiles-1.02-0/blib/lib:/tmp/loop_over_bdir-19064-8SaYN5/App-oo_modulino_zsh_completion_helper-0.04-0/blib/arch:/tmp/loop_over_bdir-19064-8SaYN5/App-oo_modulino_zsh_completion_helper-0.04-0/blib/lib:/tmp/loop_over_bdir-19064-8SaYN5/dta-tokwrap-0.98-0/blib/arch:/tmp/loop_over_bdir-19064-8SaYN5/dta-tokwrap-0.98-0/blib/lib:/tmp/loop_over_bdir-19064-8SaYN5/Net-ISP-Balance-1.31-0/blib/arch:/tmp/loop_over_bdir-19064-8SaYN5/Net-ISP-Balance-1.31-0/blib/lib:/tmp/loop_over_bdir-19064-8SaYN5/DBIx-Migration-Directories-0.12-0/blib/arch:/tmp/loop_over_bdir-19064-8SaYN5/DBIx-Migration-Directories-0.12-0/blib/lib:/tmp/loop_over_bdir-19064-8SaYN5/Alien-SNMP-MIBDEV-2.020000-0/blib/arch:/tmp/loop_over_bdir-19064-8SaYN5/Alien-SNMP-MIBDEV-2.020000-0/blib/lib:/tmp/loop_over_bdir-19064-8SaYN5/mmds-1.902-0/blib/arch:/tmp/loop_over_bdir-19064-8SaYN5/mmds-1.902-0/blib/lib:/tmp/loop_over_bdir-19064-8SaYN5/App-nrun-v1.1.2-0/blib/arch:/tmp/loop_over_bdir-19064-8SaYN5/App-nrun-v1.1.2-0/blib/lib:/tmp/loop_over_bdir-19064-8SaYN5/Serge-1.4-0/blib/arch:/tmp/loop_over_bdir-19064-8SaYN5/Serge-1.4-0/blib/lib:/tmp/loop_over_bdir-19064-8SaYN5/shishi-0.0.1-0/blib/arch:/tmp/loop_over_bdir-19064-8SaYN5/shishi-0.0.1-0/blib/lib:/tmp/loop_over_bdir-19064-8SaYN5/Device-Kiln-0.03-0/blib/arch:/tmp/loop_over_bdir-19064-8SaYN5/Device-Kiln-0.03-0/blib/lib:/tmp/loop_over_bdir-19064-8SaYN5/Dpkg-1.21.1-0/blib/arch:/tmp/loop_over_bdir-19064-8SaYN5/Dpkg-1.21.1-0/blib/lib:/tmp/loop_over_bdir-19064-8SaYN5/ProjectBuilder-0.14.1-0/blib/arch:/tmp/loop_over_bdir-19064-8SaYN5/ProjectBuilder-0.14.1-0/blib/lib:/tmp/loop_over_bdir-19064-8SaYN5/Lingua-YaTeA-0.626-0/blib/arch:/tmp/loop_over_bdir-19064-8SaYN5/Lingua-YaTeA-0.626-0/blib/lib:/tmp/loop_over_bdir-19064-8SaYN5/makepp-1.19-0/blib/arch:/tmp/loop_over_bdir-19064-8SaYN5/makepp-1.19-0/blib/lib
    PERL5OPT = 
    PERL5_CPANPLUS_IS_RUNNING = 19072
    PERL5_CPAN_IS_RUNNING = 19072
    PERL_CANARY_STABILITY_NOPROMPT = 1
    PERL_MM_USE_DEFAULT = 1
    PERL_USE_UNSAFE_INC = 1
    SHELL = /usr/bin/zsh
    TERM = screen

Perl special variables (and OS-specific diagnostics, for MSWin32):

    $^X = /tmp/basesmoker-reloperl-2VIe/bin/perl
    $UID/$EUID = 1005 / 1005
    $GID = 1005 1005
    $EGID = 1005 1005

Perl module toolchain versions installed:

    Module              Have    
    ------------------- --------
    CPAN                2.32    
    CPAN::Meta          2.150010
    Cwd                 3.83    
    ExtUtils::CBuilder  0.280236
    ExtUtils::Command   7.64    
    ExtUtils::Install   2.20    
    ExtUtils::MakeMaker 7.64    
    ExtUtils::Manifest  1.73    
    ExtUtils::ParseXS   3.44    
    File::Spec          3.83    
    JSON                4.04    
    JSON::PP            4.07    
    Module::Build       0.4231  
    Module::Signature   0.88    
    Parse::CPAN::Meta   2.150010
    Test::Harness       3.43    
    Test::More          1.302188
    YAML                1.30    
    YAML::Syck          1.34    
    version             0.9929  


--

Summary of my perl5 (revision 5 version 35 subversion 7) configuration:
  Commit id: 4aa99f1862819928b27c3cd9d8ab4d472a18ef84
  Platform:
    osname=linux
    osvers=4.15.0-163-generic
    archname=x86_64-linux-ld
    uname='linux k93bionic 4.15.0-163-generic #171-ubuntu smp fri nov 5 11:55:11 utc 2021 x86_64 x86_64 x86_64 gnulinux '
    config_args='-Dprefix=/home/sand/src/perl/repoperls/installed-perls/host/k93bionic/v5.35.7/ca05 -Dmyhostname=k93bionic -Dinstallusrbinperl=n -Uversiononly -Dusedevel -des -Ui_db -Dlibswanted=cl pthread socket inet nsl gdbm dbm malloc dl ld sun m crypt sec util c cposix posix ucb BSD gdbm_compat -Uuseithreads -Duselongdouble -DEBUGGING=-g'
    hint=recommended
    useposix=true
    d_sigaction=define
    useithreads=undef
    usemultiplicity=undef
    use64bitint=define
    use64bitall=define
    uselongdouble=define
    usemymalloc=n
    default_inc_excludes_dot=define
  Compiler:
    cc='cc'
    ccflags ='-fwrapv -fno-strict-aliasing -pipe -fstack-protector-strong -I/usr/local/include -D_LARGEFILE_SOURCE -D_FILE_OFFSET_BITS=64'
    optimize='-O2 -g'
    cppflags='-fwrapv -fno-strict-aliasing -pipe -fstack-protector-strong -I/usr/local/include'
    ccversion=''
    gccversion='7.5.0'
    gccosandvers=''
    intsize=4
    longsize=8
    ptrsize=8
    doublesize=8
    byteorder=12345678
    doublekind=3
    d_longlong=define
    longlongsize=8
    d_longdbl=define
    longdblsize=16
    longdblkind=3
    ivtype='long'
    ivsize=8
    nvtype='long double'
    nvsize=16
    Off_t='off_t'
    lseeksize=8
    alignbytes=16
    prototype=define
  Linker and Libraries:
    ld='cc'
    ldflags =' -fstack-protector-strong -L/usr/local/lib'
    libpth=/usr/local/lib /usr/lib/x86_64-linux-gnu /usr/lib /lib/x86_64-linux-gnu /lib
    libs=-lpthread -lnsl -ldl -lm -lcrypt -lutil -lc
    perllibs=-lpthread -lnsl -ldl -lm -lcrypt -lutil -lc
    libc=libc-2.27.so
    so=so
    useshrplib=false
    libperl=libperl.a
    gnulibc_version='2.27'
  Dynamic Linking:
    dlsrc=dl_dlopen.xs
    dlext=so
    d_dlsymun=undef
    ccdlflags='-Wl,-E'
    cccdlflags='-fPIC'
    lddlflags='-shared -O2 -g -L/usr/local/lib -fstack-protector-strong'


Characteristics of this binary (from libperl): 
  Compile-time options:
    HAS_TIMES
    PERLIO_LAYERS
    PERL_COPY_ON_WRITE
    PERL_DONT_CREATE_GVSV
    PERL_MALLOC_WRAP
    PERL_OP_PARENT
    PERL_PRESERVE_IVUV
    PERL_USE_DEVEL
    USE_64_BIT_ALL
    USE_64_BIT_INT
    USE_LARGE_FILES
    USE_LOCALE
    USE_LOCALE_COLLATE
    USE_LOCALE_CTYPE
    USE_LOCALE_NUMERIC
    USE_LOCALE_TIME
    USE_LONG_DOUBLE
    USE_PERLIO
    USE_PERL_ATOF
  Built under linux
  Compiled at Jan  8 2022 10:02:34
  %ENV:
    PERL="/tmp/basesmoker-reloperl-2VIe/bin/perl"
    PERL5LIB="/tmp/loop_over_bdir-19064-8SaYN5/Captive-Portal-4.10-0/blib/arch:/tmp/loop_over_bdir-19064-8SaYN5/Captive-Portal-4.10-0/blib/lib:/tmp/loop_over_bdir-19064-8SaYN5/HTML-Menu-TreeView-1.22-0/blib/arch:/tmp/loop_over_bdir-19064-8SaYN5/HTML-Menu-TreeView-1.22-0/blib/lib:/tmp/loop_over_bdir-19064-8SaYN5/LiquidWeb-Storm-CLI-1.03-0/blib/arch:/tmp/loop_over_bdir-19064-8SaYN5/LiquidWeb-Storm-CLI-1.03-0/blib/lib:/tmp/loop_over_bdir-19064-8SaYN5/perl-Hardware-UPS-Perl-0.43-0/blib/arch:/tmp/loop_over_bdir-19064-8SaYN5/perl-Hardware-UPS-Perl-0.43-0/blib/lib:/tmp/loop_over_bdir-19064-8SaYN5/RDF-NLP-SPARQLQuery-0.1-0/blib/arch:/tmp/loop_over_bdir-19064-8SaYN5/RDF-NLP-SPARQLQuery-0.1-0/blib/lib:/tmp/loop_over_bdir-19064-8SaYN5/EJBCA-CrlPublish-0.60-0/blib/arch:/tmp/loop_over_bdir-19064-8SaYN5/EJBCA-CrlPublish-0.60-0/blib/lib:/tmp/loop_over_bdir-19064-8SaYN5/Lemonldap-NG-Cli-0.2-0/blib/arch:/tmp/loop_over_bdir-19064-8SaYN5/Lemonldap-NG-Cli-0.2-0/blib/lib:/tmp/loop_over_bdir-19064-8SaYN5/NoZone-1.3-0/blib/arch:/tmp/loop_over_bdir-19064-8SaYN5/NoZone-1.3-0/blib/lib:/tmp/loop_over_bdir-19064-8SaYN5/Devel-Required-0.16-0/blib/arch:/tmp/loop_over_bdir-19064-8SaYN5/Devel-Required-0.16-0/blib/lib:/tmp/loop_over_bdir-19064-8SaYN5/CORBA-Python-2.66-0/blib/arch:/tmp/loop_over_bdir-19064-8SaYN5/CORBA-Python-2.66-0/blib/lib:/tmp/loop_over_bdir-19064-8SaYN5/LCFG-Build-Skeleton-0.5.0-0/blib/arch:/tmp/loop_over_bdir-19064-8SaYN5/LCFG-Build-Skeleton-0.5.0-0/blib/lib:/tmp/loop_over_bdir-19064-8SaYN5/Business-Shipping-DataFiles-1.02-0/blib/arch:/tmp/loop_over_bdir-19064-8SaYN5/Business-Shipping-DataFiles-1.02-0/blib/lib:/tmp/loop_over_bdir-19064-8SaYN5/App-oo_modulino_zsh_completion_helper-0.04-0/blib/arch:/tmp/loop_over_bdir-19064-8SaYN5/App-oo_modulino_zsh_completion_helper-0.04-0/blib/lib:/tmp/loop_over_bdir-19064-8SaYN5/dta-tokwrap-0.98-0/blib/arch:/tmp/loop_over_bdir-19064-8SaYN5/dta-tokwrap-0.98-0/blib/lib:/tmp/loop_over_bdir-19064-8SaYN5/Net-ISP-Balance-1.31-0/blib/arch:/tmp/loop_over_bdir-19064-8SaYN5/Net-ISP-Balance-1.31-0/blib/lib:/tmp/loop_over_bdir-19064-8SaYN5/DBIx-Migration-Directories-0.12-0/blib/arch:/tmp/loop_over_bdir-19064-8SaYN5/DBIx-Migration-Directories-0.12-0/blib/lib:/tmp/loop_over_bdir-19064-8SaYN5/Alien-SNMP-MIBDEV-2.020000-0/blib/arch:/tmp/loop_over_bdir-19064-8SaYN5/Alien-SNMP-MIBDEV-2.020000-0/blib/lib:/tmp/loop_over_bdir-19064-8SaYN5/mmds-1.902-0/blib/arch:/tmp/loop_over_bdir-19064-8SaYN5/mmds-1.902-0/blib/lib:/tmp/loop_over_bdir-19064-8SaYN5/App-nrun-v1.1.2-0/blib/arch:/tmp/loop_over_bdir-19064-8SaYN5/App-nrun-v1.1.2-0/blib/lib:/tmp/loop_over_bdir-19064-8SaYN5/Serge-1.4-0/blib/arch:/tmp/loop_over_bdir-19064-8SaYN5/Serge-1.4-0/blib/lib:/tmp/loop_over_bdir-19064-8SaYN5/shishi-0.0.1-0/blib/arch:/tmp/loop_over_bdir-19064-8SaYN5/shishi-0.0.1-0/blib/lib:/tmp/loop_over_bdir-19064-8SaYN5/Device-Kiln-0.03-0/blib/arch:/tmp/loop_over_bdir-19064-8SaYN5/Device-Kiln-0.03-0/blib/lib:/tmp/loop_over_bdir-19064-8SaYN5/Dpkg-1.21.1-0/blib/arch:/tmp/loop_over_bdir-19064-8SaYN5/Dpkg-1.21.1-0/blib/lib:/tmp/loop_over_bdir-19064-8SaYN5/ProjectBuilder-0.14.1-0/blib/arch:/tmp/loop_over_bdir-19064-8SaYN5/ProjectBuilder-0.14.1-0/blib/lib:/tmp/loop_over_bdir-19064-8SaYN5/Lingua-YaTeA-0.626-0/blib/arch:/tmp/loop_over_bdir-19064-8SaYN5/Lingua-YaTeA-0.626-0/blib/lib:/tmp/loop_over_bdir-19064-8SaYN5/makepp-1.19-0/blib/arch:/tmp/loop_over_bdir-19064-8SaYN5/makepp-1.19-0/blib/lib"
    PERL5OPT=""
    PERL5_CPANPLUS_IS_RUNNING="19072"
    PERL5_CPAN_IS_RUNNING="19072"
    PERL_CANARY_STABILITY_NOPROMPT="1"
    PERL_MM_USE_DEFAULT="1"
    PERL_USE_UNSAFE_INC="1"
  @INC:
    /tmp/loop_over_bdir-19064-8SaYN5/Captive-Portal-4.10-0/blib/arch
    /tmp/loop_over_bdir-19064-8SaYN5/Captive-Portal-4.10-0/blib/lib
    /tmp/loop_over_bdir-19064-8SaYN5/HTML-Menu-TreeView-1.22-0/blib/arch
    /tmp/loop_over_bdir-19064-8SaYN5/HTML-Menu-TreeView-1.22-0/blib/lib
    /tmp/loop_over_bdir-19064-8SaYN5/LiquidWeb-Storm-CLI-1.03-0/blib/arch
    /tmp/loop_over_bdir-19064-8SaYN5/LiquidWeb-Storm-CLI-1.03-0/blib/lib
    /tmp/loop_over_bdir-19064-8SaYN5/perl-Hardware-UPS-Perl-0.43-0/blib/arch
    /tmp/loop_over_bdir-19064-8SaYN5/perl-Hardware-UPS-Perl-0.43-0/blib/lib
    /tmp/loop_over_bdir-19064-8SaYN5/RDF-NLP-SPARQLQuery-0.1-0/blib/arch
    /tmp/loop_over_bdir-19064-8SaYN5/RDF-NLP-SPARQLQuery-0.1-0/blib/lib
    /tmp/loop_over_bdir-19064-8SaYN5/EJBCA-CrlPublish-0.60-0/blib/arch
    /tmp/loop_over_bdir-19064-8SaYN5/EJBCA-CrlPublish-0.60-0/blib/lib
    /tmp/loop_over_bdir-19064-8SaYN5/Lemonldap-NG-Cli-0.2-0/blib/arch
    /tmp/loop_over_bdir-19064-8SaYN5/Lemonldap-NG-Cli-0.2-0/blib/lib
    /tmp/loop_over_bdir-19064-8SaYN5/NoZone-1.3-0/blib/arch
    /tmp/loop_over_bdir-19064-8SaYN5/NoZone-1.3-0/blib/lib
    /tmp/loop_over_bdir-19064-8SaYN5/Devel-Required-0.16-0/blib/arch
    /tmp/loop_over_bdir-19064-8SaYN5/Devel-Required-0.16-0/blib/lib
    /tmp/loop_over_bdir-19064-8SaYN5/CORBA-Python-2.66-0/blib/arch
    /tmp/loop_over_bdir-19064-8SaYN5/CORBA-Python-2.66-0/blib/lib
    /tmp/loop_over_bdir-19064-8SaYN5/LCFG-Build-Skeleton-0.5.0-0/blib/arch
    /tmp/loop_over_bdir-19064-8SaYN5/LCFG-Build-Skeleton-0.5.0-0/blib/lib
    /tmp/loop_over_bdir-19064-8SaYN5/Business-Shipping-DataFiles-1.02-0/blib/arch
    /tmp/loop_over_bdir-19064-8SaYN5/Business-Shipping-DataFiles-1.02-0/blib/lib
    /tmp/loop_over_bdir-19064-8SaYN5/App-oo_modulino_zsh_completion_helper-0.04-0/blib/arch
    /tmp/loop_over_bdir-19064-8SaYN5/App-oo_modulino_zsh_completion_helper-0.04-0/blib/lib
    /tmp/loop_over_bdir-19064-8SaYN5/dta-tokwrap-0.98-0/blib/arch
    /tmp/loop_over_bdir-19064-8SaYN5/dta-tokwrap-0.98-0/blib/lib
    /tmp/loop_over_bdir-19064-8SaYN5/Net-ISP-Balance-1.31-0/blib/arch
    /tmp/loop_over_bdir-19064-8SaYN5/Net-ISP-Balance-1.31-0/blib/lib
    /tmp/loop_over_bdir-19064-8SaYN5/DBIx-Migration-Directories-0.12-0/blib/arch
    /tmp/loop_over_bdir-19064-8SaYN5/DBIx-Migration-Directories-0.12-0/blib/lib
    /tmp/loop_over_bdir-19064-8SaYN5/Alien-SNMP-MIBDEV-2.020000-0/blib/arch
    /tmp/loop_over_bdir-19064-8SaYN5/Alien-SNMP-MIBDEV-2.020000-0/blib/lib
    /tmp/loop_over_bdir-19064-8SaYN5/mmds-1.902-0/blib/arch
    /tmp/loop_over_bdir-19064-8SaYN5/mmds-1.902-0/blib/lib
    /tmp/loop_over_bdir-19064-8SaYN5/App-nrun-v1.1.2-0/blib/arch
    /tmp/loop_over_bdir-19064-8SaYN5/App-nrun-v1.1.2-0/blib/lib
    /tmp/loop_over_bdir-19064-8SaYN5/Serge-1.4-0/blib/arch
    /tmp/loop_over_bdir-19064-8SaYN5/Serge-1.4-0/blib/lib
    /tmp/loop_over_bdir-19064-8SaYN5/shishi-0.0.1-0/blib/arch
    /tmp/loop_over_bdir-19064-8SaYN5/shishi-0.0.1-0/blib/lib
    /tmp/loop_over_bdir-19064-8SaYN5/Device-Kiln-0.03-0/blib/arch
    /tmp/loop_over_bdir-19064-8SaYN5/Device-Kiln-0.03-0/blib/lib
    /tmp/loop_over_bdir-19064-8SaYN5/Dpkg-1.21.1-0/blib/arch
    /tmp/loop_over_bdir-19064-8SaYN5/Dpkg-1.21.1-0/blib/lib
    /tmp/loop_over_bdir-19064-8SaYN5/ProjectBuilder-0.14.1-0/blib/arch
    /tmp/loop_over_bdir-19064-8SaYN5/ProjectBuilder-0.14.1-0/blib/lib
    /tmp/loop_over_bdir-19064-8SaYN5/Lingua-YaTeA-0.626-0/blib/arch
    /tmp/loop_over_bdir-19064-8SaYN5/Lingua-YaTeA-0.626-0/blib/lib
    /tmp/loop_over_bdir-19064-8SaYN5/makepp-1.19-0/blib/arch
    /tmp/loop_over_bdir-19064-8SaYN5/makepp-1.19-0/blib/lib
    /home/sand/src/perl/repoperls/installed-perls/host/k93bionic/v5.35.7/ca05/lib/site_perl/5.35.7/x86_64-linux-ld
    /home/sand/src/perl/repoperls/installed-perls/host/k93bionic/v5.35.7/ca05/lib/site_perl/5.35.7
    /home/sand/src/perl/repoperls/installed-perls/host/k93bionic/v5.35.7/ca05/lib/5.35.7/x86_64-linux-ld
    /home/sand/src/perl/repoperls/installed-perls/host/k93bionic/v5.35.7/ca05/lib/5.35.7
    .