Log-Syslog-Fast v0.67 Perl 5 v5.14.3 i86pc-solaris
- Status
- Fail
- From
- Nigel Horne
- Dist
-
Log-Syslog-Fast v0.67
- Platform
- Perl 5 v5.14.3 i86pc-solaris
- Date
- 2019-12-17 09:40:46
- ID
- 4d2bf4b6-20b1-11ea-a76b-c59edf606d46
This distribution has been tested as part of the CPAN Testers
project, supporting the Perl programming language. See
http://wiki.cpantesters.org/ for more information or email
questions to cpan-testers-discuss@perl.org
--
Dear Adam Thomason,
This is a computer-generated report for Log-Syslog-Fast-0.67
on perl 5.14.3, created by CPAN-Reporter-1.2018.
Thank you for uploading your work to CPAN. However, there was a problem
testing your distribution.
If you think this report is invalid, please consult the CPAN Testers Wiki
for suggestions on how to avoid getting FAIL reports for missing library
or binary dependencies, unsupported operating systems, and so on:
http://wiki.cpantesters.org/wiki/CPANAuthorNotes
Sections of this report:
* Tester comments
* Program output
* Prerequisites
* Environment and other context
------------------------------
TESTER COMMENTS
------------------------------
Additional comments from tester:
this report is from an automated smoke testing program
and was not reviewed by a human for accuracy
------------------------------
PROGRAM OUTPUT
------------------------------
Output from '/usr/bin/make test':
"/export/home/njh/perl5/perlbrew/perls/perl-5.14.3/bin/perl" -MExtUtils::Command::MM -e 'cp_nonempty' -- Fast.bs blib/arch/auto/Log/Syslog/Fast/Fast.bs 644
PERL_DL_NONLAZY=1 "/export/home/njh/perl5/perlbrew/perls/perl-5.14.3/bin/perl" "-MExtUtils::Command::MM" "-MTest::Harness" "-e" "undef *Test::Harness::Switches; test_harness(0, 'blib/lib', 'blib/arch')" t/*.t
t/00-compile.t ................. ok
# Failed test 'unix_dgram: ->send throws on server close'
# at t/01-Log-Syslog-Fast.pl line 228.
# ''
# doesn't match '(?^:Error while sending)'
# Looks like you failed 1 test of 278.
t/01-Log-Syslog-Fast-PP.t ......
Dubious, test returned 1 (wstat 256, 0x100)
Failed 1/278 subtests
# Failed test 'unix_dgram: ->send throws on server close'
# at t/01-Log-Syslog-Fast.pl line 228.
# ''
# doesn't match '(?^:Error while sending)'
# Looks like you failed 1 test of 278.
t/01-Log-Syslog-Fast.t .........
Dubious, test returned 1 (wstat 256, 0x100)
Failed 1/278 subtests
t/02-Log-Syslog-Fast-Simple.t .. ok
Path length (10000) is longer than maximum supported length (108) and will be truncated at /export/home/njh/perl5/perlbrew/perls/perl-5.14.3/lib/site_perl/5.14.3/i86pc-solaris/Socket.pm line 872.
Path length (10000) is longer than maximum supported length (108) and will be truncated at /export/home/njh/perl5/perlbrew/perls/perl-5.14.3/lib/site_perl/5.14.3/i86pc-solaris/Socket.pm line 872.
t/03-corner-cases-pp.t ......... ok
t/03-corner-cases.t ............ ok
t/04-accessors-pp.t ............ ok
t/04-accessors.t ............... ok
t/05-ipv6-pp.t ................. ok
t/05-ipv6.t .................... ok
t/06-large-strings-pp.t ........ ok
t/06-large-strings.t ........... ok
t/08-fd-leak-pp.t .............. ok
t/08-fd-leak.t ................. ok
t/09-undef-strings-pp.t ........ ok
t/09-undef-strings.t ........... ok
Test Summary Report
-------------------
t/01-Log-Syslog-Fast-PP.t (Wstat: 256 Tests: 278 Failed: 1)
Failed test: 207
Non-zero exit status: 1
t/01-Log-Syslog-Fast.t (Wstat: 256 Tests: 278 Failed: 1)
Failed test: 207
Non-zero exit status: 1
Files=16, Tests=790, 2 wallclock secs ( 0.15 usr 0.04 sys + 1.59 cusr 0.28 csys = 2.06 CPU)
Result: FAIL
Failed 2/16 test programs. 2/790 subtests failed.
*** Error code 255
make: Fatal error: Command failed for target `test_dynamic'
------------------------------
PREREQUISITES
------------------------------
Prerequisite modules loaded:
requires:
Module Need Have
---------------------- ---- ----
IO::Socket::IP 0.19 0.39
Log::Syslog::Constants 1.01 1.02
build_requires:
Module Need Have
---------------------- ---- ----
ExtUtils::MakeMaker 0 7.34
configure_requires:
Module Need Have
---------------------- ---- ----
ExtUtils::MakeMaker 0 7.34
------------------------------
ENVIRONMENT AND OTHER CONTEXT
------------------------------
Environment variables:
AUTOMATED_TESTING = 1
NONINTERACTIVE_TESTING = 1
PATH = /export/home/njh/perl5/perlbrew/bin:/export/home/njh/perl5/perlbrew/perls/perl-5.14.3/bin:/export/home/njh/src/njh/smoker/bin:/usr/bin
PERL5LIB = /export/home/njh/.cpan/build/Log-Syslog-Constants-1.02-0/blib/arch:/export/home/njh/.cpan/build/Log-Syslog-Constants-1.02-0/blib/lib
PERL5OPT =
PERL5_CPANPLUS_IS_RUNNING = 26937
PERL5_CPAN_IS_RUNNING = 26937
PERL5_CPAN_IS_RUNNING_IN_RECURSION = 26919,26937
PERLBREW_HOME = /export/home/njh/.perlbrew
PERLBREW_MANPATH = /export/home/njh/perl5/perlbrew/perls/perl-5.14.3/man
PERLBREW_PATH = /export/home/njh/perl5/perlbrew/bin:/export/home/njh/perl5/perlbrew/perls/perl-5.14.3/bin
PERLBREW_PERL = perl-5.14.3
PERLBREW_ROOT = /export/home/njh/perl5/perlbrew
PERLBREW_SHELLRC_VERSION = 0.87
PERLBREW_VERSION = 0.87
PERL_MM_USE_DEFAULT = 1
PERL_USE_UNSAFE_INC = 1
SHELL = /usr/bin/bash
TERM = dumb
TMPDIR = /tmp/testwrapper.26923
Perl special variables (and OS-specific diagnostics, for MSWin32):
$^X = /export/home/njh/perl5/perlbrew/perls/perl-5.14.3/bin/perl
$UID/$EUID = 101 / 101
$GID = 10 10
$EGID = 10 10
Perl module toolchain versions installed:
Module Have
------------------- --------
CPAN 2.26
CPAN::Meta 2.150010
Cwd 3.75
ExtUtils::CBuilder 0.280230
ExtUtils::Command 7.34
ExtUtils::Install 2.14
ExtUtils::MakeMaker 7.34
ExtUtils::Manifest 1.71
ExtUtils::ParseXS 3.35
File::Spec 3.75
JSON 4.02
JSON::PP 2.97001
Module::Build 0.4224
Module::Signature n/a
Parse::CPAN::Meta 2.150010
Test::Harness 3.42
Test::More 1.302168
YAML 1.29
YAML::Syck 1.31
version 0.9924
--
Summary of my perl5 (revision 5 version 14 subversion 3) configuration:
Platform:
osname=solaris, osvers=2.11, archname=i86pc-solaris
uname='sunos vultr1.bandsman.co.uk 5.11 illumos-b075503f22 i86pc i386 i86pc '
config_args='-de -Dprefix=/export/home/njh/perl5/perlbrew/perls/perl-5.14.3 -Aeval:scriptdir=/export/home/njh/perl5/perlbrew/perls/perl-5.14.3/bin'
hint=recommended, useposix=true, d_sigaction=define
useithreads=undef, usemultiplicity=undef
useperlio=define, d_sfio=undef, uselargefiles=define, usesocks=undef
use64bitint=undef, use64bitall=undef, uselongdouble=undef
usemymalloc=n, bincompat5005=undef
Compiler:
cc='/opt/SUNWspro/bin/cc', ccflags ='-I/usr/gnu/include -D_LARGEFILE_SOURCE -D_FILE_OFFSET_BITS=64 -DPERL_USE_SAFE_PUTENV',
optimize='-O',
cppflags='-I/usr/gnu/include'
ccversion='Sun C 5.10 SunOS_i386 2009/06/03', gccversion='', gccosandvers=''
intsize=4, longsize=4, ptrsize=4, doublesize=8, byteorder=1234
d_longlong=define, longlongsize=8, d_longdbl=define, longdblsize=12
ivtype='long', ivsize=4, nvtype='double', nvsize=8, Off_t='off_t', lseeksize=8
alignbytes=4, prototype=define
Linker and Libraries:
ld='/opt/SUNWspro/bin/cc', ldflags =' -L/usr/lib -L/usr/ccs/lib -L/opt/sunstudio12.1/prod/lib -L/lib -L/usr/gnu/lib '
libpth=/usr/lib /usr/ccs/lib /opt/sunstudio12.1/prod/lib /lib /usr/gnu/lib
libs=-lsocket -lnsl -lgdbm -ldb -ldl -lm -lc
perllibs=-lsocket -lnsl -ldl -lm -lc
libc=/lib/libc.so, so=so, useshrplib=true, libperl=libperl.so
gnulibc_version=''
Dynamic Linking:
dlsrc=dl_dlopen.xs, dlext=so, d_dlsymun=undef, ccdlflags=' -R /export/home/njh/perl5/perlbrew/perls/perl-5.14.3/lib/5.14.3/i86pc-solaris/CORE'
cccdlflags='-KPIC', lddlflags='-G -L/usr/lib -L/usr/ccs/lib -L/opt/sunstudio12.1/prod/lib -L/lib -L/usr/gnu/lib'
Characteristics of this binary (from libperl):
Compile-time options: PERL_DONT_CREATE_GVSV PERL_MALLOC_WRAP
PERL_PRESERVE_IVUV PERL_USE_SAFE_PUTENV
USE_LARGE_FILES USE_PERLIO USE_PERL_ATOF
Locally applied patches:
Devel::PatchPerl 1.52
Built under solaris
Compiled at Sep 17 2018 00:34:43
%ENV:
PERL5LIB="/export/home/njh/.cpan/build/Log-Syslog-Constants-1.02-0/blib/arch:/export/home/njh/.cpan/build/Log-Syslog-Constants-1.02-0/blib/lib"
PERL5OPT=""
PERL5_CPANPLUS_IS_RUNNING="26937"
PERL5_CPAN_IS_RUNNING="26937"
PERL5_CPAN_IS_RUNNING_IN_RECURSION="26919,26937"
PERLBREW_HOME="/export/home/njh/.perlbrew"
PERLBREW_MANPATH="/export/home/njh/perl5/perlbrew/perls/perl-5.14.3/man"
PERLBREW_PATH="/export/home/njh/perl5/perlbrew/bin:/export/home/njh/perl5/perlbrew/perls/perl-5.14.3/bin"
PERLBREW_PERL="perl-5.14.3"
PERLBREW_ROOT="/export/home/njh/perl5/perlbrew"
PERLBREW_SHELLRC_VERSION="0.87"
PERLBREW_VERSION="0.87"
PERL_MM_USE_DEFAULT="1"
PERL_USE_UNSAFE_INC="1"
@INC:
/export/home/njh/.cpan/build/Log-Syslog-Constants-1.02-0/blib/arch
/export/home/njh/.cpan/build/Log-Syslog-Constants-1.02-0/blib/lib
/export/home/njh/perl5/perlbrew/perls/perl-5.14.3/lib/site_perl/5.14.3/i86pc-solaris
/export/home/njh/perl5/perlbrew/perls/perl-5.14.3/lib/site_perl/5.14.3
/export/home/njh/perl5/perlbrew/perls/perl-5.14.3/lib/5.14.3/i86pc-solaris
/export/home/njh/perl5/perlbrew/perls/perl-5.14.3/lib/5.14.3
.