Back
From: metabase:user:31dd1d2e-2aae-11df-837a-5e0a49663a4f
Subject: FAIL App-MrShell-2.0207_1 v5.12.2
Date: 2011-02-17T13:37:51Z
This distribution has been tested as part of the CPAN Testers
project, supporting the Perl programming language. See
http://wiki.cpantesters.org/ for more information or email
questions to cpan-testers-discuss@perl.org
--
Dear Paul Miller,
This is a computer-generated report for App-MrShell-2.0207_1
on perl 5.12.2, created by CPAN-Reporter-1.1901.
Thank you for uploading your work to CPAN. However, there was a problem
testing your distribution.
If you think this report is invalid, please consult the CPAN Testers Wiki
for suggestions on how to avoid getting FAIL reports for missing library
or binary dependencies, unsupported operating systems, and so on:
http://wiki.cpantesters.org/wiki/CPANAuthorNotes
Sections of this report:
* Tester comments
* Program output
* Prerequisites
* Environment and other context
------------------------------
TESTER COMMENTS
------------------------------
Additional comments from tester:
this report is from an automated smoke testing program
and was not reviewed by a human for accuracy
------------------------------
PROGRAM OUTPUT
------------------------------
Output from 'C:\Perl-12\site\bin\dmake.exe test':
C:\Perl-12\bin\perl.exe "-MExtUtils::Command::MM" "-e" "test_harness(0, 'blib\lib', 'blib\arch')" t/*.t
t/01_load.t .................. ok
# Failed test 2 in t/05_touch_things.t at line 21
# t/05_touch_things.t line 21 is: ok( -f "test_file.a.1.c1" );
# Failed test 3 in t/05_touch_things.t at line 22
# t/05_touch_things.t line 22 is: ok( -f "test_file.a.2.c2" );
# Failed test 4 in t/05_touch_things.t at line 23
# t/05_touch_things.t line 23 is: ok( -f "test_file.b.1.c1" );
# Failed test 5 in t/05_touch_things.t at line 24
# t/05_touch_things.t line 24 is: ok( -f "test_file.b.2.c2" );
t/05_touch_things.t ..........
Failed 4/5 subtests
Use of uninitialized value $ENV{"HOME"} in concatenation (.) or string at blib/script/mrsh line 11.
Unknown option: e
Usage:
mrsh [options] [--] command
--version -v: print the version, help, and exit
--help -h: print extended help and exit
--host -H: specify a host or group to run commands on
--conf -c: specify config file location, or skip configs
--log -l: specify a logfile location
--trunc -t: overwrite logfile, rather than append
--shell -s: change the (remote-)shell command
--noesc -N: do not escape the sub commands during host-routing mode
--groups -g: show groups and exit
--list : (nickname for --groups)
-- : not strictly an option, but good to put before commands
# Failed test 1 in t/06_touch_things_w_mrsh.t at line 22
# t/06_touch_things_w_mrsh.t line 22 is: ok( $res );
# Failed test 2 in t/06_touch_things_w_mrsh.t at line 23
# t/06_touch_things_w_mrsh.t line 23 is: ok( -f "test_file.a.1.c3" );
# Failed test 3 in t/06_touch_things_w_mrsh.t at line 24
# t/06_touch_things_w_mrsh.t line 24 is: ok( -f "test_file.b.1.c3" );
t/06_touch_things_w_mrsh.t ...
Failed 3/3 subtests
t/07_host_routing.t .......... ok
t/07_host_routing_escapes.t .. ok
# Failed test 2 in t/09_simplest_usersubst.t at line 21
# t/09_simplest_usersubst.t line 21 is: ok( -f "test_file._u.a.b.c1" );
# Failed test 3 in t/09_simplest_usersubst.t at line 22
# t/09_simplest_usersubst.t line 22 is: ok( -f "test_file.c.c2" );
t/09_simplest_usersubst.t ....
Failed 2/3 subtests
t/10_routed_usersubst.t ...... ok
t/critic.t ................... skipped: Author test. Set $ENV{TEST_AUTHOR} to true to run.
t/pod.t ...................... skipped: Author test. Set $ENV{TEST_AUTHOR} to true to run.
Test Summary Report
-------------------
t/05_touch_things.t (Wstat: 0 Tests: 5 Failed: 4)
Failed tests: 2-5
t/06_touch_things_w_mrsh.t (Wstat: 0 Tests: 3 Failed: 3)
Failed tests: 1-3
t/09_simplest_usersubst.t (Wstat: 0 Tests: 3 Failed: 2)
Failed tests: 2-3
Files=9, Tests=23, 6 wallclock secs ( 0.06 usr + 0.00 sys = 0.06 CPU)
Result: FAIL
Failed 3/9 test programs. 9/23 subtests failed.
dmake.exe: Error code 255, while making 'test_dynamic'
------------------------------
PREREQUISITES
------------------------------
Prerequisite modules loaded:
requires:
Module Need Have
------------------- ---- -----
Config::Tiny 0 2.13
POE 0 1.299
Term::ANSIColor 0 3.00
Text::Balanced 0 2.02
configure_requires:
Module Need Have
------------------- ---- -----
ExtUtils::MakeMaker 0 6.56
------------------------------
ENVIRONMENT AND OTHER CONTEXT
------------------------------
Environment variables:
ACTIVEPERL_CONFIG_SILENT = 1
AUTOMATED_TESTING = 1
COMSPEC = C:\Windows\system32\cmd.exe
NUMBER_OF_PROCESSORS = 2
PATH = C:\Perl-12\site\bin;C:\Perl-12\bin;C:\Program Files (x86)\PC Connectivity Solution\;c:\Program Files (x86)\NVIDIA Corporation\PhysX\Common;C:\Program Files (x86)\ActiveState Komodo IDE 5\;C:\Windows\system32;C:\Windows;C:\Windows\System32\Wbem;C:\Windows\System32\WindowsPowerShell\v1.0\;C:\Program Files (x86)\TortoiseSVN\bin
PERL5LIB = C:\Perl-12\cpan\build\POE-1.299-VfylYT/blib/arch;C:\Perl-12\cpan\build\POE-1.299-VfylYT/blib/lib;C:\Perl-12\cpan\build\POE-Test-Loops-1.040-zuYd_7/blib/arch;C:\Perl-12\cpan\build\POE-Test-Loops-1.040-zuYd_7/blib/lib
PERL5OPT =
PERL5_CPANPLUS_IS_RUNNING = 3592
PERL5_CPAN_IS_RUNNING = 3592
PERL5_CPAN_IS_RUNNING_IN_RECURSION = 6776,3592
PERL_CR_SMOKER_CURRENT = App-MrShell-2.0207_1
PERL_EXTUTILS_AUTOINSTALL = --defaultdeps
PERL_MM_USE_DEFAULT = 1
PROCESSOR_IDENTIFIER = AMD64 Family 16 Model 4 Stepping 2, AuthenticAMD
TEMP = C:\Users\Mithaldu\AppData\Local\Temp
TERM = dumb
Perl special variables (and OS-specific diagnostics, for MSWin32):
$^X = C:\Perl-12\bin\perl.exe
$UID/$EUID = 0 / 0
$GID = 0
$EGID = 0
Win32::GetOSName = Win7
Win32::GetOSVersion = , 6, 1, 7600, 2, 0, 0, 256, 1
Win32::FsType = NTFS
Win32::IsAdminUser = 0
Perl module toolchain versions installed:
Module Have
------------------- -------
CPAN 1.94_56
Cwd 3.33
ExtUtils::CBuilder 0.2703
ExtUtils::Command 1.16
ExtUtils::Install 1.55
ExtUtils::MakeMaker 6.56
ExtUtils::Manifest 1.58
ExtUtils::ParseXS 2.2206
File::Spec 3.33
Module::Build 0.3607
Module::Signature n/a
Test::Harness 3.22
Test::More 0.96
YAML n/a
YAML::Syck n/a
version 0.82
--
Summary of my perl5 (revision 5 version 12 subversion 2) configuration:
Platform:
osname=MSWin32, osvers=5.2, archname=MSWin32-x86-multi-thread
uname=''
config_args='undef'
hint=recommended, useposix=true, d_sigaction=undef
useithreads=define, usemultiplicity=define
useperlio=define, d_sfio=undef, uselargefiles=define, usesocks=undef
use64bitint=undef, use64bitall=undef, uselongdouble=undef
usemymalloc=n, bincompat5005=undef
Compiler:
cc='C:/Perl-12/site/bin/gcc.exe', ccflags ='-DNDEBUG -DWIN32 -D_CONSOLE -DNO_STRICT -DHAVE_DES_FCRYPT -DUSE_SITECUSTOMIZE -DPERL_IMPLICIT_CONTEXT -DPERL_IMPLICIT_SYS -DUSE_PERLIO -D_USE_32BIT_TIME_T -DPERL_MSVCRT_READFIX -DHASATTRIBUTE -fno-strict-aliasing -mms-bitfields',
optimize='-O2',
cppflags='-DWIN32'
ccversion='', gccversion='3.4.5 (mingw-vista special r3)', gccosandvers=''
intsize=4, longsize=4, ptrsize=4, doublesize=8, byteorder=1234
d_longlong=undef, longlongsize=8, d_longdbl=define, longdblsize=8
ivtype='long', ivsize=4, nvtype='double', nvsize=8, Off_t='__int64', lseeksize=8
alignbytes=8, prototype=define
Linker and Libraries:
ld='C:\Perl-12\site\bin\g++.exe', ldflags ='-L"C:\Perl-12\lib\CORE"'
libpth=\lib
libs=-lkernel32 -luser32 -lgdi32 -lwinspool -lcomdlg32 -ladvapi32 -lshell32 -lole32 -loleaut32 -lnetapi32 -luuid -lws2_32 -lmpr -lwinmm -lversion -lodbc32 -lodbccp32 -lcomctl32 -lmsvcrt
perllibs=-lkernel32 -luser32 -lgdi32 -lwinspool -lcomdlg32 -ladvapi32 -lshell32 -lole32 -loleaut32 -lnetapi32 -luuid -lws2_32 -lmpr -lwinmm -lversion -lodbc32 -lodbccp32 -lcomctl32 -lmsvcrt
libc=msvcrt.lib, so=dll, useshrplib=true, libperl=perl512.lib
gnulibc_version=''
Dynamic Linking:
dlsrc=dl_win32.xs, dlext=dll, d_dlsymun=undef, ccdlflags=' '
cccdlflags=' ', lddlflags='-mdll -L"C:\Perl-12\lib\CORE"'
Characteristics of this binary (from libperl):
Compile-time options: MULTIPLICITY PERL_DONT_CREATE_GVSV
PERL_IMPLICIT_CONTEXT PERL_IMPLICIT_SYS
PERL_MALLOC_WRAP PL_OP_SLAB_ALLOC USE_ITHREADS
USE_LARGE_FILES USE_PERLIO USE_PERL_ATOF
USE_SITECUSTOMIZE
Locally applied patches:
ActivePerl Build 1203 [294165]
1fd8fa4 Add Wolfram Humann to AUTHORS
f120055 make string-append on win32 100 times faster
a2a8d15 Define _USE_32BIT_TIME_T for VC6 and VC7
007cfe1 Don't pretend to support really old VC++ compilers
6d8f7c9 Get rid of obsolete PerlCRT.dll support
d956618 Make Term::ReadLine::findConsole fall back to STDIN if /dev/tty can't be opened
321e50c Escape patch strings before embedding them in patchlevel.h
Built under MSWin32
Compiled at Dec 9 2010 04:03:28
%ENV:
PERL5LIB="C:\Perl-12\cpan\build\POE-1.299-VfylYT/blib/arch;C:\Perl-12\cpan\build\POE-1.299-VfylYT/blib/lib;C:\Perl-12\cpan\build\POE-Test-Loops-1.040-zuYd_7/blib/arch;C:\Perl-12\cpan\build\POE-Test-Loops-1.040-zuYd_7/blib/lib"
PERL5_CPANPLUS_IS_RUNNING="3592"
PERL5_CPAN_IS_RUNNING="3592"
PERL5_CPAN_IS_RUNNING_IN_RECURSION="6776,3592"
PERL_CR_SMOKER_CURRENT="App-MrShell-2.0207_1"
PERL_EXTUTILS_AUTOINSTALL="--defaultdeps"
PERL_MM_USE_DEFAULT="1"
@INC:
C:\Perl-12\cpan\build\POE-1.299-VfylYT/blib/arch
C:\Perl-12\cpan\build\POE-1.299-VfylYT/blib/lib
C:\Perl-12\cpan\build\POE-Test-Loops-1.040-zuYd_7/blib/arch
C:\Perl-12\cpan\build\POE-Test-Loops-1.040-zuYd_7/blib/lib
C:/Perl-12/site/lib
C:/Perl-12/lib
.