Dancer v1.3520 Perl 5 v5.34.1 x86_64-linux

Status
Fail
From
Slaven Rezić
Dist
Dancer v1.3520
Platform
Perl 5 v5.34.1 x86_64-linux
Date
2023-01-04 08:03:40
ID
4c9c1706-8c06-11ed-ba1c-a4176e8775ea
This distribution has been tested as part of the CPAN Testers
project, supporting the Perl programming language.  See
http://wiki.cpantesters.org/ for more information or email
questions to cpan-testers-discuss@perl.org


--
Dear David Precious,

This is a computer-generated report for Dancer-1.3520
on perl 5.34.1, created by CPAN-Reporter-1.2018.

Thank you for uploading your work to CPAN.  However, there was a problem
testing your distribution.

If you think this report is invalid, please consult the CPAN Testers Wiki
for suggestions on how to avoid getting FAIL reports for missing library
or binary dependencies, unsupported operating systems, and so on:

http://wiki.cpantesters.org/wiki/CPANAuthorNotes

Sections of this report:

    * Tester comments
    * Program output
    * Prerequisites
    * Environment and other context

------------------------------
TESTER COMMENTS
------------------------------

Additional comments from tester:

none provided

------------------------------
PROGRAM OUTPUT
------------------------------

Output from '/usr/bin/make test':

PERL_DL_NONLAZY=1 "/opt/perl-5.34.1/bin/perl" "-MExtUtils::Command::MM" "-MTest::Harness" "-e" "undef *Test::Harness::Switches; test_harness(0, 'blib/lib', 'blib/arch')" t/*.t t/00_base/*.t t/01_config/*.t t/02_request/*.t t/03_route_handler/*.t t/04_static_file/*.t t/05_views/*.t t/06_helpers/*.t t/07_apphandlers/*.t t/08_session/*.t t/09_cookies/*.t t/10_template/*.t t/11_logger/*.t t/12_response/*.t t/13_engines/*.t t/14_serializer/*.t t/15_plugins/*.t t/16_timer/*.t t/17_apps/*.t t/19_dancer/*.t t/20_deprecation/*.t t/21_dependents/*.t t/22_hooks/*.t t/23_dancer_tests/*.t t/24_deployment/*.t t/25_exceptions/*.t
t/00-compile.t ...................................... ok
# 
# Versions for all modules listed in MYMETA.json (including optional ones):
# 
# === Configure Requires ===
# 
#     Module              Want Have
#     ------------------- ---- ----
#     ExtUtils::MakeMaker  any 7.64
# 
# === Configure Suggests ===
# 
#     Module      Want Have
#     -------- ------- ----
#     JSON::PP 2.27300 4.16
# 
# === Build Requires ===
# 
#     Module              Want Have
#     ------------------- ---- ----
#     ExtUtils::MakeMaker  any 7.64
# 
# === Test Requires ===
# 
#     Module               Want     Have
#     ------------------- ----- --------
#     Data::Dump            any     1.25
#     Devel::Hide           any   0.0015
#     Digest::MD5           any     2.58
#     ExtUtils::MakeMaker   any     7.64
#     File::Spec            any     3.80
#     HTTP::CookieJar     0.008    0.014
#     HTTP::Request         any     6.44
#     HTTP::Tiny          0.014    0.076
#     IO::Handle            any     1.46
#     IO::Socket::INET      any     1.46
#     IPC::Open3            any     1.21
#     JSON                 2.90     4.10
#     Plack::Builder        any    undef
#     Test::LongString      any     0.17
#     Test::More            any 1.302191
#     Test::NoWarnings      any     1.06
#     utf8                  any     1.24
# 
# === Test Recommends ===
# 
#     Module         Want     Have
#     ---------- -------- --------
#     CPAN::Meta 2.120900 2.150010
# 
# === Runtime Requires ===
# 
#     Module                      Want     Have
#     -------------------------- ----- --------
#     Carp                         any     1.52
#     Cwd                          any     3.80
#     Data::Dumper                 any    2.179
#     Encode                       any     3.19
#     Exporter                     any     5.76
#     Fcntl                        any     1.14
#     File::Basename               any     2.85
#     File::Copy                   any     2.35
#     File::Path                   any     2.18
#     File::Spec                   any     3.80
#     File::Spec::Functions        any     3.80
#     File::Temp                   any   0.2311
#     File::stat                   any     1.09
#     FindBin                      any     1.52
#     Getopt::Long                 any     2.52
#     HTTP::Body                   any     1.22
#     HTTP::Date                   any     6.05
#     HTTP::Headers                any     6.44
#     HTTP::Server::Simple::PSGI   any     0.16
#     HTTP::Tiny                 0.014    0.076
#     Hash::Merge::Simple          any    0.051
#     IO::File                     any     1.46
#     MIME::Types                  any     2.23
#     Module::Runtime              any    0.016
#     POSIX                        any     1.97
#     Pod::Usage                   any     2.01
#     Scalar::Util                 any     1.63
#     Test::Builder                any 1.302191
#     Test::LongString             any     0.17
#     Test::More                   any 1.302191
#     Time::HiRes                  any   1.9767
#     Try::Tiny                    any     0.31
#     URI                          any     5.17
#     URI::Escape                  any     5.17
#     base                         any     2.27
#     bytes                        any     1.08
#     constant                     any     1.33
#     lib                          any     0.65
#     overload                     any     1.33
#     parent                       any    0.238
#     strict                       any     1.12
#     vars                         any     1.05
#     warnings                     any     1.51
# 
# === Runtime Recommends ===
# 
#     Module      Want Have
#     ----------- ---- ----
#     MIME::Types 2.17 2.23
#     YAML         any 1.30
#     YAML::XS     any 0.85
# 
t/00-report-prereqs.t ............................... ok
t/00_base/000_create_fake_env.t ..................... ok
# Testing Dancer 1.3520, Perl 5.034001, /opt/perl-5.34.1/bin/perl
t/00_base/001_load.t ................................ ok
t/00_base/002_strict_and_warnings.t ................. ok
t/00_base/003_syntax.t .............................. ok
t/00_base/004_args.t ................................ ok
t/00_base/005_module_loader.t ....................... ok
t/00_base/007_load_syntax.t ......................... ok
t/00_base/008_export.t .............................. ok
t/00_base/009_syntax_export.t ....................... ok
t/00_base/010_export_script.t ....................... ok
t/00_base/06_dancer_object.t ........................ ok
t/00_base/08_pod_coverage_dancer.t .................. ok
t/00_base/09_load_app.t ............................. ok
t/00_base/11_file_utils.t ........................... ok
t/00_base/12_utf8_charset.t ......................... ok
t/00_base/13_dancer_singleton.t ..................... ok
t/00_base/15_dependent_modules.t .................... skipped: Author tests not required for installation
t/00_base/17_globalwarnings_config_on.t ............. ok
t/00_base/config.t .................................. ok
t/00_base/easymocker.t .............................. ok
t/00_base/normalize_path.t .......................... ok
# Test::TCP 2.22 loaded successfully
# Test::More 1.302191 loaded successfully
# JSON 4.10 loaded successfully
# YAML 1.30 loaded successfully
# Clone 0.46 loaded successfully
# Plack 1.0050 loaded successfully
# XML::Simple 2.25 loaded successfully
# HTTP::Parser::XS is not available
t/00_base/optional-module-versions.t ................ ok
t/00_base/uri_for.t ................................. ok
t/01_config/01_settings.t ........................... ok
t/01_config/02_mime_type.t .......................... ok
t/01_config/03_logger.t ............................. ok
t/01_config/04_config_file.t ........................ ok
Warning: 'ParserOpts' is deprecated, contact the author if you need it at /home/cpansand/.cpan/build/2023010211/Dancer-1.3520-0/blib/lib/Dancer/Serializer/XML.pm line 99.
t/01_config/05_serializers.t ........................ ok
# Testing YAML parsing with YAML::XS version 0.85
# Testing YAML parsing with YAML version 1.30
t/01_config/06_config_api.t ......................... ok
t/01_config/06_stack_trace.t ........................ ok
t/01_config/07_strict_config.t ...................... ok
t/01_config/08_environments.t ....................... ok
t/01_config/yaml_dependency.t ....................... ok
t/02_request/000_create_fake_env.t .................. ok
t/02_request/01_load.t .............................. ok
t/02_request/04_custom.t ............................ ok
t/02_request/04_forward.t ........................... ok
t/02_request/05_cgi_pm_compat.t ..................... ok
t/02_request/06_init_env.t .......................... ok
# OK
t/02_request/07_raw_data.t .......................... ok
t/02_request/08_param_array.t ....................... ok
t/02_request/08_params.t ............................ ok
t/02_request/10_mixed_params.t ...................... ok
t/02_request/11_accessors.t ......................... ok
t/02_request/12_base.t .............................. ok
t/02_request/13_ajax.t .............................. ok
t/02_request/14_uploads.t ........................... ok
t/02_request/15_headers.t ........................... ok
t/02_request/16_delete.t ............................ ok
t/02_request/17_uri_base.t .......................... ok
t/02_request/18_param_accessor.t .................... ok
t/02_request/19_json_body.t ......................... ok
t/02_request/20_body.t .............................. ok
t/02_request/21_dancer_response_multiple_params.t ... ok
t/03_route_handler/01_http_methods.t ................ ok
t/03_route_handler/02_params.t ...................... ok
t/03_route_handler/03_routes_api.t .................. ok
t/03_route_handler/04_routes_matching.t ............. ok
t/03_route_handler/04_wildcards_megasplat.t ......... ok
t/03_route_handler/05_filter.t ...................... ok
t/03_route_handler/05_unicode.t ..................... ok
t/03_route_handler/06_redirect.t .................... ok
t/03_route_handler/07_compilation_warning.t ......... ok
t/03_route_handler/08_errors.t ...................... ok
t/03_route_handler/12_response.t .................... ok
t/03_route_handler/12_response_halt.t ............... ok
t/03_route_handler/14_options.t ..................... ok
t/03_route_handler/15_prefix.t ...................... ok
t/03_route_handler/16_caching.t ..................... ok
t/03_route_handler/16_embedded_prefixes.t ........... ok
t/03_route_handler/18_auto_page.t ................... ok
t/03_route_handler/21_ajax.t ........................ ok
t/03_route_handler/23_filter_error_catching.t ....... ok
t/03_route_handler/24_multiple_params.t ............. ok
t/03_route_handler/24_named_captures.t .............. ok
t/03_route_handler/28_plack_mount.t ................. ok
t/03_route_handler/29_forward.t ..................... ok
t/03_route_handler/29_redirect_immediately.t ........ ok
t/03_route_handler/30_forward_session.t ............. ok
t/03_route_handler/31_infinite_loop.t ............... ok
t/03_route_handler/33_vars.t ........................ ok
t/03_route_handler/34_forward_body_post.t ........... ok
t/03_route_handler/35_no_further_routes.t ........... ok
t/03_route_handler/36_false_routes.t ................ ok
t/03_route_handler/99_bugs.t ........................ ok
t/04_static_file/001_base.t ......................... ok
t/04_static_file/003_mime_types_reinit.t ............ ok
t/04_static_file/01_mime_types.t .................... ok
t/04_static_file/02_dir_traversal.t ................. ok
t/05_views/002_view_rendering.t ..................... ok
t/05_views/03_layout.t .............................. ok
t/06_helpers/000_create_fake_env.t .................. ok
t/06_helpers/01_send_file.t ......................... ok
t/06_helpers/02_http_status.t ....................... ok
t/06_helpers/03_content_type.t ...................... ok
t/06_helpers/04_status.t ............................ ok
t/06_helpers/05_send_error.t ........................ ok
t/06_helpers/06_load.t .............................. ok
t/06_helpers/07_send_error.t ........................ ok
t/07_apphandlers/000_create_fake_env.t .............. ok
t/07_apphandlers/01_base.t .......................... ok
t/07_apphandlers/02_apache2_plack.t ................. ok
t/07_apphandlers/03_psgi_app.t ...................... ok
t/07_apphandlers/04_standalone_app.t ................ ok
t/07_apphandlers/05_middlewares.t ................... ok
t/07_apphandlers/05_psgi_api.t ...................... ok
t/07_apphandlers/06_debug.t ......................... ok
t/07_apphandlers/07_middleware_map.t ................ ok
t/07_apphandlers/08_is_text.t ....................... ok
t/08_session/000_create_fake_env.t .................. ok
t/08_session/01_load.t .............................. ok
Use of uninitialized value in subroutine entry at /home/cpansand/.cpan/build/2023010211/Dancer-1.3520-0/blib/lib/Dancer/FileUtils.pm line 32.
t/08_session/02_dependency_check.t .................. ok
t/08_session/03_http_requests.t ..................... ok
t/08_session/04_api.t ............................... ok
t/08_session/05_yaml.t .............................. ok
t/08_session/06_abstract.t .......................... ok
t/08_session/07_session_expires.t ................... ok
t/08_session/08_simple.t ............................ ok
t/08_session/09_session.t ........................... ok
t/08_session/10_filter.t ............................ ok
t/08_session/11_session_secure.t .................... ok
t/08_session/12_session_name.t ...................... ok
t/08_session/13_session_httponly.t .................. ok
t/08_session/14_session_domain.t .................... ok
# 200
# Cookie: dancer.session=59349212394909547539915745555681638; path=/; SameSite=Strict; HttpOnly
# 200
# Cookie: dancer.session=59349212395909547539916745555681639; path=/; SameSite=Lax; HttpOnly
# 200
# Cookie: dancer.session=59349212396909547539917745555681640; path=/; SameSite=Strict; HttpOnly
# 200
# Cookie: dancer.session=59349212397909547539918745555681641; path=/; SameSite=None; HttpOnly
# 200
# Cookie: dancer.session=59349212398909547539919745555681642; path=/; SameSite=None; HttpOnly
# 200
# Cookie: dancer.session=59349212399909547539920745555681643; path=/; SameSite=None; HttpOnly
t/08_session/15_session_samesite.t .................. ok
t/09_cookies/000_create_fake_env.t .................. ok
t/09_cookies/01_use.t ............................... ok
t/09_cookies/02_cookie_object.t ..................... ok
t/09_cookies/03_persistence.t ....................... ok
t/09_cookies/04_secure.t ............................ ok
t/09_cookies/05_api.t ............................... ok
t/09_cookies/06_expires.t ........................... ok
t/10_template/000_create_fake_env.t ................. ok
t/10_template/01_factory.t .......................... ok
t/10_template/02_abstract_class.t ................... ok
t/10_template/03_simple.t ........................... ok
t/10_template/05_template_toolkit.t ................. ok
t/10_template/05_template_toolkit_fromdata.t ........ skipped: module Template::Provider::FromDATA required
t/10_template/extension.t ........................... ok
t/10_template/template.t ............................ ok
t/11_logger/000_create_fake_env.t ................... ok
t/11_logger/01_abstract.t ........................... ok
t/11_logger/02_factory.t ............................ ok
t/11_logger/03_file.t ............................... ok
t/11_logger/04_console.t ............................ ok
t/11_logger/05_format.t ............................. ok
t/11_logger/06_null.t ............................... ok
t/11_logger/07_diag.t ............................... ok
t/11_logger/08_serialize.t .......................... ok
t/11_logger/09_capture.t ............................ ok
t/11_logger/10_note.t ............................... ok
t/11_logger/11_runtime_file.t ....................... ok
t/11_logger/unicode.t ............................... ok
t/12_response/000_create_fake_env.t ................. ok
t/12_response/01_CRLF_injection.t ................... ok
t/12_response/02_headers.t .......................... ok
t/12_response/03_charset.t .......................... ok
Wide character in print at /home/cpansand/.local/share/.cpan/build/2023010211/HTTP-Server-Simple-PSGI-0.16-0/blib/lib/HTTP/Server/Simple/PSGI.pm line 132, <DATA> line 16.
Wide character in print at /home/cpansand/.local/share/.cpan/build/2023010211/HTTP-Server-Simple-PSGI-0.16-0/blib/lib/HTTP/Server/Simple/PSGI.pm line 132, <DATA> line 16.
t/12_response/04_charset_server.t ................... ok
t/12_response/05_api.t .............................. ok
t/12_response/06_filter_halt_status.t ............... ok
t/12_response/07_cookies.t .......................... ok
t/12_response/08_drop_content.t ..................... ok
t/12_response/09_headers_to_array.t ................. ok
Data exceeding 100 levels, truncating
t/12_response/10_error_dumper.t ..................... ok
t/12_response/10_error_dumper_without_clone.t ....... skipped: skip tests with HTTP::Message >= 6.44, GH #1237
t/12_response/11_CVE-2012-5572.t .................... ok
t/13_engines/00_load.t .............................. ok
t/13_engines/02_template_init.t ..................... ok
Warning: 'ParserOpts' is deprecated, contact the author if you need it at /home/cpansand/.cpan/build/2023010211/Dancer-1.3520-0/blib/lib/Dancer/Serializer/XML.pm line 99.
Warning: 'ParserOpts' is deprecated, contact the author if you need it at /home/cpansand/.cpan/build/2023010211/Dancer-1.3520-0/blib/lib/Dancer/Serializer/XML.pm line 99.
Warning: 'ParserOpts' is deprecated, contact the author if you need it at /home/cpansand/.cpan/build/2023010211/Dancer-1.3520-0/blib/lib/Dancer/Serializer/XML.pm line 99.
t/14_serializer/01_helpers.t ........................ ok
t/14_serializer/02_request_json.t ................... ok
t/14_serializer/03_request_yaml.t ................... ok
Warning: 'ParserOpts' is deprecated, contact the author if you need it at /home/cpansand/.cpan/build/2023010211/Dancer-1.3520-0/blib/lib/Dancer/Serializer/XML.pm line 99.
Warning: 'ParserOpts' is deprecated, contact the author if you need it at /home/cpansand/.cpan/build/2023010211/Dancer-1.3520-0/blib/lib/Dancer/Serializer/XML.pm line 99.
Warning: 'ParserOpts' is deprecated, contact the author if you need it at /home/cpansand/.cpan/build/2023010211/Dancer-1.3520-0/blib/lib/Dancer/Serializer/XML.pm line 99.
Warning: 'ParserOpts' is deprecated, contact the author if you need it at /home/cpansand/.cpan/build/2023010211/Dancer-1.3520-0/blib/lib/Dancer/Serializer/XML.pm line 99.
Warning: 'ParserOpts' is deprecated, contact the author if you need it at /home/cpansand/.cpan/build/2023010211/Dancer-1.3520-0/blib/lib/Dancer/Serializer/XML.pm line 99.

#   Failed test 'No XXE SSRF vulnerability in our XML handling'
#   at t/14_serializer/04_request_xml.t line 134.
#          got: '2'
#     expected: '1'
# access_line: Accessed at Mon Jan  2 11:14:18 2023
# access_line: Accessed at Mon Jan  2 11:14:18 2023
# Looks like you failed 1 test of 11.
t/14_serializer/04_request_xml.t .................... 
Dubious, test returned 1 (wstat 256, 0x100)
Failed 1/11 subtests 
t/14_serializer/05_request_mutable.t ................ ok
t/14_serializer/06_api.t ............................ ok
t/14_serializer/07_request_jsonp.t .................. ok
t/14_serializer/17_clear_serializer.t ............... ok
t/14_serializer/18_mutable_template_or_serialize.t .. ok
t/14_serializer/99_bugs.t ........................... ok
t/15_plugins/000_create_fake_env.t .................. ok
t/15_plugins/01_register.t .......................... ok
t/15_plugins/02_config.t ............................ ok
t/15_plugins/03_namespace.t ......................... ok
t/15_plugins/04_apps_and_plugins.t .................. ok
t/15_plugins/05_keywords.t .......................... ok
t/15_plugins/05_plugins_and_OO.t .................... ok
t/15_plugins/05b_plugins_and_c3.t ................... ok
t/15_plugins/06_hook.t .............................. ok
t/15_plugins/07_ajax_plack_builder.t ................ ok
t/16_timer/00_base.t ................................ ok
t/17_apps/000_create_fake_env.t ..................... ok
t/17_apps/00_base.t ................................. ok
t/17_apps/01_settings.t ............................. ok
t/17_apps/02_load_app.t ............................. ok
t/17_apps/03_prefix.t ............................... ok
t/17_apps/05_api.t .................................. ok
t/19_dancer/01_script.t ............................. ok
t/19_dancer/02_script_version_from.t ................ ok
t/20_deprecation/01_api.t ........................... ok
t/21_dependents/Dancer-Session-Cookie.t ............. skipped: Dancer::Session::Cookie 0.14 required
t/22_hooks/00_syntax.t .............................. ok
t/22_hooks/01_api.t ................................. ok
t/22_hooks/02_before.t .............................. ok
t/22_hooks/03_after.t ............................... ok
t/22_hooks/04_template.t ............................ ok
t/22_hooks/05_layout.t .............................. ok
t/22_hooks/06_serializer.t .......................... ok
t/22_hooks/07_file.t ................................ ok
t/22_hooks/08_error.t ............................... ok
t/22_hooks/09_before_error_init.t ................... ok
t/22_hooks/10_error_in_hook.t ....................... ok
t/22_hooks/11_error_in_hook.t ....................... ok
t/23_dancer_tests/01_basic.t ........................ ok
t/23_dancer_tests/02_tests_functions.t .............. ok
t/23_dancer_tests/03_uris.t ......................... ok
t/24_deployment/01_multi_webapp.t ................... ok
t/25_exceptions/01_exceptions.t ..................... ok
t/25_exceptions/02_exceptions.t ..................... ok
t/25_exceptions/03_exceptions.t ..................... ok
t/25_exceptions/04_exceptions_warn.t ................ ok
t/author-distmeta.t ................................. skipped: these tests are for testing by the author
t/author-pod-syntax.t ............................... skipped: these tests are for testing by the author
t/pod.t ............................................. skipped: Author tests not required for installation

Test Summary Report
-------------------
t/14_serializer/04_request_xml.t                  (Wstat: 256 Tests: 11 Failed: 1)
  Failed test:  11
  Non-zero exit status: 1
Files=224, Tests=2213, 42 wallclock secs ( 0.66 usr  0.28 sys + 35.47 cusr  4.50 csys = 40.91 CPU)
Result: FAIL
Failed 1/224 test programs. 1/2213 subtests failed.
make: *** [Makefile:1302: test_dynamic] Error 255

------------------------------
PREREQUISITES
------------------------------

Prerequisite modules loaded:

requires:

    Module                     Need  Have    
    -------------------------- ----- --------
    base                       0     2.27    
    bytes                      0     1.08    
    Carp                       0     1.52    
    constant                   0     1.33    
    Cwd                        0     3.80    
    Data::Dumper               0     2.179   
    Encode                     0     3.19    
    Exporter                   0     5.76    
    Fcntl                      0     1.14    
    File::Basename             0     2.85    
    File::Copy                 0     2.35    
    File::Path                 0     2.18    
    File::Spec                 0     3.80    
    File::Spec::Functions      0     3.80    
    File::stat                 0     1.09    
    File::Temp                 0     0.2311  
    FindBin                    0     1.52    
    Getopt::Long               0     2.52    
    Hash::Merge::Simple        0     0.051   
    HTTP::Body                 0     1.22    
    HTTP::Date                 0     6.05    
    HTTP::Headers              0     6.44    
    HTTP::Server::Simple::PSGI 0     0.16    
    HTTP::Tiny                 0.014 0.076   
    IO::File                   0     1.46    
    lib                        0     0.65    
    MIME::Types                0     2.23    
    Module::Runtime            0     0.016   
    overload                   0     1.33    
    parent                     0     0.238   
    perl                       5.006 5.034001
    Pod::Usage                 0     2.01    
    POSIX                      0     1.97    
    Scalar::Util               0     1.63    
    strict                     0     1.12    
    Test::Builder              0     1.302191
    Test::LongString           0     0.17    
    Test::More                 0     1.302191
    Time::HiRes                0     1.9767  
    Try::Tiny                  0     0.31    
    URI                        0     5.17    
    URI::Escape                0     5.17    
    vars                       0     1.05    
    warnings                   0     1.51    

build_requires:

    Module                     Need  Have    
    -------------------------- ----- --------
    Data::Dump                 0     1.25    
    Devel::Hide                0     0.0015  
    Digest::MD5                0     2.58    
    ExtUtils::MakeMaker        0     7.64    
    File::Spec                 0     3.80    
    HTTP::CookieJar            0.008 0.014   
    HTTP::Request              0     6.44    
    HTTP::Tiny                 0.014 0.076   
    IO::Handle                 0     1.46    
    IO::Socket::INET           0     1.46    
    IPC::Open3                 0     1.21    
    JSON                       2.90  4.10    
    Plack::Builder             0     0       
    Test::LongString           0     0.17    
    Test::More                 0     1.302191
    Test::NoWarnings           0     1.06    
    utf8                       0     1.24    

configure_requires:

    Module                     Need  Have    
    -------------------------- ----- --------
    ExtUtils::MakeMaker        0     7.64    


------------------------------
ENVIRONMENT AND OTHER CONTEXT
------------------------------

Environment variables:

    LANG = en_US.UTF-8
    PATH = /usr/local/bin:/usr/bin:/bin:/usr/local/sbin:/usr/sbin:/sbin:/home/cpansand/bin/linux-gnu:/home/cpansand/bin/sh:/home/cpansand/bin:/usr/games:/home/cpansand/devel:/home/eserte/src/srezic-misc/scripts
    PERL5LIB = /home/cpansand/.local/share/.cpan/build/2023010211/Hash-Merge-Simple-0.051-0/blib/arch:/home/cpansand/.local/share/.cpan/build/2023010211/Hash-Merge-Simple-0.051-0/blib/lib:/home/cpansand/.local/share/.cpan/build/2023010211/HTTP-Server-Simple-PSGI-0.16-0/blib/arch:/home/cpansand/.local/share/.cpan/build/2023010211/HTTP-Server-Simple-PSGI-0.16-0/blib/lib:/home/cpansand/.local/share/.cpan/build/2023010211/HTTP-Server-Simple-0.52-0/blib/arch:/home/cpansand/.local/share/.cpan/build/2023010211/HTTP-Server-Simple-0.52-0/blib/lib:/home/cpansand/.local/share/.cpan/build/2023010211/CGI-4.54-0/blib/arch:/home/cpansand/.local/share/.cpan/build/2023010211/CGI-4.54-0/blib/lib:/home/cpansand/.local/share/.cpan/build/2023010211/HTTP-CookieJar-0.014-0/blib/arch:/home/cpansand/.local/share/.cpan/build/2023010211/HTTP-CookieJar-0.014-0/blib/lib
    PERL5OPT = 
    PERL5_CPANPLUS_IS_RUNNING = 1927278
    PERL5_CPAN_IS_RUNNING = 1927278
    PERL5_CPAN_IS_RUNNING_IN_RECURSION = 1927173,1927278
    PERLDOC = -MPod::Perldoc::ToTextOverstrike
    PERL_BATCH = yes
    PERL_CANARY_STABILITY_NOPROMPT = 1
    PERL_CPAN_REPORTER_CONFIG = /var/tmp/cpansmoker-1023/2023010211/cpanreporter_000_config.ini
    PERL_EXTUTILS_AUTOINSTALL = --defaultdeps
    PERL_USE_UNSAFE_INC = 1
    SHELL = /usr/bin/zsh
    TERM = screen
    TMPDIR = /var/tmp/cpansmoker-1023/2023010211

Perl special variables (and OS-specific diagnostics, for MSWin32):

    $^X = /opt/perl-5.34.1/bin/perl
    $UID/$EUID = 1023 / 1023
    $GID = 1023 1023
    $EGID = 1023 1023

Perl module toolchain versions installed:

    Module              Have    
    ------------------- --------
    CPAN                2.28    
    CPAN::Meta          2.150010
    Cwd                 3.80    
    ExtUtils::CBuilder  0.280236
    ExtUtils::Command   7.64    
    ExtUtils::Install   2.22    
    ExtUtils::MakeMaker 7.64    
    ExtUtils::Manifest  1.73    
    ExtUtils::ParseXS   3.43    
    File::Spec          3.80    
    JSON                4.10    
    JSON::PP            4.16    
    Module::Build       0.4232  
    Module::Signature   n/a     
    Parse::CPAN::Meta   2.150010
    Test::Harness       3.43    
    Test::More          1.302191
    YAML                1.30    
    YAML::Syck          1.34    
    version             0.9928  


--

Summary of my perl5 (revision 5 version 34 subversion 1) configuration:
   
  Platform:
    osname=linux
    osvers=5.15.0-56-generic
    archname=x86_64-linux
    uname='linux cloud14.bbbike.org 5.15.0-56-generic #62-ubuntu smp tue nov 22 19:54:14 utc 2022 x86_64 x86_64 x86_64 gnulinux '
    config_args='-ds -e -Dprefix=/opt/perl-5.34.1 -Dcf_email=srezic@cpan.org'
    hint=recommended
    useposix=true
    d_sigaction=define
    useithreads=undef
    usemultiplicity=undef
    use64bitint=define
    use64bitall=define
    uselongdouble=undef
    usemymalloc=n
    default_inc_excludes_dot=define
  Compiler:
    cc='cc'
    ccflags ='-fwrapv -fno-strict-aliasing -pipe -fstack-protector-strong -I/usr/local/include -D_LARGEFILE_SOURCE -D_FILE_OFFSET_BITS=64'
    optimize='-O2'
    cppflags='-fwrapv -fno-strict-aliasing -pipe -fstack-protector-strong -I/usr/local/include'
    ccversion=''
    gccversion='11.3.0'
    gccosandvers=''
    intsize=4
    longsize=8
    ptrsize=8
    doublesize=8
    byteorder=12345678
    doublekind=3
    d_longlong=define
    longlongsize=8
    d_longdbl=define
    longdblsize=16
    longdblkind=3
    ivtype='long'
    ivsize=8
    nvtype='double'
    nvsize=8
    Off_t='off_t'
    lseeksize=8
    alignbytes=8
    prototype=define
  Linker and Libraries:
    ld='cc'
    ldflags =' -fstack-protector-strong -L/usr/local/lib'
    libpth=/usr/local/lib /usr/lib/x86_64-linux-gnu /usr/lib /usr/lib64
    libs=-lpthread -lnsl -lgdbm -ldb -ldl -lm -lcrypt -lutil -lc
    perllibs=-lpthread -lnsl -ldl -lm -lcrypt -lutil -lc
    libc=/lib/x86_64-linux-gnu/libc.so.6
    so=so
    useshrplib=false
    libperl=libperl.a
    gnulibc_version='2.35'
  Dynamic Linking:
    dlsrc=dl_dlopen.xs
    dlext=so
    d_dlsymun=undef
    ccdlflags='-Wl,-E'
    cccdlflags='-fPIC'
    lddlflags='-shared -O2 -L/usr/local/lib -fstack-protector-strong'


Characteristics of this binary (from libperl): 
  Compile-time options:
    HAS_TIMES
    PERLIO_LAYERS
    PERL_COPY_ON_WRITE
    PERL_DONT_CREATE_GVSV
    PERL_MALLOC_WRAP
    PERL_OP_PARENT
    PERL_PRESERVE_IVUV
    USE_64_BIT_ALL
    USE_64_BIT_INT
    USE_LARGE_FILES
    USE_LOCALE
    USE_LOCALE_COLLATE
    USE_LOCALE_CTYPE
    USE_LOCALE_NUMERIC
    USE_LOCALE_TIME
    USE_PERLIO
    USE_PERL_ATOF
  Built under linux
  Compiled at Dec 18 2022 15:21:23
  %ENV:
    PERL5LIB="/home/cpansand/.local/share/.cpan/build/2023010211/Hash-Merge-Simple-0.051-0/blib/arch:/home/cpansand/.local/share/.cpan/build/2023010211/Hash-Merge-Simple-0.051-0/blib/lib:/home/cpansand/.local/share/.cpan/build/2023010211/HTTP-Server-Simple-PSGI-0.16-0/blib/arch:/home/cpansand/.local/share/.cpan/build/2023010211/HTTP-Server-Simple-PSGI-0.16-0/blib/lib:/home/cpansand/.local/share/.cpan/build/2023010211/HTTP-Server-Simple-0.52-0/blib/arch:/home/cpansand/.local/share/.cpan/build/2023010211/HTTP-Server-Simple-0.52-0/blib/lib:/home/cpansand/.local/share/.cpan/build/2023010211/CGI-4.54-0/blib/arch:/home/cpansand/.local/share/.cpan/build/2023010211/CGI-4.54-0/blib/lib:/home/cpansand/.local/share/.cpan/build/2023010211/HTTP-CookieJar-0.014-0/blib/arch:/home/cpansand/.local/share/.cpan/build/2023010211/HTTP-CookieJar-0.014-0/blib/lib"
    PERL5OPT=""
    PERL5_CPANPLUS_IS_RUNNING="1927278"
    PERL5_CPAN_IS_RUNNING="1927278"
    PERL5_CPAN_IS_RUNNING_IN_RECURSION="1927173,1927278"
    PERLDOC="-MPod::Perldoc::ToTextOverstrike"
    PERL_BATCH="yes"
    PERL_CANARY_STABILITY_NOPROMPT="1"
    PERL_CPAN_REPORTER_CONFIG="/var/tmp/cpansmoker-1023/2023010211/cpanreporter_000_config.ini"
    PERL_EXTUTILS_AUTOINSTALL="--defaultdeps"
    PERL_USE_UNSAFE_INC="1"
  @INC:
    /home/cpansand/.local/share/.cpan/build/2023010211/Hash-Merge-Simple-0.051-0/blib/arch
    /home/cpansand/.local/share/.cpan/build/2023010211/Hash-Merge-Simple-0.051-0/blib/lib
    /home/cpansand/.local/share/.cpan/build/2023010211/HTTP-Server-Simple-PSGI-0.16-0/blib/arch
    /home/cpansand/.local/share/.cpan/build/2023010211/HTTP-Server-Simple-PSGI-0.16-0/blib/lib
    /home/cpansand/.local/share/.cpan/build/2023010211/HTTP-Server-Simple-0.52-0/blib/arch
    /home/cpansand/.local/share/.cpan/build/2023010211/HTTP-Server-Simple-0.52-0/blib/lib
    /home/cpansand/.local/share/.cpan/build/2023010211/CGI-4.54-0/blib/arch
    /home/cpansand/.local/share/.cpan/build/2023010211/CGI-4.54-0/blib/lib
    /home/cpansand/.local/share/.cpan/build/2023010211/HTTP-CookieJar-0.014-0/blib/arch
    /home/cpansand/.local/share/.cpan/build/2023010211/HTTP-CookieJar-0.014-0/blib/lib
    /opt/perl-5.34.1/lib/site_perl/5.34.1/x86_64-linux
    /opt/perl-5.34.1/lib/site_perl/5.34.1
    /opt/perl-5.34.1/lib/5.34.1/x86_64-linux
    /opt/perl-5.34.1/lib/5.34.1
    .