Back
From: metabase:user:322078bc-2aae-11df-837a-5e0a49663a4f
Subject: FAIL String-Gsub-0.04 v5.12.0 FreeBSD
Date: 2011-12-29T16:43:56Z
This distribution has been tested as part of the CPAN Testers
project, supporting the Perl programming language. See
http://wiki.cpantesters.org/ for more information or email
questions to cpan-testers-discuss@perl.org
--
Dear HIO,
This is a computer-generated error report created automatically by
CPANPLUS, version 0.9113. Testers personal comments may appear
at the end of this report.
Thank you for uploading your work to CPAN. However, it appears that
there were some problems testing your distribution.
TEST RESULTS:
Below is the error stack from stage 'make test':
[MSG] [Thu Dec 29 16:43:55 2011] cp lib/String/Gsub/Matcher.pm blib/lib/String/Gsub/Matcher.pm
cp lib/String/Gsub.pm blib/lib/String/Gsub.pm
cp lib/String/Gsub/JA.pod blib/lib/String/Gsub/JA.pod
cp lib/String/Gsub/Functions/JA.pod blib/lib/String/Gsub/Functions/JA.pod
cp lib/String/Gsub/Matcher/JA.pod blib/lib/String/Gsub/Matcher/JA.pod
cp lib/String/Gsub/Functions.pm blib/lib/String/Gsub/Functions.pm
Manifying blib/man3/String::Gsub::Matcher.3
Manifying blib/man3/String::Gsub::JA.3
Manifying blib/man3/String::Gsub.3
Manifying blib/man3/String::Gsub::Matcher::JA.3
Manifying blib/man3/String::Gsub::Functions::JA.3
Manifying blib/man3/String::Gsub::Functions.3
[ERROR] [Thu Dec 29 16:43:56 2011] MAKE TEST failed: PERL_DL_NONLAZY=1 /usr/home/cpan/pit/thr/perl-5.12.0/bin/perl "-MExtUtils::Command::MM" "-e" "test_harness(0, 'blib/lib', 'blib/arch')" t/*.t
# Testing String::Gsub 0.04, Perl 5.012000, /usr/home/cpan/pit/thr/perl-5.12.0/bin/perl
t/00-load.t ......... ok
t/boilerplate.t ..... ok
t/gsub-functions.t .. ok
# Failed test 'gsub result'
# at t/gsub.t line 17.
# An error occurred while using eq:
# ------------------------------------
# Operation "eq": no method found,
# left argument in overloaded package String::Gsub,
# right argument has no overloaded magic at (eval in cmp_ok) t/gsub.t line 17.
#
# ------------------------------------
# got: 'aBcaBc'
# expected: 'aBcaBc'
# Failed test 'gsub returns new object'
# at t/gsub.t line 18.
# An error occurred while using ne:
# ------------------------------------
# Operation "ne": no method found,
# left argument in overloaded package String::Gsub,
# right argument in overloaded package String::Gsub at (eval in cmp_ok) t/gsub.t line 18.
#
# ------------------------------------
# got: 'aBcaBc'
# expected: anything else
# Failed test 'gsub twice'
# at t/gsub.t line 20.
# An error occurred while using eq:
# ------------------------------------
# Operation "eq": no method found,
# left argument in overloaded package String::Gsub,
# right argument has no overloaded magic at (eval in cmp_ok) t/gsub.t line 20.
#
# ------------------------------------
# got: 'AbCAbC'
# expected: 'AbCAbC'
# Failed test 'gsub doesnt change original'
# at t/gsub.t line 21.
# An error occurred while using eq:
# ------------------------------------
# Operation "eq": no method found,
# left argument in overloaded package String::Gsub,
# right argument has no overloaded magic at (eval in cmp_ok) t/gsub.t line 21.
#
# ------------------------------------
# got: 'abcabc'
# expected: 'abcabc'
# Failed test 'gsubx result'
# at t/gsub.t line 28.
# An error occurred while using eq:
# ------------------------------------
# Operation "eq": no method found,
# left argument in overloaded package String::Gsub,
# right argument has no overloaded magic at (eval in cmp_ok) t/gsub.t line 28.
#
# ------------------------------------
# got: 'aBcaBc'
# expected: 'aBcaBc'
# Failed test 'gsubx returns itself'
# at t/gsub.t line 29.
# An error occurred while using eq:
# ------------------------------------
# Operation "eq": no method found,
# left argument in overloaded package String::Gsub,
# right argument in overloaded package String::Gsub at (eval in cmp_ok) t/gsub.t line 29.
#
# ------------------------------------
# got: 'aBcaBc'
# expected: 'aBcaBc'
# Failed test 'gsubx changes original'
# at t/gsub.t line 30.
# An error occurred while using eq:
# ------------------------------------
# Operation "eq": no method found,
# left argument in overloaded package String::Gsub,
# right argument has no overloaded magic at (eval in cmp_ok) t/gsub.t line 30.
#
# ------------------------------------
# got: 'aBcaBc'
# expected: 'aBcaBc'
# Failed test 'sub result'
# at t/gsub.t line 37.
# An error occurred while using eq:
# ------------------------------------
# Operation "eq": no method found,
# left argument in overloaded package String::Gsub,
# right argument has no overloaded magic at (eval in cmp_ok) t/gsub.t line 37.
#
# ------------------------------------
# got: 'aBcabc'
# expected: 'aBcabc'
# Failed test 'sub returns new object'
# at t/gsub.t line 38.
# An error occurred while using ne:
# ------------------------------------
# Operation "ne": no method found,
# left argument in overloaded package String::Gsub,
# right argument in overloaded package String::Gsub at (eval in cmp_ok) t/gsub.t line 38.
#
# ------------------------------------
# got: 'aBcabc'
# expected: anything else
# Failed test 'sub twice'
# at t/gsub.t line 40.
# An error occurred while using eq:
# ------------------------------------
# Operation "eq": no method found,
# left argument in overloaded package String::Gsub,
# right argument has no overloaded magic at (eval in cmp_ok) t/gsub.t line 40.
#
# ------------------------------------
# got: 'AbCabc'
# expected: 'AbCabc'
# Failed test 'sub doesnt change original'
# at t/gsub.t line 41.
# An error occurrt/gsub.t ............
Dubious, test returned 14 (wstat 3584, 0xe00)
Failed 14/16 subtests
ed while using eq:
# ------------------------------------
# Operation "eq": no method found,
# left argument in overloaded package String::Gsub,
# right argument has no overloaded magic at (eval in cmp_ok) t/gsub.t line 41.
#
# ------------------------------------
# got: 'abcabc'
# expected: 'abcabc'
# Failed test 'subx result'
# at t/gsub.t line 48.
# An error occurred while using eq:
# ------------------------------------
# Operation "eq": no method found,
# left argument in overloaded package String::Gsub,
# right argument has no overloaded magic at (eval in cmp_ok) t/gsub.t line 48.
#
# ------------------------------------
# got: 'aBcabc'
# expected: 'aBcabc'
# Failed test 'subx returns itself'
# at t/gsub.t line 49.
# An error occurred while using eq:
# ------------------------------------
# Operation "eq": no method found,
# left argument in overloaded package String::Gsub,
# right argument in overloaded package String::Gsub at (eval in cmp_ok) t/gsub.t line 49.
#
# ------------------------------------
# got: 'aBcabc'
# expected: 'aBcabc'
# Failed test 'subx changes original'
# at t/gsub.t line 50.
# An error occurred while using eq:
# ------------------------------------
# Operation "eq": no method found,
# left argument in overloaded package String::Gsub,
# right argument has no overloaded magic at (eval in cmp_ok) t/gsub.t line 50.
#
# ------------------------------------
# got: 'aBcabc'
# expected: 'aBcabc'
# Looks like you failed 14 tests of 16.
t/pod-coverage.t .... skipped: Test::Pod::Coverage 1.04 required for testing POD coverage
t/pod.t ............. skipped: Test::Pod 1.14 required for testing POD
# Failed test 'gsub result'
# at t/string-pattern.t line 21.
# An error occurred while using eq:
# ------------------------------------
# Operation "eq": no method found,
# left argument in overloaded package String::Gsub,
# right argument has no overloaded magic at (eval in cmp_ok) t/string-pattern.t line 21.
#
# ------------------------------------
# got: 'a(b)ca(b)c'
# expected: 'a(b)ca(b)c'
# Failed test 'gsub returns new object'
# at t/string-pattern.t line 22.
# An error occurred while using ne:
# ------------------------------------
# Operation "ne": no method found,
# left argument in overloaded package String::Gsub,
# right argument in overloaded package String::Gsub at (eval in cmp_ok) t/string-pattern.t line 22.
#
# ------------------------------------
# got: 'a(b)ca(b)c'
# expected: anything else
# Failed test 'gsub doesnt change original'
# at t/string-pattern.t line 23.
# An error occurred while using eq:
# ------------------------------------
# Operation "eq": no method found,
# left argument in overloaded package String::Gsub,
# right argument has no overloaded magic at (eval in cmp_ok) t/string-pattern.t line 23.
#
# ------------------------------------
# got: 'abcabc'
# expected: 'abcabc'
# Failed test 'gsubx result'
# at t/string-pattern.t line 30.
# An error occurred while using eq:
# ------------------------------------
# Operation "eq": no method found,
# left argument in overloaded package String::Gsub,
# right argument has no overloaded magic at (eval in cmp_ok) t/string-pattern.t line 30.
#
# ------------------------------------
# got: 'a(b)ca(b)c'
# expected: 'a(b)ca(b)c'
# Failed test 'gsubx returns itself'
# at t/string-pattern.t line 31.
# An error occurred while using eq:
# ------------------------------------
# Operation "eq": no method found,
# left argument in overloaded package String::Gsub,
# right argument in overloaded package String::Gsub at (eval in cmp_ok) t/string-pattern.t line 31.
#
# ------------------------------------
# got: 'a(b)ca(b)c'
# expected: 'a(b)ca(b)c'
# Failed test 'gsubx changes original'
# at t/string-pattern.t line 32.
# An error occurred while using eq:
# ------------------------------------
# Operation "eq": no method found,
# left argument in overloaded package String::Gsub,
# right argument has no overloaded magic at (eval in cmp_ok) t/string-pattern.t line 32.
#
# ------------------------------------
# got: 'a(b)ca(b)c'
# expected: 'a(b)ca(b)c'
# Failed test 'sub result'
# at t/string-pattern.t line 39.
# An error occurred while using eq:
# ------------------------------------
# Operation "eq": no method found,
# left argument in overloaded package String::Gsub,
# right argument has no overloaded magic at (eval in cmp_ok) t/string-pattern.t line 39.
#
# ------------------------------------
# got: 'a(b)cabc'
# expected: 'a(b)cabc'
# Failed test 'sub returns new object'
# at t/string-pattern.t line 40.
# An error occurred while using ne:
# ------------------------------------
# Operation "ne": no method found,
# left argument in overloaded package String::Gsub,
# right argument in overloaded package String::Gsub at (eval in cmp_ok) t/string-pattern.t line 40.
#
# ------------------------------------
# got: 'a(b)cabc'
# expected: anything else
# Failed test 'sub doesnt change original'
# at t/string-pattern.t line 41.
# An error occurred while using eq:
# ------------------------------------
# Operation "eq": no method found,
# left argument in overloaded package String::Gsub,
# right argument has no overloaded magic at (eval in cmp_ok) t/string-pattern.t line 41.
#
# ------------------------------------
# got: 'abcabc'
# expected: 'abcabc'
# Failed test 'subx result'
# at t/string-pattern.t line 48.
# An error occurred while using eq:
# ------------------------------------
# Operation "eq": no method found,
# left argument in overloaded package String::Gsub,
# right argument has no overloaded magic at (eval in cmp_ok) t/string-pattern.t line 48.
#
# ------------------------------------
# got: 'a(b)cabc'
# expected: 'a(b)cabc'
# Failed test 'subx returns itself'
# at t/string-pattern.t line 49.
# An error occurred while using eq:
# ------------------------------------
# Operation "eq": no method found,
# left argument in overloaded package String::Gsub,
# right argument in overloaded package String::Gsub at (eval in cmp_ok) t/string-pattern.t line 49.
#
# ------------------------------------
# got: 'a(b)cabc'
# expected: 'a(b)cabc'
# Failed test 'subx changes original'
# at t/string-pattern.t line 50.
# An error occurred while using eq:
# ------------------------------------
# Operation "eq": no method found,
# left argument in overloaded package String::Gsub,
# right argument has no overloaded magic at (eval in cmp_ok) t/string-pattern.t line 50.
#
# ------------------------------------
# got: 'a(b)cabc'
# expected: 'a(b)cabc'
# Failed test 'argument of match callback'
# at t/string-pattern.t line 57.
# An error occurred while using eq:
# ------------------------------------
# Operation "eq": no method found,
# left argument in overloaded package String::Gsub,
# right argument has no overloaded magic at (eval in cmp_ok) t/string-pattern.t line 57.
#
# ------------------------------------
# got: 'aBcaBc'
# expected: 'aBcaBc'
# Failed test 'gsub match value'
# at t/string-pattern.t line 64.
# An error occurred while using eq:
# ------------------------------------
# Operation "eq": no method found,
# left argument in overloaded package String::Gsub,
# right argument has no overloaded magic at (eval in cmp_ok) t/string-pattern.t line 64.
#
# ------------------------------------
# got: 'a(b)ca(b)c'
# expected: 'a(b)ca(b)c'
# Failed test 'gsub prematch value'
# at t/string-pattern.t line 68.
# An error occurred while using eq:
# ------------------------------------
# Operation "eq": no method found,
# left argument in overloaded package String::Gsub,
# right argument has no overloaded magic at (eval in cmp_ok) t/string-pattern.t line 68.
#
# ------------------------------------
# got: 'a(a)ca(abca)c'
# expected: 'a(a)ca(abca)c'
# Failed test 'gsub postmatch value'
# at t/string-pattern.t line 72.
# An error occurred while using eq:
# ------------------------------------
# Operation "eq": no method found,
# left argument in overloaded package String::Gsub,
# right argument has no overloaded magic at (eval in cmp_ok) t/string-pattern.t line 72.
#
# ------------------------------------
# got: 'a(cabc)ca(c)c'
# expected: 'a(cabc)ca(c)c'
# Failed test '. matches just `.''
# at t/string-pattern.t line 79.
# An error occurred while using eq:
# ------------------------------------
# Operation "eq": no method found,
# left argument in overloaded package String::Gsub,
# right argument has no overloaded magic at (eval in cmp_ok) t/string-pattern.t line 79.
#
# ------------------------------------
# got: 'abc(.)abc(.)'
# expected: 'abc(.)abc(.)'
# Looks like you failed 17 tests of 17.
t/string-pattern.t ..
Dubious, test returned 17 (wstat 4352, 0x1100)
Failed 17/17 subtests
Test Summary Report
-------------------
t/gsub.t (Wstat: 3584 Tests: 16 Failed: 14)
Failed tests: 1-2, 4-10, 12-16
Non-zero exit status: 14
t/string-pattern.t (Wstat: 4352 Tests: 17 Failed: 17)
Failed tests: 1-17
Non-zero exit status: 17
Files=7, Tests=49, 1 wallclock secs ( 0.04 usr 0.02 sys + 0.17 cusr 0.02 csys = 0.24 CPU)
Result: FAIL
Failed 2/7 test programs. 31/49 subtests failed.
*** Error code 17
Stop in /usr/home/cpan/pit/thr/conf/perl-5.12.0/.cpanplus/5.12.0/build/String-Gsub-0.04.
[MSG] [Thu Dec 29 16:43:56 2011] DEFAULT 'proceed_on_test_failure' HANDLER RETURNING 'sub return value'
PREREQUISITES:
Here is a list of prerequisites you specified and versions we
managed to load:
Module Name Have Want
Exporter 5.64_01 0
ExtUtils::MakeMaker 6.62 0
Test::More 0.98 0
Perl module toolchain versions installed:
Module Name Have
CPANPLUS 0.9113
CPANPLUS::Dist::Build 0.60
Cwd 3.33
ExtUtils::CBuilder 0.280202
ExtUtils::Command 1.16
ExtUtils::Install 1.55
ExtUtils::MakeMaker 6.62
ExtUtils::Manifest 1.60
ExtUtils::ParseXS 3.07
File::Spec 3.33
Module::Build 0.3800
Test::Harness 3.23
Test::More 0.98
version 0.95
******************************** NOTE ********************************
The comments above are created mechanically, possibly without manual
checking by the sender. As there are many people performing automatic
tests on each upload to CPAN, it is likely that you will receive
identical messages about the same problem.
If you believe that the message is mistaken, please reply to the first
one with correction and/or additional informations, and do not take
it personally. We appreciate your patience. :)
**********************************************************************
Additional comments:
This report was machine-generated by CPANPLUS::Dist::YACSmoke 0.66.
Powered by minismokebox version 0.54
------------------------------
ENVIRONMENT AND OTHER CONTEXT
------------------------------
Environment variables:
AUTOMATED_TESTING = 1
PATH = /sbin:/bin:/usr/sbin:/usr/bin:/usr/games:/usr/local/sbin:/usr/local/bin:/home/cpan/bin
PERL5LIB = :/usr/home/cpan/pit/thr/conf/perl-5.12.0/.cpanplus/5.12.0/build/String-Gsub-0.04/blib/lib:/usr/home/cpan/pit/thr/conf/perl-5.12.0/.cpanplus/5.12.0/build/String-Gsub-0.04/blib/arch
PERL5_CPANPLUS_IS_RUNNING = 84256
PERL5_CPANPLUS_IS_VERSION = 0.9113
PERL5_MINISMOKEBOX = 0.54
PERL5_YACSMOKE_BASE = /usr/home/cpan/pit/thr/conf/perl-5.12.0
PERL_EXTUTILS_AUTOINSTALL = --defaultdeps
PERL_MM_USE_DEFAULT = 1
SHELL = /usr/local/bin/bash
TERM = screen
Perl special variables (and OS-specific diagnostics, for MSWin32):
Perl: $^X = /usr/home/cpan/pit/thr/perl-5.12.0/bin/perl
UID: $< = 1002
EUID: $> = 1002
GID: $( = 1002 1002
EGID: $) = 1002 1002
-------------------------------
--
Summary of my perl5 (revision 5 version 12 subversion 0) configuration:
Platform:
osname=freebsd, osvers=9.0-rc3, archname=amd64-freebsd-thread-multi
uname='freebsd fremen 9.0-rc3 freebsd 9.0-rc3 #0: sun dec 4 08:56:36 utc 2011 root@farrell.cse.buffalo.edu:usrobjusrsrcsysgeneric amd64 '
config_args='-des -Dprefix=/usr/home/cpan/pit/thr/perl-5.12.0 -Dusethreads'
hint=recommended, useposix=true, d_sigaction=define
useithreads=define, usemultiplicity=define
useperlio=define, d_sfio=undef, uselargefiles=define, usesocks=undef
use64bitint=define, use64bitall=define, uselongdouble=undef
usemymalloc=n, bincompat5005=undef
Compiler:
cc='cc', ccflags ='-DHAS_FPSETMASK -DHAS_FLOATINGPOINT_H -fno-strict-aliasing -pipe -fstack-protector -I/usr/local/include',
optimize='-O',
cppflags='-DHAS_FPSETMASK -DHAS_FLOATINGPOINT_H -fno-strict-aliasing -pipe -fstack-protector -I/usr/local/include'
ccversion='', gccversion='4.2.1 20070831 patched [FreeBSD]', gccosandvers=''
intsize=4, longsize=8, ptrsize=8, doublesize=8, byteorder=12345678
d_longlong=define, longlongsize=8, d_longdbl=define, longdblsize=16
ivtype='long', ivsize=8, nvtype='double', nvsize=8, Off_t='off_t', lseeksize=8
alignbytes=8, prototype=define
Linker and Libraries:
ld='cc', ldflags ='-pthread -Wl,-E -fstack-protector -L/usr/local/lib'
libpth=/usr/lib /usr/local/lib
libs=-lgdbm -lm -lcrypt
perllibs=-lm -lcrypt
libc=, so=so, useshrplib=false, libperl=libperl.a
gnulibc_version=''
Dynamic Linking:
dlsrc=dl_dlopen.xs, dlext=so, d_dlsymun=undef, ccdlflags=' '
cccdlflags='-DPIC -fPIC', lddlflags='-shared -L/usr/local/lib -fstack-protector'
Characteristics of this binary (from libperl):
Compile-time options: MULTIPLICITY PERL_DONT_CREATE_GVSV
PERL_IMPLICIT_CONTEXT PERL_MALLOC_WRAP USE_64_BIT_ALL
USE_64_BIT_INT USE_ITHREADS USE_LARGE_FILES
USE_PERLIO USE_PERL_ATOF USE_REENTRANT_API
Built under freebsd
Compiled at Dec 14 2011 21:21:49
%ENV:
PERL5LIB=":/usr/home/cpan/pit/thr/conf/perl-5.12.0/.cpanplus/5.12.0/build/String-Gsub-0.04/blib/lib:/usr/home/cpan/pit/thr/conf/perl-5.12.0/.cpanplus/5.12.0/build/String-Gsub-0.04/blib/arch"
PERL5_CPANPLUS_IS_RUNNING="84256"
PERL5_CPANPLUS_IS_VERSION="0.9113"
PERL5_MINISMOKEBOX="0.54"
PERL5_YACSMOKE_BASE="/usr/home/cpan/pit/thr/conf/perl-5.12.0"
PERL_EXTUTILS_AUTOINSTALL="--defaultdeps"
PERL_MM_USE_DEFAULT="1"
@INC:
/usr/home/cpan/pit/thr/conf/perl-5.12.0/.cpanplus/5.12.0/build/String-Gsub-0.04/blib/lib
/usr/home/cpan/pit/thr/conf/perl-5.12.0/.cpanplus/5.12.0/build/String-Gsub-0.04/blib/arch
/usr/home/cpan/pit/thr/perl-5.12.0/lib/site_perl/5.12.0/amd64-freebsd-thread-multi
/usr/home/cpan/pit/thr/perl-5.12.0/lib/site_perl/5.12.0
/usr/home/cpan/pit/thr/perl-5.12.0/lib/5.12.0/amd64-freebsd-thread-multi
/usr/home/cpan/pit/thr/perl-5.12.0/lib/5.12.0
.