Back
From: metabase:user:320bfe00-2aae-11df-837a-5e0a49663a4f
Subject: FAIL Perlbal-1.80 v5.10.1 GNU/Linux
Date: 2013-03-18T06:23:07Z
This distribution has been tested as part of the CPAN Testers
project, supporting the Perl programming language. See
http://wiki.cpantesters.org/ for more information or email
questions to cpan-testers-discuss@perl.org
--
Dear Alan Kasindorf,
This is a computer-generated report for Perlbal-1.80
on perl 5.10.1, created by CPAN-Reporter-1.2009.
Thank you for uploading your work to CPAN. However, there was a problem
testing your distribution.
If you think this report is invalid, please consult the CPAN Testers Wiki
for suggestions on how to avoid getting FAIL reports for missing library
or binary dependencies, unsupported operating systems, and so on:
http://wiki.cpantesters.org/wiki/CPANAuthorNotes
Sections of this report:
* Tester comments
* Program output
* Prerequisites
* Environment and other context
------------------------------
TESTER COMMENTS
------------------------------
Additional comments from tester:
this report is from an automated smoke testing program
and was not reviewed by a human for accuracy
------------------------------
PROGRAM OUTPUT
------------------------------
Output from '/usr/bin/make test':
PERL_DL_NONLAZY=1 /home/sand/src/perl/repoperls/installed-perls/perl/perl-5.10.1/eae2/bin/perl "-MExtUtils::Command::MM" "-e" "test_harness(0, 'blib/lib', 'blib/arch')" t/*.t
t/00-use.t ............... ok
t/10-testharness.t ....... ok
t/12-headers.t ........... ok
Configuration error at /tmp/loop_over_bdir-5366-qNon5t/Perlbal-1.80-wwxnsU/blib/lib/Perlbal/Test.pm line 290, <GEN33> line 6.
Child process (webserver) died.
# Looks like you planned 13 tests but ran 7.
# Looks like your test exited with 111 just after 7.
Can't use an undefined value as a symbol reference at /tmp/loop_over_bdir-5366-qNon5t/Perlbal-1.80-wwxnsU/blib/lib/Perlbal/Test.pm line 173.
END failed--call queue aborted at t/13-server-tokens.t line 346.
t/13-server-tokens.t .....
Dubious, test returned 111 (wstat 28416, 0x6f00)
Failed 6/13 subtests
t/15-webserver.t ......... ok
Configuration error at /tmp/loop_over_bdir-5366-qNon5t/Perlbal-1.80-wwxnsU/blib/lib/Perlbal/Test.pm line 290.
Child process (webserver) died.
# Looks like your test exited with 111 before it could output anything.
Can't use an undefined value as a symbol reference at /tmp/loop_over_bdir-5366-qNon5t/Perlbal-1.80-wwxnsU/blib/lib/Perlbal/Test.pm line 173.
END failed--call queue aborted at t/17-webserver-concat.t line 346.
t/17-webserver-concat.t ..
Dubious, test returned 111 (wstat 28416, 0x6f00)
Failed 20/20 subtests
Manage command failed: 'SERVER aio_mode = ioaio' 'ERROR: IO::AIO not available
'
Manage command failed: 'SERVER aio_mode = ioaio' 'ERROR: IO::AIO not available
'
Manage command failed: 'SERVER aio_mode = ioaio' 'ERROR: IO::AIO not available
'
t/20-put.t ............... ok
# Writing: 500
# Writing: 5
# Writing: 5
# Writing: 5
# Writing: 100000
# Writing: 60000
# Writing: 1000
# Writing: 338485
t/22-chunked-put.t ....... ok
Configuration error at /tmp/loop_over_bdir-5366-qNon5t/Perlbal-1.80-wwxnsU/blib/lib/Perlbal/Test.pm line 290, <GEN10> line 1.
Child process (webserver) died.
# Looks like you planned 28 tests but ran 1.
# Looks like your test exited with 29 just after 1.
Can't use an undefined value as a symbol reference at /tmp/loop_over_bdir-5366-qNon5t/Perlbal-1.80-wwxnsU/blib/lib/Perlbal/Test.pm line 173.
END failed--call queue aborted at t/30-reverseproxy.t line 346.
t/30-reverseproxy.t ......
Dubious, test returned 29 (wstat 7424, 0x1d00)
Failed 27/28 subtests
Configuration error at /tmp/loop_over_bdir-5366-qNon5t/Perlbal-1.80-wwxnsU/blib/lib/Perlbal/Test.pm line 290, <GEN50> line 1.
Child process (webserver) died.
# Looks like you planned 157 tests but ran 1.
# Looks like your test exited with 29 just after 1.
Can't use an undefined value as a symbol reference at /tmp/loop_over_bdir-5366-qNon5t/Perlbal-1.80-wwxnsU/blib/lib/Perlbal/Test.pm line 173.
END failed--call queue aborted at t/31-realworld.t line 346.
t/31-realworld.t .........
Dubious, test returned 29 (wstat 7424, 0x1d00)
Failed 156/157 subtests
# separator length 2
# separator length 0
500 response!
t/32-pipelining.t ........ ok
t/32-selector.t .......... ok
Manage command failed: 'SERVER aio_mode = ioaio' 'ERROR: IO::AIO not available
'
t/35-reproxy.t ........... ok
Manage command failed: 'SERVER aio_mode = ioaio' 'ERROR: IO::AIO not available
'
Manage command failed: 'SERVER aio_mode = ioaio' 'ERROR: IO::AIO not available
'
t/40-ranges.t ............ ok
t/45-buffereduploads.t ... ok
t/50-plugins.t ........... ok
t/52-chunked-upload.t .... ok
t/60-child-httpd.t ....... skipped: Alpha feature; test skipped without $ENV{PERLBAL_TEST_ALPHA}
t/75-plugin-include.t .... ok
t/76-plugin-redirect.t ... ok
t/77-plugin-throttle.t ... ok
t/78-plugin-xffextras.t .. ok
t/90-accesscontrol.t ..... ok
t/91-fields.t ............ ok
t/99-benchmark-bool.t .... ok
Test Summary Report
-------------------
t/13-server-tokens.t (Wstat: 28416 Tests: 7 Failed: 0)
Non-zero exit status: 111
Parse errors: Bad plan. You planned 13 tests but ran 7.
t/17-webserver-concat.t (Wstat: 28416 Tests: 0 Failed: 0)
Non-zero exit status: 111
Parse errors: Bad plan. You planned 20 tests but ran 0.
t/30-reverseproxy.t (Wstat: 7424 Tests: 1 Failed: 0)
Non-zero exit status: 29
Parse errors: Bad plan. You planned 28 tests but ran 1.
t/31-realworld.t (Wstat: 7424 Tests: 1 Failed: 0)
Non-zero exit status: 29
Parse errors: Bad plan. You planned 157 tests but ran 1.
Files=25, Tests=335, 61 wallclock secs ( 0.14 usr 0.04 sys + 4.28 cusr 0.56 csys = 5.02 CPU)
Result: FAIL
Failed 4/25 test programs. 0/335 subtests failed.
make: *** [test_dynamic] Error 255
------------------------------
PREREQUISITES
------------------------------
Prerequisite modules loaded:
requires:
Module Need Have
------------------- ---- ------
base 0 2.14
BSD::Resource 0 1.2904
Carp 0 1.26
constant 0 1.25
Danga::Socket 1.44 1.61
Errno 0 1.11
Exporter 0 5.63
Fcntl 0 1.06
fields 0 2.14
File::Path 0 2.09
File::Temp 0 0.23
FindBin 0 1.50
Getopt::Long 0 2.39
Hash::Util 0 0.07
HTTP::Date 0 6.02
HTTP::Request 0 6.00
HTTP::Response 0 6.04
IO::File 0 1.14
IO::Handle 0 1.28
IO::Select 0 1.17
IO::Socket::INET 0 1.31
lib 0 0.62
LWP::UserAgent 0 6.05
Scalar::Util 0 1.27
Socket 0 2.009
strict 0 1.04
Sys::Syscall 0 0.25
Test::More 0.94 0.98
Time::HiRes 0 1.9725
vars 0 1.01
warnings 0 1.06
build_requires:
Module Need Have
------------------- ---- ------
ExtUtils::MakeMaker 0 6.64
configure_requires:
Module Need Have
------------------- ---- ------
ExtUtils::MakeMaker 0 6.64
------------------------------
ENVIRONMENT AND OTHER CONTEXT
------------------------------
Environment variables:
AUTOMATED_TESTING = 1
LANG = en_US.UTF-8
LANGUAGE = en_US:en
PATH = /usr/lib/ccache:/home/sand/bin:/usr/local/bin:/usr/bin:/bin:/usr/bin/X11:/usr/games:/usr/local/perl/bin:/usr/X11/bin:/sbin:/usr/sbin
PERL5LIB =
PERL5OPT =
PERL5_CPANPLUS_IS_RUNNING = 5367
PERL5_CPAN_IS_RUNNING = 5367
PERLBAL_DEBUG = 1
PERLBAL_DEBUG_OBJ = 1
PERLBAL_TRACK_STATES = 1
PERL_MM_USE_DEFAULT = 1
SHELL = /usr/bin/zsh
TERM = screen
Perl special variables (and OS-specific diagnostics, for MSWin32):
$^X = /home/sand/src/perl/repoperls/installed-perls/perl/perl-5.10.1/eae2/bin/perl
$UID/$EUID = 1005 / 1005
$GID = 1005 1005
$EGID = 1005 1005
Perl module toolchain versions installed:
Module Have
------------------- --------
CPAN 2.00
CPAN::Meta 2.120921
Cwd 3.40
ExtUtils::CBuilder 0.280205
ExtUtils::Command 1.16
ExtUtils::Install 1.54
ExtUtils::MakeMaker 6.64
ExtUtils::Manifest 1.60
ExtUtils::ParseXS 3.18
File::Spec 3.40
JSON 2.53
JSON::PP 2.27202
Module::Build 0.4003
Module::Signature 0.70
Parse::CPAN::Meta 1.4404
Test::Harness 3.26
Test::More 0.98
YAML 0.84
YAML::Syck 1.25
version 0.9902
--
Summary of my perl5 (revision 5 version 10 subversion 1) configuration:
Commit id: 5348debf9fd57fc15c26529386769684fab96e57
Platform:
osname=linux, osvers=3.2.0-4-amd64, archname=x86_64-linux
uname='linux k83 3.2.0-4-amd64 #1 smp debian 3.2.35-2 x86_64 gnulinux '
config_args='-Dprefix=/home/src/perl/repoperls/installed-perls/perl/perl-5.10.1/eae2 -Dmyhostname=k83 -Dinstallusrbinperl=n -Uversiononly -Dusedevel -des -Ui_db -Uuseithreads -Uuselongdouble -DDEBUGGING=-g -Dusedl -Ddlsrc=dl_dlopen.xs'
hint=recommended, useposix=true, d_sigaction=define
useithreads=undef, usemultiplicity=undef
useperlio=define, d_sfio=undef, uselargefiles=define, usesocks=undef
use64bitint=define, use64bitall=define, uselongdouble=undef
usemymalloc=n, bincompat5005=undef
Compiler:
cc='cc', ccflags ='-fno-strict-aliasing -pipe -fstack-protector -I/usr/local/include -D_LARGEFILE_SOURCE -D_FILE_OFFSET_BITS=64',
optimize='-O2 -g',
cppflags='-fno-strict-aliasing -pipe -fstack-protector -I/usr/local/include'
ccversion='', gccversion='4.7.2', gccosandvers=''
intsize=4, longsize=8, ptrsize=8, doublesize=8, byteorder=12345678
d_longlong=define, longlongsize=8, d_longdbl=define, longdblsize=16
ivtype='long', ivsize=8, nvtype='double', nvsize=8, Off_t='off_t', lseeksize=8
alignbytes=8, prototype=define
Linker and Libraries:
ld='cc', ldflags =' -fstack-protector -L/usr/local/lib'
libpth=/usr/local/lib /lib /usr/lib
libs=
perllibs=
libc=, so=so, useshrplib=false, libperl=libperl.a
gnulibc_version='2.13'
Dynamic Linking:
dlsrc=dl_dlopen.xs, dlext=so, d_dlsymun=undef, ccdlflags='-Wl,-E'
cccdlflags='-fPIC', lddlflags='-shared -O2 -g -L/usr/local/lib -fstack-protector'
Characteristics of this binary (from libperl):
Compile-time options: PERL_DONT_CREATE_GVSV PERL_MALLOC_WRAP PERL_USE_DEVEL
USE_64_BIT_ALL USE_64_BIT_INT USE_LARGE_FILES
USE_PERLIO
Built under linux
Compiled at Feb 3 2013 06:52:34
%ENV:
PERL5LIB=""
PERL5OPT=""
PERL5_CPANPLUS_IS_RUNNING="5367"
PERL5_CPAN_IS_RUNNING="5367"
PERLBAL_DEBUG="1"
PERLBAL_DEBUG_OBJ="1"
PERLBAL_TRACK_STATES="1"
PERL_MM_USE_DEFAULT="1"
@INC:
/home/src/perl/repoperls/installed-perls/perl/perl-5.10.1/eae2/lib/5.10.1/x86_64-linux
/home/src/perl/repoperls/installed-perls/perl/perl-5.10.1/eae2/lib/5.10.1
/home/src/perl/repoperls/installed-perls/perl/perl-5.10.1/eae2/lib/site_perl/5.10.1/x86_64-linux
/home/src/perl/repoperls/installed-perls/perl/perl-5.10.1/eae2/lib/site_perl/5.10.1
.