Report for POE-Component-Generic-0.1403

Back
From: metabase:user:30f4dfbe-2aae-11df-837a-5e0a49663a4f
Subject: FAIL POE-Component-Generic-0.1403 v5.8.9 FreeBSD
Date: 2015-06-08T07:09:26Z

This distribution has been tested as part of the CPAN Testers
project, supporting the Perl programming language.  See
http://wiki.cpantesters.org/ for more information or email
questions to cpan-testers-discuss@perl.org


--
Dear Philip Gwyn,

This is a computer-generated report for POE-Component-Generic-0.1403
on perl 5.8.9, created by CPAN-Reporter-1.2014.

Thank you for uploading your work to CPAN.  However, there was a problem
testing your distribution.

If you think this report is invalid, please consult the CPAN Testers Wiki
for suggestions on how to avoid getting FAIL reports for missing library
or binary dependencies, unsupported operating systems, and so on:

http://wiki.cpantesters.org/wiki/CPANAuthorNotes

Sections of this report:

    * Tester comments
    * Program output
    * Prerequisites
    * Environment and other context

------------------------------
TESTER COMMENTS
------------------------------

Additional comments from tester:

this report is from an automated smoke testing program
and was not reviewed by a human for accuracy

------------------------------
PROGRAM OUTPUT
------------------------------

Output from '/usr/bin/make test':

PERL_DL_NONLAZY=1 "/usr/home/njh/perl5/perlbrew/perls/perl-5.8.9/bin/perl" "-MExtUtils::Command::MM" "-MTest::Harness" "-e" "undef *Test::Harness::Switches; test_harness(0, 'blib/lib', 'blib/arch')" t/*.t
t/00_compile.t ....... ok
# POE 1.366, POE::Test::Loops 1.360, Perl 5.008009, /usr/home/njh/perl5/perlbrew/perls/perl-5.8.9/bin/perl on freebsd
t/00_info.t .......... ok
t/01_pod.t ........... ok

#   Failed test 'POE::Component::Generic::Net::SSH2, ignoring private functions'
#   at t/02_pod_coverage.t line 34.
# POE::Component::Generic::Net::SSH2: requiring 'POE::Component::Generic::Net::SSH2' failed
# Looks like you failed 1 test of 4.
t/02_pod_coverage.t .. 
Dubious, test returned 1 (wstat 256, 0x100)
Failed 1/4 subtests 
t/04_object.t ........ ok
t/05_package.t ....... ok
t/07_callback.t ...... ok
t/08_factory.t ....... ok
# 3 seconds
# 6 seconds
t/10_simple.t ........ ok
# 3 seconds
# 6 seconds
t/11_error.t ......... ok
# 3 seconds
t/12_exit_kill.t ..... ok
t/15_stdout.t ........ ok
# 3 seconds
# 3 seconds
# 6 seconds
t/20_alt_fork.t ...... ok
t/21_alt_fork-x.t .... ok
# 1 seconds
t/30_callback.t ...... ok
# 2 seconds
# 2 seconds
t/40_postback.t ...... ok
# 1 seconds
t/50_factory.t ....... ok
t/90_ssh.t ........... ok
t/91_ssh2.t .......... ok

Test Summary Report
-------------------
t/02_pod_coverage.t (Wstat: 256 Tests: 4 Failed: 1)
  Failed test:  4
  Non-zero exit status: 1
Files=19, Tests=176, 94 wallclock secs ( 0.72 usr  0.31 sys + 23.34 cusr 14.05 csys = 38.41 CPU)
Result: FAIL
Failed 1/19 test programs. 1/176 subtests failed.
*** [test_dynamic] Error code 255

Stop in /usr/home/njh/.cpan/build/POE-Component-Generic-0.1403-T6XiXY.

------------------------------
PREREQUISITES
------------------------------

Prerequisite modules loaded:

requires:

    Module              Need  Have    
    ------------------- ----- --------
    Carp                0     1.3301  
    Devel::Symdump      2     2.11    
    POE                 1.311 1.366   
    Scalar::Util        1     1.41    
    Test::More          0.32  1.001014

build_requires:

    Module              Need  Have    
    ------------------- ----- --------
    ExtUtils::MakeMaker 0     7.04    

configure_requires:

    Module              Need  Have    
    ------------------- ----- --------
    ExtUtils::MakeMaker 0     7.04    


------------------------------
ENVIRONMENT AND OTHER CONTEXT
------------------------------

Environment variables:

    AUTOMATED_TESTING = 1
    PATH = /home/njh/perl5/perlbrew/bin:/home/njh/perl5/perlbrew/perls/perl-5.8.9/bin:/home/njh/perl5/perlbrew/bin:/sbin:/bin:/usr/sbin:/usr/bin:/usr/games:/usr/local/sbin:/usr/local/bin:/home/njh/bin
    PERL5LIB = /home/njh/.cpan/build/Best-0.15-msMRB4/blib/arch:/home/njh/.cpan/build/Best-0.15-msMRB4/blib/lib:/home/njh/.cpan/build/POE-Component-Logger-1.10-0vlYLU/blib/arch:/home/njh/.cpan/build/POE-Component-Logger-1.10-0vlYLU/blib/lib:/home/njh/.cpan/build/Log-Dispatch-Config-1.04-KD8VS9/blib/arch:/home/njh/.cpan/build/Log-Dispatch-Config-1.04-KD8VS9/blib/lib:/home/njh/.cpan/build/AppConfig-1.71-Tv_m9l/blib/arch:/home/njh/.cpan/build/AppConfig-1.71-Tv_m9l/blib/lib:/home/njh/.cpan/build/IO-stringy-2.111-kF27oM/blib/arch:/home/njh/.cpan/build/IO-stringy-2.111-kF27oM/blib/lib:/home/njh/.cpan/build/UNIVERSAL-can-1.20140328-UKZdYr/blib/arch:/home/njh/.cpan/build/UNIVERSAL-can-1.20140328-UKZdYr/blib/lib:/home/njh/.cpan/build/CGI-4.20-mWybjl/blib/arch:/home/njh/.cpan/build/CGI-4.20-mWybjl/blib/lib:/home/njh/.cpan/build/Exception-Class-DBI-1.01-SnFLq0/blib/arch:/home/njh/.cpan/build/Exception-Class-DBI-1.01-SnFLq0/blib/lib:/home/njh/.cpan/build/Exception-Class-TryCatch-1.13-mO2dTp/blib/arch:/home/njh/.cpan/build/Exception-Class-TryCatch-1.13-mO2dTp/blib/lib:/home/njh/.cpan/build/Heap-0.80-9e3dZR/blib/arch:/home/njh/.cpan/build/Heap-0.80-9e3dZR/blib/lib:/home/njh/.cpan/build/POE-Filter-Stomp-0.04-3P5n9T/blib/arch:/home/njh/.cpan/build/POE-Filter-Stomp-0.04-3P5n9T/blib/lib:/home/njh/.cpan/build/Net-Stomp-0.55-939cqP/blib/arch:/home/njh/.cpan/build/Net-Stomp-0.55-939cqP/blib/lib
    PERL5OPT = 
    PERL5_CPANPLUS_IS_RUNNING = 47764
    PERL5_CPAN_IS_RUNNING = 47764
    PERL5_MINISMOKEBOX = 0.58
    PERLBREW_BASHRC_VERSION = 0.73
    PERLBREW_HOME = /home/njh/.perlbrew
    PERLBREW_LIB = 
    PERLBREW_MANPATH = /home/njh/perl5/perlbrew/perls/perl-5.8.9/man
    PERLBREW_PATH = /home/njh/perl5/perlbrew/bin:/home/njh/perl5/perlbrew/perls/perl-5.8.9/bin
    PERLBREW_PERL = perl-5.8.9
    PERLBREW_ROOT = /home/njh/perl5/perlbrew
    PERLBREW_VERSION = 0.73
    PERL_EXTUTILS_AUTOINSTALL = --defaultdeps
    PERL_LOCAL_LIB_ROOT = 
    PERL_MM_USE_DEFAULT = 1
    SHELL = /bin/bash
    TERM = xterm

Perl special variables (and OS-specific diagnostics, for MSWin32):

    $^X = /usr/home/njh/perl5/perlbrew/perls/perl-5.8.9/bin/perl
    $UID/$EUID = 1000 / 1000
    $GID = 1000 1000 0
    $EGID = 1000 1000 0

Perl module toolchain versions installed:

    Module              Have    
    ------------------- --------
    CPAN                1.9800  
    CPAN::Meta          2.142060
    Cwd                 3.47    
    ExtUtils::CBuilder  0.280220
    ExtUtils::Command   1.16    
    ExtUtils::Install   1.54    
    ExtUtils::MakeMaker 7.04    
    ExtUtils::Manifest  1.65    
    ExtUtils::ParseXS   3.24    
    File::Spec          3.47    
    JSON                2.90    
    JSON::PP            2.27203 
    Module::Build       0.4211  
    Module::Signature   n/a     
    Parse::CPAN::Meta   1.4414  
    Test::Harness       3.35    
    Test::More          1.001014
    YAML                1.14    
    YAML::Syck          1.29    
    version             0.88    


--

Summary of my perl5 (revision 5 version 8 subversion 9) configuration:
  Platform:
    osname=freebsd, osvers=9.1-release, archname=i386-freebsd-thread-multi
    uname='freebsd amber 9.1-release freebsd 9.1-release #0 r243826: tue dec 4 06:55:39 utc 2012 root@obrian.cse.buffalo.edu:usrobjusrsrcsysgeneric i386 '
    config_args='-de -Dprefix=/home/njh/perl5/perlbrew/perls/perl-5.8.9 -Duseithreads -Dusemultiplicity -Accflags=-O2 -W -Wformat=2 -Wswitch -Wshadow -Wwrite-strings -Wuninitialized -Wall -pipe -mtune=native -march=native -fomit-frame-pointer -msse2 -msse -mmmx -mfpmath=sse -pedantic -D_FORTIFY_SOURCE=2 -Wpointer-arith -Wstrict-prototypes -fstack-protector -Wstack-protector -Wextra -Wbad-function-cast -Wcast-align -Wcast-qual -Wdisabled-optimization -Wendif-labels -Wfloat-equal -Wformat-nonliteral -Winline -Wmissing-declarations -Wmissing-prototypes -Wnested-externs -Wpointer-arith -Wundef -Wformat-security -ftree-vectorize -ftree-vectorizer-verbose=2 -Aeval:scriptdir=/home/njh/perl5/perlbrew/perls/perl-5.8.9/bin'
    hint=recommended, useposix=true, d_sigaction=define
    usethreads=define use5005threads=undef useithreads=define usemultiplicity=define
    useperlio=define d_sfio=undef uselargefiles=define usesocks=undef
    use64bitint=undef use64bitall=undef uselongdouble=undef
    usemymalloc=n, bincompat5005=undef
  Compiler:
    cc='cc', ccflags ='-DHAS_FPSETMASK -DHAS_FLOATINGPOINT_H -O2 -W -Wformat=2 -Wswitch -Wshadow -Wwrite-strings -Wuninitialized -Wall -pipe -mtune=native -march=native -fomit-frame-pointer -msse2 -msse -mmmx -mfpmath=sse -pedantic -D_FORTIFY_SOURCE=2 -Wpointer-arith -Wstrict-prototypes -fstack-protector -Wstack-protector -Wextra -Wbad-function-cast -Wcast-align -Wcast-qual -Wdisabled-optimization -Wendif-labels -Wfloat-equal -Wformat-nonliteral -Winline -Wmissing-declarations -Wmissing-prototypes -Wnested-externs -Wpointer-arith -Wundef -Wformat-security -ftree-vectorize -ftree-vectorizer-verbose=2 -fno-strict-aliasing -I/usr/local/include',
    optimize='-O',
    cppflags='-DHAS_FPSETMASK -DHAS_FLOATINGPOINT_H -O2 -W -Wformat=2 -Wswitch -Wshadow -Wwrite-strings -Wuninitialized -Wall -pipe -mtune=native -march=native -fomit-frame-pointer -msse2 -msse -mmmx -mfpmath=sse -pedantic -D_FORTIFY_SOURCE=2 -Wpointer-arith -Wstrict-prototypes -fstack-protector -Wstack-protector -Wextra -Wbad-function-cast -Wcast-align -Wcast-qual -Wdisabled-optimization -Wendif-labels -Wfloat-equal -Wformat-nonliteral -Winline -Wmissing-declarations -Wmissing-prototypes -Wnested-externs -Wpointer-arith -Wundef -Wformat-security -ftree-vectorize -ftree-vectorizer-verbose=2 -fno-strict-aliasing -I/usr/local/include'
    ccversion='', gccversion='4.2.1 20070831 patched [FreeBSD]', gccosandvers=''
    intsize=4, longsize=4, ptrsize=4, doublesize=8, byteorder=1234
    d_longlong=define, longlongsize=8, d_longdbl=define, longdblsize=12
    ivtype='long', ivsize=4, nvtype='double', nvsize=8, Off_t='off_t', lseeksize=8
    alignbytes=4, prototype=define
  Linker and Libraries:
    ld='cc', ldflags ='-pthread -Wl,-E  -L/usr/local/lib'
    libpth=/usr/lib /usr/local/lib
    libs=-lm -lcrypt
    perllibs=-lm -lcrypt
    libc=, so=so, useshrplib=false, libperl=libperl.a
    gnulibc_version=''
  Dynamic Linking:
    dlsrc=dl_dlopen.xs, dlext=so, d_dlsymun=undef, ccdlflags=' '
    cccdlflags='-DPIC -fPIC', lddlflags='-shared  -L/usr/local/lib'


Characteristics of this binary (from libperl): 
  Compile-time options: MULTIPLICITY PERL_IMPLICIT_CONTEXT PERL_MALLOC_WRAP
                        USE_FAST_STDIO USE_ITHREADS USE_LARGE_FILES
                        USE_PERLIO USE_REENTRANT_API
  Built under freebsd
  Compiled at Aug 10 2013 19:13:18
  %ENV:
    PERL5LIB="/home/njh/.cpan/build/Best-0.15-msMRB4/blib/arch:/home/njh/.cpan/build/Best-0.15-msMRB4/blib/lib:/home/njh/.cpan/build/POE-Component-Logger-1.10-0vlYLU/blib/arch:/home/njh/.cpan/build/POE-Component-Logger-1.10-0vlYLU/blib/lib:/home/njh/.cpan/build/Log-Dispatch-Config-1.04-KD8VS9/blib/arch:/home/njh/.cpan/build/Log-Dispatch-Config-1.04-KD8VS9/blib/lib:/home/njh/.cpan/build/AppConfig-1.71-Tv_m9l/blib/arch:/home/njh/.cpan/build/AppConfig-1.71-Tv_m9l/blib/lib:/home/njh/.cpan/build/IO-stringy-2.111-kF27oM/blib/arch:/home/njh/.cpan/build/IO-stringy-2.111-kF27oM/blib/lib:/home/njh/.cpan/build/UNIVERSAL-can-1.20140328-UKZdYr/blib/arch:/home/njh/.cpan/build/UNIVERSAL-can-1.20140328-UKZdYr/blib/lib:/home/njh/.cpan/build/CGI-4.20-mWybjl/blib/arch:/home/njh/.cpan/build/CGI-4.20-mWybjl/blib/lib:/home/njh/.cpan/build/Exception-Class-DBI-1.01-SnFLq0/blib/arch:/home/njh/.cpan/build/Exception-Class-DBI-1.01-SnFLq0/blib/lib:/home/njh/.cpan/build/Exception-Class-TryCatch-1.13-mO2dTp/blib/arch:/home/njh/.cpan/build/Exception-Class-TryCatch-1.13-mO2dTp/blib/lib:/home/njh/.cpan/build/Heap-0.80-9e3dZR/blib/arch:/home/njh/.cpan/build/Heap-0.80-9e3dZR/blib/lib:/home/njh/.cpan/build/POE-Filter-Stomp-0.04-3P5n9T/blib/arch:/home/njh/.cpan/build/POE-Filter-Stomp-0.04-3P5n9T/blib/lib:/home/njh/.cpan/build/Net-Stomp-0.55-939cqP/blib/arch:/home/njh/.cpan/build/Net-Stomp-0.55-939cqP/blib/lib"
    PERL5OPT=""
    PERL5_CPANPLUS_IS_RUNNING="47764"
    PERL5_CPAN_IS_RUNNING="47764"
    PERL5_MINISMOKEBOX="0.58"
    PERLBREW_BASHRC_VERSION="0.73"
    PERLBREW_HOME="/home/njh/.perlbrew"
    PERLBREW_LIB=""
    PERLBREW_MANPATH="/home/njh/perl5/perlbrew/perls/perl-5.8.9/man"
    PERLBREW_PATH="/home/njh/perl5/perlbrew/bin:/home/njh/perl5/perlbrew/perls/perl-5.8.9/bin"
    PERLBREW_PERL="perl-5.8.9"
    PERLBREW_ROOT="/home/njh/perl5/perlbrew"
    PERLBREW_VERSION="0.73"
    PERL_EXTUTILS_AUTOINSTALL="--defaultdeps"
    PERL_LOCAL_LIB_ROOT=""
    PERL_MM_USE_DEFAULT="1"
  @INC:
    /home/njh/.cpan/build/Best-0.15-msMRB4/blib/arch
    /home/njh/.cpan/build/Best-0.15-msMRB4/blib/lib
    /home/njh/.cpan/build/POE-Component-Logger-1.10-0vlYLU/blib/arch
    /home/njh/.cpan/build/POE-Component-Logger-1.10-0vlYLU/blib/lib
    /home/njh/.cpan/build/Log-Dispatch-Config-1.04-KD8VS9/blib/arch
    /home/njh/.cpan/build/Log-Dispatch-Config-1.04-KD8VS9/blib/lib
    /home/njh/.cpan/build/AppConfig-1.71-Tv_m9l/blib/arch
    /home/njh/.cpan/build/AppConfig-1.71-Tv_m9l/blib/lib
    /home/njh/.cpan/build/IO-stringy-2.111-kF27oM/blib/arch
    /home/njh/.cpan/build/IO-stringy-2.111-kF27oM/blib/lib
    /home/njh/.cpan/build/UNIVERSAL-can-1.20140328-UKZdYr/blib/arch
    /home/njh/.cpan/build/UNIVERSAL-can-1.20140328-UKZdYr/blib/lib
    /home/njh/.cpan/build/CGI-4.20-mWybjl/blib/arch
    /home/njh/.cpan/build/CGI-4.20-mWybjl/blib/lib
    /home/njh/.cpan/build/Exception-Class-DBI-1.01-SnFLq0/blib/arch
    /home/njh/.cpan/build/Exception-Class-DBI-1.01-SnFLq0/blib/lib
    /home/njh/.cpan/build/Exception-Class-TryCatch-1.13-mO2dTp/blib/arch
    /home/njh/.cpan/build/Exception-Class-TryCatch-1.13-mO2dTp/blib/lib
    /home/njh/.cpan/build/Heap-0.80-9e3dZR/blib/arch
    /home/njh/.cpan/build/Heap-0.80-9e3dZR/blib/lib
    /home/njh/.cpan/build/POE-Filter-Stomp-0.04-3P5n9T/blib/arch
    /home/njh/.cpan/build/POE-Filter-Stomp-0.04-3P5n9T/blib/lib
    /home/njh/.cpan/build/Net-Stomp-0.55-939cqP/blib/arch
    /home/njh/.cpan/build/Net-Stomp-0.55-939cqP/blib/lib
    /home/njh/perl5/perlbrew/perls/perl-5.8.9/lib/5.8.9/i386-freebsd-thread-multi
    /home/njh/perl5/perlbrew/perls/perl-5.8.9/lib/5.8.9
    /home/njh/perl5/perlbrew/perls/perl-5.8.9/lib/site_perl/5.8.9/i386-freebsd-thread-multi
    /home/njh/perl5/perlbrew/perls/perl-5.8.9/lib/site_perl/5.8.9
    .