Report for Dancer2-Plugin-Interchange6-0.201

Back
From: metabase:user:314402c4-2aae-11df-837a-5e0a49663a4f
Subject: FAIL Dancer2-Plugin-Interchange6-0.201 v5.16.3 FreeBSD
Date: 2016-06-07T18:11:47Z

This distribution has been tested as part of the CPAN Testers
project, supporting the Perl programming language.  See
http://wiki.cpantesters.org/ for more information or email
questions to cpan-testers-discuss@perl.org


--
Dear Peter Mottram,

This is a computer-generated report for Dancer2-Plugin-Interchange6-0.201
on perl 5.16.3, created by CPAN-Reporter-1.2015.

Thank you for uploading your work to CPAN.  However, there was a problem
testing your distribution.

If you think this report is invalid, please consult the CPAN Testers Wiki
for suggestions on how to avoid getting FAIL reports for missing library
or binary dependencies, unsupported operating systems, and so on:

http://wiki.cpantesters.org/wiki/CPANAuthorNotes

Sections of this report:

    * Tester comments
    * Program output
    * Prerequisites
    * Environment and other context

------------------------------
TESTER COMMENTS
------------------------------

Additional comments from tester:

none provided

------------------------------
PROGRAM OUTPUT
------------------------------

Output from '/usr/bin/make test':

PERL_DL_NONLAZY=1 "/usr/perl5.16.3t/bin/perl5.16.3" "-MExtUtils::Command::MM" "-MTest::Harness" "-e" "undef *Test::Harness::Switches; test_harness(0, 'blib/lib', 'blib/arch')" t/00-load.t t/d2pci6_bop.t t/disabled_cart_and_checkout.t t/manifest.t t/pod-coverage.t t/pod.t t/test_mysql.t t/test_postgresql.t t/test_sqlite.t
# Testing Dancer2::Plugin::Interchange6 0.201, Perl 5.016003, /usr/perl5.16.3t/bin/perl5.16.3
t/00-load.t ..................... ok
t/d2pci6_bop.t .................. ok
Dancer2::Plugin::Interchange6::Routes: Maximum number of navigation records is zero.
t/disabled_cart_and_checkout.t .. skipped: Author tests not required for installation
t/manifest.t .................... skipped: Author tests not required for installation
t/pod-coverage.t ................ skipped: Author tests not required for installation
t/pod.t ......................... skipped: Author tests not required for installation
# Deploy
# Test::Cart
    # Test::DSL
# Test::Hooks
# Test::Routes
# Test::Shop
t/test_mysql.t .................. ok
# DBD::Pg 3.5.3 Test::PostgreSQL 1.06
# PostgreSQL 9.3.6 on amd64-portbld-freebsd9.3, compiled by cc (GCC) 4.2.1 20070831 patched [FreeBSD], 64-bit
# Deploy

#   Failed test 'schema->deploy lives'
#   at t/lib/Deploy.pm line 21.
# died: Wide character in subroutine entry at /usr/perl5.16.3t/lib/site_perl/5.16.3/DBIx/Class/Storage/DBI.pm line 1889.

#   Failed test 'load_all_fixtures lives'
#   at t/lib/Deploy.pm line 23.
# died: Can't call method "id" on an undefined value at /usr/perl5.16.3t/lib/site_perl/5.16.3/Interchange6/Test/Role/Fixtures.pm line 388.
# Test::Cart
    # Test::DSL

    #   Failed test 'we have some addresses'
    #   at t/lib/Test/DSL.pm line 131.
    #     '0'
    #         >
    #     '0'

    #   Failed test ''address' isa 'Interchange6::Schema::Result::Address''
    #   at t/lib/Test/DSL.pm line 139.
    #     'address' isn't defined

    #   Failed test 'shop_address find lives'
    #   at t/lib/Test/DSL.pm line 142.
    # died: Can't call method "id" on an undefined value at t/lib/Test/DSL.pm line 141.

    #   Failed test ''address' isa 'Interchange6::Schema::Result::Address''
    #   at t/lib/Test/DSL.pm line 144.
    #     'address' isn't defined
    # Looks like you failed 4 tests of 7.

#   Failed test 'shop_address'
#   at t/lib/Test/DSL.pm line 145.

    #   Failed test 'we have some orders'
    #   at t/lib/Test/DSL.pm line 230.
    #     '0'
    #         >
    #     '0'

    #   Failed test ''order' isa 'Interchange6::Schema::Result::Order''
    #   at t/lib/Test/DSL.pm line 235.
    #     'order' isn't defined

    #   Failed test 'shop_order find lives'
    #   at t/lib/Test/DSL.pm line 238.
    # died: Can't call method "id" on an undefined value at t/lib/Test/DSL.pm line 237.

    #   Failed test ''order' isa 'Interchange6::Schema::Result::Order''
    #   at t/lib/Test/DSL.pm line 240.
    #     'order' isn't defined
    # Looks like you failed 4 tests of 7.

#   Failed test 'shop_order'
#   at t/lib/Test/DSL.pm line 241.
# Test::Hooks
# Test::Routes
# Test::Shop
Pg refused to die gracefully; killing it violently.
# Looks like you failed 4 tests of 185.
t/test_postgresql.t ............. 
Dubious, test returned 4 (wstat 1024, 0x400)
Failed 4/185 subtests 
# Deploy
# Test::Cart
    # Test::DSL
# Test::Hooks
# Test::Routes
# Test::Shop
t/test_sqlite.t ................. ok

Test Summary Report
-------------------
t/test_postgresql.t           (Wstat: 1024 Tests: 185 Failed: 4)
  Failed tests:  1-2, 7, 12
  Non-zero exit status: 4
Files=9, Tests=571, 444 wallclock secs ( 0.43 usr  0.20 sys + 277.87 cusr 14.02 csys = 292.52 CPU)
Result: FAIL
Failed 1/9 test programs. 4/571 subtests failed.
*** [test_dynamic] Error code 255

Stop in /usr/home/eserte/.cpan/build/2016060715/Dancer2-Plugin-Interchange6-0.201-ioUt9u.

------------------------------
PREREQUISITES
------------------------------

Prerequisite modules loaded:

requires:

    Module                                            Need     Have    
    ------------------------------------------------- -------- --------
    Business::OnlinePayment                           3.02     3.04    
    Dancer2                                           0.200000 0.200000
    Dancer2::Plugin::Auth::Extensible                 0.600    0.600   
    Dancer2::Plugin::Auth::Extensible::Provider::DBIC 0.600    0.600   
    Dancer2::Plugin::DBIC                             0.0013   0.0013  
    Dancer2::Session::DBIC                            0.102    0.102   
    Interchange6                                      0.120    0.120   
    Interchange6::Schema                              0.110    0.110   
    JSON::MaybeXS                                     1.003003 1.003005
    Module::Runtime                                   0        0.014   
    MooseX::CoverableModifiers                        0        0.30    
    namespace::clean                                  0        0.27    
    Net::HTTPS::Any                                   0.11     0.11    
    perl                                              5.010000 5.016003
    YAML                                              0        1.15    

build_requires:

    Module                                            Need     Have    
    ------------------------------------------------- -------- --------
    File::Temp                                        0        0.2304  
    Module::Find                                      0        0.13    
    Test::Deep                                        0        1.120   
    Test::Exception                                   0        0.43    
    Test::More                                        0.94     1.302022
    Test::WWW::Mechanize::PSGI                        0.35     0.35    

configure_requires:

    Module                                            Need     Have    
    ------------------------------------------------- -------- --------
    ExtUtils::MakeMaker                               0        7.18    


------------------------------
ENVIRONMENT AND OTHER CONTEXT
------------------------------

Environment variables:

    LC_ALL = de_DE.ISO8859-1
    PATH = /usr/local/bin:/usr/bin:/bin:/usr/local/sbin:/usr/sbin:/sbin:/home/cpansand/bin/freebsd9.3:/home/cpansand/bin/sh:/home/cpansand/bin:/usr/games:/home/cpansand/devel:/usr/home/eserte/src/srezic-misc/scripts
    PERL5LIB = 
    PERL5OPT = 
    PERL5_CPANPLUS_IS_RUNNING = 53444
    PERL5_CPAN_IS_RUNNING = 53444
    PERL5_CPAN_IS_RUNNING_IN_RECURSION = 53390,53444
    PERLDOC = -MPod::Perldoc::ToTextOverstrike
    PERL_BATCH = yes
    PERL_CANARY_STABILITY_NOPROMPT = 1
    PERL_CPAN_REPORTER_CONFIG = /var/tmp/cpansmoker-1023/2016060715/cpanreporter_000_config.ini
    PERL_EXTUTILS_AUTOINSTALL = --defaultdeps
    SHELL = /usr/local/bin/zsh
    TERM = screen
    TMPDIR = /var/tmp/cpansmoker-1023/2016060715

Perl special variables (and OS-specific diagnostics, for MSWin32):

    $^X = /usr/perl5.16.3t/bin/perl5.16.3
    $UID/$EUID = 1023 / 1023
    $GID = 1023 1023
    $EGID = 1023 1023

Perl module toolchain versions installed:

    Module              Have    
    ------------------- --------
    CPAN                1.9800  
    CPAN::Meta          2.150005
    Cwd                 3.62    
    ExtUtils::CBuilder  0.280224
    ExtUtils::Command   7.18    
    ExtUtils::Install   1.68    
    ExtUtils::MakeMaker 7.18    
    ExtUtils::Manifest  1.70    
    ExtUtils::ParseXS   3.30    
    File::Spec          3.62    
    JSON                2.90    
    JSON::PP            2.27300 
    Module::Build       0.4218  
    Module::Signature   0.80    
    Parse::CPAN::Meta   1.4417  
    Test::Harness       3.36    
    Test::More          1.302022
    YAML                1.15    
    YAML::Syck          1.29    
    version             0.9916  


--

Summary of my perl5 (revision 5 version 16 subversion 3) configuration:
   
  Platform:
    osname=freebsd, osvers=9.2-release-p4, archname=amd64-freebsd-thread-multi
    uname='freebsd cvrsnica-freebsd-92 9.2-release-p4 freebsd 9.2-release-p4 #0: tue apr 8 18:08:22 utc 2014 root@amd64-builder.daemonology.net:usrobjusrsrcsysgeneric amd64 '
    config_args='-ds -e -Dprefix=/usr/perl5.16.3t -Dusethreads'
    hint=recommended, useposix=true, d_sigaction=define
    useithreads=define, usemultiplicity=define
    useperlio=define, d_sfio=undef, uselargefiles=define, usesocks=undef
    use64bitint=define, use64bitall=define, uselongdouble=undef
    usemymalloc=n, bincompat5005=undef
  Compiler:
    cc='cc', ccflags ='-DHAS_FPSETMASK -DHAS_FLOATINGPOINT_H -fno-strict-aliasing -pipe -fstack-protector -I/usr/local/include',
    optimize='-O',
    cppflags='-DHAS_FPSETMASK -DHAS_FLOATINGPOINT_H -fno-strict-aliasing -pipe -fstack-protector -I/usr/local/include'
    ccversion='', gccversion='4.2.1 20070831 patched [FreeBSD]', gccosandvers=''
    intsize=4, longsize=8, ptrsize=8, doublesize=8, byteorder=12345678
    d_longlong=define, longlongsize=8, d_longdbl=define, longdblsize=16
    ivtype='long', ivsize=8, nvtype='double', nvsize=8, Off_t='off_t', lseeksize=8
    alignbytes=8, prototype=define
  Linker and Libraries:
    ld='cc', ldflags ='-pthread -Wl,-E  -fstack-protector -L/usr/local/lib'
    libpth=/usr/lib /usr/local/lib
    libs=-lgdbm -lm -lcrypt
    perllibs=-lm -lcrypt
    libc=, so=so, useshrplib=false, libperl=libperl.a
    gnulibc_version=''
  Dynamic Linking:
    dlsrc=dl_dlopen.xs, dlext=so, d_dlsymun=undef, ccdlflags=' '
    cccdlflags='-DPIC -fPIC', lddlflags='-shared  -L/usr/local/lib -fstack-protector'


Characteristics of this binary (from libperl): 
  Compile-time options: HAS_TIMES MULTIPLICITY PERLIO_LAYERS
                        PERL_DONT_CREATE_GVSV PERL_IMPLICIT_CONTEXT
                        PERL_MALLOC_WRAP PERL_PRESERVE_IVUV USE_64_BIT_ALL
                        USE_64_BIT_INT USE_ITHREADS USE_LARGE_FILES
                        USE_LOCALE USE_LOCALE_COLLATE USE_LOCALE_CTYPE
                        USE_LOCALE_NUMERIC USE_PERLIO USE_PERL_ATOF
                        USE_REENTRANT_API
  Built under freebsd
  Compiled at May 16 2014 07:49:48
  %ENV:
    PERL5LIB=""
    PERL5OPT=""
    PERL5_CPANPLUS_IS_RUNNING="53444"
    PERL5_CPAN_IS_RUNNING="53444"
    PERL5_CPAN_IS_RUNNING_IN_RECURSION="53390,53444"
    PERLDOC="-MPod::Perldoc::ToTextOverstrike"
    PERL_BATCH="yes"
    PERL_CANARY_STABILITY_NOPROMPT="1"
    PERL_CPAN_REPORTER_CONFIG="/var/tmp/cpansmoker-1023/2016060715/cpanreporter_000_config.ini"
    PERL_EXTUTILS_AUTOINSTALL="--defaultdeps"
  @INC:
    /usr/perl5.16.3t/lib/site_perl/5.16.3/amd64-freebsd-thread-multi
    /usr/perl5.16.3t/lib/site_perl/5.16.3
    /usr/perl5.16.3t/lib/5.16.3/amd64-freebsd-thread-multi
    /usr/perl5.16.3t/lib/5.16.3
    .