POE v1.367 Perl 5 v5.24.3 x86_64-linux-thread-multi
- Status
- Fail
- From
- David Cantrell (DCANTRELL)
- Dist
-
POE v1.367
- Platform
- Perl 5 v5.24.3 x86_64-linux-thread-multi
- Date
- 2018-02-02 19:07:22
- ID
- 4c3f5856-084c-11e8-84c2-40d47247484a
This distribution has been tested as part of the CPAN Testers
project, supporting the Perl programming language. See
http://wiki.cpantesters.org/ for more information or email
questions to cpan-testers-discuss@perl.org
--
Dear Rocco Caputo,
This is a computer-generated report for POE-1.367
on perl 5.24.3, created by CPAN-Reporter-1.2018.
Thank you for uploading your work to CPAN. However, there was a problem
testing your distribution.
If you think this report is invalid, please consult the CPAN Testers Wiki
for suggestions on how to avoid getting FAIL reports for missing library
or binary dependencies, unsupported operating systems, and so on:
http://wiki.cpantesters.org/wiki/CPANAuthorNotes
Sections of this report:
* Tester comments
* Program output
* Prerequisites
* Environment and other context
------------------------------
TESTER COMMENTS
------------------------------
Additional comments from tester:
this report is from an automated smoke testing program
and was not reviewed by a human for accuracy
------------------------------
PROGRAM OUTPUT
------------------------------
Output from '/usr/bin/make test':
"/home/david/cpantesting/perl-5.24.3/bin/perl" mylib/gen-tests.perl lib/POE.pm
PERL_DL_NONLAZY=1 "/home/david/cpantesting/perl-5.24.3/bin/perl" "-MExtUtils::Command::MM" "-MTest::Harness" "-e" "undef *Test::Harness::Switches; test_harness(0, 'blib/lib', 'blib/arch')" t/*.t t/*/*.t t/*/*/*.t
# Testing POE 1.367, POE::Test::Loops 1.360, Perl 5.024003, /home/david/cpantesting/perl-5.24.3/bin/perl on linux
# pogomips: 20443938
t/00_info.t ........................................ ok
t/10_units/01_pod/01_pod.t ......................... skipped: enable by setting RELEASE_TESTING
t/10_units/01_pod/02_pod_coverage.t ................ skipped: enable by setting RELEASE_TESTING
t/10_units/01_pod/03_pod_no404s.t .................. skipped: enable by setting RELEASE_TESTING
t/10_units/01_pod/04_pod_linkcheck.t ............... skipped: enable by setting RELEASE_TESTING
t/10_units/02_pipes/01_base.t ...................... skipped: not implemented yet
t/10_units/02_pipes/02_oneway.t .................... ok
t/10_units/02_pipes/03_twoway.t .................... ok
t/10_units/03_base/01_poe.t ........................ ok
t/10_units/03_base/03_component.t .................. ok
t/10_units/03_base/04_driver.t ..................... ok
t/10_units/03_base/05_filter.t ..................... ok
t/10_units/03_base/06_loop.t ....................... ok
t/10_units/03_base/07_queue.t ...................... ok
t/10_units/03_base/08_resource.t ................... ok
t/10_units/03_base/09_resources.t .................. ok
t/10_units/03_base/10_wheel.t ...................... ok
t/10_units/03_base/11_assert_usage.t ............... ok
t/10_units/03_base/12_assert_retval.t .............. ok
t/10_units/03_base/13_assert_data.t ................ ok
t/10_units/03_base/14_kernel.t ..................... ok
t/10_units/03_base/15_kernel_internal.t ............ ok
t/10_units/03_base/16_nfa_usage.t .................. ok
t/10_units/03_base/17_detach_start.t ............... ok
t/10_units/04_drivers/01_sysrw.t ................... ok
t/10_units/05_filters/01_block.t ................... ok
t/10_units/05_filters/02_grep.t .................... ok
Downgrading wide characters in HTTP header. Consider installing Email::MIME::RFC2047::Encoder at /home/david/cpantesting/perl-5.24.3/.cpan/build/POE-1.367-f9cdwN/blib/lib/POE/Filter/HTTPD.pm line 73.
POE::Filter::HTTPD::__ANON__("En \x{e9}t\x{e9}") called at /home/david/cpantesting/perl-5.24.3/.cpan/build/POE-1.367-f9cdwN/blib/lib/POE/Filter/HTTPD.pm line 449
POE::Filter::HTTPD::headers_as_strings(POE::Filter::HTTPD=ARRAY(0x1cca7f0), HTTP::Headers=HASH(0x1cc98c0), "\x{d}\x{a}") called at /home/david/cpantesting/perl-5.24.3/.cpan/build/POE-1.367-f9cdwN/blib/lib/POE/Filter/HTTPD.pm line 411
POE::Filter::HTTPD::put(POE::Filter::HTTPD=ARRAY(0x1cca7f0), ARRAY(0x1ced7e0)) called at t/10_units/05_filters/03_http.t line 426
t/10_units/05_filters/03_http.t .................... ok
t/10_units/05_filters/04_line.t .................... ok
t/10_units/05_filters/05_map.t ..................... ok
t/10_units/05_filters/06_recordblock.t ............. ok
t/10_units/05_filters/07_reference.t ............... ok
t/10_units/05_filters/08_stream.t .................. ok
t/10_units/05_filters/50_stackable.t ............... ok
t/10_units/05_filters/51_reference_die.t ........... ok
t/10_units/05_filters/99_filterchange.t ............ ok
t/10_units/06_queues/01_array.t .................... ok
t/10_units/07_exceptions/01_normal.t ............... ok
t/10_units/07_exceptions/02_turn_off.t ............. ok
t/10_units/07_exceptions/03_not_handled.t .......... ok
t/10_units/08_loops/01_explicit_loop.t ............. ok
t/10_units/08_loops/02_explicit_loop_fail.t ........ ok
t/10_units/08_loops/03_explicit_loop_poll.t ........ ok
t/10_units/08_loops/04_explicit_loop_envvar.t ...... ok
t/10_units/08_loops/05_kernel_loop.t ............... ok
t/10_units/08_loops/06_kernel_loop_poll.t .......... ok
t/10_units/08_loops/07_kernel_loop_fail.t .......... ok
t/10_units/08_loops/08_kernel_loop_search_poll.t ... ok
t/10_units/08_loops/09_naive_loop_load.t ........... ok
t/10_units/08_loops/10_naive_loop_load_poll.t ...... ok
t/10_units/08_loops/11_double_loop.t ............... ok
t/20_resources/10_perl/aliases.t ................... ok
t/20_resources/10_perl/caller_state.t .............. ok
t/20_resources/10_perl/events.t .................... ok
t/20_resources/10_perl/extrefs.t ................... ok
t/20_resources/10_perl/extrefs_gc.t ................ ok
t/20_resources/10_perl/filehandles.t ............... ok
t/20_resources/10_perl/sessions.t .................. ok
t/20_resources/10_perl/sids.t ...................... ok
t/20_resources/10_perl/signals.t ................... ok
# Testing POE 1.367, POE::Test::Loops 1.360, Using Loop(POE::Loop::IO_Poll), Perl 5.024003, /home/david/cpantesting/perl-5.24.3/bin/perl on linux
t/30_loops/io_poll/00_info.t ....................... ok
t/30_loops/io_poll/all_errors.t .................... skipped: most of these should move into other test files
t/30_loops/io_poll/comp_tcp.t ...................... ok
# You might see a 'disconnect' error during this test.
# It may be ignored.
t/30_loops/io_poll/comp_tcp_concurrent.t ........... ok
t/30_loops/io_poll/connect_errors.t ................ ok
t/30_loops/io_poll/k_alarms.t ...................... ok
t/30_loops/io_poll/k_aliases.t ..................... ok
t/30_loops/io_poll/k_detach.t ...................... ok
t/30_loops/io_poll/k_run_returns.t ................. ok
t/30_loops/io_poll/k_selects.t ..................... ok
t/30_loops/io_poll/k_sig_child.t ................... ok
t/30_loops/io_poll/k_signals.t ..................... ok
t/30_loops/io_poll/k_signals_rerun.t ............... ok
t/30_loops/io_poll/sbk_signal_init.t ............... ok
t/30_loops/io_poll/ses_nfa.t ....................... ok
# This test generates some STDERR during trace testing.
=== 12080 === 23 -> _start (from /home/david/cpantesting/perl-5.24.3/.cpan/build/POE-1.367-f9cdwN/blib/lib/POE/Kernel.pm at 1497)
=== 12080 === 23 -> woot (from /home/david/cpantesting/perl-5.24.3/lib/site_perl/5.24.3/POE/Test/Loops/ses_session.pm at 691)
=== 12080 === 23 -> narf (from /home/david/cpantesting/perl-5.24.3/lib/site_perl/5.24.3/POE/Test/Loops/ses_session.pm at 692)
=== 12080 === 23 -> _stop (from /home/david/cpantesting/perl-5.24.3/.cpan/build/POE-1.367-f9cdwN/blib/lib/POE/Resource/Sessions.pm at 571)
t/30_loops/io_poll/ses_session.t ................... ok
t/30_loops/io_poll/wheel_accept.t .................. ok
t/30_loops/io_poll/wheel_curses.t .................. skipped: Curses not available
t/30_loops/io_poll/wheel_readline.t ................ ok
t/30_loops/io_poll/wheel_readwrite.t ............... ok
# Failed test 'stdio/redirection'
# at /home/david/cpantesting/perl-5.24.3/lib/site_perl/5.24.3/POE/Test/Loops/wheel_run.pm line 600.
# 'PARENT:DONE:'
# doesn't match '(?^:CHILD:PARENT:DONE:)'
# Looks like you failed 1 test of 103.
t/30_loops/io_poll/wheel_run.t .....................
Dubious, test returned 1 (wstat 256, 0x100)
Failed 1/103 subtests
t/30_loops/io_poll/wheel_run_size.t ................ skipped: This test requires Term::Size
t/30_loops/io_poll/wheel_sf_ipv6.t ................. skipped: Socket::GetAddrInfo is needed for IPv6 tests
t/30_loops/io_poll/wheel_sf_tcp.t .................. ok
t/30_loops/io_poll/wheel_sf_udp.t .................. ok
t/30_loops/io_poll/wheel_sf_unix.t ................. ok
t/30_loops/io_poll/wheel_tail.t .................... ok
t/30_loops/io_poll/z_kogman_sig_order.t ............ ok
t/30_loops/io_poll/z_leolo_wheel_run.t ............. ok
# Using '/bin/true' as our thing to run under system()
t/30_loops/io_poll/z_merijn_sigchld_system.t ....... ok
t/30_loops/io_poll/z_rt39872_sigchld.t ............. ok
# Parent 13284 waiting 3sec for slow systems to settle.
# sending sigusr1
# sent sigusr1
t/30_loops/io_poll/z_rt39872_sigchld_stop.t ........ ok
t/30_loops/io_poll/z_rt53302_fh_watchers.t ......... ok
t/30_loops/io_poll/z_rt54319_bazerka_followtail.t .. ok
t/30_loops/io_poll/z_steinert_signal_integrity.t ... ok
# Testing POE 1.367, POE::Test::Loops 1.360, Using Loop(POE::Loop::Select), Perl 5.024003, /home/david/cpantesting/perl-5.24.3/bin/perl on linux
t/30_loops/select/00_info.t ........................ ok
t/30_loops/select/all_errors.t ..................... skipped: most of these should move into other test files
t/30_loops/select/comp_tcp.t ....................... ok
# You might see a 'disconnect' error during this test.
# It may be ignored.
t/30_loops/select/comp_tcp_concurrent.t ............ ok
t/30_loops/select/connect_errors.t ................. ok
t/30_loops/select/k_alarms.t ....................... ok
t/30_loops/select/k_aliases.t ...................... ok
t/30_loops/select/k_detach.t ....................... ok
t/30_loops/select/k_run_returns.t .................. ok
t/30_loops/select/k_selects.t ...................... ok
t/30_loops/select/k_sig_child.t .................... ok
t/30_loops/select/k_signals.t ...................... ok
t/30_loops/select/k_signals_rerun.t ................ ok
t/30_loops/select/sbk_signal_init.t ................ ok
t/30_loops/select/ses_nfa.t ........................ ok
# This test generates some STDERR during trace testing.
=== 14798 === 23 -> _start (from /home/david/cpantesting/perl-5.24.3/.cpan/build/POE-1.367-f9cdwN/blib/lib/POE/Kernel.pm at 1497)
=== 14798 === 23 -> woot (from /home/david/cpantesting/perl-5.24.3/lib/site_perl/5.24.3/POE/Test/Loops/ses_session.pm at 691)
=== 14798 === 23 -> narf (from /home/david/cpantesting/perl-5.24.3/lib/site_perl/5.24.3/POE/Test/Loops/ses_session.pm at 692)
=== 14798 === 23 -> _stop (from /home/david/cpantesting/perl-5.24.3/.cpan/build/POE-1.367-f9cdwN/blib/lib/POE/Resource/Sessions.pm at 571)
t/30_loops/select/ses_session.t .................... ok
t/30_loops/select/wheel_accept.t ................... ok
t/30_loops/select/wheel_curses.t ................... skipped: Curses not available
t/30_loops/select/wheel_readline.t ................. ok
t/30_loops/select/wheel_readwrite.t ................ ok
t/30_loops/select/wheel_run.t ...................... ok
t/30_loops/select/wheel_run_size.t ................. skipped: This test requires Term::Size
t/30_loops/select/wheel_sf_ipv6.t .................. skipped: Socket::GetAddrInfo is needed for IPv6 tests
t/30_loops/select/wheel_sf_tcp.t ................... ok
t/30_loops/select/wheel_sf_udp.t ................... ok
t/30_loops/select/wheel_sf_unix.t .................. ok
t/30_loops/select/wheel_tail.t ..................... ok
t/30_loops/select/z_kogman_sig_order.t ............. ok
t/30_loops/select/z_leolo_wheel_run.t .............. ok
# Using '/bin/true' as our thing to run under system()
t/30_loops/select/z_merijn_sigchld_system.t ........ ok
t/30_loops/select/z_rt39872_sigchld.t .............. ok
# Parent 15916 waiting 3sec for slow systems to settle.
# sending sigusr1
# sent sigusr1
t/30_loops/select/z_rt39872_sigchld_stop.t ......... ok
t/30_loops/select/z_rt53302_fh_watchers.t .......... ok
t/30_loops/select/z_rt54319_bazerka_followtail.t ... ok
t/30_loops/select/z_steinert_signal_integrity.t .... ok
t/90_regression/agaran-filter-httpd.t .............. ok
t/90_regression/averell-callback-ret.t ............. ok
t/90_regression/bingos-followtail.t ................ ok
t/90_regression/broeren-win32-nbio.t ............... skipped: This test examines ActiveState Perl behavior.
t/90_regression/cfedde-filter-httpd.t .............. ok
t/90_regression/ferrari-server-unix.t .............. ok
t/90_regression/grinnz-die-in-die.t ................ ok
Died at t/90_regression/hinrik-wheel-run-die.t line 21.
t/90_regression/hinrik-wheel-run-die.t ............. ok
# This test can take up to 10 seconds
t/90_regression/kjeldahl-stop-start-polling.t ...... ok
# This test can take up to 10 seconds
t/90_regression/kjeldahl-stop-start-sig-nopipe.t ... ok
# This test can take up to 10 seconds
t/90_regression/kjeldahl-stop-start-sig-pipe.t ..... ok
t/90_regression/leolo-sig-die.t .................... ok
t/90_regression/meh-startstop-return.t ............. ok
t/90_regression/neyuki_detach.t .................... ok
t/90_regression/pipe-followtail.t .................. ok
t/90_regression/prumike-win32-stat.t ............... skipped: This test examines Strawberry/ActiveState Perl behavior.
t/90_regression/rt14444-arg1.t ..................... ok
t/90_regression/rt1648-tied-stderr.t ............... ok
t/90_regression/rt19908-merlyn-stop.t .............. ok
t/90_regression/rt23181-sigchld-rc.t ............... ok
t/90_regression/rt47966-sigchld.t .................. skipped: enable by setting RELEASE_TESTING
t/90_regression/rt56417-wheel-run.t ................ ok
t/90_regression/rt65460-forking.t .................. ok
t/90_regression/socketfactory-timeout.t ............ ok
t/90_regression/somni-poco-server-tcp.t ............ ok
t/90_regression/steinert-passed-wheel.t ............ ok
t/90_regression/suzman_windows.t ................... ok
t/90_regression/ton-stop-corruption.t .............. ok
t/90_regression/tracing-sane-exit.t ................ ok
t/90_regression/whelan-dieprop.t ................... ok
t/90_regression/whjackson-followtail.t ............. ok
Test Summary Report
-------------------
t/10_units/05_filters/03_http.t (Wstat: 0 Tests: 137 Failed: 0)
TODO passed: 85
t/30_loops/io_poll/wheel_run.t (Wstat: 256 Tests: 103 Failed: 1)
Failed test: 12
Non-zero exit status: 1
Files=161, Tests=4233, 129 wallclock secs ( 0.56 usr 0.56 sys + 13.66 cusr 2.83 csys = 17.61 CPU)
Result: FAIL
Failed 1/161 test programs. 1/4233 subtests failed.
Makefile:1174: recipe for target 'test_dynamic' failed
make: *** [test_dynamic] Error 255
------------------------------
PREREQUISITES
------------------------------
Prerequisite modules loaded:
requires:
Module Need Have
---------------- ----- --------
Carp 0 1.40
Errno 1.09 1.25
Exporter 0 5.72
File::Spec 0.87 3.63_01
IO 1.24 1.36_01
IO::Handle 1.27 1.36
IO::Pipely 0.005 0.005
IO::Tty 1.08 1.12
POE::Test::Loops 1.360 1.360
POSIX 1.02 1.65_01
Socket 1.7 2.020_03
Storable 2.16 2.56_01
Test::Harness 2.26 3.36_01
Time::HiRes 1.59 1.9741
build_requires:
Module Need Have
---------------- ----- --------
POE::Test::Loops 1.360 1.360
configure_requires:
Module Need Have
---------------- ----- --------
POE::Test::Loops 1.360 1.360
------------------------------
ENVIRONMENT AND OTHER CONTEXT
------------------------------
Environment variables:
AUTOMATED_TESTING = 1
NONINTERACTIVE_TESTING = 1
PATH = /usr/local/bin:/usr/bin:/bin:/usr/local/games:/usr/games
PERL = 5.24.3
PERL5LIB =
PERL5OPT =
PERL5_CPANPLUS_IS_RUNNING = 5747
PERL5_CPAN_IS_RUNNING = 5747
PERLVER = 5.24.3
PERL_INLINE_DIRECTORY = /home/david/.Inline-5.24.3
PERL_MM_USE_DEFAULT = 1
PERL_USE_UNSAFE_INC = 0
SHELL = /bin/bash
TERM = screen
Perl special variables (and OS-specific diagnostics, for MSWin32):
$^X = /home/david/cpantesting/perl-5.24.3/bin/perl
$UID/$EUID = 1000 / 1000
$GID = 1000 1000
$EGID = 1000 1000
Perl module toolchain versions installed:
Module Have
------------------- ----------
CPAN 2.11_01
CPAN::Meta 2.150005
Cwd 3.63_01
ExtUtils::CBuilder 0.280225
ExtUtils::Command 7.10_02
ExtUtils::Install 2.04
ExtUtils::MakeMaker 7.10_02
ExtUtils::Manifest 1.70
ExtUtils::ParseXS 3.31
File::Spec 3.63_01
JSON 2.97001
JSON::PP 2.27300_01
Module::Build 0.4224
Module::Signature n/a
Parse::CPAN::Meta 1.4417_001
Test::Harness 3.36_01
Test::More 1.302120
YAML 1.24
YAML::Syck n/a
version 0.9916
--
Summary of my perl5 (revision 5 version 24 subversion 3) configuration:
Platform:
osname=linux, osvers=3.16.0-4-amd64, archname=x86_64-linux-thread-multi
uname='linux pigsty.barnyard.co.uk 3.16.0-4-amd64 #1 smp debian 3.16.36-1+deb8u1 (2016-09-03) x86_64 gnulinux '
config_args='-de -Duse64bitall -Dusethreads -Dprefix=/home/david/cpantesting/perl-5.24.3'
hint=recommended, useposix=true, d_sigaction=define
useithreads=define, usemultiplicity=define
use64bitint=define, use64bitall=define, uselongdouble=undef
usemymalloc=n, bincompat5005=undef
Compiler:
cc='cc', ccflags ='-D_REENTRANT -D_GNU_SOURCE -fwrapv -fno-strict-aliasing -pipe -fstack-protector-strong -I/usr/local/include -D_LARGEFILE_SOURCE -D_FILE_OFFSET_BITS=64 -D_FORTIFY_SOURCE=2',
optimize='-O2',
cppflags='-D_REENTRANT -D_GNU_SOURCE -fwrapv -fno-strict-aliasing -pipe -fstack-protector-strong -I/usr/local/include'
ccversion='', gccversion='4.9.2', gccosandvers=''
intsize=4, longsize=8, ptrsize=8, doublesize=8, byteorder=12345678, doublekind=3
d_longlong=define, longlongsize=8, d_longdbl=define, longdblsize=16, longdblkind=3
ivtype='long', ivsize=8, nvtype='double', nvsize=8, Off_t='off_t', lseeksize=8
alignbytes=8, prototype=define
Linker and Libraries:
ld='cc', ldflags =' -fstack-protector-strong -L/usr/local/lib'
libpth=/usr/local/lib /usr/lib/gcc/x86_64-linux-gnu/4.9/include-fixed /usr/include/x86_64-linux-gnu /usr/lib /lib/x86_64-linux-gnu /lib/../lib /usr/lib/x86_64-linux-gnu /usr/lib/../lib /lib
libs=-lpthread -lnsl -ldb -ldl -lm -lcrypt -lutil -lc
perllibs=-lpthread -lnsl -ldl -lm -lcrypt -lutil -lc
libc=libc-2.19.so, so=so, useshrplib=false, libperl=libperl.a
gnulibc_version='2.19'
Dynamic Linking:
dlsrc=dl_dlopen.xs, dlext=so, d_dlsymun=undef, ccdlflags='-Wl,-E'
cccdlflags='-fPIC', lddlflags='-shared -O2 -L/usr/local/lib -fstack-protector-strong'
Characteristics of this binary (from libperl):
Compile-time options: HAS_TIMES MULTIPLICITY PERLIO_LAYERS
PERL_COPY_ON_WRITE PERL_DONT_CREATE_GVSV
PERL_HASH_FUNC_ONE_AT_A_TIME_HARD
PERL_IMPLICIT_CONTEXT PERL_MALLOC_WRAP
PERL_PRESERVE_IVUV USE_64_BIT_ALL USE_64_BIT_INT
USE_ITHREADS USE_LARGE_FILES USE_LOCALE
USE_LOCALE_COLLATE USE_LOCALE_CTYPE
USE_LOCALE_NUMERIC USE_LOCALE_TIME USE_PERLIO
USE_PERL_ATOF USE_REENTRANT_API
Built under linux
Compiled at Sep 26 2017 16:23:50
%ENV:
PERL="5.24.3"
PERL5LIB=""
PERL5OPT=""
PERL5_CPANPLUS_IS_RUNNING="5747"
PERL5_CPAN_IS_RUNNING="5747"
PERLVER="5.24.3"
PERL_INLINE_DIRECTORY="/home/david/.Inline-5.24.3"
PERL_MM_USE_DEFAULT="1"
PERL_USE_UNSAFE_INC="0"
@INC:
/home/david/cpantesting/perl-5.24.3/lib/site_perl/5.24.3/x86_64-linux-thread-multi
/home/david/cpantesting/perl-5.24.3/lib/site_perl/5.24.3
/home/david/cpantesting/perl-5.24.3/lib/5.24.3/x86_64-linux-thread-multi
/home/david/cpantesting/perl-5.24.3/lib/5.24.3
.