Report for App-Templer-0.9.8

Back
From: metabase:user:31d414ea-2aae-11df-837a-5e0a49663a4f
Subject: FAIL App-Templer-0.9.8 v5.18.1 GNU/Linux
Date: 2014-09-12T12:42:45Z

This distribution has been tested as part of the CPAN Testers
project, supporting the Perl programming language.  See
http://wiki.cpantesters.org/ for more information or email
questions to cpan-testers-discuss@perl.org


--
Dear Steve Kemp,

This is a computer-generated report for App-Templer-0.9.8
on perl 5.18.1, created by CPAN-Reporter-1.2010.

Thank you for uploading your work to CPAN.  However, there was a problem
testing your distribution.

If you think this report is invalid, please consult the CPAN Testers Wiki
for suggestions on how to avoid getting FAIL reports for missing library
or binary dependencies, unsupported operating systems, and so on:

http://wiki.cpantesters.org/wiki/CPANAuthorNotes

Sections of this report:

    * Tester comments
    * Program output
    * Prerequisites
    * Environment and other context

------------------------------
TESTER COMMENTS
------------------------------

Additional comments from tester:

this report is from an automated smoke testing program
and was not reviewed by a human for accuracy

------------------------------
PROGRAM OUTPUT
------------------------------

Output from '/usr/bin/make test':

PERL_DL_NONLAZY=1 "/home/david/cpantesting/perl-5.18.1/bin/perl" "-MExtUtils::Command::MM" "-MTest::Harness" "-e" "undef *Test::Harness::Switches; test_harness(0, 'blib/lib', 'blib/arch')" t/*.t
t/style-no-tabs.t ........................... ok
t/style-no-trailing-whitespace.t ............ ok
t/test-dependencies.t ....................... ok
t/test-pod-syntax.t ......................... ok
t/test-strict.t ............................. ok
t/test-templer-asset-copying.t .............. ok
t/test-templer-page-expansion.t ............. ok
t/test-templer-plugin-factory-formatters.t .. ok
t/test-templer-plugin-factory.t ............. ok
t/test-templer-plugin-filecontents.t ........ ok
t/test-templer-plugin-fileglob.t ............ ok
t/test-templer-plugin-filters.t ............. ok
Use of uninitialized value in string eq at /home/david/cpantesting/perl-5.18.1/lib/site_perl/5.18.1/Test/More.pm line 1298.
skip() needs to know $how_many tests are in the block at t/test-templer-plugin-redis.t line 60
# Tests were run but no plan was declared and done_testing() was not seen.
t/test-templer-plugin-redis.t ............... 
Dubious, test returned 254 (wstat 65024, 0xfe00)
All 9 subtests passed 
	(less 1 skipped subtest: 8 okay)
t/test-templer-plugin-rootpath.t ............ ok
t/test-templer-plugin-shellcommand.t ........ ok
t/test-templer-plugin-timestamp.t ........... ok
t/test-templer-site-new.t ................... ok
t/test-templer-site.t ....................... ok
t/test-templer-synchronization.t ............ ok

Test Summary Report
-------------------
t/test-templer-plugin-redis.t             (Wstat: 65024 Tests: 9 Failed: 0)
  Non-zero exit status: 254
  Parse errors: No plan found in TAP output
Files=19, Tests=668,  6 wallclock secs ( 0.11 usr  0.07 sys +  3.38 cusr  0.81 csys =  4.37 CPU)
Result: FAIL
Failed 1/19 test programs. 0/668 subtests failed.
make: *** [test_dynamic] Error 255

------------------------------
PREREQUISITES
------------------------------

Prerequisite modules loaded:

requires:

    Module              Need  Have    
    ------------------- ----- --------
    Getopt::Long        0     2.39    
    HTML::Template      0     2.95    
    Image::Size         0     3.232   
    Module::Pluggable   0     5.1     
    perl                5.008 5.018001
    Redis               0     1.975   
    Text::Markdown      0     1.000031
    Text::Template      0     1.46    
    Text::Textile       0     2.13    

build_requires:

    Module              Need  Have    
    ------------------- ----- --------
    ExtUtils::MakeMaker 0     6.99_12 
    Test::Exception     0     0.32    
    Test::More          0     1.001006
    Test::NoTabs        0     1.3     
    Test::Pod           0     1.48    
    Test::Strict        0     0.23    

configure_requires:

    Module              Need  Have    
    ------------------- ----- --------
    ExtUtils::MakeMaker 0     6.99_12 


------------------------------
ENVIRONMENT AND OTHER CONTEXT
------------------------------

Environment variables:

    AUTOMATED_TESTING = 1
    PATH = /usr/local/bin:/usr/bin:/bin:/usr/games
    PERL = 5.18.1
    PERL5LIB = 
    PERL5OPT = 
    PERL5_CPANPLUS_IS_RUNNING = 1998
    PERL5_CPAN_IS_RUNNING = 1998
    PERLVER = 5.18.1
    PERL_INLINE_DIRECTORY = /home/david/.Inline-5.18.1
    PERL_MM_USE_DEFAULT = 1
    SHELL = /bin/bash
    TERM = screen

Perl special variables (and OS-specific diagnostics, for MSWin32):

    $^X = /home/david/cpantesting/perl-5.18.1/bin/perl
    $UID/$EUID = 1000 / 1000
    $GID = 1000 1000
    $EGID = 1000 1000

Perl module toolchain versions installed:

    Module              Have    
    ------------------- --------
    CPAN                2.00    
    CPAN::Meta          2.142060
    Cwd                 3.40    
    ExtUtils::CBuilder  0.280210
    ExtUtils::Command   1.17    
    ExtUtils::Install   1.59    
    ExtUtils::MakeMaker 6.99_12 
    ExtUtils::Manifest  1.65    
    ExtUtils::ParseXS   3.24    
    File::Spec          3.40    
    JSON                2.61    
    JSON::PP            2.27203 
    Module::Build       0.4210  
    Module::Signature   n/a     
    Parse::CPAN::Meta   1.4414  
    Test::Harness       3.33    
    Test::More          1.001006
    YAML                1.11    
    YAML::Syck          1.27    
    version             0.9902  


--

Summary of my perl5 (revision 5 version 18 subversion 1) configuration:
   
  Platform:
    osname=linux, osvers=3.2.0-4-amd64, archname=x86_64-linux-thread-multi
    uname='linux pigsty.barnyard.co.uk 3.2.0-4-amd64 #1 smp debian 3.2.35-2 x86_64 gnulinux '
    config_args='-de -Dprefix=/home/david/cpantesting/perl-5.18.1 -Dusethreads -Duse64bitall'
    hint=recommended, useposix=true, d_sigaction=define
    useithreads=define, usemultiplicity=define
    useperlio=define, d_sfio=undef, uselargefiles=define, usesocks=undef
    use64bitint=define, use64bitall=define, uselongdouble=undef
    usemymalloc=n, bincompat5005=undef
  Compiler:
    cc='cc', ccflags ='-D_REENTRANT -D_GNU_SOURCE -fno-strict-aliasing -pipe -fstack-protector -I/usr/local/include -D_LARGEFILE_SOURCE -D_FILE_OFFSET_BITS=64',
    optimize='-O2',
    cppflags='-D_REENTRANT -D_GNU_SOURCE -fno-strict-aliasing -pipe -fstack-protector -I/usr/local/include'
    ccversion='', gccversion='4.1.2 20061115 (prerelease) (Debian 4.1.1-21)', gccosandvers=''
    intsize=4, longsize=8, ptrsize=8, doublesize=8, byteorder=12345678
    d_longlong=define, longlongsize=8, d_longdbl=define, longdblsize=16
    ivtype='long', ivsize=8, nvtype='double', nvsize=8, Off_t='off_t', lseeksize=8
    alignbytes=8, prototype=define
  Linker and Libraries:
    ld='cc', ldflags =' -fstack-protector -L/usr/local/lib'
    libpth=/usr/local/lib /lib /usr/lib /lib64 /usr/lib64
    libs=-lnsl -lgdbm -ldb -ldl -lm -lcrypt -lutil -lpthread -lc -lgdbm_compat
    perllibs=-lnsl -ldl -lm -lcrypt -lutil -lpthread -lc
    libc=/lib/libc-2.3.6.so, so=so, useshrplib=false, libperl=libperl.a
    gnulibc_version='2.3.6'
  Dynamic Linking:
    dlsrc=dl_dlopen.xs, dlext=so, d_dlsymun=undef, ccdlflags='-Wl,-E'
    cccdlflags='-fPIC', lddlflags='-shared -O2 -L/usr/local/lib -fstack-protector'


Characteristics of this binary (from libperl): 
  Compile-time options: HAS_TIMES MULTIPLICITY PERLIO_LAYERS
                        PERL_DONT_CREATE_GVSV
                        PERL_HASH_FUNC_ONE_AT_A_TIME_HARD
                        PERL_IMPLICIT_CONTEXT PERL_MALLOC_WRAP
                        PERL_PRESERVE_IVUV PERL_SAWAMPERSAND USE_64_BIT_ALL
                        USE_64_BIT_INT USE_ITHREADS USE_LARGE_FILES
                        USE_LOCALE USE_LOCALE_COLLATE USE_LOCALE_CTYPE
                        USE_LOCALE_NUMERIC USE_PERLIO USE_PERL_ATOF
                        USE_REENTRANT_API
  Built under linux
  Compiled at Oct 22 2013 12:26:27
  %ENV:
    PERL="5.18.1"
    PERL5LIB=""
    PERL5OPT=""
    PERL5_CPANPLUS_IS_RUNNING="1998"
    PERL5_CPAN_IS_RUNNING="1998"
    PERLVER="5.18.1"
    PERL_INLINE_DIRECTORY="/home/david/.Inline-5.18.1"
    PERL_MM_USE_DEFAULT="1"
  @INC:
    /home/david/cpantesting/perl-5.18.1/lib/site_perl/5.18.1/x86_64-linux-thread-multi
    /home/david/cpantesting/perl-5.18.1/lib/site_perl/5.18.1
    /home/david/cpantesting/perl-5.18.1/lib/5.18.1/x86_64-linux-thread-multi
    /home/david/cpantesting/perl-5.18.1/lib/5.18.1
    .