Back
From: metabase:user:68a9c4ac-1ec7-11e0-bf29-9c4bfeb2ac3f
Subject: FAIL Statistics-Normality-0.01 v5.15.8 FreeBSD
Date: 2012-03-16T17:13:05Z
This distribution has been tested as part of the CPAN Testers
project, supporting the Perl programming language. See
http://wiki.cpantesters.org/ for more information or email
questions to cpan-testers-discuss@perl.org
--
Dear Michael C Wendl,
This is a computer-generated report for Statistics-Normality-0.01
on perl 5.15.8, created by CPAN-Reporter-1.2005.
Thank you for uploading your work to CPAN. However, there was a problem
testing your distribution.
If you think this report is invalid, please consult the CPAN Testers Wiki
for suggestions on how to avoid getting FAIL reports for missing library
or binary dependencies, unsupported operating systems, and so on:
http://wiki.cpantesters.org/wiki/CPANAuthorNotes
Sections of this report:
* Tester comments
* Program output
* Prerequisites
* Environment and other context
------------------------------
TESTER COMMENTS
------------------------------
Additional comments from tester:
this report is from an automated smoke testing program
and was not reviewed by a human for accuracy
------------------------------
PROGRAM OUTPUT
------------------------------
Output from '/usr/bin/make test':
PERL_DL_NONLAZY=1 /usr/home/rando/perl5/perlbrew/perls/perl-5.15.8/bin/perl5.15.8 "-MExtUtils::Command::MM" "-e" "test_harness(0, 'blib/lib', 'blib/arch')" t/*.t
# Failed test 'use Statistics::Normality;'
# at t/00-load.t line 6.
# Tried to use 'Statistics::Normality'.
# Error: Can't locate Statistics/Distributions.pm in @INC (@INC contains: /usr/home/rando/.cpan/build/Statistics-Normality-0.01-IiQ8CR/blib/lib /usr/home/rando/.cpan/build/Statistics-Normality-0.01-IiQ8CR/blib/arch /home/rando/perl5/perlbrew/perls/perl-5.15.8/lib/site_perl/5.15.8/i386-freebsd /home/rando/perl5/perlbrew/perls/perl-5.15.8/lib/site_perl/5.15.8 /home/rando/perl5/perlbrew/perls/perl-5.15.8/lib/5.15.8/i386-freebsd /home/rando/perl5/perlbrew/perls/perl-5.15.8/lib/5.15.8) at /usr/home/rando/.cpan/build/Statistics-Normality-0.01-IiQ8CR/blib/lib/Statistics/Normality.pm line 6.
# BEGIN failed--compilation aborted at /usr/home/rando/.cpan/build/Statistics-Normality-0.01-IiQ8CR/blib/lib/Statistics/Normality.pm line 6.
# Compilation failed in require at (eval 4) line 2.
# BEGIN failed--compilation aborted at (eval 4) line 2.
Use of uninitialized value $Statistics::Normality::VERSION in concatenation (.) or string at t/00-load.t line 9.
# Testing Statistics::Normality , Perl 5.015008, /usr/home/rando/perl5/perlbrew/perls/perl-5.15.8/bin/perl5.15.8
# Looks like you failed 1 test of 1.
t/00-load.t .......
Dubious, test returned 1 (wstat 256, 0x100)
Failed 1/1 subtests
Can't locate Statistics/Distributions.pm in @INC (@INC contains: /usr/home/rando/.cpan/build/Statistics-Normality-0.01-IiQ8CR/blib/lib /usr/home/rando/.cpan/build/Statistics-Normality-0.01-IiQ8CR/blib/arch /home/rando/perl5/perlbrew/perls/perl-5.15.8/lib/site_perl/5.15.8/i386-freebsd /home/rando/perl5/perlbrew/perls/perl-5.15.8/lib/site_perl/5.15.8 /home/rando/perl5/perlbrew/perls/perl-5.15.8/lib/5.15.8/i386-freebsd /home/rando/perl5/perlbrew/perls/perl-5.15.8/lib/5.15.8) at /usr/home/rando/.cpan/build/Statistics-Normality-0.01-IiQ8CR/blib/lib/Statistics/Normality.pm line 6.
BEGIN failed--compilation aborted at /usr/home/rando/.cpan/build/Statistics-Normality-0.01-IiQ8CR/blib/lib/Statistics/Normality.pm line 6.
Compilation failed in require at t/01-normality.t line 6.
BEGIN failed--compilation aborted at t/01-normality.t line 6.
t/01-normality.t ..
Dubious, test returned 2 (wstat 512, 0x200)
No subtests run
t/pod-coverage.t .. ok
t/pod.t ........... ok
Test Summary Report
-------------------
t/00-load.t (Wstat: 256 Tests: 1 Failed: 1)
Failed test: 1
Non-zero exit status: 1
t/01-normality.t (Wstat: 512 Tests: 0 Failed: 0)
Non-zero exit status: 2
Parse errors: No plan found in TAP output
Files=4, Tests=3, 0 wallclock secs ( 0.03 usr 0.00 sys + 0.16 cusr 0.02 csys = 0.22 CPU)
Result: FAIL
Failed 2/4 test programs. 1/3 subtests failed.
*** Error code 255
Stop in /usr/home/rando/.cpan/build/Statistics-Normality-0.01-IiQ8CR.
------------------------------
PREREQUISITES
------------------------------
Prerequisite modules loaded:
requires:
Module Need Have
------------------- ---- -------
Test::More 0 0.98
build_requires:
Module Need Have
------------------- ---- -------
ExtUtils::MakeMaker 0 6.63_02
configure_requires:
Module Need Have
------------------- ---- -------
ExtUtils::MakeMaker 0 6.63_02
------------------------------
ENVIRONMENT AND OTHER CONTEXT
------------------------------
Environment variables:
AUTOMATED_TESTING = 1
LD_LIBRARY_PATH = /home/rando/local/lib
MANPATH_WITHOUT_PERLBREW =
PATH = /home/rando/perl5/perlbrew/bin:/home/rando/perl5/perlbrew/perls/perl-5.15.8/bin:/home/rando/local/bin:/sbin:/bin:/usr/sbin:/usr/bin:/usr/games:/usr/local/sbin:/usr/local/bin:/home/rando/bin
PATH_WITHOUT_PERLBREW = /home/rando/local/bin:/sbin:/bin:/usr/sbin:/usr/bin:/usr/games:/usr/local/sbin:/usr/local/bin:/home/rando/bin
PERL5LIB =
PERL5OPT =
PERL5_CPANPLUS_IS_RUNNING = 70845
PERL5_CPAN_IS_RUNNING = 70845
PERL5_CPAN_IS_RUNNING_IN_RECURSION = 44014,70845
PERLBREW_BASHRC_VERSION = 0.39
PERLBREW_HOME = /home/rando/.perlbrew
PERLBREW_MANPATH = /home/rando/perl5/perlbrew/perls/perl-5.15.8/man
PERLBREW_PATH = /home/rando/perl5/perlbrew/bin:/home/rando/perl5/perlbrew/perls/perl-5.15.8/bin
PERLBREW_PERL = perl-5.15.8
PERLBREW_ROOT = /home/rando/perl5/perlbrew
PERLBREW_VERSION = 0.39
PERL_CR_SMOKER_CURRENT = Statistics-Normality-0.01
PERL_EXTUTILS_AUTOINSTALL = --defaultdeps
PERL_MM_USE_DEFAULT = 1
SHELL = /usr/local/bin/bash
TERM = screen
Perl special variables (and OS-specific diagnostics, for MSWin32):
$^X = /usr/home/rando/perl5/perlbrew/perls/perl-5.15.8/bin/perl5.15.8
$UID/$EUID = 1001 / 1001
$GID = 1001 1001
$EGID = 1001 1001
Perl module toolchain versions installed:
Module Have
------------------- --------
CPAN 1.9800
CPAN::Meta 2.120530
Cwd 3.39_02
ExtUtils::CBuilder 0.280205
ExtUtils::Command 1.17
ExtUtils::Install 1.58
ExtUtils::MakeMaker 6.63_02
ExtUtils::Manifest 1.61
ExtUtils::ParseXS 3.16
File::Spec 3.39_02
JSON 2.53
JSON::PP 2.27200
Module::Build 0.39_01
Module::Signature n/a
Parse::CPAN::Meta 1.4402
Test::Harness 3.23
Test::More 0.98
YAML n/a
YAML::Syck 1.20
version 0.96
--
Summary of my perl5 (revision 5 version 15 subversion 8) configuration:
Platform:
osname=freebsd, osvers=8.2-release, archname=i386-freebsd
uname='freebsd freebsd82.raptor.local 8.2-release freebsd 8.2-release #0: fri feb 18 02:24:46 utc 2011 root@almeida.cse.buffalo.edu:usrobjusrsrcsysgeneric i386 '
config_args='-de -Dprefix=/home/rando/perl5/perlbrew/perls/perl-5.15.8 -Dusedevel'
hint=recommended, useposix=true, d_sigaction=define
useithreads=undef, usemultiplicity=undef
useperlio=define, d_sfio=undef, uselargefiles=define, usesocks=undef
use64bitint=undef, use64bitall=undef, uselongdouble=undef
usemymalloc=n, bincompat5005=undef
Compiler:
cc='cc', ccflags ='-DHAS_FPSETMASK -DHAS_FLOATINGPOINT_H -fno-strict-aliasing -pipe -fstack-protector -I/usr/local/include',
optimize='-O',
cppflags='-DHAS_FPSETMASK -DHAS_FLOATINGPOINT_H -fno-strict-aliasing -pipe -fstack-protector -I/usr/local/include'
ccversion='', gccversion='4.2.1 20070719 [FreeBSD]', gccosandvers=''
intsize=4, longsize=4, ptrsize=4, doublesize=8, byteorder=1234
d_longlong=define, longlongsize=8, d_longdbl=define, longdblsize=12
ivtype='long', ivsize=4, nvtype='double', nvsize=8, Off_t='off_t', lseeksize=8
alignbytes=4, prototype=define
Linker and Libraries:
ld='cc', ldflags ='-Wl,-E -fstack-protector -L/usr/local/lib'
libpth=/usr/lib /usr/local/lib
libs=-lm -lcrypt -lutil -lc
perllibs=-lm -lcrypt -lutil -lc
libc=, so=so, useshrplib=false, libperl=libperl.a
gnulibc_version=''
Dynamic Linking:
dlsrc=dl_dlopen.xs, dlext=so, d_dlsymun=undef, ccdlflags=' '
cccdlflags='-DPIC -fPIC', lddlflags='-shared -L/usr/local/lib -fstack-protector'
Characteristics of this binary (from libperl):
Compile-time options: HAS_TIMES PERLIO_LAYERS PERL_DONT_CREATE_GVSV
PERL_MALLOC_WRAP PERL_PRESERVE_IVUV PERL_USE_DEVEL
USE_LARGE_FILES USE_LOCALE USE_LOCALE_COLLATE
USE_LOCALE_CTYPE USE_LOCALE_NUMERIC USE_PERLIO
USE_PERL_ATOF
Built under freebsd
Compiled at Feb 23 2012 06:51:58
%ENV:
PERL5LIB=""
PERL5OPT=""
PERL5_CPANPLUS_IS_RUNNING="70845"
PERL5_CPAN_IS_RUNNING="70845"
PERL5_CPAN_IS_RUNNING_IN_RECURSION="44014,70845"
PERLBREW_BASHRC_VERSION="0.39"
PERLBREW_HOME="/home/rando/.perlbrew"
PERLBREW_MANPATH="/home/rando/perl5/perlbrew/perls/perl-5.15.8/man"
PERLBREW_PATH="/home/rando/perl5/perlbrew/bin:/home/rando/perl5/perlbrew/perls/perl-5.15.8/bin"
PERLBREW_PERL="perl-5.15.8"
PERLBREW_ROOT="/home/rando/perl5/perlbrew"
PERLBREW_VERSION="0.39"
PERL_CR_SMOKER_CURRENT="Statistics-Normality-0.01"
PERL_EXTUTILS_AUTOINSTALL="--defaultdeps"
PERL_MM_USE_DEFAULT="1"
@INC:
/home/rando/perl5/perlbrew/perls/perl-5.15.8/lib/site_perl/5.15.8/i386-freebsd
/home/rando/perl5/perlbrew/perls/perl-5.15.8/lib/site_perl/5.15.8
/home/rando/perl5/perlbrew/perls/perl-5.15.8/lib/5.15.8/i386-freebsd
/home/rando/perl5/perlbrew/perls/perl-5.15.8/lib/5.15.8
.