Test-MockFile v0.036 Perl 5 v5.14.0 i686-linux-thread-multi-ld

Status
Fail
From
Chris Williams (BINGOS)
Dist
Test-MockFile v0.036
Platform
Perl 5 v5.14.0 i686-linux-thread-multi-ld
Date
2023-09-24 18:00:49
ID
4b4913ea-5b04-11ee-98b0-b3c3213a625c
This distribution has been tested as part of the CPAN Testers
project, supporting the Perl programming language.  See
http://wiki.cpantesters.org/ for more information or email
questions to cpan-testers-discuss@perl.org


--

Dear Todd Rinaldo,

This is a computer-generated error report created automatically by
CPANPLUS, version 0.9914. Testers personal comments may appear
at the end of this report.


Thank you for uploading your work to CPAN.  However, it appears that
there were some problems testing your distribution.

TEST RESULTS:

Below is the error stack from stage 'make test':

PERL_DL_NONLAZY=1 "/home/cpan/pit/thr-ld/perl-5.14.0/bin/perl" "-MExtUtils::Command::MM" "-MTest::Harness" "-e" "undef *Test::Harness::Switches; test_harness(0, 'blib/lib', 'blib/arch')" t/*.t
# Testing Test::MockFile 0.036 with Overload::FileCheck 0.013 and File::Temp 0.2311
# Perl 5.014000, /home/cpan/pit/thr-ld/perl-5.14.0/bin/perl
t/00-load.t ......................... ok
t/chmod-filetemp.t .................. skipped: Skip for now < 5.28
t/chmod.t ........................... ok
t/chown-chmod-nostrict.t ............ ok

# Failed test 'chown on typeglob / filehandle'
# at t/chown.t line 203.
# Caught exception in subtest: Overload::FileCheck - Item 4 is not numeric...
# Seeded srand with seed '20230924' from local date.
t/chown.t ........................... 
Dubious, test returned 1 (wstat 256, 0x100)
Failed 1/7 subtests 
t/detect-common-mistakes.t .......... ok
t/dir_interface.t ................... ok
t/file_access_hooks.t ............... ok
t/file_from_disk.t .................. ok
t/fileno.t .......................... ok
t/globbing.t ........................ ok
t/goto_is_available.t ............... ok
t/handle-corruption.t ............... ok
t/import.t .......................... ok
t/manifest.t ........................ skipped: Test::CheckManifest is broken - https://github.com/reneeb/Test-CheckManifest/issues/20
t/mkdir.t ........................... ok
t/mock_stat.t ....................... ok
t/new_dir_interface.t ............... ok
t/open-noclose.t .................... ok
t/open.t ............................ ok
t/open_strict.t ..................... ok
t/opendir.t ......................... ok
t/path.t ............................ ok
t/plugin-filetemp.t ................. skipped: Skip for now < 5.28
t/plugin.t .......................... ok
t/pod-coverage.t .................... skipped: Author tests not required for installation
t/pod.t ............................. skipped: Author tests not required for installation
t/readline.t ........................ ok
t/readlink.t ........................ ok
t/rmdir.t ........................... ok

# Failed test 'Successfully handled bareword filehandles during runtime'
# at t/runtime-bareword-filehandles.t line 26.

# Failed test 'No observed error'
# at t/runtime-bareword-filehandles.t line 30.
# +-----------------------------------------------------------+----+-------+
# | GOT                                                       | OP | CHECK |
# +-----------------------------------------------------------+----+-------+
# | Can't use string ("DIR") as a symbol ref while "strict re | eq |       |
# | fs" in use at /home/cpan/pit/thr-ld/conf/perl-5.14.0/.cpa |    |       |
# | nplus/5.14.0/build/tG16t828JG/Test-MockFile-0.036/blib/li |    |       |
# | b/Test/MockFile.pm line 1993.\n                           |    |       |
# +-----------------------------------------------------------+----+-------+
# Seeded srand with seed '20230924' from local date.
t/runtime-bareword-filehandles.t .... 
Dubious, test returned 2 (wstat 512, 0x200)
Failed 2/2 subtests 
t/stat-x.t .......................... ok
t/strict-rules.t .................... ok
t/strict-rules_file-temp-example.t .. ok
t/strict-rules_scalar.t ............. ok
t/symlink.t ......................... ok
t/sysopen.t ......................... ok
t/sysopen_strict.t .................. skipped: Needs FileTemp plugin
t/Test-MockFile_file.t .............. ok
t/touch.t ........................... ok
t/unlink.t .......................... ok
t/writeline.t ....................... ok

Test Summary Report
-------------------
t/chown.t                         (Wstat: 256 (exited 1) Tests: 7 Failed: 1)
  Failed test:  6
  Non-zero exit status: 1
t/runtime-bareword-filehandles.t  (Wstat: 512 (exited 2) Tests: 2 Failed: 2)
  Failed tests:  1-2
  Non-zero exit status: 2
Files=42, Tests=432,  6 wallclock secs ( 0.11 usr  0.06 sys +  4.90 cusr  1.07 csys =  6.14 CPU)
Result: FAIL
Failed 2/42 test programs. 3/432 subtests failed.
make: *** [Makefile:901: test_dynamic] Error 255


PREREQUISITES:

Here is a list of prerequisites you specified and versions we
managed to load:

	  Module Name                        Have     Want
	  File::Basename                     2.82        0
	  File::Slurper                     0.014        0
	  File::Temp                       0.2311        0
	  Overload::FileCheck               0.013    0.013
	  Test2::Bundle::Extended        0.000156 0.000084
	  Test2::Harness::Util::IPC      1.000152        0
	  Test2::Plugin::NoWarnings          0.09        0
	  Test2::Tools::Explain              0.02        0
	  Test::MockModule                0.177.0        0
	  Test::More                     1.302195 1.302133
	  Text::Glob                         0.11        0

Perl module toolchain versions installed:
	Module Name                        Have
	CPANPLUS                         0.9914
	CPANPLUS::Dist::Build              0.90
	Cwd                                3.75
	ExtUtils::CBuilder             0.280236
	ExtUtils::Command                  7.70
	ExtUtils::Install                  2.22
	ExtUtils::MakeMaker                7.70
	ExtUtils::Manifest                 1.75
	ExtUtils::ParseXS                  3.44
	File::Spec                         3.75
	Module::Build                    0.4234
	Pod::Parser                        1.37
	Pod::Simple                        3.16
	Test2                          1.302195
	Test::Harness                      3.44
	Test::More                     1.302195
	version                          0.9929

******************************** NOTE ********************************
The comments above are created mechanically, possibly without manual
checking by the sender.  As there are many people performing automatic
tests on each upload to CPAN, it is likely that you will receive
identical messages about the same problem.

If you believe that the message is mistaken, please reply to the first
one with correction and/or additional informations, and do not take
it personally.  We appreciate your patience. :)
**********************************************************************

Additional comments:


This report was machine-generated by CPANPLUS::Dist::YACSmoke 1.08.
Powered by minismokebox version 0.68

CPANPLUS is prefering Build.PL

------------------------------
ENVIRONMENT AND OTHER CONTEXT
------------------------------

Environment variables:

    AUTOMATED_TESTING = 1
    LANG = en_GB.UTF-8
    LANGUAGE = en_GB:en
    NONINTERACTIVE_TESTING = 1
    PATH = /usr/local/bin:/usr/bin:/bin:/usr/local/games:/usr/games
    PERL5LIB = /home/cpan/pit/jail/0NL4iG0pLN/lib/perl5:/home/cpan/pit/thr-ld/conf/perl-5.14.0/.cpanplus/5.14.0/build/tG16t828JG/Test-MockFile-0.036/blib/lib:/home/cpan/pit/thr-ld/conf/perl-5.14.0/.cpanplus/5.14.0/build/tG16t828JG/Test-MockFile-0.036/blib/arch
    PERL5_CPANPLUS_IS_RUNNING = 20044
    PERL5_CPANPLUS_IS_VERSION = 0.9914
    PERL5_MINISMOKEBOX = 0.68
    PERL5_YACSMOKE_BASE = /home/cpan/pit/thr-ld/conf/perl-5.14.0
    PERL_EXTUTILS_AUTOINSTALL = --defaultdeps
    PERL_LOCAL_LIB_ROOT = /home/cpan/pit/jail/0NL4iG0pLN
    PERL_MB_OPT = --install_base "/home/cpan/pit/jail/0NL4iG0pLN"
    PERL_MM_OPT = INSTALL_BASE=/home/cpan/pit/jail/0NL4iG0pLN
    PERL_MM_USE_DEFAULT = 1
    PERL_USE_UNSAFE_INC = 1
    SHELL = /bin/bash
    TERM = screen.xterm-256color

Perl special variables (and OS-specific diagnostics, for MSWin32):

    Perl: $^X = /home/cpan/pit/thr-ld/perl-5.14.0/bin/perl
    UID:  $<  = 1001
    EUID: $>  = 1001
    GID:  $(  = 1001 1001
    EGID: $)  = 1001 1001


-------------------------------


--

Summary of my perl5 (revision 5 version 14 subversion 0) configuration:
   
  Platform:
    osname=linux, osvers=5.10.0-12-686, archname=i686-linux-thread-multi-ld
    uname='linux dagobah 5.10.0-12-686 #1 smp debian 5.10.103-1 (2022-03-07) i686 gnulinux '
    config_args='-des -Dprefix=/home/cpan/pit/thr-ld/perl-5.14.0 -Dusethreads -Duselongdouble'
    hint=recommended, useposix=true, d_sigaction=define
    useithreads=define, usemultiplicity=define
    useperlio=define, d_sfio=undef, uselargefiles=define, usesocks=undef
    use64bitint=undef, use64bitall=undef, uselongdouble=define
    usemymalloc=n, bincompat5005=undef
  Compiler:
    cc='cc', ccflags ='-D_REENTRANT -D_GNU_SOURCE -fwrapv -fno-strict-aliasing -pipe -fstack-protector -I/usr/local/include -D_LARGEFILE_SOURCE -D_FILE_OFFSET_BITS=64',
    optimize='-O2',
    cppflags='-D_REENTRANT -D_GNU_SOURCE -fwrapv -fno-strict-aliasing -pipe -fstack-protector -I/usr/local/include'
    ccversion='', gccversion='10.2.1 20210110', gccosandvers=''
    intsize=4, longsize=4, ptrsize=4, doublesize=8, byteorder=1234
    d_longlong=define, longlongsize=8, d_longdbl=define, longdblsize=12
    ivtype='long', ivsize=4, nvtype='long double', nvsize=12, Off_t='off_t', lseeksize=8
    alignbytes=4, prototype=define
  Linker and Libraries:
    ld='cc', ldflags =' -fstack-protector -L/usr/local/lib'
    libpth=/usr/local/lib /lib/i386-linux-gnu /lib/../lib /usr/lib/i386-linux-gnu /usr/lib/../lib /lib /usr/lib /lib64 /usr/lib64
    libs=-lnsl -lgdbm -ldl -lm -lcrypt -lutil -lpthread -lc
    perllibs=-lnsl -ldl -lm -lcrypt -lutil -lpthread -lc
    libc=libc-2.31.so, so=so, useshrplib=false, libperl=libperl.a
    gnulibc_version='2.31'
  Dynamic Linking:
    dlsrc=dl_dlopen.xs, dlext=so, d_dlsymun=undef, ccdlflags='-Wl,-E'
    cccdlflags='-fPIC', lddlflags='-shared -O2 -L/usr/local/lib -fstack-protector'


Characteristics of this binary (from libperl): 
  Compile-time options: MULTIPLICITY PERL_DONT_CREATE_GVSV
                        PERL_IMPLICIT_CONTEXT PERL_MALLOC_WRAP
                        PERL_PRESERVE_IVUV USE_ITHREADS USE_LARGE_FILES
                        USE_LONG_DOUBLE USE_PERLIO USE_PERL_ATOF
                        USE_REENTRANT_API
  Locally applied patches:
	Devel::PatchPerl 2.08
  Built under linux
  Compiled at Mar 19 2022 11:43:00
  %ENV:
    PERL5LIB="/home/cpan/pit/jail/0NL4iG0pLN/lib/perl5:/home/cpan/pit/thr-ld/conf/perl-5.14.0/.cpanplus/5.14.0/build/tG16t828JG/Test-MockFile-0.036/blib/lib:/home/cpan/pit/thr-ld/conf/perl-5.14.0/.cpanplus/5.14.0/build/tG16t828JG/Test-MockFile-0.036/blib/arch"
    PERL5_CPANPLUS_IS_RUNNING="20044"
    PERL5_CPANPLUS_IS_VERSION="0.9914"
    PERL5_MINISMOKEBOX="0.68"
    PERL5_YACSMOKE_BASE="/home/cpan/pit/thr-ld/conf/perl-5.14.0"
    PERL_EXTUTILS_AUTOINSTALL="--defaultdeps"
    PERL_LOCAL_LIB_ROOT="/home/cpan/pit/jail/0NL4iG0pLN"
    PERL_MB_OPT="--install_base "/home/cpan/pit/jail/0NL4iG0pLN""
    PERL_MM_OPT="INSTALL_BASE=/home/cpan/pit/jail/0NL4iG0pLN"
    PERL_MM_USE_DEFAULT="1"
    PERL_USE_UNSAFE_INC="1"
  @INC:
    /home/cpan/pit/jail/0NL4iG0pLN/lib/perl5/5.14.0/i686-linux-thread-multi-ld
    /home/cpan/pit/jail/0NL4iG0pLN/lib/perl5/5.14.0
    /home/cpan/pit/jail/0NL4iG0pLN/lib/perl5/i686-linux-thread-multi-ld
    /home/cpan/pit/jail/0NL4iG0pLN/lib/perl5
    /home/cpan/pit/thr-ld/conf/perl-5.14.0/.cpanplus/5.14.0/build/tG16t828JG/Test-MockFile-0.036/blib/lib
    /home/cpan/pit/thr-ld/conf/perl-5.14.0/.cpanplus/5.14.0/build/tG16t828JG/Test-MockFile-0.036/blib/arch
    /home/cpan/pit/thr-ld/perl-5.14.0/lib/site_perl/5.14.0/i686-linux-thread-multi-ld
    /home/cpan/pit/thr-ld/perl-5.14.0/lib/site_perl/5.14.0
    /home/cpan/pit/thr-ld/perl-5.14.0/lib/5.14.0/i686-linux-thread-multi-ld
    /home/cpan/pit/thr-ld/perl-5.14.0/lib/5.14.0
    .