Net-Async-WebService-lxd v0.03 Perl 5 v5.24.2 amd64-freebsd

Status
Fail
From
Slaven Rezić
Dist
Net-Async-WebService-lxd v0.03
Platform
Perl 5 v5.24.2 amd64-freebsd
Date
2022-07-08 16:52:03
ID
4af0d4f6-fede-11ec-9bd7-17c92cbfd570
This distribution has been tested as part of the CPAN Testers
project, supporting the Perl programming language.  See
http://wiki.cpantesters.org/ for more information or email
questions to cpan-testers-discuss@perl.org


--
Dear Robert Barta,

This is a computer-generated report for Net-Async-WebService-lxd-0.03
on perl 5.24.2, created by CPAN-Reporter-1.2018.

Thank you for uploading your work to CPAN.  However, there was a problem
testing your distribution.

If you think this report is invalid, please consult the CPAN Testers Wiki
for suggestions on how to avoid getting FAIL reports for missing library
or binary dependencies, unsupported operating systems, and so on:

http://wiki.cpantesters.org/wiki/CPANAuthorNotes

Sections of this report:

    * Tester comments
    * Program output
    * Prerequisites
    * Environment and other context

------------------------------
TESTER COMMENTS
------------------------------

Additional comments from tester:

none provided

------------------------------
PROGRAM OUTPUT
------------------------------

Output from './Build test':

YAML Error: Invalid element in map
   Code: YAML_LOAD_ERR_BAD_MAP_ELEMENT
   Line: 25
   Document: 1
 at /usr/perl5.24.2p/lib/site_perl/5.24.2/YAML/Loader.pm line 350.
Compilation failed in require at t/01_images.t line 27, <DATA> line 1.
BEGIN failed--compilation aborted at t/01_images.t line 27, <DATA> line 1.
t/01_images.t ..... 
Dubious, test returned 255 (wstat 65280, 0xff00)
No subtests run 
YAML Error: Invalid element in map
   Code: YAML_LOAD_ERR_BAD_MAP_ELEMENT
   Line: 25
   Document: 1
 at /usr/perl5.24.2p/lib/site_perl/5.24.2/YAML/Loader.pm line 350.
Compilation failed in require at t/01_projects.t line 27, <DATA> line 1.
BEGIN failed--compilation aborted at t/01_projects.t line 27, <DATA> line 1.
t/01_projects.t ... 
Dubious, test returned 255 (wstat 65280, 0xff00)
No subtests run 
YAML Error: Invalid element in map
   Code: YAML_LOAD_ERR_BAD_MAP_ELEMENT
   Line: 25
   Document: 1
 at /usr/perl5.24.2p/lib/site_perl/5.24.2/YAML/Loader.pm line 350.
Compilation failed in require at t/02_instances.t line 27, <DATA> line 1.
BEGIN failed--compilation aborted at t/02_instances.t line 27, <DATA> line 1.
t/02_instances.t .. 
Dubious, test returned 255 (wstat 65280, 0xff00)
No subtests run 
t/manifest.t ...... skipped: Author tests not required for installation

Test Summary Report
-------------------
t/01_images.t   (Wstat: 65280 Tests: 0 Failed: 0)
  Non-zero exit status: 255
  Parse errors: No plan found in TAP output
t/01_projects.t (Wstat: 65280 Tests: 0 Failed: 0)
  Non-zero exit status: 255
  Parse errors: No plan found in TAP output
t/02_instances.t (Wstat: 65280 Tests: 0 Failed: 0)
  Non-zero exit status: 255
  Parse errors: No plan found in TAP output
Files=4, Tests=0, 10 wallclock secs ( 0.02 usr  0.01 sys +  8.44 cusr  0.77 csys =  9.24 CPU)
Result: FAIL
Failed 3/4 test programs. 0/0 subtests failed.

------------------------------
PREREQUISITES
------------------------------

Prerequisite modules loaded:

requires:

    Module              Need Have    
    ------------------- ---- --------
    Encode              0    2.98    
    HTTP::Cookies       0    6.03    
    HTTP::Request       0    6.13    
    HTTP::Response      0    6.13    
    HTTP::Status        0    6.13    
    IO::Async           0    0.71    
    JSON                0    2.94    
    Log::Log4perl       0    1.54    
    Moose               0    2.2011  
    Net::Async::HTTP    0    0.48    
    URI                 0    1.72    
    YAML                0    1.23    

build_requires:

    Module              Need Have    
    ------------------- ---- --------
    File::Slurp         0    9999.19 
    JSON                0    2.94    
    Test::CheckManifest 0    1.33    
    Test::Deep          0    1.128   
    Test::Exception     0    0.43    
    Test::More          0    1.302140

configure_requires:

    Module              Need Have    
    ------------------- ---- --------
    Module::Build       0    0.4224  


------------------------------
ENVIRONMENT AND OTHER CONTEXT
------------------------------

Environment variables:

    LC_ALL = de_DE.ISO8859-1
    PATH = /usr/local/bin:/usr/bin:/bin:/usr/local/sbin:/usr/sbin:/sbin:/home/cpansand/bin/freebsd10.3:/home/cpansand/bin/sh:/home/cpansand/bin:/usr/games:/home/cpansand/devel:/home/eserte/src/srezic-misc/scripts
    PERL5LIB = /home/cpansand/.cpan/build/2022052519/Log-Log4perl-1.54-L7yq2M/blib/arch:/home/cpansand/.cpan/build/2022052519/Log-Log4perl-1.54-L7yq2M/blib/lib:/home/cpansand/.cpan/build/2022052519/Net-Async-HTTP-0.48-0VbKlQ/blib/arch:/home/cpansand/.cpan/build/2022052519/Net-Async-HTTP-0.48-0VbKlQ/blib/lib:/home/cpansand/.cpan/build/2022052519/Test-Metrics-Any-0.01-zFFDWL/blib/arch:/home/cpansand/.cpan/build/2022052519/Test-Metrics-Any-0.01-zFFDWL/blib/lib:/home/cpansand/.cpan/build/2022052519/Metrics-Any-0.07-7inRhW/blib/arch:/home/cpansand/.cpan/build/2022052519/Metrics-Any-0.07-7inRhW/blib/lib
    PERL5OPT = 
    PERL5_CPANPLUS_IS_RUNNING = 8008
    PERL5_CPAN_IS_RUNNING = 8008
    PERL5_CPAN_IS_RUNNING_IN_RECURSION = 7927,8008
    PERLDOC = -MPod::Perldoc::ToTextOverstrike
    PERL_BATCH = yes
    PERL_CANARY_STABILITY_NOPROMPT = 1
    PERL_CPAN_REPORTER_CONFIG = /var/tmp/cpansmoker-1023/2022052519/cpanreporter_000_config.ini
    PERL_EXTUTILS_AUTOINSTALL = --defaultdeps
    SHELL = /usr/local/bin/zsh
    TERM = screen
    TMPDIR = /var/tmp/cpansmoker-1023/2022052519

Perl special variables (and OS-specific diagnostics, for MSWin32):

    $^X = /usr/perl5.24.2p/bin/perl
    $UID/$EUID = 1023 / 1023
    $GID = 1023 1023
    $EGID = 1023 1023

Perl module toolchain versions installed:

    Module              Have      
    ------------------- ----------
    CPAN                2.11_01   
    CPAN::Meta          2.150010  
    Cwd                 3.75      
    ExtUtils::CBuilder  0.280225  
    ExtUtils::Command   7.58      
    ExtUtils::Install   2.06      
    ExtUtils::MakeMaker 7.58      
    ExtUtils::Manifest  1.71      
    ExtUtils::ParseXS   3.31      
    File::Spec          3.75      
    JSON                2.94      
    JSON::PP            2.27300_01
    Module::Build       0.4224    
    Module::Signature   n/a       
    Parse::CPAN::Meta   2.150010  
    Test::Harness       3.36_01   
    Test::More          1.302140  
    YAML                1.23      
    YAML::Syck          1.30      
    version             0.9924    


--

Summary of my perl5 (revision 5 version 24 subversion 2) configuration:
   
  Platform:
    osname=freebsd, osvers=10.3-release-p11, archname=amd64-freebsd
    uname='freebsd cvrsnica-freebsd-101.herceg.de 10.3-release-p11 freebsd 10.3-release-p11 #0: mon oct 24 18:49:24 utc 2016 root@amd64-builder.daemonology.net:usrobjusrsrcsysgeneric amd64 '
    config_args='-ds -e -Dprefix=/usr/perl5.24.2p -Dcf_email=srezic@cpan.org -Doptimize=-O2 -pipe'
    hint=recommended, useposix=true, d_sigaction=define
    useithreads=undef, usemultiplicity=undef
    use64bitint=define, use64bitall=define, uselongdouble=undef
    usemymalloc=n, bincompat5005=undef
  Compiler:
    cc='cc', ccflags ='-DHAS_FPSETMASK -DHAS_FLOATINGPOINT_H -fno-strict-aliasing -pipe -fstack-protector -I/usr/local/include -D_FORTIFY_SOURCE=2',
    optimize='-O2 -pipe',
    cppflags='-DHAS_FPSETMASK -DHAS_FLOATINGPOINT_H -fno-strict-aliasing -pipe -fstack-protector -I/usr/local/include'
    ccversion='', gccversion='4.2.1 Compatible FreeBSD Clang 3.4.1 (tags/RELEASE_34/dot1-final 208032)', gccosandvers=''
    intsize=4, longsize=8, ptrsize=8, doublesize=8, byteorder=12345678, doublekind=3
    d_longlong=define, longlongsize=8, d_longdbl=define, longdblsize=16, longdblkind=3
    ivtype='long', ivsize=8, nvtype='double', nvsize=8, Off_t='off_t', lseeksize=8
    alignbytes=8, prototype=define
  Linker and Libraries:
    ld='cc', ldflags ='-pthread -Wl,-E  -fstack-protector -L/usr/local/lib'
    libpth=/usr/lib /usr/local/lib /usr/include/clang/3.4.1 /usr/lib
    libs=-lpthread -lgdbm -lm -lcrypt -lutil -lc
    perllibs=-lpthread -lm -lcrypt -lutil -lc
    libc=, so=so, useshrplib=false, libperl=libperl.a
    gnulibc_version=''
  Dynamic Linking:
    dlsrc=dl_dlopen.xs, dlext=so, d_dlsymun=undef, ccdlflags=' '
    cccdlflags='-DPIC -fPIC', lddlflags='-shared  -L/usr/local/lib -fstack-protector'


Characteristics of this binary (from libperl): 
  Compile-time options: HAS_TIMES PERLIO_LAYERS PERL_COPY_ON_WRITE
                        PERL_DONT_CREATE_GVSV
                        PERL_HASH_FUNC_ONE_AT_A_TIME_HARD PERL_MALLOC_WRAP
                        PERL_PRESERVE_IVUV USE_64_BIT_ALL USE_64_BIT_INT
                        USE_LARGE_FILES USE_LOCALE USE_LOCALE_COLLATE
                        USE_LOCALE_CTYPE USE_LOCALE_NUMERIC USE_LOCALE_TIME
                        USE_PERLIO USE_PERL_ATOF
  Built under freebsd
  Compiled at Jul 29 2017 11:20:18
  %ENV:
    PERL5LIB="/home/cpansand/.cpan/build/2022052519/Log-Log4perl-1.54-L7yq2M/blib/arch:/home/cpansand/.cpan/build/2022052519/Log-Log4perl-1.54-L7yq2M/blib/lib:/home/cpansand/.cpan/build/2022052519/Net-Async-HTTP-0.48-0VbKlQ/blib/arch:/home/cpansand/.cpan/build/2022052519/Net-Async-HTTP-0.48-0VbKlQ/blib/lib:/home/cpansand/.cpan/build/2022052519/Test-Metrics-Any-0.01-zFFDWL/blib/arch:/home/cpansand/.cpan/build/2022052519/Test-Metrics-Any-0.01-zFFDWL/blib/lib:/home/cpansand/.cpan/build/2022052519/Metrics-Any-0.07-7inRhW/blib/arch:/home/cpansand/.cpan/build/2022052519/Metrics-Any-0.07-7inRhW/blib/lib"
    PERL5OPT=""
    PERL5_CPANPLUS_IS_RUNNING="8008"
    PERL5_CPAN_IS_RUNNING="8008"
    PERL5_CPAN_IS_RUNNING_IN_RECURSION="7927,8008"
    PERLDOC="-MPod::Perldoc::ToTextOverstrike"
    PERL_BATCH="yes"
    PERL_CANARY_STABILITY_NOPROMPT="1"
    PERL_CPAN_REPORTER_CONFIG="/var/tmp/cpansmoker-1023/2022052519/cpanreporter_000_config.ini"
    PERL_EXTUTILS_AUTOINSTALL="--defaultdeps"
  @INC:
    /home/cpansand/.cpan/build/2022052519/Log-Log4perl-1.54-L7yq2M/blib/arch
    /home/cpansand/.cpan/build/2022052519/Log-Log4perl-1.54-L7yq2M/blib/lib
    /home/cpansand/.cpan/build/2022052519/Net-Async-HTTP-0.48-0VbKlQ/blib/arch
    /home/cpansand/.cpan/build/2022052519/Net-Async-HTTP-0.48-0VbKlQ/blib/lib
    /home/cpansand/.cpan/build/2022052519/Test-Metrics-Any-0.01-zFFDWL/blib/arch
    /home/cpansand/.cpan/build/2022052519/Test-Metrics-Any-0.01-zFFDWL/blib/lib
    /home/cpansand/.cpan/build/2022052519/Metrics-Any-0.07-7inRhW/blib/arch
    /home/cpansand/.cpan/build/2022052519/Metrics-Any-0.07-7inRhW/blib/lib
    /usr/perl5.24.2p/lib/site_perl/5.24.2/amd64-freebsd
    /usr/perl5.24.2p/lib/site_perl/5.24.2
    /usr/perl5.24.2p/lib/5.24.2/amd64-freebsd
    /usr/perl5.24.2p/lib/5.24.2
    .