Report for Class-DBI-MSAccess-0.10.2

Back
From: metabase:user:314402c4-2aae-11df-837a-5e0a49663a4f
Subject: FAIL Class-DBI-MSAccess-0.10.2 v5.14.4 GNU/Linux
Date: 2016-02-16T06:48:31Z

This distribution has been tested as part of the CPAN Testers
project, supporting the Perl programming language.  See
http://wiki.cpantesters.org/ for more information or email
questions to cpan-testers-discuss@perl.org


--
Dear Michael Hendricks,

This is a computer-generated report for Class-DBI-MSAccess-0.10.2
on perl 5.14.4, created by CPAN-Reporter-1.2015.

Thank you for uploading your work to CPAN.  However, there was a problem
testing your distribution.

If you think this report is invalid, please consult the CPAN Testers Wiki
for suggestions on how to avoid getting FAIL reports for missing library
or binary dependencies, unsupported operating systems, and so on:

http://wiki.cpantesters.org/wiki/CPANAuthorNotes

Sections of this report:

    * Tester comments
    * Program output
    * Prerequisites
    * Environment and other context

------------------------------
TESTER COMMENTS
------------------------------

Additional comments from tester:

none provided

------------------------------
PROGRAM OUTPUT
------------------------------

Output from './Build test':

WARNING: This key is not certified with a trusted signature!
Primary key fingerprint: D4FB 1BA4 1AD6 3DAC E0CD  8BEA D92C 6630 81AC 2DDC
Not in MANIFEST: _build/auto_features
Not in MANIFEST: _build/build_params
Not in MANIFEST: _build/cleanup
Not in MANIFEST: _build/config_data
Not in MANIFEST: _build/features
Not in MANIFEST: _build/magicnum
Not in MANIFEST: _build/notes
Not in MANIFEST: _build/prereqs
Not in MANIFEST: _build/runtime_params
Not in MANIFEST: blib/lib/Class/DBI/MSAccess.pm
Not in MANIFEST: blib/libdoc/Class::DBI::MSAccess.3
Not in MANIFEST: Build
Not in MANIFEST: MYMETA.json
Not in MANIFEST: MYMETA.yml
==> MISMATCHED content between MANIFEST and distribution files! <==
t/0-signature.t ............ 
Failed 1/1 subtests 
# Testing Class::DBI::MSAccess 0.10.2
t/00-load.t ................ ok
t/multiple_primary_keys.t .. ok
t/pod-coverage.t ........... ok
t/pod.t .................... ok
t/single_primary_key.t ..... ok

Test Summary Report
-------------------
t/0-signature.t          (Wstat: 0 Tests: 1 Failed: 1)
  Failed test:  1
Files=6, Tests=13,  1 wallclock secs ( 0.02 usr  0.02 sys +  0.24 cusr  0.07 csys =  0.35 CPU)
Result: FAIL
Failed 1/6 test programs. 1/13 subtests failed.

------------------------------
PREREQUISITES
------------------------------

Prerequisite modules loaded:

requires:

    Module     Need Have    
    ---------- ---- --------
    Class::DBI 0    3.0.17  

build_requires:

    Module     Need Have    
    ---------- ---- --------
    Test::More 0    1.001014


------------------------------
ENVIRONMENT AND OTHER CONTEXT
------------------------------

Environment variables:

    LANG = C
    PATH = /usr/local/bin:/usr/bin:/bin:/usr/local/sbin:/usr/sbin:/sbin:/home/cpansand/bin/linux-gnu:/home/cpansand/bin/sh:/home/cpansand/bin:/usr/games:/home/cpansand/devel:/home/eserte/src/srezic-misc/scripts
    PERL5LIB = 
    PERL5OPT = 
    PERL5_CPANPLUS_IS_RUNNING = 14858
    PERL5_CPAN_IS_RUNNING = 14858
    PERL5_CPAN_IS_RUNNING_IN_RECURSION = 26357,14858
    PERLDOC = -MPod::Perldoc::ToTextOverstrike
    PERL_BATCH = yes
    PERL_CANARY_STABILITY_NOPROMPT = 1
    PERL_CPAN_REPORTER_CONFIG = /var/tmp/cpansmoker-1023/2016021606/cpanreporter_004_config.ini
    PERL_EXTUTILS_AUTOINSTALL = --defaultdeps
    SHELL = /bin/zsh
    TERM = screen
    TMPDIR = /var/tmp/cpansmoker-1023/2016021606

Perl special variables (and OS-specific diagnostics, for MSWin32):

    $^X = /bbbike/perl-5.14.4/bin/perl
    $UID/$EUID = 1023 / 1023
    $GID = 1023 1023
    $EGID = 1023 1023

Perl module toolchain versions installed:

    Module              Have     
    ------------------- ---------
    CPAN                1.9600_01
    CPAN::Meta          2.150005 
    Cwd                 3.60     
    ExtUtils::CBuilder  0.280223 
    ExtUtils::Command   7.10     
    ExtUtils::Install   2.04     
    ExtUtils::MakeMaker 7.10     
    ExtUtils::Manifest  1.68     
    ExtUtils::ParseXS   3.24     
    File::Spec          3.60     
    JSON                2.90     
    JSON::PP            2.27300  
    Module::Build       0.4214   
    Module::Signature   0.78     
    Parse::CPAN::Meta   1.4414   
    Test::Harness       3.36     
    Test::More          1.001014 
    YAML                1.15     
    YAML::Syck          1.29     
    version             0.9912   


--

Summary of my perl5 (revision 5 version 14 subversion 4) configuration:
   
  Platform:
    osname=linux, osvers=3.2.0-4-amd64, archname=x86_64-linux
    uname='linux eserte 3.2.0-4-amd64 #1 smp debian 3.2.57-3 x86_64 gnulinux '
    config_args='-ds -e -Dprefix=/opt/perl-5.14.4'
    hint=recommended, useposix=true, d_sigaction=define
    useithreads=undef, usemultiplicity=undef
    useperlio=define, d_sfio=undef, uselargefiles=define, usesocks=undef
    use64bitint=define, use64bitall=define, uselongdouble=undef
    usemymalloc=n, bincompat5005=undef
  Compiler:
    cc='cc', ccflags ='-fno-strict-aliasing -pipe -fstack-protector -I/usr/local/include -D_LARGEFILE_SOURCE -D_FILE_OFFSET_BITS=64',
    optimize='-O2',
    cppflags='-fno-strict-aliasing -pipe -fstack-protector -I/usr/local/include'
    ccversion='', gccversion='4.7.2', gccosandvers=''
    intsize=4, longsize=8, ptrsize=8, doublesize=8, byteorder=12345678
    d_longlong=define, longlongsize=8, d_longdbl=define, longdblsize=16
    ivtype='long', ivsize=8, nvtype='double', nvsize=8, Off_t='off_t', lseeksize=8
    alignbytes=8, prototype=define
  Linker and Libraries:
    ld='cc', ldflags =' -fstack-protector -L/usr/local/lib'
    libpth=/usr/local/lib /lib/x86_64-linux-gnu /lib/../lib /usr/lib/x86_64-linux-gnu /usr/lib/../lib /lib /usr/lib
    libs=-lnsl -ldb -ldl -lm -lcrypt -lutil -lc
    perllibs=-lnsl -ldl -lm -lcrypt -lutil -lc
    libc=, so=so, useshrplib=false, libperl=libperl.a
    gnulibc_version='2.13'
  Dynamic Linking:
    dlsrc=dl_dlopen.xs, dlext=so, d_dlsymun=undef, ccdlflags='-Wl,-E'
    cccdlflags='-fPIC', lddlflags='-shared -O2 -L/usr/local/lib -fstack-protector'


Characteristics of this binary (from libperl): 
  Compile-time options: PERL_DONT_CREATE_GVSV PERL_MALLOC_WRAP
                        PERL_PRESERVE_IVUV USE_64_BIT_ALL USE_64_BIT_INT
                        USE_LARGE_FILES USE_PERLIO USE_PERL_ATOF
  Built under linux
  Compiled at May 15 2014 16:40:06
  %ENV:
    PERL5LIB=""
    PERL5OPT=""
    PERL5_CPANPLUS_IS_RUNNING="14858"
    PERL5_CPAN_IS_RUNNING="14858"
    PERL5_CPAN_IS_RUNNING_IN_RECURSION="26357,14858"
    PERLDOC="-MPod::Perldoc::ToTextOverstrike"
    PERL_BATCH="yes"
    PERL_CANARY_STABILITY_NOPROMPT="1"
    PERL_CPAN_REPORTER_CONFIG="/var/tmp/cpansmoker-1023/2016021606/cpanreporter_004_config.ini"
    PERL_EXTUTILS_AUTOINSTALL="--defaultdeps"
  @INC:
    /opt/perl-5.14.4/lib/site_perl/5.14.4/x86_64-linux
    /opt/perl-5.14.4/lib/site_perl/5.14.4
    /opt/perl-5.14.4/lib/5.14.4/x86_64-linux
    /opt/perl-5.14.4/lib/5.14.4
    .