Dist-Zilla-Plugin-BumpVersionFromGit v0.010 Perl 5 v5.43.3 amd64-freebsd

Status
Fail
From
Carlos Guevara
Dist
Dist-Zilla-Plugin-BumpVersionFromGit v0.010
Platform
Perl 5 v5.43.3 amd64-freebsd
Date
2025-09-04 07:03:42
ID
4aab1e7c-895d-11f0-9007-c87b3127d1a7
This distribution has been tested as part of the CPAN Testers
project, supporting the Perl programming language.  See
http://wiki.cpantesters.org/ for more information or email
questions to cpan-testers-discuss@perl.org


--
Dear David Golden,

This is a computer-generated report for Dist-Zilla-Plugin-BumpVersionFromGit-0.010
on perl 5.43.3, created by CPAN-Reporter-1.2020.

Thank you for uploading your work to CPAN.  However, there was a problem
testing your distribution.

If you think this report is invalid, please consult the CPAN Testers Wiki
for suggestions on how to avoid getting FAIL reports for missing library
or binary dependencies, unsupported operating systems, and so on:

http://wiki.cpantesters.org/wiki/CPANAuthorNotes

Sections of this report:

    * Tester comments
    * Program output
    * Prerequisites
    * Environment and other context

------------------------------
TESTER COMMENTS
------------------------------

Additional comments from tester:

this report is from an automated smoke testing program
and was not reviewed by a human for accuracy

------------------------------
PROGRAM OUTPUT
------------------------------

Output from '/usr/bin/make test':

PERL_DL_NONLAZY=1 "/home/cpan/bin/perl/bin/perl5.43.3" "-MExtUtils::Command::MM" "-MTest::Harness" "-e" "undef *Test::Harness::Switches; test_harness(0, 'blib/lib', 'blib/arch')" t/*.t
# 
# Versions for all modules listed in MYMETA.json (including optional ones):
# 
# === Configure Requires ===
# 
#     Module              Want Have
#     ------------------- ---- ----
#     ExtUtils::MakeMaker 6.17 7.76
# 
# === Build Requires ===
# 
#     Module              Want Have
#     ------------------- ---- ----
#     ExtUtils::MakeMaker  any 7.76
# 
# === Test Requires ===
# 
#     Module                Want     Have
#     --------------------- ---- --------
#     Dist::Zilla::Tester    any    6.033
#     ExtUtils::MakeMaker    any     7.76
#     File::Copy::Recursive  any     0.45
#     File::Spec             any     3.94
#     File::pushd            any    1.016
#     Path::Class            any     0.37
#     Test::More            0.88 1.302214
#     lib                    any     0.65
# 
# === Test Recommends ===
# 
#     Module         Want     Have
#     ---------- -------- --------
#     CPAN::Meta 2.120900 2.150010
# 
# === Runtime Requires ===
# 
#     Module                             Want   Have
#     ---------------------------------- ---- ------
#     Dist::Zilla                           4  6.033
#     Dist::Zilla::Role::VersionProvider  any  6.033
#     Git::Wrapper                        any  0.048
#     Moose                               any 2.4000
#     Version::Next                       any  1.000
#     namespace::autoclean               0.09   0.31
#     strict                              any   1.14
#     version                            0.80 0.9933
#     warnings                            any   1.74
# 
t/00-report-prereqs.t .. ok
->subdir called on a Dist::Zilla::Path object; this will cease to work in Dist::Zilla v7; downstream code should be updated to use Path::Tiny API, not Path::Class at t/version-default.t line 39.
Author identity unknown

*** Please tell me who you are.

Run

  git config --global user.email "you@example.com"
  git config --global user.name "Your Name"

to set your account's default identity.
Omit --global to set the identity only in this repository.

fatal: unable to auto-detect email address (got 'cpan@cjg-freebsd14.(none)')
# Looks like your test exited with 128 before it could output anything.
t/version-default.t .... 
Dubious, test returned 128 (wstat 32768, 0x8000)
Failed 6/6 subtests 
->subdir called on a Dist::Zilla::Path object; this will cease to work in Dist::Zilla v7; downstream code should be updated to use Path::Tiny API, not Path::Class at t/version-regexp.t line 39.
Author identity unknown

*** Please tell me who you are.

Run

  git config --global user.email "you@example.com"
  git config --global user.name "Your Name"

to set your account's default identity.
Omit --global to set the identity only in this repository.

fatal: unable to auto-detect email address (got 'cpan@cjg-freebsd14.(none)')
# Looks like your test exited with 128 before it could output anything.
t/version-regexp.t ..... 
Dubious, test returned 128 (wstat 32768, 0x8000)
Failed 6/6 subtests 

Test Summary Report
-------------------
t/version-default.t  (Wstat: 32768 (exited 128) Tests: 0 Failed: 0)
  Non-zero exit status: 128
  Parse errors: Bad plan.  You planned 6 tests but ran 0.
t/version-regexp.t   (Wstat: 32768 (exited 128) Tests: 0 Failed: 0)
  Non-zero exit status: 128
  Parse errors: Bad plan.  You planned 6 tests but ran 0.
Files=3, Tests=1,  1 wallclock secs ( 0.02 usr  0.01 sys +  0.95 cusr  0.15 csys =  1.12 CPU)
Result: FAIL
Failed 2/3 test programs. 0/1 subtests failed.
*** Error code 128

Stop.
make: stopped in /home/cpan/.cpan/build/Dist-Zilla-Plugin-BumpVersionFromGit-0.010-0

------------------------------
PREREQUISITES
------------------------------

Prerequisite modules loaded:

requires:

    Module                             Need     Have    
    ---------------------------------- -------- --------
    Dist::Zilla                        4        6.033   
    Dist::Zilla::Role::VersionProvider 0        6.033   
    Git::Wrapper                       0        0.048   
    Moose                              0        2.4000  
    namespace::autoclean               0.09     0.31    
    perl                               5.006    5.043003
    strict                             0        1.14    
    version                            0.80     0.9933  
    Version::Next                      0        1.000   
    warnings                           0        1.74    

build_requires:

    Module                             Need     Have    
    ---------------------------------- -------- --------
    Dist::Zilla::Tester                0        6.033   
    ExtUtils::MakeMaker                0        7.76    
    File::Copy::Recursive              0        0.45    
    File::pushd                        0        1.016   
    File::Spec                         0        3.94    
    lib                                0        0.65    
    Path::Class                        0        0.37    
    Test::More                         0.88     1.302214

configure_requires:

    Module                             Need     Have    
    ---------------------------------- -------- --------
    ExtUtils::MakeMaker                6.17     7.76    
    perl                               5.006    5.043003

opt_build_requires:

    Module                             Need     Have    
    ---------------------------------- -------- --------
    CPAN::Meta                         2.120900 2.150010


------------------------------
ENVIRONMENT AND OTHER CONTEXT
------------------------------

Environment variables:

    AUTOMATED_TESTING = 1
    DATE_MANIP_TEST_DM5 = 1
    LANG = C.UTF-8
    LC_ALL = C
    NONINTERACTIVE_TESTING = 1
    NO_NETWORK_TESTING = 1
    PATH = /home/cpan/bin/perl/bin:/home/cpan/bin:/sbin:/bin:/usr/sbin:/usr/bin:/usr/local/sbin:/usr/local/bin:/home/cpan/bin
    PERL5LIB = 
    PERL5OPT = 
    PERL5_CPANPLUS_IS_RUNNING = 32870
    PERL5_CPAN_IS_RUNNING = 32870
    PERL_MM_USE_DEFAULT = 1
    PERL_PERTURB_KEYS = 0
    PERL_USE_UNSAFE_INC = 1
    SHELL = /usr/local/bin/bash
    TERM = screen
    TMPDIR = /home/cpan/tmp

Perl special variables (and OS-specific diagnostics, for MSWin32):

    $^X = /home/cpan/bin/perl/bin/perl5.43.3
    $UID/$EUID = 1002 / 1002
    $GID = 1002 1002
    $EGID = 1002 1002

Perl module toolchain versions installed:

    Module              Have    
    ------------------- --------
    CPAN                2.38    
    CPAN::Meta          2.150010
    Cwd                 3.94    
    ExtUtils::CBuilder  0.280242
    ExtUtils::Command   7.76    
    ExtUtils::Install   2.22    
    ExtUtils::MakeMaker 7.76    
    ExtUtils::Manifest  1.75    
    ExtUtils::ParseXS   3.60    
    File::Spec          3.94    
    JSON                4.10    
    JSON::PP            4.16    
    Module::Build       0.4234  
    Module::Signature   n/a     
    Parse::CPAN::Meta   2.150010
    Test2               1.302214
    Test::Harness       3.52    
    Test::More          1.302214
    YAML                1.31    
    YAML::Syck          1.34    
    version             0.9933  


--

Summary of my perl5 (revision 5 version 43 subversion 3) configuration:
  Commit id: 44254e7fe81a294982f1a92f659a2e2bedcd1c8b
  Platform:
    osname=freebsd
    osvers=14.3-release-p2
    archname=amd64-freebsd
    uname='freebsd cjg-freebsd14 14.3-release-p2 freebsd 14.3-release-p2 generic amd64 '
    config_args='-des -Dprefix=/home/cpan/bin/perl -Dscriptdir=/home/cpan/bin/perl/bin -Dusedevel -Duse64bitall'
    hint=recommended
    useposix=true
    d_sigaction=define
    useithreads=undef
    usemultiplicity=undef
    use64bitint=define
    use64bitall=define
    uselongdouble=undef
    usemymalloc=n
    default_inc_excludes_dot=define
  Compiler:
    cc='cc'
    ccflags ='-DHAS_FPSETMASK -DHAS_FLOATINGPOINT_H -DNO_POSIX_2008_LOCALE -fno-strict-aliasing -pipe -fstack-protector-strong -I/usr/local/include'
    optimize='-O2'
    cppflags='-DHAS_FPSETMASK -DHAS_FLOATINGPOINT_H -DNO_POSIX_2008_LOCALE -fno-strict-aliasing -pipe -fstack-protector-strong -I/usr/local/include'
    ccversion=''
    gccversion='FreeBSD Clang 19.1.7 (https://github.com/llvm/llvm-project.git llvmorg-19.1.7-0-gcd708029e0b2)'
    gccosandvers=''
    intsize=4
    longsize=8
    ptrsize=8
    doublesize=8
    byteorder=12345678
    doublekind=3
    d_longlong=define
    longlongsize=8
    d_longdbl=define
    longdblsize=16
    longdblkind=3
    ivtype='long'
    ivsize=8
    nvtype='double'
    nvsize=8
    Off_t='off_t'
    lseeksize=8
    alignbytes=8
    prototype=define
  Linker and Libraries:
    ld='cc'
    ldflags ='-Wl,-E  -fstack-protector-strong -L/usr/local/lib'
    libpth=/usr/lib /usr/local/lib /usr/lib/clang/19/lib
    libs=-lpthread -lgdbm -ldl -lm -lcrypt -lutil -lc
    perllibs=-lpthread -ldl -lm -lcrypt -lutil -lc
    libc=
    so=so
    useshrplib=false
    libperl=libperl.a
    gnulibc_version=''
  Dynamic Linking:
    dlsrc=dl_dlopen.xs
    dlext=so
    d_dlsymun=undef
    ccdlflags=' '
    cccdlflags='-DPIC -fPIC'
    lddlflags='-shared  -L/usr/local/lib -fstack-protector-strong'


Characteristics of this binary (from libperl): 
  Compile-time options:
    HAS_LONG_DOUBLE
    HAS_STRTOLD
    HAS_TIMES
    PERLIO_LAYERS
    PERL_COPY_ON_WRITE
    PERL_DONT_CREATE_GVSV
    PERL_HASH_FUNC_SIPHASH13
    PERL_HASH_USE_SBOX32
    PERL_MALLOC_WRAP
    PERL_OP_PARENT
    PERL_PRESERVE_IVUV
    PERL_USE_DEVEL
    PERL_USE_SAFE_PUTENV
    USE_64_BIT_ALL
    USE_64_BIT_INT
    USE_LARGE_FILES
    USE_LOCALE
    USE_LOCALE_COLLATE
    USE_LOCALE_CTYPE
    USE_LOCALE_NUMERIC
    USE_LOCALE_TIME
    USE_PERLIO
    USE_PERL_ATOF
  Built under freebsd
  Compiled at Sep  2 2025 19:44:56
  %ENV:
    PERL5LIB=""
    PERL5OPT=""
    PERL5_CPANPLUS_IS_RUNNING="32870"
    PERL5_CPAN_IS_RUNNING="32870"
    PERL_MM_USE_DEFAULT="1"
    PERL_PERTURB_KEYS="0"
    PERL_USE_UNSAFE_INC="1"
  @INC:
    /home/cpan/bin/perl/lib/site_perl/5.43.3/amd64-freebsd
    /home/cpan/bin/perl/lib/site_perl/5.43.3
    /home/cpan/bin/perl/lib/5.43.3/amd64-freebsd
    /home/cpan/bin/perl/lib/5.43.3
    .