Report for AnyEvent-SIP-0.002

Back
From: metabase:user:322078bc-2aae-11df-837a-5e0a49663a4f
Subject: FAIL AnyEvent-SIP-0.002 v5.10.1 FreeBSD
Date: 2013-04-12T14:07:20Z

This distribution has been tested as part of the CPAN Testers
project, supporting the Perl programming language.  See
http://wiki.cpantesters.org/ for more information or email
questions to cpan-testers-discuss@perl.org


--

Dear XSAWYERX,

This is a computer-generated error report created automatically by
CPANPLUS, version 0.9134. Testers personal comments may appear
at the end of this report.


Thank you for uploading your work to CPAN.  However, it appears that
there were some problems testing your distribution.

TEST RESULTS:

Below is the error stack from stage 'make test':

Use of uninitialized value $Test::Harness::Switches in length at /usr/home/cpan/pit/thr/perl-5.10.1/lib/5.10.1/Module/Build/Base.pm line 2768.
t/00-compile.t .......................... ok
# call created
# got ringing
# call established
# call cleaned up
t/02_listen_and_invite-anyevent.t ....... ok
# call created
# got ringing
# call established
# call cleaned up
t/02_listen_and_invite.t ................ ok
t/03_forward_stateless.t ................ ok
# UAS on 127.0.0.1:23405
# UAC on 127.0.0.1:5060
# call created
# call established
# call cleaned up
# received 100/100 packets
t/04_call_with_rtp.t .................... ok
# UAS on 127.0.0.1:33098 
# UAC on 127.0.0.1:61687 
# PROXY on 127.0.0.1:18624 127.0.0.1:36719 
# proxy >> OK
# <<
# uas >> OK
# <<
# proxy >> ready
# <<
# uas >> ready
# <<
# uac >> OK
# <<
# uac >> ready
# <<
# uac >> O> udp:127.0.0.1:18624 REQ(INVITE) SDP: audio=127.0.0.1:6998/2
# <<
# proxy >> I< 127.0.0.1:61687 REQ(INVITE) SDP: audio=127.0.0.1:6998/2
# O> udp:127.0.0.1:33098 REQ(INVITE) SDP: audio=127.0.0.1:6998/2
# I< 127.0.0.1:33098 RSP(INVITE,100) NO SDP
# O> 127.0.0.1:61687 RSP(INVITE,100) NO SDP
# <<
# uas >> I< 127.0.0.1:36719 REQ(INVITE) SDP: audio=127.0.0.1:6998/2
# O> 127.0.0.1:36719 RSP(INVITE,100) NO SDP
# call created
# INVITE you.uas@example.com SIP/2.0
# Via: SIP/2.0/UDP 127.0.0.1:36719;branch=z9hG4bKbe3f0df9711f6bb8830eae5cec29962c62d136f59131f632f9ca677943824645
# Record-route: <sip:127.0.0.1:36719;lr>
# Via: SIP/2.0/UDP 127.0.0.1:18624;branch=z9hG4bK9c122c102caac72304dd7f8eee1f8a9d62d136f59131f632f9ca677943824645
# Record-route: <sip:127.0.0.1:18624;lr>
# Supported: 
# Allow: INVITE, ACK, OPTIONS, CANCEL, BYE
# Via: SIP/2.0/UDP 127.0.0.1:61687;branch=z9hG4bK87b2e30fda827328f8a352afbc2da83f62d136f59131f632f9ca677943824645
# Call-id: 3b6af49e1ac4380c995a5303ff43bcb8
# Cseq: 1 INVITE
# From: me.uac@example.com;tag=de14499c2e828a1872ab7932c76aae73
# Content-type: application/sdp
# Content-length: 171
# Max-forwards: 69
# Contact: sip:r5e014a4750567252030248514b031c005b5257550e547b75667f2465@127.0.0.1:36719
# To: you.uas@example.com;tag=649bcb1f23ef9d992e7f2173dd169dfa
# 
# v=0
# o=anonymous 1365775562 1365775562 IN IP4 127.0.0.1
# s=session
# c=IN IP4 127.0.0.1
# t=0 0
# m=audio 6998 RTP/AVP 0
# a=rtpmap:101 telephone-event/8000
# a=fmtp:101 0-16
# O> 127.0.0.1:36719 RSP(INVITE,200) SDP: audio=127.0.0.1:9272/2
# I< 127.0.0.1:36719 REQ(ACK) NO SDP
# call established
# <<
# uac >> I< 127.0.0.1:18624 RSP(INVITE,100) NO SDP
# I< 127.0.0.1:18624 RSP(INVITE,200) SDP: audio=127.0.0.1:9272/2
# O> 127.0.0.1:18624 REQ(ACK) NO SDP
# <<
# uac >> call established
# <<
# uac >> RTP done
# <<
# uas >> I< 127.0.0.1:36719 REQ(BYE) NO SDP
# O> 127.0.0.1:36719 RSP(BYE,200) NO SDP
# <<
# uas >> call cleaned up
# <<
# uas >> received 100/100 packets
# <<
# uas >> RTP ok
# END
# <<
# uac >> O> udp:127.0.0.1:18624 REQ(BYE) NO SDP
# I< 127.0.0.1:18624 RSP(BYE,200) NO SDP
# <<
# uac >> END
# <<
# proxy >> OK
# <<
# uas >> OK
# <<
# proxy >> ready
# <<
# uas >> ready
# <<
# uac >> OK
# <<
# uac >> ready
# <<
# uac >> O> udp:127.0.0.1:18624 REQ(INVITE) SDP: audio=127.0.0.1:6878/2
# <<
# proxy >> I< 127.0.0.1:61687 REQ(INVITE) SDP: audio=127.0.0.1:6878/2
# O> udp:127.0.0.1:33098 REQ(INVITE) SDP: audio=127.0.0.1:9632/2
# <<
# uas >> I< 127.0.0.1:36719 REQ(INVITE) SDP: audio=127.0.0.1:9632/2
# O> 127.0.0.1:36719 RSP(INVITE,100) NO SDP
# call created
# INVITE you.uas@example.com SIP/2.0
# Via: SIP/2.0/UDP 127.0.0.1:36719;branch=z9hG4bKbe3f0df9711f6bb8830eae5cec29962ce96a44360bf2a0467a4bd28b3e079fb8
# Record-route: <sip:127.0.0.1:36719;lr>
# Via: SIP/2.0/UDP 127.0.0.1:18624;branch=z9hG4bK9c122c102caac72304dd7f8eee1f8a9de96a44360bf2a0467a4bd28b3e079fb8
# Record-route: <sip:127.0.0.1:18624;lr>
# Supported: 
# Allow: INVITE, ACK, OPTIONS, CANCEL, BYE
# Via: SIP/2.0/UDP 127.0.0.1:61687;branch=z9hG4bK87b2e30fda827328f8a352afbc2da83fe96a44360bf2a0467a4bd28b3e079fb8
# Call-id: 3755023e024774fe40bff35423831310
# Cseq: 1 INVITE
# From: me.uac@example.com;tag=43a4f02fc31d30f7eb4defe15ac3abcb
# Content-type: application/sdp
# Content-length: 171
# Max-forwards: 69
# Contact: sip:r5e014a4750567252030248514b031c005b5257550e547b75667f2465@127.0.0.1:36719
# To: you.uas@example.com;tag=f574b66376c405b2cd75dd0f39bd3c56
# 
# v=0
# o=anonymous 1365775565 1365775565 IN IP4 127.0.0.1
# s=session
# c=IN IP4 127.0.0.1
# t=0 0
# m=audio 9632 RTP/AVP 0
# a=rtpmap:101 telephone-event/8000
# a=fmtp:101 0-16
# O> 127.0.0.1:36719 RSP(INVITE,200) SDP: audio=127.0.0.1:8438/2
# <<
# uac >> I< 127.0.0.1:18624 RSP(INVITE,100) NO SDP
# I< 127.0.0.1:18624 RSP(INVITE,200) SDP: audio=127.0.0.1:2598/2
# O> 127.0.0.1:18624 REQ(ACK) NO SDP
# <<
# uac >> call established
# <<
# uac >> RTP done
# <<
# uas >> I< 127.0.0.1:36719 REQ(ACK) NO SDP
# call established
# I< 127.0.0.1:36719 REQ(BYE) NO SDP
# O> 127.0.0.1:36719 RSP(BYE,200) NO SDP
# call cleaned up
# <<
# uas >> received 100/100 packets
# <<
# uas >> RTP ok
# END
# <<
# uac >> O> udp:127.0.0.1:18624 REQ(BYE) NO SDP
# I< 127.0.0.1:18624 RSP(BYE,200) NO SDP
# <<
# uac >> END
# <<
# nathelper >> OK
# <<
# proxy >> OK
# <<
# uas >> OK
# <<
# proxy >> ready
# <<
# uas >> ready
# <<
# uac >> OK
# <<
# uac >> ready
# <<
# uac >> O> udp:127.0.0.1:18624 REQ(INVITE) SDP: audio=127.0.0.1:3092/2
# <<
# proxy >> I< 127.0.0.1:61687 REQ(INVITE) SDP: audio=127.0.0.1:3092/2
# <<
# proxy >> O> udp:127.0.0.1:33098 REQ(INVITE) SDP: audio=127.0.0.1:4966/2
# <<
# uas >> I< 127.0.0.1:36719 REQ(INVITE) SDP: audio=127.0.0.1:4966/2
# O> 127.0.0.1:36719 RSP(INVITE,100) NO SDP
# call created
# INVITE you.uas@example.com SIP/2.0
# Via: SIP/2.0/UDP 127.0.0.1:36719;branch=z9hG4bKbe3f0df9711f6bb8830eae5cec29962c2176b5d34c1ba485bfe4796b31f1247d
# Record-route: <sip:127.0.0.1:36719;lr>
# Via: SIP/2.0/UDP 127.0.0.1:18624;branch=z9hG4bK9c122c102caac72304dd7f8eee1f8a9d2176b5d34c1ba485bfe4796b31f1247d
# Record-route: <sip:127.0.0.1:18624;lr>
# Supported: 
# Allow: INVITE, ACK, OPTIONS, CANCEL, BYE
# Via: SIP/2.0/UDP 127.0.0.1:61687;branch=z9hG4bK87b2e30fda827328f8a352afbc2da83f2176b5d34c1ba485bfe4796b31f1247d
# Call-id: dfad215a2e5158bf1409f929a3206b20
# Cseq: 1 INVITE
# From: me.uac@example.com;tag=a6e669d77787e613e4e76da9ff055716
# Content-type: application/sdp
# Content-length: 171
# Max-forwards: 69
# Contact: sip:r5e014a4750567252030248514b031c005b5257550e547b75667f2465@127.0.0.1:36719
# To: you.uas@example.com;tag=d67c8ba81992753a517dc7d9aeb43ad6
# 
# v=0
# o=anonymous 1365775567 1365775567 IN IP4 127.0.0.1
# s=session
# c=IN IP4 127.0.0.1
# t=0 0
# m=audio 4966 RTP/AVP 0
# a=rtpmap:101 telephone-event/8000
# a=fmtp:101 0-16
# <<
# uac >> I< 127.0.0.1:18624 RSP(INVITE,100) NO SDP
# I< 127.0.0.1:18624 RSP(INVITE,200) SDP: audio=127.0.0.1:10872/2
# O> 127.0.0.1:18624 REQ(ACK) NO SDP
# <<
# uac >> call established
# <<
# uac >> RTP done
# <<
# uas >> O> 127.0.0.1:36719 RSP(INVITE,200) SDP: audio=127.0.0.1:8100/2
# I< 127.0.0.1:36719 REQ(ACK) NO SDP
# call established
# I< 127.0.0.1:36719 REQ(BYE) NO SDP
# O> 127.0.0.1:36719 RSP(BYE,200) NO SDP
# call cleaned up
# <<
# uas >> received 100/100 packets
# <<
# uas >> RTP ok
# END
# <<
# uac >> O> udp:127.0.0.1:18624 REQ(BYE) NO SDP
# I< 127.0.0.1:18624 RSP(BYE,200) NO SDP
# <<
# uac >> END
# <<
t/05_call_with_stateless_proxy.t ........ ok
# uas >> OK
# <<
# uas >> Listening
# <<
# uac >> OK
# <<
# uac >> Started
# <<
# uas >> Call accepted
# <<
# uac >> Start RTP
# <<
# uac >> RTP#50#
# <<
# uas >> got rtp packet#50
# <<
# uas >> Starting ReInvite
# <<
# uac >> Got ReInvite
# <<
# uas >> Start RTP
# <<
# uas >> RTP#50#
# <<
# uac >> got rtp packet#50
# <<
# uac >> Send BYE
# <<
# uas >> Got RTP
# <<
# uas >> Received BYE
# <<
# uac >> BYE done
# <<
t/06_call_with_reinvite.t ............... ok
# uas >> OK
# <<
# uas >> Listening
# <<
# uac >> OK
# <<
# uac >> Started
# <<
# uas >> Call accepted
# <<
# uac >> Start RTP
# <<
# uac >> RTP#50#
# <<
# uas >> got rtp packet#50
# <<
# uas >> Starting ReInvite
# <<
# uac >> Got ReInvite
# <<
# uas >> Start RTP
# <<
# uas >> RTP#50#
# <<
# uac >> got rtp packet#50
# <<
# uac >> Send BYE
# <<
# uas >> Received BYE after 0 bytes read
# <<
# uac >> BYE done
# <<
t/07_call_on_hold.t ..................... ok
# registrar >> OK
# <<
# registrar >> Listening
# <<
# uac >> OK
# <<
# uac >> Started
# <<
# uac >> Registered wolf (REALM.example.com)
# <<

#   Failed test '[uac] Registered 007 (REALM.example.com)'
#   at ./t/testlib.pl line 156.

#   Failed test 'fatal error at ./t/testlib.pl line 157.
# '
#   at ./t/testlib.pl line 26.
# Looks like you failed 2 tests of 7.
# Looks like your test exited with 1 just after 7.
t/08_register_with_auth.t ............... 
Dubious, test returned 1 (wstat 256, 0x100)
Failed 2/7 subtests 
t/11_invite_timeout.t ................... ok
# call established
# call cleaned up
t/12_maddr.t ............................ ok
t/13_maddr_proxy.t ...................... ok
# UAS   on 127.0.0.1:5062 
# UAC   on 127.0.0.1:5060 
# PROXY on 127.0.0.1:5063 
# proxy >> OK
# <<
# proxy >> Listening
# <<
# uas >> OK
# <<
# uas >> Listening
# <<
# uac >> OK
# <<
# uac >> Started
# <<

#   Failed test '[uas] Call accepted'
#   at ./t/testlib.pl line 156.

#   Failed test 'fatal error at ./t/testlib.pl line 157.
# '
#   at ./t/testlib.pl line 26.
# Looks like you planned 12 tests but ran 8.
# Looks like you failed 2 tests of 8 run.
# Looks like your test exited with 1 just after 8.
t/14_bugfix_0.51.t ...................... 
Dubious, test returned 1 (wstat 256, 0x100)
Failed 6/12 subtests 
t/15_block_invite.t ..................... ok
t/16_drop_invite.t ...................... ok
# uas >> OK
# <<
# uas >> Listening
# <<
# uac >> OK
# <<
# uac >> Started
# <<
# uas >> Call accepted
# <<
# uac >> Starting ReInvite
# <<
# uas >> ReInvite accepted
# <<
# uac >> ReInvite done
# <<
# uac >> Send BYE
# <<
# uas >> Received BYE
# <<
# uac >> BYE done
# <<
t/17_call_with_reinvite_and_auth.t ...... ok
# registrar >> OK
# <<
# registrar >> Listening
# <<
# uac >> OK
# <<
# uac >> Started
# <<
# uac >> got 401 response
# <<
# uac >> Registered wolf (REALM.example.com)
# <<

#   Failed test '[uac] Registered 007 (REALM.example.com)'
#   at ./t/testlib.pl line 156.

#   Failed test 'fatal error at ./t/testlib.pl line 157.
# '
#   at ./t/testlib.pl line 26.
# Looks like you failed 2 tests of 8.
# Looks like your test exited with 1 just after 8.
t/18_register_with_auth_step_by_step.t .. 
Dubious, test returned 1 (wstat 256, 0x100)
Failed 2/8 subtests 
# UAS on 127.0.0.1:35629
# UAC on 127.0.0.1:5060
# call created
# call established
# call cleaned up
# received 348/100 packets events=1 2 D # 3 4 B *
t/19_call_with_dtmf.t ................... ok
# call created
# got ringing
# call established
# call cleaned up
t/anyevent.t ............................ ok
t/release-pod-syntax.t .................. skipped: these tests are for release candidate testing

Test Summary Report
-------------------
t/08_register_with_auth.t             (Wstat: 256 Tests: 7 Failed: 2)
  Failed tests:  6-7
  Non-zero exit status: 1
t/14_bugfix_0.51.t                    (Wstat: 256 Tests: 8 Failed: 2)
  Failed tests:  7-8
  Non-zero exit status: 1
  Parse errors: Bad plan.  You planned 12 tests but ran 8.
t/18_register_with_auth_step_by_step.t (Wstat: 256 Tests: 8 Failed: 2)
  Failed tests:  7-8
  Non-zero exit status: 1
Files=20, Tests=220, 86 wallclock secs ( 0.11 usr  0.20 sys + 10.67 cusr 30.11 csys = 41.09 CPU)
Result: FAIL
Failed 3/20 test programs. 6/220 subtests failed.
BEGIN failed--compilation aborted at -e line 1.


PREREQUISITES:

Here is a list of prerequisites you specified and versions we
managed to load:

	  Module Name                        Have     Want
	  AnyEvent                           7.04        0
	  AnyEvent::AggressiveIdle           0.04        0
	  Cwd                                3.40        0
	  Data::Dumper                      2.124        0
	  Digest::MD5                        2.39        0
	  File::Find                         1.14        0
	  File::Temp                         0.23        0
	  IO::Socket                         1.31        0
	  List::Util                         1.21        0
	  Module::Build                    0.4004   0.3601
	  Net::SIP                           0.68        0
	  Net::SIP::Blocker                     0        0
	  Net::SIP::Debug                       0        0
	  Net::SIP::Dispatcher::Eventloop        0        0
	  Net::SIP::Dropper                     0        0
	  Net::SIP::Dropper::ByField            0        0
	  Net::SIP::Dropper::ByIPPort           0        0
	  Net::SIP::Leg                         0        0
	  Net::SIP::NATHelper::Client           0        0
	  Net::SIP::NATHelper::Local            0        0
	  Net::SIP::NATHelper::Server           0        0
	  Net::SIP::ReceiveChain                0        0
	  Net::SIP::SDP                         0        0
	  Net::SIP::Util                        0        0
	  Test::More                         0.98        0
	  base                               2.14        0
	  fields                             2.14        0
	  strict                             1.04        0
	  warnings                           1.06        0

Perl module toolchain versions installed:
	Module Name                        Have
	CPANPLUS                         0.9134
	CPANPLUS::Dist::Build              0.70
	Cwd                                3.40
	ExtUtils::CBuilder             0.280205
	ExtUtils::Command                  1.16
	ExtUtils::Install                  1.54
	ExtUtils::MakeMaker                6.64
	ExtUtils::Manifest                 1.61
	ExtUtils::ParseXS                  3.18
	File::Spec                         3.40
	Module::Build                    0.4004
	Pod::Parser                        1.37
	Pod::Simple                        3.07
	Test::Harness                      3.26
	Test::More                         0.98
	version                          0.9902

******************************** NOTE ********************************
The comments above are created mechanically, possibly without manual
checking by the sender.  As there are many people performing automatic
tests on each upload to CPAN, it is likely that you will receive
identical messages about the same problem.

If you believe that the message is mistaken, please reply to the first
one with correction and/or additional informations, and do not take
it personally.  We appreciate your patience. :)
**********************************************************************

Additional comments:


This report was machine-generated by CPANPLUS::Dist::YACSmoke 0.86.
Powered by minismokebox version 0.54

------------------------------
ENVIRONMENT AND OTHER CONTEXT
------------------------------

Environment variables:

    AUTOMATED_TESTING = 1
    PATH = /sbin:/bin:/usr/sbin:/usr/bin:/usr/games:/usr/local/sbin:/usr/local/bin:/home/cpan/bin
    PERL5LIB = :/usr/home/cpan/pit/thr/conf/perl-5.10.1/.cpanplus/5.10.1/build/AnyEvent-7.04/blib/lib:/usr/home/cpan/pit/thr/conf/perl-5.10.1/.cpanplus/5.10.1/build/AnyEvent-7.04/blib/arch:/usr/home/cpan/pit/thr/conf/perl-5.10.1/.cpanplus/5.10.1/build/AnyEvent-AggressiveIdle-0.04/blib/lib:/usr/home/cpan/pit/thr/conf/perl-5.10.1/.cpanplus/5.10.1/build/AnyEvent-AggressiveIdle-0.04/blib/arch:/usr/home/cpan/pit/thr/conf/perl-5.10.1/.cpanplus/5.10.1/build/Digest-HMAC-1.03/blib/lib:/usr/home/cpan/pit/thr/conf/perl-5.10.1/.cpanplus/5.10.1/build/Digest-HMAC-1.03/blib/arch:/usr/home/cpan/pit/thr/conf/perl-5.10.1/.cpanplus/5.10.1/build/Net-DNS-0.72/blib/lib:/usr/home/cpan/pit/thr/conf/perl-5.10.1/.cpanplus/5.10.1/build/Net-DNS-0.72/blib/arch:/usr/home/cpan/pit/thr/conf/perl-5.10.1/.cpanplus/5.10.1/build/Net-SIP-0.68/blib/lib:/usr/home/cpan/pit/thr/conf/perl-5.10.1/.cpanplus/5.10.1/build/Net-SIP-0.68/blib/arch:/usr/home/cpan/pit/thr/conf/perl-5.10.1/.cpanplus/5.10.1/build/AnyEvent-SIP-0.002/blib/lib:/usr/home/cpan/pit/thr/conf/perl-5.10.1/.cpanplus/5.10.1/build/AnyEvent-SIP-0.002/blib/arch
    PERL5_CPANPLUS_IS_RUNNING = 32705
    PERL5_CPANPLUS_IS_VERSION = 0.9134
    PERL5_MINISMOKEBOX = 0.54
    PERL5_YACSMOKE_BASE = /usr/home/cpan/pit/thr/conf/perl-5.10.1
    PERL_EXTUTILS_AUTOINSTALL = --defaultdeps
    PERL_MM_USE_DEFAULT = 1
    SHELL = /usr/local/bin/bash
    TERM = screen

Perl special variables (and OS-specific diagnostics, for MSWin32):

    Perl: $^X = /usr/home/cpan/pit/thr/perl-5.10.1/bin/perl
    UID:  $<  = 1002
    EUID: $>  = 1002
    GID:  $(  = 1002 1002
    EGID: $)  = 1002 1002


-------------------------------


--

Summary of my perl5 (revision 5 version 10 subversion 1) configuration:
   
  Platform:
    osname=freebsd, osvers=8.3-release, archname=amd64-freebsd-thread-multi
    uname='freebsd falsetto.bingosnet.co.uk 8.3-release freebsd 8.3-release #0: mon apr 9 21:23:18 utc 2012 root@mason.cse.buffalo.edu:usrobjusrsrcsysgeneric amd64 '
    config_args='-des -Dprefix=/usr/home/cpan/pit/thr/perl-5.10.1 -Dusethreads'
    hint=recommended, useposix=true, d_sigaction=define
    useithreads=define, usemultiplicity=define
    useperlio=define, d_sfio=undef, uselargefiles=define, usesocks=undef
    use64bitint=define, use64bitall=define, uselongdouble=undef
    usemymalloc=n, bincompat5005=undef
  Compiler:
    cc='cc', ccflags ='-DHAS_FPSETMASK -DHAS_FLOATINGPOINT_H -fno-strict-aliasing -pipe -fstack-protector -I/usr/local/include',
    optimize='-O',
    cppflags='-DHAS_FPSETMASK -DHAS_FLOATINGPOINT_H -fno-strict-aliasing -pipe -fstack-protector -I/usr/local/include'
    ccversion='', gccversion='4.2.2 20070831 prerelease [FreeBSD]', gccosandvers=''
    intsize=4, longsize=8, ptrsize=8, doublesize=8, byteorder=12345678
    d_longlong=define, longlongsize=8, d_longdbl=define, longdblsize=16
    ivtype='long', ivsize=8, nvtype='double', nvsize=8, Off_t='off_t', lseeksize=8
    alignbytes=8, prototype=define
  Linker and Libraries:
    ld='cc', ldflags ='-pthread -Wl,-E  -fstack-protector -L/usr/local/lib'
    libpth=/usr/lib /usr/local/lib
    libs=-lgdbm -lm -lcrypt
    perllibs=-lm -lcrypt
    libc=, so=so, useshrplib=false, libperl=libperl.a
    gnulibc_version=''
  Dynamic Linking:
    dlsrc=dl_dlopen.xs, dlext=so, d_dlsymun=undef, ccdlflags=' '
    cccdlflags='-DPIC -fPIC', lddlflags='-shared  -L/usr/local/lib -fstack-protector'


Characteristics of this binary (from libperl): 
  Compile-time options: MULTIPLICITY PERL_DONT_CREATE_GVSV
                        PERL_IMPLICIT_CONTEXT PERL_MALLOC_WRAP USE_64_BIT_ALL
                        USE_64_BIT_INT USE_ITHREADS USE_LARGE_FILES
                        USE_PERLIO USE_REENTRANT_API
  Built under freebsd
  Compiled at Apr 27 2012 05:58:58
  %ENV:
    PERL5LIB=":/usr/home/cpan/pit/thr/conf/perl-5.10.1/.cpanplus/5.10.1/build/AnyEvent-7.04/blib/lib:/usr/home/cpan/pit/thr/conf/perl-5.10.1/.cpanplus/5.10.1/build/AnyEvent-7.04/blib/arch:/usr/home/cpan/pit/thr/conf/perl-5.10.1/.cpanplus/5.10.1/build/AnyEvent-AggressiveIdle-0.04/blib/lib:/usr/home/cpan/pit/thr/conf/perl-5.10.1/.cpanplus/5.10.1/build/AnyEvent-AggressiveIdle-0.04/blib/arch:/usr/home/cpan/pit/thr/conf/perl-5.10.1/.cpanplus/5.10.1/build/Digest-HMAC-1.03/blib/lib:/usr/home/cpan/pit/thr/conf/perl-5.10.1/.cpanplus/5.10.1/build/Digest-HMAC-1.03/blib/arch:/usr/home/cpan/pit/thr/conf/perl-5.10.1/.cpanplus/5.10.1/build/Net-DNS-0.72/blib/lib:/usr/home/cpan/pit/thr/conf/perl-5.10.1/.cpanplus/5.10.1/build/Net-DNS-0.72/blib/arch:/usr/home/cpan/pit/thr/conf/perl-5.10.1/.cpanplus/5.10.1/build/Net-SIP-0.68/blib/lib:/usr/home/cpan/pit/thr/conf/perl-5.10.1/.cpanplus/5.10.1/build/Net-SIP-0.68/blib/arch:/usr/home/cpan/pit/thr/conf/perl-5.10.1/.cpanplus/5.10.1/build/AnyEvent-SIP-0.002/blib/lib:/usr/home/cpan/pit/thr/conf/perl-5.10.1/.cpanplus/5.10.1/build/AnyEvent-SIP-0.002/blib/arch"
    PERL5_CPANPLUS_IS_RUNNING="32705"
    PERL5_CPANPLUS_IS_VERSION="0.9134"
    PERL5_MINISMOKEBOX="0.54"
    PERL5_YACSMOKE_BASE="/usr/home/cpan/pit/thr/conf/perl-5.10.1"
    PERL_EXTUTILS_AUTOINSTALL="--defaultdeps"
    PERL_MM_USE_DEFAULT="1"
  @INC:
    /usr/home/cpan/pit/thr/conf/perl-5.10.1/.cpanplus/5.10.1/build/AnyEvent-7.04/blib/lib
    /usr/home/cpan/pit/thr/conf/perl-5.10.1/.cpanplus/5.10.1/build/AnyEvent-7.04/blib/arch
    /usr/home/cpan/pit/thr/conf/perl-5.10.1/.cpanplus/5.10.1/build/AnyEvent-AggressiveIdle-0.04/blib/lib
    /usr/home/cpan/pit/thr/conf/perl-5.10.1/.cpanplus/5.10.1/build/AnyEvent-AggressiveIdle-0.04/blib/arch
    /usr/home/cpan/pit/thr/conf/perl-5.10.1/.cpanplus/5.10.1/build/Digest-HMAC-1.03/blib/lib
    /usr/home/cpan/pit/thr/conf/perl-5.10.1/.cpanplus/5.10.1/build/Digest-HMAC-1.03/blib/arch
    /usr/home/cpan/pit/thr/conf/perl-5.10.1/.cpanplus/5.10.1/build/Net-DNS-0.72/blib/lib
    /usr/home/cpan/pit/thr/conf/perl-5.10.1/.cpanplus/5.10.1/build/Net-DNS-0.72/blib/arch
    /usr/home/cpan/pit/thr/conf/perl-5.10.1/.cpanplus/5.10.1/build/Net-SIP-0.68/blib/lib
    /usr/home/cpan/pit/thr/conf/perl-5.10.1/.cpanplus/5.10.1/build/Net-SIP-0.68/blib/arch
    /usr/home/cpan/pit/thr/conf/perl-5.10.1/.cpanplus/5.10.1/build/AnyEvent-SIP-0.002/blib/lib
    /usr/home/cpan/pit/thr/conf/perl-5.10.1/.cpanplus/5.10.1/build/AnyEvent-SIP-0.002/blib/arch
    /usr/home/cpan/pit/thr/perl-5.10.1/lib/5.10.1/amd64-freebsd-thread-multi
    /usr/home/cpan/pit/thr/perl-5.10.1/lib/5.10.1
    /usr/home/cpan/pit/thr/perl-5.10.1/lib/site_perl/5.10.1/amd64-freebsd-thread-multi
    /usr/home/cpan/pit/thr/perl-5.10.1/lib/site_perl/5.10.1
    .