Math-GMP v2.25 Perl 5 v5.32.1 i386-openbsd

Status
Fail
From
Alceu Rodrigues de Freitas Junior
Dist
Math-GMP v2.25
Platform
Perl 5 v5.32.1 i386-openbsd
Date
2022-06-12 01:16:29
ID
49e9875c-e9ed-11ec-b737-db65ffa5fe2c
This distribution has been tested as part of the CPAN Testers
project, supporting the Perl programming language.  See
http://wiki.cpantesters.org/ for more information or email
questions to cpan-testers-discuss@perl.org


--
Dear Shlomi Fish,

This is a computer-generated report for Math-GMP-2.25
on perl 5.32.1, created by CPAN-Reporter-1.2018.

Thank you for uploading your work to CPAN.  However, there was a problem
testing your distribution.

If you think this report is invalid, please consult the CPAN Testers Wiki
for suggestions on how to avoid getting FAIL reports for missing library
or binary dependencies, unsupported operating systems, and so on:

http://wiki.cpantesters.org/wiki/CPANAuthorNotes

Sections of this report:

    * Tester comments
    * Program output
    * Prerequisites
    * Environment and other context

------------------------------
TESTER COMMENTS
------------------------------

Additional comments from tester:

this report is from an automated smoke testing program
and was not reviewed by a human for accuracy

------------------------------
PROGRAM OUTPUT
------------------------------

Output from '/usr/bin/make test':

"/usr/bin/perl" -MExtUtils::Command::MM -e 'cp_nonempty' -- GMP.bs blib/arch/auto/Math/GMP/GMP.bs 644
PERL_DL_NONLAZY=1 "/usr/bin/perl" "-MExtUtils::Command::MM" "-MTest::Harness" "-e" "undef *Test::Harness::Switches; test_harness(0, 'blib/lib', 'blib/arch')" t/*.t

#   Failed test 'Math/GMP.pm loaded ok'
#   at t/00-compile.t line 46.
#          got: '512'
#     expected: '0'
perl:/mnt/cpan_build_dir/goku/Math-GMP-2.25-0/blib/arch/auto/Math/GMP/GMP.so: undefined symbol '__gmp_version'
perl:/mnt/cpan_build_dir/goku/Math-GMP-2.25-0/blib/arch/auto/Math/GMP/GMP.so: undefined symbol '__gmpz_init_set_str'
perl:/mnt/cpan_build_dir/goku/Math-GMP-2.25-0/blib/arch/auto/Math/GMP/GMP.so: undefined symbol '__gmpz_sizeinbase'
perl:/mnt/cpan_build_dir/goku/Math-GMP-2.25-0/blib/arch/auto/Math/GMP/GMP.so: undefined symbol '__gmpz_get_str'
perl:/mnt/cpan_build_dir/goku/Math-GMP-2.25-0/blib/arch/auto/Math/GMP/GMP.so: undefined symbol '__gmpz_clear'
perl:/mnt/cpan_build_dir/goku/Math-GMP-2.25-0/blib/arch/auto/Math/GMP/GMP.so: undefined symbol '__gmpz_add_ui'
perl:/mnt/cpan_build_dir/goku/Math-GMP-2.25-0/blib/arch/auto/Math/GMP/GMP.so: undefined symbol '__gmpz_get_si'
perl:/mnt/cpan_build_dir/goku/Math-GMP-2.25-0/blib/arch/auto/Math/GMP/GMP.so: undefined symbol '__gmpz_init'
perl:/mnt/cpan_build_dir/goku/Math-GMP-2.25-0/blib/arch/auto/Math/GMP/GMP.so: undefined symbol '__gmpz_mul_2exp'
perl:/mnt/cpan_build_dir/goku/Math-GMP-2.25-0/blib/arch/auto/Math/GMP/GMP.so: undefined symbol '__gmpz_fdiv_q_2exp'
perl:/mnt/cpan_build_dir/goku/Math-GMP-2.25-0/blib/arch/auto/Math/GMP/GMP.so: undefined symbol '__gmpz_powm'
perl:/mnt/cpan_build_dir/goku/Math-GMP-2.25-0/blib/arch/auto/Math/GMP/GMP.so: undefined symbol '__gmpz_fdiv_r'
perl:/mnt/cpan_build_dir/goku/Math-GMP-2.25-0/blib/arch/auto/Math/GMP/GMP.so: undefined symbol '__gmpz_fdiv_r_2exp'
perl:/mnt/cpan_build_dir/goku/Math-GMP-2.25-0/blib/arch/auto/Math/GMP/GMP.so: undefined symbol '__gmpz_add'
perl:/mnt/cpan_build_dir/goku/Math-GMP-2.25-0/blib/arch/auto/Math/GMP/GMP.so: undefined symbol '__gmpz_sub'
perl:/mnt/cpan_build_dir/goku/Math-GMP-2.25-0/blib/arch/auto/Math/GMP/GMP.so: undefined symbol '__gmpz_mul'
perl:/mnt/cpan_build_dir/goku/Math-GMP-2.25-0/blib/arch/auto/Math/GMP/GMP.so: undefined symbol '__gmpf_get_default_prec'
perl:/mnt/cpan_build_dir/goku/Math-GMP-2.25-0/blib/arch/auto/Math/GMP/GMP.so: undefined symbol '__gmpf_set_default_prec'
perl:/mnt/cpan_build_dir/goku/Math-GMP-2.25-0/blib/arch/auto/Math/GMP/GMP.so: undefined symbol '__gmpf_init'
perl:/mnt/cpan_build_dir/goku/Math-GMP-2.25-0/blib/arch/auto/Math/GMP/GMP.so: undefined symbol '__gmpf_set_z'
perl:/mnt/cpan_build_dir/goku/Math-GMP-2.25-0/blib/arch/auto/Math/GMP/GMP.so: undefined symbol '__gmpf_set_d'
perl:/mnt/cpan_build_dir/goku/Math-GMP-2.25-0/blib/arch/auto/Math/GMP/GMP.so: undefined symbol '__gmpf_mul'
perl:/mnt/cpan_build_dir/goku/Math-GMP-2.25-0/blib/arch/auto/Math/GMP/GMP.so: undefined symbol '__gmpz_set_f'
perl:/mnt/cpan_build_dir/goku/Math-GMP-2.25-0/blib/arch/auto/Math/GMP/GMP.so: undefined symbol '__gmpf_clear'
perl:/mnt/cpan_build_dir/goku/Math-GMP-2.25-0/blib/arch/auto/Math/GMP/GMP.so: undefined symbol '__gmpz_fdiv_q'
perl:/mnt/cpan_build_dir/goku/Math-GMP-2.25-0/blib/arch/auto/Math/GMP/GMP.so: undefined symbol '__gmpz_tdiv_qr'
perl:/mnt/cpan_build_dir/goku/Math-GMP-2.25-0/blib/arch/auto/Math/GMP/GMP.so: undefined symbol '__gmpz_mod'
perl:/mnt/cpan_build_dir/goku/Math-GMP-2.25-0/blib/arch/auto/Math/GMP/GMP.so: undefined symbol '__gmpz_invert'
perl:/mnt/cpan_build_dir/goku/Math-GMP-2.25-0/blib/arch/auto/Math/GMP/GMP.so: undefined symbol '__gmpz_cmp'
perl:/mnt/cpan_build_dir/goku/Math-GMP-2.25-0/blib/arch/auto/Math/GMP/GMP.so: undefined symbol '__gmpz_jacobi'
perl:/mnt/cpan_build_dir/goku/Math-GMP-2.25-0/blib/arch/auto/Math/GMP/GMP.so: undefined symbol '__gmpz_probab_prime_p'
perl:/mnt/cpan_build_dir/goku/Math-GMP-2.25-0/blib/arch/auto/Math/GMP/GMP.so: undefined symbol '__gmpz_pow_ui'
perl:/mnt/cpan_build_dir/goku/Math-GMP-2.25-0/blib/arch/auto/Math/GMP/GMP.so: undefined symbol '__gmpz_gcd'
perl:/mnt/cpan_build_dir/goku/Math-GMP-2.25-0/blib/arch/auto/Math/GMP/GMP.so: undefined symbol '__gmpz_lcm'
perl:/mnt/cpan_build_dir/goku/Math-GMP-2.25-0/blib/arch/auto/Math/GMP/GMP.so: undefined symbol '__gmpz_fib_ui'
perl:/mnt/cpan_build_dir/goku/Math-GMP-2.25-0/blib/arch/auto/Math/GMP/GMP.so: undefined symbol '__gmpz_and'
perl:/mnt/cpan_build_dir/goku/Math-GMP-2.25-0/blib/arch/auto/Math/GMP/GMP.so: undefined symbol '__gmpz_xor'
perl:/mnt/cpan_build_dir/goku/Math-GMP-2.25-0/blib/arch/auto/Math/GMP/GMP.so: undefined symbol '__gmpz_ior'
perl:/mnt/cpan_build_dir/goku/Math-GMP-2.25-0/blib/arch/auto/Math/GMP/GMP.so: undefined symbol '__gmpz_fac_ui'
perl:/mnt/cpan_build_dir/goku/Math-GMP-2.25-0/blib/arch/auto/Math/GMP/GMP.so: undefined symbol '__gmpz_bin_uiui'
perl:/mnt/cpan_build_dir/goku/Math-GMP-2.25-0/blib/arch/auto/Math/GMP/GMP.so: undefined symbol '__gmpz_init_set'
perl:/mnt/cpan_build_dir/goku/Math-GMP-2.25-0/blib/arch/auto/Math/GMP/GMP.so: undefined symbol '__gmpz_tstbit'
perl:/mnt/cpan_build_dir/goku/Math-GMP-2.25-0/blib/arch/auto/Math/GMP/GMP.so: undefined symbol '__gmpz_root'
perl:/mnt/cpan_build_dir/goku/Math-GMP-2.25-0/blib/arch/auto/Math/GMP/GMP.so: undefined symbol '__gmpz_rootrem'
perl:/mnt/cpan_build_dir/goku/Math-GMP-2.25-0/blib/arch/auto/Math/GMP/GMP.so: undefined symbol '__gmpz_set'
perl:/mnt/cpan_build_dir/goku/Math-GMP-2.25-0/blib/arch/auto/Math/GMP/GMP.so: undefined symbol '__gmpz_sqrt'
perl:/mnt/cpan_build_dir/goku/Math-GMP-2.25-0/blib/arch/auto/Math/GMP/GMP.so: undefined symbol '__gmpz_sqrtrem'
perl:/mnt/cpan_build_dir/goku/Math-GMP-2.25-0/blib/arch/auto/Math/GMP/GMP.so: undefined symbol '__gmpz_perfect_power_p'
perl:/mnt/cpan_build_dir/goku/Math-GMP-2.25-0/blib/arch/auto/Math/GMP/GMP.so: undefined symbol '__gmpn_perfect_square_p'
Can't load '/mnt/cpan_build_dir/goku/Math-GMP-2.25-0/blib/arch/auto/Math/GMP/GMP.so' for module Math::GMP: Cannot load specified object at /usr/libdata/perl5/i386-openbsd/DynaLoader.pm line 193.
 at -e line 1.
Compilation failed in require at -e line 1.
# Looks like you failed 1 test of 1.
t/00-compile.t ...................... 
Dubious, test returned 1 (wstat 256, 0x100)
Failed 1/1 subtests 
perl:/mnt/cpan_build_dir/goku/Math-GMP-2.25-0/blib/arch/auto/Math/GMP/GMP.so: undefined symbol '__gmp_version'
perl:/mnt/cpan_build_dir/goku/Math-GMP-2.25-0/blib/arch/auto/Math/GMP/GMP.so: undefined symbol '__gmpz_init_set_str'
perl:/mnt/cpan_build_dir/goku/Math-GMP-2.25-0/blib/arch/auto/Math/GMP/GMP.so: undefined symbol '__gmpz_sizeinbase'
perl:/mnt/cpan_build_dir/goku/Math-GMP-2.25-0/blib/arch/auto/Math/GMP/GMP.so: undefined symbol '__gmpz_get_str'
perl:/mnt/cpan_build_dir/goku/Math-GMP-2.25-0/blib/arch/auto/Math/GMP/GMP.so: undefined symbol '__gmpz_clear'
perl:/mnt/cpan_build_dir/goku/Math-GMP-2.25-0/blib/arch/auto/Math/GMP/GMP.so: undefined symbol '__gmpz_add_ui'
perl:/mnt/cpan_build_dir/goku/Math-GMP-2.25-0/blib/arch/auto/Math/GMP/GMP.so: undefined symbol '__gmpz_get_si'
perl:/mnt/cpan_build_dir/goku/Math-GMP-2.25-0/blib/arch/auto/Math/GMP/GMP.so: undefined symbol '__gmpz_init'
perl:/mnt/cpan_build_dir/goku/Math-GMP-2.25-0/blib/arch/auto/Math/GMP/GMP.so: undefined symbol '__gmpz_mul_2exp'
perl:/mnt/cpan_build_dir/goku/Math-GMP-2.25-0/blib/arch/auto/Math/GMP/GMP.so: undefined symbol '__gmpz_fdiv_q_2exp'
perl:/mnt/cpan_build_dir/goku/Math-GMP-2.25-0/blib/arch/auto/Math/GMP/GMP.so: undefined symbol '__gmpz_powm'
perl:/mnt/cpan_build_dir/goku/Math-GMP-2.25-0/blib/arch/auto/Math/GMP/GMP.so: undefined symbol '__gmpz_fdiv_r'
perl:/mnt/cpan_build_dir/goku/Math-GMP-2.25-0/blib/arch/auto/Math/GMP/GMP.so: undefined symbol '__gmpz_fdiv_r_2exp'
perl:/mnt/cpan_build_dir/goku/Math-GMP-2.25-0/blib/arch/auto/Math/GMP/GMP.so: undefined symbol '__gmpz_add'
perl:/mnt/cpan_build_dir/goku/Math-GMP-2.25-0/blib/arch/auto/Math/GMP/GMP.so: undefined symbol '__gmpz_sub'
perl:/mnt/cpan_build_dir/goku/Math-GMP-2.25-0/blib/arch/auto/Math/GMP/GMP.so: undefined symbol '__gmpz_mul'
perl:/mnt/cpan_build_dir/goku/Math-GMP-2.25-0/blib/arch/auto/Math/GMP/GMP.so: undefined symbol '__gmpf_get_default_prec'
perl:/mnt/cpan_build_dir/goku/Math-GMP-2.25-0/blib/arch/auto/Math/GMP/GMP.so: undefined symbol '__gmpf_set_default_prec'
perl:/mnt/cpan_build_dir/goku/Math-GMP-2.25-0/blib/arch/auto/Math/GMP/GMP.so: undefined symbol '__gmpf_init'
perl:/mnt/cpan_build_dir/goku/Math-GMP-2.25-0/blib/arch/auto/Math/GMP/GMP.so: undefined symbol '__gmpf_set_z'
perl:/mnt/cpan_build_dir/goku/Math-GMP-2.25-0/blib/arch/auto/Math/GMP/GMP.so: undefined symbol '__gmpf_set_d'
perl:/mnt/cpan_build_dir/goku/Math-GMP-2.25-0/blib/arch/auto/Math/GMP/GMP.so: undefined symbol '__gmpf_mul'
perl:/mnt/cpan_build_dir/goku/Math-GMP-2.25-0/blib/arch/auto/Math/GMP/GMP.so: undefined symbol '__gmpz_set_f'
perl:/mnt/cpan_build_dir/goku/Math-GMP-2.25-0/blib/arch/auto/Math/GMP/GMP.so: undefined symbol '__gmpf_clear'
perl:/mnt/cpan_build_dir/goku/Math-GMP-2.25-0/blib/arch/auto/Math/GMP/GMP.so: undefined symbol '__gmpz_fdiv_q'
perl:/mnt/cpan_build_dir/goku/Math-GMP-2.25-0/blib/arch/auto/Math/GMP/GMP.so: undefined symbol '__gmpz_tdiv_qr'
perl:/mnt/cpan_build_dir/goku/Math-GMP-2.25-0/blib/arch/auto/Math/GMP/GMP.so: undefined symbol '__gmpz_mod'
perl:/mnt/cpan_build_dir/goku/Math-GMP-2.25-0/blib/arch/auto/Math/GMP/GMP.so: undefined symbol '__gmpz_invert'
perl:/mnt/cpan_build_dir/goku/Math-GMP-2.25-0/blib/arch/auto/Math/GMP/GMP.so: undefined symbol '__gmpz_cmp'
perl:/mnt/cpan_build_dir/goku/Math-GMP-2.25-0/blib/arch/auto/Math/GMP/GMP.so: undefined symbol '__gmpz_jacobi'
perl:/mnt/cpan_build_dir/goku/Math-GMP-2.25-0/blib/arch/auto/Math/GMP/GMP.so: undefined symbol '__gmpz_probab_prime_p'
perl:/mnt/cpan_build_dir/goku/Math-GMP-2.25-0/blib/arch/auto/Math/GMP/GMP.so: undefined symbol '__gmpz_pow_ui'
perl:/mnt/cpan_build_dir/goku/Math-GMP-2.25-0/blib/arch/auto/Math/GMP/GMP.so: undefined symbol '__gmpz_gcd'
perl:/mnt/cpan_build_dir/goku/Math-GMP-2.25-0/blib/arch/auto/Math/GMP/GMP.so: undefined symbol '__gmpz_lcm'
perl:/mnt/cpan_build_dir/goku/Math-GMP-2.25-0/blib/arch/auto/Math/GMP/GMP.so: undefined symbol '__gmpz_fib_ui'
perl:/mnt/cpan_build_dir/goku/Math-GMP-2.25-0/blib/arch/auto/Math/GMP/GMP.so: undefined symbol '__gmpz_and'
perl:/mnt/cpan_build_dir/goku/Math-GMP-2.25-0/blib/arch/auto/Math/GMP/GMP.so: undefined symbol '__gmpz_xor'
perl:/mnt/cpan_build_dir/goku/Math-GMP-2.25-0/blib/arch/auto/Math/GMP/GMP.so: undefined symbol '__gmpz_ior'
perl:/mnt/cpan_build_dir/goku/Math-GMP-2.25-0/blib/arch/auto/Math/GMP/GMP.so: undefined symbol '__gmpz_fac_ui'
perl:/mnt/cpan_build_dir/goku/Math-GMP-2.25-0/blib/arch/auto/Math/GMP/GMP.so: undefined symbol '__gmpz_bin_uiui'
perl:/mnt/cpan_build_dir/goku/Math-GMP-2.25-0/blib/arch/auto/Math/GMP/GMP.so: undefined symbol '__gmpz_init_set'
perl:/mnt/cpan_build_dir/goku/Math-GMP-2.25-0/blib/arch/auto/Math/GMP/GMP.so: undefined symbol '__gmpz_tstbit'
perl:/mnt/cpan_build_dir/goku/Math-GMP-2.25-0/blib/arch/auto/Math/GMP/GMP.so: undefined symbol '__gmpz_root'
perl:/mnt/cpan_build_dir/goku/Math-GMP-2.25-0/blib/arch/auto/Math/GMP/GMP.so: undefined symbol '__gmpz_rootrem'
perl:/mnt/cpan_build_dir/goku/Math-GMP-2.25-0/blib/arch/auto/Math/GMP/GMP.so: undefined symbol '__gmpz_set'
perl:/mnt/cpan_build_dir/goku/Math-GMP-2.25-0/blib/arch/auto/Math/GMP/GMP.so: undefined symbol '__gmpz_sqrt'
perl:/mnt/cpan_build_dir/goku/Math-GMP-2.25-0/blib/arch/auto/Math/GMP/GMP.so: undefined symbol '__gmpz_sqrtrem'
perl:/mnt/cpan_build_dir/goku/Math-GMP-2.25-0/blib/arch/auto/Math/GMP/GMP.so: undefined symbol '__gmpz_perfect_power_p'
perl:/mnt/cpan_build_dir/goku/Math-GMP-2.25-0/blib/arch/auto/Math/GMP/GMP.so: undefined symbol '__gmpn_perfect_square_p'
Can't load '/mnt/cpan_build_dir/goku/Math-GMP-2.25-0/blib/arch/auto/Math/GMP/GMP.so' for module Math::GMP: Cannot load specified object at /usr/libdata/perl5/i386-openbsd/DynaLoader.pm line 193.
 at t/01_gmppm.t line 6.
Compilation failed in require at t/01_gmppm.t line 6.
BEGIN failed--compilation aborted at t/01_gmppm.t line 6.
t/01_gmppm.t ........................ 
Dubious, test returned 2 (wstat 512, 0x200)
No subtests run 
perl:/mnt/cpan_build_dir/goku/Math-GMP-2.25-0/blib/arch/auto/Math/GMP/GMP.so: undefined symbol '__gmp_version'
perl:/mnt/cpan_build_dir/goku/Math-GMP-2.25-0/blib/arch/auto/Math/GMP/GMP.so: undefined symbol '__gmpz_init_set_str'
perl:/mnt/cpan_build_dir/goku/Math-GMP-2.25-0/blib/arch/auto/Math/GMP/GMP.so: undefined symbol '__gmpz_sizeinbase'
perl:/mnt/cpan_build_dir/goku/Math-GMP-2.25-0/blib/arch/auto/Math/GMP/GMP.so: undefined symbol '__gmpz_get_str'
perl:/mnt/cpan_build_dir/goku/Math-GMP-2.25-0/blib/arch/auto/Math/GMP/GMP.so: undefined symbol '__gmpz_clear'
perl:/mnt/cpan_build_dir/goku/Math-GMP-2.25-0/blib/arch/auto/Math/GMP/GMP.so: undefined symbol '__gmpz_add_ui'
perl:/mnt/cpan_build_dir/goku/Math-GMP-2.25-0/blib/arch/auto/Math/GMP/GMP.so: undefined symbol '__gmpz_get_si'
perl:/mnt/cpan_build_dir/goku/Math-GMP-2.25-0/blib/arch/auto/Math/GMP/GMP.so: undefined symbol '__gmpz_init'
perl:/mnt/cpan_build_dir/goku/Math-GMP-2.25-0/blib/arch/auto/Math/GMP/GMP.so: undefined symbol '__gmpz_mul_2exp'
perl:/mnt/cpan_build_dir/goku/Math-GMP-2.25-0/blib/arch/auto/Math/GMP/GMP.so: undefined symbol '__gmpz_fdiv_q_2exp'
perl:/mnt/cpan_build_dir/goku/Math-GMP-2.25-0/blib/arch/auto/Math/GMP/GMP.so: undefined symbol '__gmpz_powm'
perl:/mnt/cpan_build_dir/goku/Math-GMP-2.25-0/blib/arch/auto/Math/GMP/GMP.so: undefined symbol '__gmpz_fdiv_r'
perl:/mnt/cpan_build_dir/goku/Math-GMP-2.25-0/blib/arch/auto/Math/GMP/GMP.so: undefined symbol '__gmpz_fdiv_r_2exp'
perl:/mnt/cpan_build_dir/goku/Math-GMP-2.25-0/blib/arch/auto/Math/GMP/GMP.so: undefined symbol '__gmpz_add'
perl:/mnt/cpan_build_dir/goku/Math-GMP-2.25-0/blib/arch/auto/Math/GMP/GMP.so: undefined symbol '__gmpz_sub'
perl:/mnt/cpan_build_dir/goku/Math-GMP-2.25-0/blib/arch/auto/Math/GMP/GMP.so: undefined symbol '__gmpz_mul'
perl:/mnt/cpan_build_dir/goku/Math-GMP-2.25-0/blib/arch/auto/Math/GMP/GMP.so: undefined symbol '__gmpf_get_default_prec'
perl:/mnt/cpan_build_dir/goku/Math-GMP-2.25-0/blib/arch/auto/Math/GMP/GMP.so: undefined symbol '__gmpf_set_default_prec'
perl:/mnt/cpan_build_dir/goku/Math-GMP-2.25-0/blib/arch/auto/Math/GMP/GMP.so: undefined symbol '__gmpf_init'
perl:/mnt/cpan_build_dir/goku/Math-GMP-2.25-0/blib/arch/auto/Math/GMP/GMP.so: undefined symbol '__gmpf_set_z'
perl:/mnt/cpan_build_dir/goku/Math-GMP-2.25-0/blib/arch/auto/Math/GMP/GMP.so: undefined symbol '__gmpf_set_d'
perl:/mnt/cpan_build_dir/goku/Math-GMP-2.25-0/blib/arch/auto/Math/GMP/GMP.so: undefined symbol '__gmpf_mul'
perl:/mnt/cpan_build_dir/goku/Math-GMP-2.25-0/blib/arch/auto/Math/GMP/GMP.so: undefined symbol '__gmpz_set_f'
perl:/mnt/cpan_build_dir/goku/Math-GMP-2.25-0/blib/arch/auto/Math/GMP/GMP.so: undefined symbol '__gmpf_clear'
perl:/mnt/cpan_build_dir/goku/Math-GMP-2.25-0/blib/arch/auto/Math/GMP/GMP.so: undefined symbol '__gmpz_fdiv_q'
perl:/mnt/cpan_build_dir/goku/Math-GMP-2.25-0/blib/arch/auto/Math/GMP/GMP.so: undefined symbol '__gmpz_tdiv_qr'
perl:/mnt/cpan_build_dir/goku/Math-GMP-2.25-0/blib/arch/auto/Math/GMP/GMP.so: undefined symbol '__gmpz_mod'
perl:/mnt/cpan_build_dir/goku/Math-GMP-2.25-0/blib/arch/auto/Math/GMP/GMP.so: undefined symbol '__gmpz_invert'
perl:/mnt/cpan_build_dir/goku/Math-GMP-2.25-0/blib/arch/auto/Math/GMP/GMP.so: undefined symbol '__gmpz_cmp'
perl:/mnt/cpan_build_dir/goku/Math-GMP-2.25-0/blib/arch/auto/Math/GMP/GMP.so: undefined symbol '__gmpz_jacobi'
perl:/mnt/cpan_build_dir/goku/Math-GMP-2.25-0/blib/arch/auto/Math/GMP/GMP.so: undefined symbol '__gmpz_probab_prime_p'
perl:/mnt/cpan_build_dir/goku/Math-GMP-2.25-0/blib/arch/auto/Math/GMP/GMP.so: undefined symbol '__gmpz_pow_ui'
perl:/mnt/cpan_build_dir/goku/Math-GMP-2.25-0/blib/arch/auto/Math/GMP/GMP.so: undefined symbol '__gmpz_gcd'
perl:/mnt/cpan_build_dir/goku/Math-GMP-2.25-0/blib/arch/auto/Math/GMP/GMP.so: undefined symbol '__gmpz_lcm'
perl:/mnt/cpan_build_dir/goku/Math-GMP-2.25-0/blib/arch/auto/Math/GMP/GMP.so: undefined symbol '__gmpz_fib_ui'
perl:/mnt/cpan_build_dir/goku/Math-GMP-2.25-0/blib/arch/auto/Math/GMP/GMP.so: undefined symbol '__gmpz_and'
perl:/mnt/cpan_build_dir/goku/Math-GMP-2.25-0/blib/arch/auto/Math/GMP/GMP.so: undefined symbol '__gmpz_xor'
perl:/mnt/cpan_build_dir/goku/Math-GMP-2.25-0/blib/arch/auto/Math/GMP/GMP.so: undefined symbol '__gmpz_ior'
perl:/mnt/cpan_build_dir/goku/Math-GMP-2.25-0/blib/arch/auto/Math/GMP/GMP.so: undefined symbol '__gmpz_fac_ui'
perl:/mnt/cpan_build_dir/goku/Math-GMP-2.25-0/blib/arch/auto/Math/GMP/GMP.so: undefined symbol '__gmpz_bin_uiui'
perl:/mnt/cpan_build_dir/goku/Math-GMP-2.25-0/blib/arch/auto/Math/GMP/GMP.so: undefined symbol '__gmpz_init_set'
perl:/mnt/cpan_build_dir/goku/Math-GMP-2.25-0/blib/arch/auto/Math/GMP/GMP.so: undefined symbol '__gmpz_tstbit'
perl:/mnt/cpan_build_dir/goku/Math-GMP-2.25-0/blib/arch/auto/Math/GMP/GMP.so: undefined symbol '__gmpz_root'
perl:/mnt/cpan_build_dir/goku/Math-GMP-2.25-0/blib/arch/auto/Math/GMP/GMP.so: undefined symbol '__gmpz_rootrem'
perl:/mnt/cpan_build_dir/goku/Math-GMP-2.25-0/blib/arch/auto/Math/GMP/GMP.so: undefined symbol '__gmpz_set'
perl:/mnt/cpan_build_dir/goku/Math-GMP-2.25-0/blib/arch/auto/Math/GMP/GMP.so: undefined symbol '__gmpz_sqrt'
perl:/mnt/cpan_build_dir/goku/Math-GMP-2.25-0/blib/arch/auto/Math/GMP/GMP.so: undefined symbol '__gmpz_sqrtrem'
perl:/mnt/cpan_build_dir/goku/Math-GMP-2.25-0/blib/arch/auto/Math/GMP/GMP.so: undefined symbol '__gmpz_perfect_power_p'
perl:/mnt/cpan_build_dir/goku/Math-GMP-2.25-0/blib/arch/auto/Math/GMP/GMP.so: undefined symbol '__gmpn_perfect_square_p'
Can't load '/mnt/cpan_build_dir/goku/Math-GMP-2.25-0/blib/arch/auto/Math/GMP/GMP.so' for module Math::GMP: Cannot load specified object at /usr/libdata/perl5/i386-openbsd/DynaLoader.pm line 193.
 at t/02_init_from_float.t line 14.
Compilation failed in require at t/02_init_from_float.t line 14.
BEGIN failed--compilation aborted at t/02_init_from_float.t line 14.
# Looks like your test exited with 2 before it could output anything.
t/02_init_from_float.t .............. 
Dubious, test returned 2 (wstat 512, 0x200)
Failed 1/1 subtests 
perl:/mnt/cpan_build_dir/goku/Math-GMP-2.25-0/blib/arch/auto/Math/GMP/GMP.so: undefined symbol '__gmp_version'
perl:/mnt/cpan_build_dir/goku/Math-GMP-2.25-0/blib/arch/auto/Math/GMP/GMP.so: undefined symbol '__gmpz_init_set_str'
perl:/mnt/cpan_build_dir/goku/Math-GMP-2.25-0/blib/arch/auto/Math/GMP/GMP.so: undefined symbol '__gmpz_sizeinbase'
perl:/mnt/cpan_build_dir/goku/Math-GMP-2.25-0/blib/arch/auto/Math/GMP/GMP.so: undefined symbol '__gmpz_get_str'
perl:/mnt/cpan_build_dir/goku/Math-GMP-2.25-0/blib/arch/auto/Math/GMP/GMP.so: undefined symbol '__gmpz_clear'
perl:/mnt/cpan_build_dir/goku/Math-GMP-2.25-0/blib/arch/auto/Math/GMP/GMP.so: undefined symbol '__gmpz_add_ui'
perl:/mnt/cpan_build_dir/goku/Math-GMP-2.25-0/blib/arch/auto/Math/GMP/GMP.so: undefined symbol '__gmpz_get_si'
perl:/mnt/cpan_build_dir/goku/Math-GMP-2.25-0/blib/arch/auto/Math/GMP/GMP.so: undefined symbol '__gmpz_init'
perl:/mnt/cpan_build_dir/goku/Math-GMP-2.25-0/blib/arch/auto/Math/GMP/GMP.so: undefined symbol '__gmpz_mul_2exp'
perl:/mnt/cpan_build_dir/goku/Math-GMP-2.25-0/blib/arch/auto/Math/GMP/GMP.so: undefined symbol '__gmpz_fdiv_q_2exp'
perl:/mnt/cpan_build_dir/goku/Math-GMP-2.25-0/blib/arch/auto/Math/GMP/GMP.so: undefined symbol '__gmpz_powm'
perl:/mnt/cpan_build_dir/goku/Math-GMP-2.25-0/blib/arch/auto/Math/GMP/GMP.so: undefined symbol '__gmpz_fdiv_r'
perl:/mnt/cpan_build_dir/goku/Math-GMP-2.25-0/blib/arch/auto/Math/GMP/GMP.so: undefined symbol '__gmpz_fdiv_r_2exp'
perl:/mnt/cpan_build_dir/goku/Math-GMP-2.25-0/blib/arch/auto/Math/GMP/GMP.so: undefined symbol '__gmpz_add'
perl:/mnt/cpan_build_dir/goku/Math-GMP-2.25-0/blib/arch/auto/Math/GMP/GMP.so: undefined symbol '__gmpz_sub'
perl:/mnt/cpan_build_dir/goku/Math-GMP-2.25-0/blib/arch/auto/Math/GMP/GMP.so: undefined symbol '__gmpz_mul'
perl:/mnt/cpan_build_dir/goku/Math-GMP-2.25-0/blib/arch/auto/Math/GMP/GMP.so: undefined symbol '__gmpf_get_default_prec'
perl:/mnt/cpan_build_dir/goku/Math-GMP-2.25-0/blib/arch/auto/Math/GMP/GMP.so: undefined symbol '__gmpf_set_default_prec'
perl:/mnt/cpan_build_dir/goku/Math-GMP-2.25-0/blib/arch/auto/Math/GMP/GMP.so: undefined symbol '__gmpf_init'
perl:/mnt/cpan_build_dir/goku/Math-GMP-2.25-0/blib/arch/auto/Math/GMP/GMP.so: undefined symbol '__gmpf_set_z'
perl:/mnt/cpan_build_dir/goku/Math-GMP-2.25-0/blib/arch/auto/Math/GMP/GMP.so: undefined symbol '__gmpf_set_d'
perl:/mnt/cpan_build_dir/goku/Math-GMP-2.25-0/blib/arch/auto/Math/GMP/GMP.so: undefined symbol '__gmpf_mul'
perl:/mnt/cpan_build_dir/goku/Math-GMP-2.25-0/blib/arch/auto/Math/GMP/GMP.so: undefined symbol '__gmpz_set_f'
perl:/mnt/cpan_build_dir/goku/Math-GMP-2.25-0/blib/arch/auto/Math/GMP/GMP.so: undefined symbol '__gmpf_clear'
perl:/mnt/cpan_build_dir/goku/Math-GMP-2.25-0/blib/arch/auto/Math/GMP/GMP.so: undefined symbol '__gmpz_fdiv_q'
perl:/mnt/cpan_build_dir/goku/Math-GMP-2.25-0/blib/arch/auto/Math/GMP/GMP.so: undefined symbol '__gmpz_tdiv_qr'
perl:/mnt/cpan_build_dir/goku/Math-GMP-2.25-0/blib/arch/auto/Math/GMP/GMP.so: undefined symbol '__gmpz_mod'
perl:/mnt/cpan_build_dir/goku/Math-GMP-2.25-0/blib/arch/auto/Math/GMP/GMP.so: undefined symbol '__gmpz_invert'
perl:/mnt/cpan_build_dir/goku/Math-GMP-2.25-0/blib/arch/auto/Math/GMP/GMP.so: undefined symbol '__gmpz_cmp'
perl:/mnt/cpan_build_dir/goku/Math-GMP-2.25-0/blib/arch/auto/Math/GMP/GMP.so: undefined symbol '__gmpz_jacobi'
perl:/mnt/cpan_build_dir/goku/Math-GMP-2.25-0/blib/arch/auto/Math/GMP/GMP.so: undefined symbol '__gmpz_probab_prime_p'
perl:/mnt/cpan_build_dir/goku/Math-GMP-2.25-0/blib/arch/auto/Math/GMP/GMP.so: undefined symbol '__gmpz_pow_ui'
perl:/mnt/cpan_build_dir/goku/Math-GMP-2.25-0/blib/arch/auto/Math/GMP/GMP.so: undefined symbol '__gmpz_gcd'
perl:/mnt/cpan_build_dir/goku/Math-GMP-2.25-0/blib/arch/auto/Math/GMP/GMP.so: undefined symbol '__gmpz_lcm'
perl:/mnt/cpan_build_dir/goku/Math-GMP-2.25-0/blib/arch/auto/Math/GMP/GMP.so: undefined symbol '__gmpz_fib_ui'
perl:/mnt/cpan_build_dir/goku/Math-GMP-2.25-0/blib/arch/auto/Math/GMP/GMP.so: undefined symbol '__gmpz_and'
perl:/mnt/cpan_build_dir/goku/Math-GMP-2.25-0/blib/arch/auto/Math/GMP/GMP.so: undefined symbol '__gmpz_xor'
perl:/mnt/cpan_build_dir/goku/Math-GMP-2.25-0/blib/arch/auto/Math/GMP/GMP.so: undefined symbol '__gmpz_ior'
perl:/mnt/cpan_build_dir/goku/Math-GMP-2.25-0/blib/arch/auto/Math/GMP/GMP.so: undefined symbol '__gmpz_fac_ui'
perl:/mnt/cpan_build_dir/goku/Math-GMP-2.25-0/blib/arch/auto/Math/GMP/GMP.so: undefined symbol '__gmpz_bin_uiui'
perl:/mnt/cpan_build_dir/goku/Math-GMP-2.25-0/blib/arch/auto/Math/GMP/GMP.so: undefined symbol '__gmpz_init_set'
perl:/mnt/cpan_build_dir/goku/Math-GMP-2.25-0/blib/arch/auto/Math/GMP/GMP.so: undefined symbol '__gmpz_tstbit'
perl:/mnt/cpan_build_dir/goku/Math-GMP-2.25-0/blib/arch/auto/Math/GMP/GMP.so: undefined symbol '__gmpz_root'
perl:/mnt/cpan_build_dir/goku/Math-GMP-2.25-0/blib/arch/auto/Math/GMP/GMP.so: undefined symbol '__gmpz_rootrem'
perl:/mnt/cpan_build_dir/goku/Math-GMP-2.25-0/blib/arch/auto/Math/GMP/GMP.so: undefined symbol '__gmpz_set'
perl:/mnt/cpan_build_dir/goku/Math-GMP-2.25-0/blib/arch/auto/Math/GMP/GMP.so: undefined symbol '__gmpz_sqrt'
perl:/mnt/cpan_build_dir/goku/Math-GMP-2.25-0/blib/arch/auto/Math/GMP/GMP.so: undefined symbol '__gmpz_sqrtrem'
perl:/mnt/cpan_build_dir/goku/Math-GMP-2.25-0/blib/arch/auto/Math/GMP/GMP.so: undefined symbol '__gmpz_perfect_power_p'
perl:/mnt/cpan_build_dir/goku/Math-GMP-2.25-0/blib/arch/auto/Math/GMP/GMP.so: undefined symbol '__gmpn_perfect_square_p'
Can't load '/mnt/cpan_build_dir/goku/Math-GMP-2.25-0/blib/arch/auto/Math/GMP/GMP.so' for module Math::GMP: Cannot load specified object at /usr/libdata/perl5/i386-openbsd/DynaLoader.pm line 193.
 at t/check-funcs-ret-value--rt92593.t line 11.
Compilation failed in require at t/check-funcs-ret-value--rt92593.t line 11.
BEGIN failed--compilation aborted at t/check-funcs-ret-value--rt92593.t line 11.
# Looks like your test exited with 2 before it could output anything.
t/check-funcs-ret-value--rt92593.t .. 
Dubious, test returned 2 (wstat 512, 0x200)
Failed 47/47 subtests 
perl:/mnt/cpan_build_dir/goku/Math-GMP-2.25-0/blib/arch/auto/Math/GMP/GMP.so: undefined symbol '__gmp_version'
perl:/mnt/cpan_build_dir/goku/Math-GMP-2.25-0/blib/arch/auto/Math/GMP/GMP.so: undefined symbol '__gmpz_init_set_str'
perl:/mnt/cpan_build_dir/goku/Math-GMP-2.25-0/blib/arch/auto/Math/GMP/GMP.so: undefined symbol '__gmpz_sizeinbase'
perl:/mnt/cpan_build_dir/goku/Math-GMP-2.25-0/blib/arch/auto/Math/GMP/GMP.so: undefined symbol '__gmpz_get_str'
perl:/mnt/cpan_build_dir/goku/Math-GMP-2.25-0/blib/arch/auto/Math/GMP/GMP.so: undefined symbol '__gmpz_clear'
perl:/mnt/cpan_build_dir/goku/Math-GMP-2.25-0/blib/arch/auto/Math/GMP/GMP.so: undefined symbol '__gmpz_add_ui'
perl:/mnt/cpan_build_dir/goku/Math-GMP-2.25-0/blib/arch/auto/Math/GMP/GMP.so: undefined symbol '__gmpz_get_si'
perl:/mnt/cpan_build_dir/goku/Math-GMP-2.25-0/blib/arch/auto/Math/GMP/GMP.so: undefined symbol '__gmpz_init'
perl:/mnt/cpan_build_dir/goku/Math-GMP-2.25-0/blib/arch/auto/Math/GMP/GMP.so: undefined symbol '__gmpz_mul_2exp'
perl:/mnt/cpan_build_dir/goku/Math-GMP-2.25-0/blib/arch/auto/Math/GMP/GMP.so: undefined symbol '__gmpz_fdiv_q_2exp'
perl:/mnt/cpan_build_dir/goku/Math-GMP-2.25-0/blib/arch/auto/Math/GMP/GMP.so: undefined symbol '__gmpz_powm'
perl:/mnt/cpan_build_dir/goku/Math-GMP-2.25-0/blib/arch/auto/Math/GMP/GMP.so: undefined symbol '__gmpz_fdiv_r'
perl:/mnt/cpan_build_dir/goku/Math-GMP-2.25-0/blib/arch/auto/Math/GMP/GMP.so: undefined symbol '__gmpz_fdiv_r_2exp'
perl:/mnt/cpan_build_dir/goku/Math-GMP-2.25-0/blib/arch/auto/Math/GMP/GMP.so: undefined symbol '__gmpz_add'
perl:/mnt/cpan_build_dir/goku/Math-GMP-2.25-0/blib/arch/auto/Math/GMP/GMP.so: undefined symbol '__gmpz_sub'
perl:/mnt/cpan_build_dir/goku/Math-GMP-2.25-0/blib/arch/auto/Math/GMP/GMP.so: undefined symbol '__gmpz_mul'
perl:/mnt/cpan_build_dir/goku/Math-GMP-2.25-0/blib/arch/auto/Math/GMP/GMP.so: undefined symbol '__gmpf_get_default_prec'
perl:/mnt/cpan_build_dir/goku/Math-GMP-2.25-0/blib/arch/auto/Math/GMP/GMP.so: undefined symbol '__gmpf_set_default_prec'
perl:/mnt/cpan_build_dir/goku/Math-GMP-2.25-0/blib/arch/auto/Math/GMP/GMP.so: undefined symbol '__gmpf_init'
perl:/mnt/cpan_build_dir/goku/Math-GMP-2.25-0/blib/arch/auto/Math/GMP/GMP.so: undefined symbol '__gmpf_set_z'
perl:/mnt/cpan_build_dir/goku/Math-GMP-2.25-0/blib/arch/auto/Math/GMP/GMP.so: undefined symbol '__gmpf_set_d'
perl:/mnt/cpan_build_dir/goku/Math-GMP-2.25-0/blib/arch/auto/Math/GMP/GMP.so: undefined symbol '__gmpf_mul'
perl:/mnt/cpan_build_dir/goku/Math-GMP-2.25-0/blib/arch/auto/Math/GMP/GMP.so: undefined symbol '__gmpz_set_f'
perl:/mnt/cpan_build_dir/goku/Math-GMP-2.25-0/blib/arch/auto/Math/GMP/GMP.so: undefined symbol '__gmpf_clear'
perl:/mnt/cpan_build_dir/goku/Math-GMP-2.25-0/blib/arch/auto/Math/GMP/GMP.so: undefined symbol '__gmpz_fdiv_q'
perl:/mnt/cpan_build_dir/goku/Math-GMP-2.25-0/blib/arch/auto/Math/GMP/GMP.so: undefined symbol '__gmpz_tdiv_qr'
perl:/mnt/cpan_build_dir/goku/Math-GMP-2.25-0/blib/arch/auto/Math/GMP/GMP.so: undefined symbol '__gmpz_mod'
perl:/mnt/cpan_build_dir/goku/Math-GMP-2.25-0/blib/arch/auto/Math/GMP/GMP.so: undefined symbol '__gmpz_invert'
perl:/mnt/cpan_build_dir/goku/Math-GMP-2.25-0/blib/arch/auto/Math/GMP/GMP.so: undefined symbol '__gmpz_cmp'
perl:/mnt/cpan_build_dir/goku/Math-GMP-2.25-0/blib/arch/auto/Math/GMP/GMP.so: undefined symbol '__gmpz_jacobi'
perl:/mnt/cpan_build_dir/goku/Math-GMP-2.25-0/blib/arch/auto/Math/GMP/GMP.so: undefined symbol '__gmpz_probab_prime_p'
perl:/mnt/cpan_build_dir/goku/Math-GMP-2.25-0/blib/arch/auto/Math/GMP/GMP.so: undefined symbol '__gmpz_pow_ui'
perl:/mnt/cpan_build_dir/goku/Math-GMP-2.25-0/blib/arch/auto/Math/GMP/GMP.so: undefined symbol '__gmpz_gcd'
perl:/mnt/cpan_build_dir/goku/Math-GMP-2.25-0/blib/arch/auto/Math/GMP/GMP.so: undefined symbol '__gmpz_lcm'
perl:/mnt/cpan_build_dir/goku/Math-GMP-2.25-0/blib/arch/auto/Math/GMP/GMP.so: undefined symbol '__gmpz_fib_ui'
perl:/mnt/cpan_build_dir/goku/Math-GMP-2.25-0/blib/arch/auto/Math/GMP/GMP.so: undefined symbol '__gmpz_and'
perl:/mnt/cpan_build_dir/goku/Math-GMP-2.25-0/blib/arch/auto/Math/GMP/GMP.so: undefined symbol '__gmpz_xor'
perl:/mnt/cpan_build_dir/goku/Math-GMP-2.25-0/blib/arch/auto/Math/GMP/GMP.so: undefined symbol '__gmpz_ior'
perl:/mnt/cpan_build_dir/goku/Math-GMP-2.25-0/blib/arch/auto/Math/GMP/GMP.so: undefined symbol '__gmpz_fac_ui'
perl:/mnt/cpan_build_dir/goku/Math-GMP-2.25-0/blib/arch/auto/Math/GMP/GMP.so: undefined symbol '__gmpz_bin_uiui'
perl:/mnt/cpan_build_dir/goku/Math-GMP-2.25-0/blib/arch/auto/Math/GMP/GMP.so: undefined symbol '__gmpz_init_set'
perl:/mnt/cpan_build_dir/goku/Math-GMP-2.25-0/blib/arch/auto/Math/GMP/GMP.so: undefined symbol '__gmpz_tstbit'
perl:/mnt/cpan_build_dir/goku/Math-GMP-2.25-0/blib/arch/auto/Math/GMP/GMP.so: undefined symbol '__gmpz_root'
perl:/mnt/cpan_build_dir/goku/Math-GMP-2.25-0/blib/arch/auto/Math/GMP/GMP.so: undefined symbol '__gmpz_rootrem'
perl:/mnt/cpan_build_dir/goku/Math-GMP-2.25-0/blib/arch/auto/Math/GMP/GMP.so: undefined symbol '__gmpz_set'
perl:/mnt/cpan_build_dir/goku/Math-GMP-2.25-0/blib/arch/auto/Math/GMP/GMP.so: undefined symbol '__gmpz_sqrt'
perl:/mnt/cpan_build_dir/goku/Math-GMP-2.25-0/blib/arch/auto/Math/GMP/GMP.so: undefined symbol '__gmpz_sqrtrem'
perl:/mnt/cpan_build_dir/goku/Math-GMP-2.25-0/blib/arch/auto/Math/GMP/GMP.so: undefined symbol '__gmpz_perfect_power_p'
perl:/mnt/cpan_build_dir/goku/Math-GMP-2.25-0/blib/arch/auto/Math/GMP/GMP.so: undefined symbol '__gmpn_perfect_square_p'
Can't load '/mnt/cpan_build_dir/goku/Math-GMP-2.25-0/blib/arch/auto/Math/GMP/GMP.so' for module Math::GMP: Cannot load specified object at /usr/libdata/perl5/i386-openbsd/DynaLoader.pm line 193.
 at t/test-use-constant.t line 8.
Compilation failed in require at t/test-use-constant.t line 8.
BEGIN failed--compilation aborted at t/test-use-constant.t line 8.
# Looks like your test exited with 2 before it could output anything.
t/test-use-constant.t ............... 
Dubious, test returned 2 (wstat 512, 0x200)
Failed 1/1 subtests 

Test Summary Report
-------------------
t/00-compile.t                    (Wstat: 256 (exited 1) Tests: 1 Failed: 1)
  Failed test:  1
  Non-zero exit status: 1
t/01_gmppm.t                      (Wstat: 512 (exited 2) Tests: 0 Failed: 0)
  Non-zero exit status: 2
  Parse errors: No plan found in TAP output
t/02_init_from_float.t            (Wstat: 512 (exited 2) Tests: 0 Failed: 0)
  Non-zero exit status: 2
  Parse errors: Bad plan.  You planned 1 tests but ran 0.
t/check-funcs-ret-value--rt92593.t (Wstat: 512 (exited 2) Tests: 0 Failed: 0)
  Non-zero exit status: 2
  Parse errors: Bad plan.  You planned 47 tests but ran 0.
t/test-use-constant.t             (Wstat: 512 (exited 2) Tests: 0 Failed: 0)
  Non-zero exit status: 2
  Parse errors: Bad plan.  You planned 1 tests but ran 0.
Files=5, Tests=1,  1 wallclock secs ( 0.06 usr  0.04 sys +  0.49 cusr  0.27 csys =  0.86 CPU)
Result: FAIL
Failed 5/5 test programs. 1/1 subtests failed.
*** Error 2 in /mnt/cpan_build_dir/goku/Math-GMP-2.25-0 (Makefile:1059 'test_dynamic')

------------------------------
PREREQUISITES
------------------------------

Prerequisite modules loaded:

requires:

    Module              Need  Have    
    ------------------- ----- --------
    AutoLoader          0     5.74    
    Carp                0     1.50    
    DynaLoader          0     1.47_01 
    Exporter            0     5.74    
    overload            0     1.31    
    perl                5.010 5.032001
    strict              0     1.11    
    vars                0     1.05    
    warnings            0     1.47    

build_requires:

    Module              Need  Have    
    ------------------- ----- --------
    Data::Dumper        0     2.183   
    ExtUtils::MakeMaker 0     7.65_01 
    File::Spec          0     3.78    
    File::Temp          0     0.2311  
    IO::Handle          0     1.48    
    IPC::Open3          0     1.21    
    Scalar::Util        0     1.62    
    Test::More          0     1.302190

configure_requires:

    Module              Need  Have    
    ------------------- ----- --------
    Alien::GMP          1.08  1.16    
    ExtUtils::MakeMaker 0     7.65_01 


------------------------------
ENVIRONMENT AND OTHER CONTEXT
------------------------------

Environment variables:

    AUTOMATED_TESTING = 1
    PATH = /home/goku/perl5/bin:/usr/bin:/bin:/usr/sbin:/sbin:/usr/X11R6/bin:/usr/local/bin:/usr/local/sbin
    PERL5LIB = /home/goku/perl5/lib/perl5
    PERL5OPT = 
    PERL5_CPANPLUS_IS_RUNNING = 91968
    PERL5_CPAN_IS_RUNNING = 91968
    PERL5_CPAN_IS_RUNNING_IN_RECURSION = 41657,91968
    PERL_CR_SMOKER_CURRENT = Math-GMP-2.25
    PERL_EXTUTILS_AUTOINSTALL = --defaultdeps
    PERL_LOCAL_LIB_ROOT = /home/goku/perl5
    PERL_MB_OPT = --install_base "/home/goku/perl5"
    PERL_MM_OPT = INSTALL_BASE=/home/goku/perl5
    PERL_MM_USE_DEFAULT = 1
    PERL_USE_UNSAFE_INC = 1
    SHELL = /bin/ksh
    TERM = xterm-256color

Perl special variables (and OS-specific diagnostics, for MSWin32):

    $^X = /usr/bin/perl
    $UID/$EUID = 1001 / 1001
    $GID = 1002 1002 1001
    $EGID = 1002 1002 1001

Perl module toolchain versions installed:

    Module              Have    
    ------------------- --------
    CPAN                2.34    
    CPAN::Meta          2.150010
    Cwd                 3.78    
    ExtUtils::CBuilder  0.280236
    ExtUtils::Command   7.65_01 
    ExtUtils::Install   2.20    
    ExtUtils::MakeMaker 7.65_01 
    ExtUtils::Manifest  1.72    
    ExtUtils::ParseXS   3.40    
    File::Spec          3.78    
    JSON                4.06    
    JSON::PP            4.09    
    Module::Build       0.4231  
    Module::Signature   n/a     
    Parse::CPAN::Meta   2.150010
    Test::Harness       3.44    
    Test::More          1.302190
    YAML                1.30    
    YAML::Syck          1.34    
    version             0.9924  


--

Summary of my perl5 (revision 5 version 32 subversion 1) configuration:
   
  Platform:
    osname=openbsd
    osvers=7.1
    archname=i386-openbsd
    uname='openbsd'
    config_args='-dse -Dopenbsd_distribution=defined -Dmksymlinks'
    hint=recommended
    useposix=true
    d_sigaction=define
    useithreads=undef
    usemultiplicity=undef
    use64bitint=undef
    use64bitall=undef
    uselongdouble=undef
    usemymalloc=n
    default_inc_excludes_dot=define
    bincompat5005=undef
  Compiler:
    cc='cc'
    ccflags ='-DNO_LOCALE_NUMERIC -DNO_LOCALE_COLLATE -fno-strict-aliasing -fno-delete-null-pointer-checks -pipe -fstack-protector-strong -I/usr/local/include'
    optimize='-O2'
    cppflags='-DBIG_TIME -DNO_LOCALE_NUMERIC -DNO_LOCALE_COLLATE -fno-strict-aliasing -fno-delete-null-pointer-checks -pipe -fstack-protector-strong -I/usr/local/include'
    ccversion=''
    gccversion='OpenBSD Clang 13.0.0'
    gccosandvers=''
    intsize=4
    longsize=4
    ptrsize=4
    doublesize=8
    byteorder=1234
    doublekind=3
    d_longlong=define
    longlongsize=8
    d_longdbl=define
    longdblsize=12
    longdblkind=3
    ivtype='long'
    ivsize=4
    nvtype='double'
    nvsize=8
    Off_t='off_t'
    lseeksize=8
    alignbytes=4
    prototype=define
  Linker and Libraries:
    ld='cc'
    ldflags ='-Wl,-E  -fstack-protector-strong -L/usr/local/lib'
    libpth=/usr/lib /usr/lib/clang/13.0.0/lib /usr/lib
    libs=-lm -lc
    perllibs=-lm -lc
    libc=/usr/lib/libc.so.96.1
    so=so
    useshrplib=true
    libperl=libperl.so.22.0
    gnulibc_version=''
  Dynamic Linking:
    dlsrc=dl_dlopen.xs
    dlext=so
    d_dlsymun=undef
    ccdlflags='-Wl,-R/usr/libdata/perl5/i386-openbsd/CORE'
    cccdlflags='-DPIC -fpic '
    lddlflags='-shared -fpic  -fstack-protector-strong -L/usr/local/lib'


Characteristics of this binary (from libperl): 
  Compile-time options:
    HAS_TIMES
    PERLIO_LAYERS
    PERL_COPY_ON_WRITE
    PERL_DONT_CREATE_GVSV
    PERL_MALLOC_WRAP
    PERL_OP_PARENT
    PERL_PRESERVE_IVUV
    USE_LARGE_FILES
    USE_LOCALE
    USE_LOCALE_CTYPE
    USE_LOCALE_TIME
    USE_PERLIO
    USE_PERL_ATOF
  Built under openbsd
  %ENV:
    PERL5LIB="/home/goku/perl5/lib/perl5"
    PERL5OPT=""
    PERL5_CPANPLUS_IS_RUNNING="91968"
    PERL5_CPAN_IS_RUNNING="91968"
    PERL5_CPAN_IS_RUNNING_IN_RECURSION="41657,91968"
    PERL_CR_SMOKER_CURRENT="Math-GMP-2.25"
    PERL_EXTUTILS_AUTOINSTALL="--defaultdeps"
    PERL_LOCAL_LIB_ROOT="/home/goku/perl5"
    PERL_MB_OPT="--install_base "/home/goku/perl5""
    PERL_MM_OPT="INSTALL_BASE=/home/goku/perl5"
    PERL_MM_USE_DEFAULT="1"
    PERL_USE_UNSAFE_INC="1"
  @INC:
    /home/goku/perl5/lib/perl5/i386-openbsd
    /home/goku/perl5/lib/perl5
    /usr/local/libdata/perl5/site_perl/i386-openbsd
    /usr/local/libdata/perl5/site_perl
    /usr/libdata/perl5/i386-openbsd
    /usr/libdata/perl5
    .