Report for IPC-Exe-2.002001

Back
From: metabase:user:21427c7c-6c1b-1014-a310-4ed93fdd96d6
Subject: FAIL IPC-Exe-2.002001 v5.12.2 
Date: 2011-11-14T23:52:30Z

This distribution has been tested as part of the CPAN Testers
project, supporting the Perl programming language.  See
http://wiki.cpantesters.org/ for more information or email
questions to cpan-testers-discuss@perl.org


--
Dear Gerald Lai,

This is a computer-generated report for IPC-Exe-2.002001
on perl 5.12.2, created by CPAN-Reporter-1.2002.

Thank you for uploading your work to CPAN.  However, there was a problem
testing your distribution.

If you think this report is invalid, please consult the CPAN Testers Wiki
for suggestions on how to avoid getting FAIL reports for missing library
or binary dependencies, unsupported operating systems, and so on:

http://wiki.cpantesters.org/wiki/CPANAuthorNotes

Sections of this report:

    * Tester comments
    * Program output
    * Prerequisites
    * Environment and other context

------------------------------
TESTER COMMENTS
------------------------------

Additional comments from tester:

none provided

------------------------------
PROGRAM OUTPUT
------------------------------

Output from '\huckleberry\c\bin\dmake.EXE test':

C:\Perl\perl\bin\perl.exe "-MExtUtils::Command::MM" "-e" "test_harness(0, 'blib\lib', 'blib\arch')" t/*.t
t/00_pod.t ........... ok
t/01_pod-coverage.t .. ok
line4
line5
line6

#   Failed test 'simple: gen_out only'
#   at t/02_IPC-Exe.t line 192.
#     Structures begin differing at:
#          $got->[0] = Does not exist
#     $expected->[0] = 'line1'

#   Failed test 'one_filter: gen_out + filt_out_1'
#   at t/02_IPC-Exe.t line 214.
#     Structures begin differing at:
#          $got->[0] = Does not exist
#     $expected->[0] = 'from_out_1> line1'

#   Failed test 'two_filters: gen_out + filt_out_1 + filt_out_2'
#   at t/02_IPC-Exe.t line 239.
#     Structures begin differing at:
#          $got->[0] = Does not exist
#     $expected->[0] = 'from_out_2> from_out_1> line1'

#   Failed test 'quoting: escaped argument'
#   at t/02_IPC-Exe.t line 258.
#          got: undef
#     expected: ' "	\
# '
Use of uninitialized value $result in chomp at t/02_IPC-Exe.t line 267.

#   Failed test 'quoting: empty arguments'
#   at t/02_IPC-Exe.t line 268.
#          got: undef
#     expected: '2'

#   Failed test 'arguments: to &PREEXEC'
#   at t/02_IPC-Exe.t line 288.
#     Structures begin differing at:
#          $got->[3] = Does not exist
#     $expected->[3] = 'line1'

#   Failed test 'redir_err2out: gen_err only'
#   at t/02_IPC-Exe.t line 328.
#     Structures begin differing at:
#          $got->[0] = Does not exist
#     $expected->[0] = 'line4'
line4
line5
line6
line4
line5
line6

#   Failed test 'redir_err2out_with_filters: gen_err + filt_err_1 + filt_out_2'
#   at t/02_IPC-Exe.t line 351.
#     Structures begin differing at:
#          $got->[0] = Does not exist
#     $expected->[0] = 'from_out_2> from_err_1> line4'
IPC::Exe::exe() failed to exec the command below - No such file or directory
  "DOES_NOT_EXIST"
 at t/02_IPC-Exe.t line 379
IPC::Exe::exe() failed to exec the command below - No such file or directory
  "DOES_NOT_EXIST"
 at t/02_IPC-Exe.t line 392
IPC::Exe::exe() failed to exec the command below - No such file or directory
  "DOES_NOT_EXIST"
 at t/02_IPC-Exe.t line 405
Attempt to free unreferenced scalar: SV 0xf0c804, Perl interpreter: 0xffb084 at C:\Home\temp\huckleberry\tempenv\cpan\build\IPC-Exe-2.002001-ZyDTvq\blib\lib/IPC/Exe.pm line 55.
Attempt to free unreferenced scalar: SV 0xf0c814, Perl interpreter: 0xffb084 at C:\Home\temp\huckleberry\tempenv\cpan\build\IPC-Exe-2.002001-ZyDTvq\blib\lib/IPC/Exe.pm line 55.
IPC::Exe::exe() failed to exec the command below - No such file or directory
  "DOES_NOT_EXIST"
 at t/02_IPC-Exe.t line 430
Attempt to free unreferenced scalar: SV 0x1099514, Perl interpreter: 0xed332c at C:\Home\temp\huckleberry\tempenv\cpan\build\IPC-Exe-2.002001-ZyDTvq\blib\lib/IPC/Exe.pm line 55.
Attempt to free unreferenced scalar: SV 0x1099524, Perl interpreter: 0xed332c at C:\Home\temp\huckleberry\tempenv\cpan\build\IPC-Exe-2.002001-ZyDTvq\blib\lib/IPC/Exe.pm line 55.
IPC::Exe::exe() failed to exec the command below - No such file or directory
  "DOES_NOT_EXIST"
 at t/02_IPC-Exe.t line 445
Attempt to free unreferenced scalar: SV 0x10c3274, Perl interpreter: 0x147659c at C:\Home\temp\huckleberry\tempenv\cpan\build\IPC-Exe-2.002001-ZyDTvq\blib\lib/IPC/Exe.pm line 55.
Attempt to free unreferenced scalar: SV 0x10c3284, Perl interpreter: 0x147659c at C:\Home\temp\huckleberry\tempenv\cpan\build\IPC-Exe-2.002001-ZyDTvq\blib\lib/IPC/Exe.pm line 55.
Attempt to free unreferenced scalar: SV 0x10c3294, Perl interpreter: 0x147659c at C:\Home\temp\huckleberry\tempenv\cpan\build\IPC-Exe-2.002001-ZyDTvq\blib\lib/IPC/Exe.pm line 55.
Attempt to free unreferenced scalar: SV 0x10c32a4, Perl interpreter: 0x147659c at C:\Home\temp\huckleberry\tempenv\cpan\build\IPC-Exe-2.002001-ZyDTvq\blib\lib/IPC/Exe.pm line 55.
Attempt to free unreferenced scalar: SV 0x10c32c4, Perl interpreter: 0x147659c at C:\Home\temp\huckleberry\tempenv\cpan\build\IPC-Exe-2.002001-ZyDTvq\blib\lib/IPC/Exe.pm line 55.
Attempt to free unreferenced scalar: SV 0x10c32b4, Perl interpreter: 0x147659c at C:\Home\temp\huckleberry\tempenv\cpan\build\IPC-Exe-2.002001-ZyDTvq\blib\lib/IPC/Exe.pm line 55.

#   Failed test 'trickle_pipe: program generates lines'
#   at t/02_IPC-Exe.t line 508.
#          got: '0'
#     expected: '4'

#   Failed test 'burst_pipe: program generates short lines'
#   at t/02_IPC-Exe.t line 582.
#          got: '0'
#     expected: '200'

#   Failed test 'burst_pipe: program generates long lines'
#   at t/02_IPC-Exe.t line 604.
#          got: '0'
#     expected: '3'
Use of uninitialized value $_ in substitution (s///) at t/02_IPC-Exe.t line 647.
Use of uninitialized value $_ in substitution (s///) at t/02_IPC-Exe.t line 647.
Use of uninitialized value $_ in substitution (s///) at t/02_IPC-Exe.t line 647.
Use of uninitialized value $_ in substitution (s///) at t/02_IPC-Exe.t line 647.
Use of uninitialized value $_ in substitution (s///) at t/02_IPC-Exe.t line 647.
Use of uninitialized value $_ in substitution (s///) at t/02_IPC-Exe.t line 647.

#   Failed test 'interact_out: from stdout'
#   at t/02_IPC-Exe.t line 652.
#     Structures begin differing at:
#          $got->[0] = ''
#     $expected->[0] = 'from_err_1> line1'
Use of uninitialized value $_ in substitution (s///) at t/02_IPC-Exe.t line 715.
Use of uninitialized value $_ in substitution (s///) at t/02_IPC-Exe.t line 715.
Use of uninitialized value $_ in substitution (s///) at t/02_IPC-Exe.t line 715.
Use of uninitialized value $_ in substitution (s///) at t/02_IPC-Exe.t line 715.
Use of uninitialized value $_ in substitution (s///) at t/02_IPC-Exe.t line 715.
Use of uninitialized value $_ in substitution (s///) at t/02_IPC-Exe.t line 715.

#   Failed test 'interact_err_out: from stdout'
#   at t/02_IPC-Exe.t line 717.
#     Structures begin differing at:
#          $got->[0] = ''
#     $expected->[0] = 'filt_err_out> from_err_1> line1'
Use of uninitialized value $_ in substitution (s///) at t/02_IPC-Exe.t line 723.
Use of uninitialized value $_ in substitution (s///) at t/02_IPC-Exe.t line 723.
Use of uninitialized value $_ in substitution (s///) at t/02_IPC-Exe.t line 723.
Use of uninitialized value $_ in substitution (s///) at t/02_IPC-Exe.t line 723.
Use of uninitialized value $_ in substitution (s///) at t/02_IPC-Exe.t line 723.
Use of uninitialized value $_ in substitution (s///) at t/02_IPC-Exe.t line 723.

#   Failed test 'interact_err_out: from stderr'
#   at t/02_IPC-Exe.t line 725.
#     Structures begin differing at:
#          $got->[0] = ''
#     $expected->[0] = 'filt_err_out> from_err_1> line1'
# Looks like you failed 14 tests of 91.
t/02_IPC-Exe.t ....... 
Dubious, test returned 14 (wstat 3584, 0xe00)
Failed 14/91 subtests 
	(less 9 skipped subtests: 68 okay)
t/03_taint.t ......... ok

Test Summary Report
-------------------
t/02_IPC-Exe.t     (Wstat: 3584 Tests: 91 Failed: 14)
  Failed tests:  33, 35, 38, 42-44, 49, 51, 73, 76-77, 81
                86-87
  Non-zero exit status: 14
Files=4, Tests=98,  3 wallclock secs ( 0.06 usr +  0.02 sys =  0.08 CPU)
Result: FAIL
Failed 1/4 test programs. 14/98 subtests failed.
dmake.EXE:  Error code 255, while making 'test_dynamic'

------------------------------
PREREQUISITES
------------------------------

Prerequisite modules loaded:

requires:

    Module              Need Have  
    ------------------- ---- ------
    Carp                0    1.23  
    Data::Dumper        0    2.131 
    File::Spec          0    3.33  
    Scalar::Util        0    1.23  
    Symbol              0    1.07  
    Time::HiRes         0    1.9724

build_requires:

    Module              Need Have  
    ------------------- ---- ------
    ExtUtils::MakeMaker 0    6.62  

configure_requires:

    Module              Need Have  
    ------------------- ---- ------
    ExtUtils::MakeMaker 0    6.62  


------------------------------
ENVIRONMENT AND OTHER CONTEXT
------------------------------

Environment variables:

    COMSPEC = C:\WINDOWS\system32\cmd.exe
    INCLUDE = C:\WATCOM\H;C:\WATCOM\H\NT;C:\WATCOM\H\NT\DIRECTX;C:\WATCOM\H\NT\DDK
    NUMBER_OF_PROCESSORS = 2
    PATH = C:\WATCOM\BINNT;C:\WATCOM\BINW;C:\WINDOWS\system32;C:\WINDOWS;C:\WINDOWS\System32\Wbem;C:\Perl\c\bin;C:\Perl\perl\site\bin;C:\Perl\perl\bin;C:\Program Files\GnuPG\pub;C:\mingw\bin;C:\F2C
    PERL5LIB = 
    PERL5OPT = 
    PERL5_CPANPLUS_IS_RUNNING = 4136
    PERL5_CPAN_IS_RUNNING = 4136
    PROCESSOR_IDENTIFIER = x86 Family 6 Model 14 Stepping 8, GenuineIntel
    TEMP = C:\DOCUME~1\huczek\USTAWI~1\Temp
    TERM = dumb

Perl special variables (and OS-specific diagnostics, for MSWin32):

    $^X = C:\Perl\perl\bin\perl.exe
    $UID/$EUID = 0 / 0
    $GID = 0
    $EGID = 0
    Win32::GetOSName = WinXP/.Net
    Win32::GetOSVersion = Dodatek Service Pack 3, 5, 1, 2600, 2, 3, 0, 256, 1
    Win32::FsType = NTFS
    Win32::IsAdminUser = 1

Perl module toolchain versions installed:

    Module              Have    
    ------------------- --------
    CPAN                1.9800  
    CPAN::Meta          2.112621
    Cwd                 3.33    
    ExtUtils::CBuilder  0.280202
    ExtUtils::Command   1.17    
    ExtUtils::Install   1.55    
    ExtUtils::MakeMaker 6.62    
    ExtUtils::Manifest  1.60    
    ExtUtils::ParseXS   3.05    
    File::Spec          3.33    
    JSON                2.53    
    JSON::PP            2.27200 
    Module::Build       0.3800  
    Module::Signature   0.68    
    Parse::CPAN::Meta   1.4401  
    Test::Harness       3.23    
    Test::More          0.98_01 
    YAML                0.77    
    YAML::Syck          1.19    
    version             0.95    


--

Summary of my perl5 (revision 5 version 12 subversion 2) configuration:
   
  Platform:
    osname=MSWin32, osvers=5.1, archname=MSWin32-x86-multi-thread
    uname='Win32 strawberryperl 5.12.2.0 #1 Fri Nov  5 05:17:27 2010 i386'
    config_args='undef'
    hint=recommended, useposix=true, d_sigaction=undef
    useithreads=define, usemultiplicity=define
    useperlio=define, d_sfio=undef, uselargefiles=define, usesocks=undef
    use64bitint=undef, use64bitall=undef, uselongdouble=undef
    usemymalloc=n, bincompat5005=undef
  Compiler:
    cc='gcc', ccflags =' -s -O2 -DWIN32 -DHAVE_DES_FCRYPT  -DUSE_SITECUSTOMIZE -DPERL_IMPLICIT_CONTEXT -DPERL_IMPLICIT_SYS -fno-strict-aliasing -mms-bitfields -DPERL_MSVCRT_READFIX',
    optimize='-s -O2',
    cppflags='-DWIN32'
    ccversion='', gccversion='4.4.3', gccosandvers=''
    intsize=4, longsize=4, ptrsize=4, doublesize=8, byteorder=1234
    d_longlong=undef, longlongsize=8, d_longdbl=define, longdblsize=12
    ivtype='long', ivsize=4, nvtype='double', nvsize=8, Off_t='long long', lseeksize=8
    alignbytes=8, prototype=define
  Linker and Libraries:
    ld='g++', ldflags ='-s -L"C:\Perl\perl\lib\CORE" -L"C:\Perl\c\lib"'
    libpth=C:\Perl\c\lib C:\Perl\c\i686-w64-mingw32\lib
    libs=-lmoldname -lkernel32 -luser32 -lgdi32 -lwinspool -lcomdlg32 -ladvapi32 -lshell32 -lole32 -loleaut32 -lnetapi32 -luuid -lws2_32 -lmpr -lwinmm -lversion -lodbc32 -lodbccp32 -lcomctl32
    perllibs=-lmoldname -lkernel32 -luser32 -lgdi32 -lwinspool -lcomdlg32 -ladvapi32 -lshell32 -lole32 -loleaut32 -lnetapi32 -luuid -lws2_32 -lmpr -lwinmm -lversion -lodbc32 -lodbccp32 -lcomctl32
    libc=, so=dll, useshrplib=true, libperl=libperl512.a
    gnulibc_version=''
  Dynamic Linking:
    dlsrc=dl_win32.xs, dlext=dll, d_dlsymun=undef, ccdlflags=' '
    cccdlflags=' ', lddlflags='-mdll -s -L"C:\Perl\perl\lib\CORE" -L"C:\Perl\c\lib"'


Characteristics of this binary (from libperl): 
  Compile-time options: MULTIPLICITY PERL_DONT_CREATE_GVSV
                        PERL_IMPLICIT_CONTEXT PERL_IMPLICIT_SYS
                        PERL_MALLOC_WRAP PL_OP_SLAB_ALLOC USE_ITHREADS
                        USE_LARGE_FILES USE_PERLIO USE_PERL_ATOF
                        USE_SITECUSTOMIZE
  Built under MSWin32
  Compiled at Nov  5 2010 08:39:08
  %ENV:
    PERL5_CPANPLUS_IS_RUNNING="4136"
    PERL5_CPAN_IS_RUNNING="4136"
  @INC:
    C:/Perl/perl/site/lib/MSWin32-x86-multi-thread
    C:/Perl/perl/site/lib
    C:/Perl/perl/vendor/lib
    C:/Perl/perl/lib
    .