Back
From: metabase:user:31d414ea-2aae-11df-837a-5e0a49663a4f
Subject: FAIL Map-Tube-Text-Table-0.01 v5.18.2 GNU/Linux
Date: 2015-01-21T15:07:59Z
This distribution has been tested as part of the CPAN Testers
project, supporting the Perl programming language. See
http://wiki.cpantesters.org/ for more information or email
questions to cpan-testers-discuss@perl.org
--
Dear Michal Spacek,
This is a computer-generated report for Map-Tube-Text-Table-0.01
on perl 5.18.2, created by CPAN-Reporter-1.2010.
Thank you for uploading your work to CPAN. However, there was a problem
testing your distribution.
If you think this report is invalid, please consult the CPAN Testers Wiki
for suggestions on how to avoid getting FAIL reports for missing library
or binary dependencies, unsupported operating systems, and so on:
http://wiki.cpantesters.org/wiki/CPANAuthorNotes
Sections of this report:
* Tester comments
* Program output
* Prerequisites
* Environment and other context
------------------------------
TESTER COMMENTS
------------------------------
Additional comments from tester:
this report is from an automated smoke testing program
and was not reviewed by a human for accuracy
------------------------------
PROGRAM OUTPUT
------------------------------
Output from '/usr/bin/make test':
PERL_DL_NONLAZY=1 "/home/david/cpantesting/perl-5.18.2/bin/perl" "-MExtUtils::Command::MM" "-MTest::Harness" "-e" "undef *Test::Harness::Switches; test_harness(0, 'inc', 'blib/lib', 'blib/arch')" t/Map-Tube-Text-Table-Utils/*.t t/Map-Tube-Text-Table/*.t
# Failed test 'use Map::Tube::Text::Table::Utils;'
# at t/Map-Tube-Text-Table-Utils/00-use.t line 12.
# Tried to use 'Map::Tube::Text::Table::Utils'.
# Error: Can't locate Text/UnicodeBox.pm in @INC (you may need to install the Text::UnicodeBox module) (@INC contains: /home/david/cpantesting/perl-5.18.2/.cpan/build/Map-Tube-Text-Table-0.01-myuhhQ/inc /home/david/cpantesting/perl-5.18.2/.cpan/build/Map-Tube-Text-Table-0.01-myuhhQ/blib/lib /home/david/cpantesting/perl-5.18.2/.cpan/build/Map-Tube-Text-Table-0.01-myuhhQ/blib/arch /home/david/cpantesting/perl-5.18.2/lib/site_perl/5.18.2/x86_64-linux-thread-multi /home/david/cpantesting/perl-5.18.2/lib/site_perl/5.18.2 /home/david/cpantesting/perl-5.18.2/lib/5.18.2/x86_64-linux-thread-multi /home/david/cpantesting/perl-5.18.2/lib/5.18.2 .) at /home/david/cpantesting/perl-5.18.2/.cpan/build/Map-Tube-Text-Table-0.01-myuhhQ/blib/lib/Map/Tube/Text/Table/Utils.pm line 11.
# BEGIN failed--compilation aborted at /home/david/cpantesting/perl-5.18.2/.cpan/build/Map-Tube-Text-Table-0.01-myuhhQ/blib/lib/Map/Tube/Text/Table/Utils.pm line 11.
# Compilation failed in require at t/Map-Tube-Text-Table-Utils/00-use.t line 12.
# BEGIN failed--compilation aborted at t/Map-Tube-Text-Table-Utils/00-use.t line 12.
# Failed test 'require Map::Tube::Text::Table::Utils;'
# at t/Map-Tube-Text-Table-Utils/00-use.t line 16.
# Tried to require 'Map::Tube::Text::Table::Utils'.
# Error: Attempt to reload Map/Tube/Text/Table/Utils.pm aborted.
# Compilation failed in require at (eval 13) line 2.
# Looks like you failed 2 tests of 3.
t/Map-Tube-Text-Table-Utils/00-use.t ...........
Dubious, test returned 2 (wstat 512, 0x200)
Failed 2/3 subtests
Can't locate Text/UnicodeBox.pm in @INC (you may need to install the Text::UnicodeBox module) (@INC contains: /home/david/cpantesting/perl-5.18.2/.cpan/build/Map-Tube-Text-Table-0.01-myuhhQ/inc /home/david/cpantesting/perl-5.18.2/.cpan/build/Map-Tube-Text-Table-0.01-myuhhQ/blib/lib /home/david/cpantesting/perl-5.18.2/.cpan/build/Map-Tube-Text-Table-0.01-myuhhQ/blib/arch /home/david/cpantesting/perl-5.18.2/lib/site_perl/5.18.2/x86_64-linux-thread-multi /home/david/cpantesting/perl-5.18.2/lib/site_perl/5.18.2 /home/david/cpantesting/perl-5.18.2/lib/5.18.2/x86_64-linux-thread-multi /home/david/cpantesting/perl-5.18.2/lib/5.18.2 .) at /home/david/cpantesting/perl-5.18.2/.cpan/build/Map-Tube-Text-Table-0.01-myuhhQ/blib/lib/Map/Tube/Text/Table/Utils.pm line 11.
BEGIN failed--compilation aborted at /home/david/cpantesting/perl-5.18.2/.cpan/build/Map-Tube-Text-Table-0.01-myuhhQ/blib/lib/Map/Tube/Text/Table/Utils.pm line 11.
Compilation failed in require at t/Map-Tube-Text-Table-Utils/01-version.t line 6.
BEGIN failed--compilation aborted at t/Map-Tube-Text-Table-Utils/01-version.t line 6.
t/Map-Tube-Text-Table-Utils/01-version.t .......
Dubious, test returned 2 (wstat 512, 0x200)
No subtests run
# Failed test 'Map::Tube::Text::Table::Utils is covered.'
# at t/Map-Tube-Text-Table-Utils/02-pod_coverage.t line 10.
# Map::Tube::Text::Table::Utils: requiring 'Map::Tube::Text::Table::Utils' failed
# Looks like you failed 1 test of 2.
t/Map-Tube-Text-Table-Utils/02-pod_coverage.t ..
Dubious, test returned 1 (wstat 256, 0x100)
Failed 1/2 subtests
t/Map-Tube-Text-Table-Utils/03-pod.t ........... ok
# Failed test 'use Map::Tube::Text::Table;'
# at t/Map-Tube-Text-Table/00-use.t line 12.
# Tried to use 'Map::Tube::Text::Table'.
# Error: Can't locate Text/UnicodeBox.pm in @INC (you may need to install the Text::UnicodeBox module) (@INC contains: /home/david/cpantesting/perl-5.18.2/.cpan/build/Map-Tube-Text-Table-0.01-myuhhQ/inc /home/david/cpantesting/perl-5.18.2/.cpan/build/Map-Tube-Text-Table-0.01-myuhhQ/blib/lib /home/david/cpantesting/perl-5.18.2/.cpan/build/Map-Tube-Text-Table-0.01-myuhhQ/blib/arch /home/david/cpantesting/perl-5.18.2/lib/site_perl/5.18.2/x86_64-linux-thread-multi /home/david/cpantesting/perl-5.18.2/lib/site_perl/5.18.2 /home/david/cpantesting/perl-5.18.2/lib/5.18.2/x86_64-linux-thread-multi /home/david/cpantesting/perl-5.18.2/lib/5.18.2 .) at /home/david/cpantesting/perl-5.18.2/.cpan/build/Map-Tube-Text-Table-0.01-myuhhQ/blib/lib/Map/Tube/Text/Table/Utils.pm line 11.
# BEGIN failed--compilation aborted at /home/david/cpantesting/perl-5.18.2/.cpan/build/Map-Tube-Text-Table-0.01-myuhhQ/blib/lib/Map/Tube/Text/Table/Utils.pm line 11.
# Compilation failed in require at /home/david/cpantesting/perl-5.18.2/.cpan/build/Map-Tube-Text-Table-0.01-myuhhQ/blib/lib/Map/Tube/Text/Table.pm line 10.
# BEGIN failed--compilation aborted at /home/david/cpantesting/perl-5.18.2/.cpan/build/Map-Tube-Text-Table-0.01-myuhhQ/blib/lib/Map/Tube/Text/Table.pm line 10.
# Compilation failed in require at t/Map-Tube-Text-Table/00-use.t line 12.
# BEGIN failed--compilation aborted at t/Map-Tube-Text-Table/00-use.t line 12.
# Failed test 'require Map::Tube::Text::Table;'
# at t/Map-Tube-Text-Table/00-use.t line 16.
# Tried to require 'Map::Tube::Text::Table'.
# Error: Attempt to reload Map/Tube/Text/Table.pm aborted.
# Compilation failed in require at (eval 19) line 2.
# Looks like you failed 2 tests of 3.
t/Map-Tube-Text-Table/00-use.t .................
Dubious, test returned 2 (wstat 512, 0x200)
Failed 2/3 subtests
Can't locate Text/UnicodeBox.pm in @INC (you may need to install the Text::UnicodeBox module) (@INC contains: /home/david/cpantesting/perl-5.18.2/.cpan/build/Map-Tube-Text-Table-0.01-myuhhQ/inc /home/david/cpantesting/perl-5.18.2/.cpan/build/Map-Tube-Text-Table-0.01-myuhhQ/blib/lib /home/david/cpantesting/perl-5.18.2/.cpan/build/Map-Tube-Text-Table-0.01-myuhhQ/blib/arch /home/david/cpantesting/perl-5.18.2/lib/site_perl/5.18.2/x86_64-linux-thread-multi /home/david/cpantesting/perl-5.18.2/lib/site_perl/5.18.2 /home/david/cpantesting/perl-5.18.2/lib/5.18.2/x86_64-linux-thread-multi /home/david/cpantesting/perl-5.18.2/lib/5.18.2 .) at /home/david/cpantesting/perl-5.18.2/.cpan/build/Map-Tube-Text-Table-0.01-myuhhQ/blib/lib/Map/Tube/Text/Table/Utils.pm line 11.
BEGIN failed--compilation aborted at /home/david/cpantesting/perl-5.18.2/.cpan/build/Map-Tube-Text-Table-0.01-myuhhQ/blib/lib/Map/Tube/Text/Table/Utils.pm line 11.
Compilation failed in require at /home/david/cpantesting/perl-5.18.2/.cpan/build/Map-Tube-Text-Table-0.01-myuhhQ/blib/lib/Map/Tube/Text/Table.pm line 10.
BEGIN failed--compilation aborted at /home/david/cpantesting/perl-5.18.2/.cpan/build/Map-Tube-Text-Table-0.01-myuhhQ/blib/lib/Map/Tube/Text/Table.pm line 10.
Compilation failed in require at t/Map-Tube-Text-Table/01-version.t line 6.
BEGIN failed--compilation aborted at t/Map-Tube-Text-Table/01-version.t line 6.
t/Map-Tube-Text-Table/01-version.t .............
Dubious, test returned 2 (wstat 512, 0x200)
No subtests run
# Failed test 'Map::Tube::Text::Table is covered.'
# at t/Map-Tube-Text-Table/02-pod_coverage.t line 10.
# Map::Tube::Text::Table: requiring 'Map::Tube::Text::Table' failed
# Looks like you failed 1 test of 2.
t/Map-Tube-Text-Table/02-pod_coverage.t ........
Dubious, test returned 1 (wstat 256, 0x100)
Failed 1/2 subtests
t/Map-Tube-Text-Table/03-pod.t ................. ok
Test Summary Report
-------------------
t/Map-Tube-Text-Table-Utils/00-use.t (Wstat: 512 Tests: 3 Failed: 2)
Failed tests: 1-2
Non-zero exit status: 2
t/Map-Tube-Text-Table-Utils/01-version.t (Wstat: 512 Tests: 0 Failed: 0)
Non-zero exit status: 2
Parse errors: No plan found in TAP output
t/Map-Tube-Text-Table-Utils/02-pod_coverage.t (Wstat: 256 Tests: 2 Failed: 1)
Failed test: 1
Non-zero exit status: 1
t/Map-Tube-Text-Table/00-use.t (Wstat: 512 Tests: 3 Failed: 2)
Failed tests: 1-2
Non-zero exit status: 2
t/Map-Tube-Text-Table/01-version.t (Wstat: 512 Tests: 0 Failed: 0)
Non-zero exit status: 2
Parse errors: No plan found in TAP output
t/Map-Tube-Text-Table/02-pod_coverage.t (Wstat: 256 Tests: 2 Failed: 1)
Failed test: 1
Non-zero exit status: 1
Files=8, Tests=14, 1 wallclock secs ( 0.04 usr 0.04 sys + 0.30 cusr 0.08 csys = 0.46 CPU)
Result: FAIL
Failed 6/8 test programs. 6/14 subtests failed.
make: *** [test_dynamic] Error 255
------------------------------
PREREQUISITES
------------------------------
Prerequisite modules loaded:
requires:
Module Need Have
------------------- ---- --------
List::Util 0 1.41
Map::Tube 2.44 2.63
Moo 0 1.006001
namespace::clean 0 0.25
build_requires:
Module Need Have
------------------- ---- --------
English 0 1.06_01
ExtUtils::MakeMaker 6.36 7.04
File::Object 0.08 0.08
Test::More 0 1.001014
Test::NoWarnings 0 1.04
Test::Pod 0 1.48
Test::Pod::Coverage 0 1.10
configure_requires:
Module Need Have
------------------- ---- --------
ExtUtils::MakeMaker 6.36 7.04
------------------------------
ENVIRONMENT AND OTHER CONTEXT
------------------------------
Environment variables:
AUTOMATED_TESTING = 1
PATH = /usr/local/bin:/usr/bin:/bin:/usr/games
PERL = 5.18.2
PERL5LIB =
PERL5OPT =
PERL5_CPANPLUS_IS_RUNNING = 12592
PERL5_CPAN_IS_RUNNING = 12592
PERLVER = 5.18.2
PERL_INLINE_DIRECTORY = /home/david/.Inline-5.18.2
PERL_MM_USE_DEFAULT = 1
SHELL = /bin/bash
TERM = screen
Perl special variables (and OS-specific diagnostics, for MSWin32):
$^X = /home/david/cpantesting/perl-5.18.2/bin/perl
$UID/$EUID = 1000 / 1000
$GID = 1000 1000
$EGID = 1000 1000
Perl module toolchain versions installed:
Module Have
------------------- --------
CPAN 2.00
CPAN::Meta 2.143240
Cwd 3.40
ExtUtils::CBuilder 0.280210
ExtUtils::Command 1.17
ExtUtils::Install 1.59
ExtUtils::MakeMaker 7.04
ExtUtils::Manifest 1.65
ExtUtils::ParseXS 3.18
File::Spec 3.40
JSON 2.90
JSON::PP 2.27203
Module::Build 0.4210
Module::Signature n/a
Parse::CPAN::Meta 1.4414
Test::Harness 3.35
Test::More 1.001014
YAML n/a
YAML::Syck n/a
version 0.9902
--
Summary of my perl5 (revision 5 version 18 subversion 2) configuration:
Platform:
osname=linux, osvers=3.2.0-4-amd64, archname=x86_64-linux-thread-multi
uname='linux pigsty.barnyard.co.uk 3.2.0-4-amd64 #1 smp debian 3.2.35-2 x86_64 gnulinux '
config_args='-de -Dprefix=/home/david/cpantesting/perl-5.18.2 -Dusethreads -Duse64bitall'
hint=recommended, useposix=true, d_sigaction=define
useithreads=define, usemultiplicity=define
useperlio=define, d_sfio=undef, uselargefiles=define, usesocks=undef
use64bitint=define, use64bitall=define, uselongdouble=undef
usemymalloc=n, bincompat5005=undef
Compiler:
cc='cc', ccflags ='-D_REENTRANT -D_GNU_SOURCE -fno-strict-aliasing -pipe -fstack-protector -I/usr/local/include -D_LARGEFILE_SOURCE -D_FILE_OFFSET_BITS=64',
optimize='-O2',
cppflags='-D_REENTRANT -D_GNU_SOURCE -fno-strict-aliasing -pipe -fstack-protector -I/usr/local/include'
ccversion='', gccversion='4.1.2 20061115 (prerelease) (Debian 4.1.1-21)', gccosandvers=''
intsize=4, longsize=8, ptrsize=8, doublesize=8, byteorder=12345678
d_longlong=define, longlongsize=8, d_longdbl=define, longdblsize=16
ivtype='long', ivsize=8, nvtype='double', nvsize=8, Off_t='off_t', lseeksize=8
alignbytes=8, prototype=define
Linker and Libraries:
ld='cc', ldflags =' -fstack-protector -L/usr/local/lib'
libpth=/usr/local/lib /lib /usr/lib /lib64 /usr/lib64
libs=-lnsl -lgdbm -ldb -ldl -lm -lcrypt -lutil -lpthread -lc -lgdbm_compat
perllibs=-lnsl -ldl -lm -lcrypt -lutil -lpthread -lc
libc=/lib/libc-2.3.6.so, so=so, useshrplib=false, libperl=libperl.a
gnulibc_version='2.3.6'
Dynamic Linking:
dlsrc=dl_dlopen.xs, dlext=so, d_dlsymun=undef, ccdlflags='-Wl,-E'
cccdlflags='-fPIC', lddlflags='-shared -O2 -L/usr/local/lib -fstack-protector'
Characteristics of this binary (from libperl):
Compile-time options: HAS_TIMES MULTIPLICITY PERLIO_LAYERS
PERL_DONT_CREATE_GVSV
PERL_HASH_FUNC_ONE_AT_A_TIME_HARD
PERL_IMPLICIT_CONTEXT PERL_MALLOC_WRAP
PERL_PRESERVE_IVUV PERL_SAWAMPERSAND USE_64_BIT_ALL
USE_64_BIT_INT USE_ITHREADS USE_LARGE_FILES
USE_LOCALE USE_LOCALE_COLLATE USE_LOCALE_CTYPE
USE_LOCALE_NUMERIC USE_PERLIO USE_PERL_ATOF
USE_REENTRANT_API
Built under linux
Compiled at Jan 28 2014 10:58:13
%ENV:
PERL="5.18.2"
PERL5LIB=""
PERL5OPT=""
PERL5_CPANPLUS_IS_RUNNING="12592"
PERL5_CPAN_IS_RUNNING="12592"
PERLVER="5.18.2"
PERL_INLINE_DIRECTORY="/home/david/.Inline-5.18.2"
PERL_MM_USE_DEFAULT="1"
@INC:
/home/david/cpantesting/perl-5.18.2/lib/site_perl/5.18.2/x86_64-linux-thread-multi
/home/david/cpantesting/perl-5.18.2/lib/site_perl/5.18.2
/home/david/cpantesting/perl-5.18.2/lib/5.18.2/x86_64-linux-thread-multi
/home/david/cpantesting/perl-5.18.2/lib/5.18.2
.