Back
From: metabase:user:30dda8bc-2aae-11df-837a-5e0a49663a4f
Subject: FAIL Apache-Session-Generate-UUID-0.2 v5.12.3 GNU/Linux
Date: 2011-07-14T14:26:38Z
This distribution has been tested as part of the CPAN Testers
project, supporting the Perl programming language. See
http://wiki.cpantesters.org/ for more information or email
questions to cpan-testers-discuss@perl.org
--
Dear Nicholas Gerakines,
This is a computer-generated report for Apache-Session-Generate-UUID-0.2
on perl 5.12.3, created by CPAN-Reporter-1.19_04.
Thank you for uploading your work to CPAN. However, there was a problem
testing your distribution.
If you think this report is invalid, please consult the CPAN Testers Wiki
for suggestions on how to avoid getting FAIL reports for missing library
or binary dependencies, unsupported operating systems, and so on:
http://wiki.cpantesters.org/wiki/CPANAuthorNotes
Sections of this report:
* Tester comments
* Program output
* Prerequisites
* Environment and other context
------------------------------
TESTER COMMENTS
------------------------------
Additional comments from tester:
this report is from an automated smoke testing program
and was not reviewed by a human for accuracy
------------------------------
PROGRAM OUTPUT
------------------------------
Output from './Build test':
# Testing Apache::Session::Generate::UUID 0.2, Perl 5.012003, /usr/bin/perl
t/00-compile.t ....... ok
t/04-pod.t ........... ok
t/05-pod_coverage.t .. ok
# Failed test 'Test::Perl::Critic for "blib/lib/Apache/Session/Generate/UUID.pm"'
# at /net/netfile2/ag-russell/perl-smoker/Fedora-14-i686/lib/perl5/Test/Perl/Critic.pm line 110.
#
# Perl::Critic found these violations in "blib/lib/Apache/Session/Generate/UUID.pm":
# => [OTRS::RequireTrueReturnValueForModules] Modules have to return a true value ("1;") at line 1, column 1. Use "1;" as the last statement of the module.
# => [OTRS::RequireCamelCase] Variable, subroutine, and package names have to be in CamelCase at line 12, column 1. (no explanation).
# => [OTRS::RequireCamelCase] Variable, subroutine, and package names have to be in CamelCase at line 13, column 9. (no explanation).
# => [OTRS::RequireCamelCase] Variable, subroutine, and package names have to be in CamelCase at line 14, column 12. (no explanation).
# => [ValuesAndExpressions::ProhibitAccessOfPrivateData] Private Member Data shouldn't be accessed directly at line 14, column 12. Accessing an objects data directly breaks encapsulation and should be avoided. Example: $object->{ some_key }.
# => [OTRS::RequireParensWithMethods] Method invokation should use "()" at line 14, column 60. Use "->MethodName()" instead of "->MethodName".
# => [OTRS::RequireCamelCase] Variable, subroutine, and package names have to be in CamelCase at line 17, column 1. (no explanation).
# => [OTRS::RequireCamelCase] Variable, subroutine, and package names have to be in CamelCase at line 18, column 9. (no explanation).
# => [OTRS::RequireCamelCase] Variable, subroutine, and package names have to be in CamelCase at line 19, column 9. (no explanation).
# => [ValuesAndExpressions::ProhibitAccessOfPrivateData] Private Member Data shouldn't be accessed directly at line 19, column 9. Accessing an objects data directly breaks encapsulation and should be avoided. Example: $object->{ some_key }.
# => [OTRS::ProhibitSomeCoreFunctions] Use of "print", "die", and "exit" in modules is not allowed at line 19, column 72. Use methods of LayoutObject or MainObject instead.
# Looks like you failed 1 test of 1.
t/06-perl_critic.t ...
Dubious, test returned 1 (wstat 256, 0x100)
Failed 1/1 subtests
no_plan takes no arguments at t/11-new.t line 3.
t/11-new.t ........... ok
Test Summary Report
-------------------
t/06-perl_critic.t (Wstat: 256 Tests: 1 Failed: 1)
Failed test: 1
Non-zero exit status: 1
Files=5, Tests=8, 3 wallclock secs ( 0.04 usr 0.01 sys + 1.41 cusr 0.14 csys = 1.60 CPU)
Result: FAIL
Failed 1/5 test programs. 1/8 subtests failed.
------------------------------
PREREQUISITES
------------------------------
Prerequisite modules loaded:
requires:
Module Need Have
--------------- ---- -----
Data::UUID 0 1.217
build_requires:
Module Need Have
--------------- ---- -----
Cwd 0 3.33
File::Temp 0 0.22
Test::Deep 0 0.108
Test::Exception 0 0.31
Test::Group 0 0.18
Test::More 0 0.98
------------------------------
ENVIRONMENT AND OTHER CONTEXT
------------------------------
Environment variables:
AUTOMATED_TESTING = 1
LANG = en_US.utf8
PATH = /net/netfile2/ag-russell/perl-smoker/Fedora-14-i686/bin:/net/netfile2/ag-russell/install/Fedora-14-i686/perlbrew/bin:/bin:/sbin:/usr/bin:/usr/sbin:/usr/local/bin
PATH_WITHOUT_PERLBREW = /bin:/sbin:/usr/bin:/usr/sbin:/usr/local/bin
PERL5LIB = /net/netfile2/ag-russell/perl-smoker/Fedora-14-i686/lib/perl5/i386-linux-thread-multi:/net/netfile2/ag-russell/perl-smoker/Fedora-14-i686/lib/perl5
PERL5OPT =
PERL5_CPANPLUS_IS_RUNNING = 8320
PERL5_CPAN_IS_RUNNING = 8320
PERL5_CPAN_IS_RUNNING_IN_RECURSION = 12637,8320
PERLBREW_PATH = /net/netfile2/ag-russell/install/Fedora-14-i686/perlbrew/bin
PERLBREW_ROOT = /net/netfile2/ag-russell/install/Fedora-14-i686/perlbrew
PERLBREW_VERSION = 0.17
PERL_CR_SMOKER_CURRENT = Apache-Session-Generate-UUID-0.2
PERL_EXTUTILS_AUTOINSTALL = --defaultdeps
PERL_LOCAL_LIB_ROOT = /net/netfile2/ag-russell/perl-smoker/Fedora-14-i686
PERL_MB_OPT = --install_base /net/netfile2/ag-russell/perl-smoker/Fedora-14-i686
PERL_MM_OPT = INSTALL_BASE=/net/netfile2/ag-russell/perl-smoker/Fedora-14-i686
PERL_MM_USE_DEFAULT = 1
SHELL = /bin/bash
TERM = xterm
Perl special variables (and OS-specific diagnostics, for MSWin32):
$^X = /usr/bin/perl
$UID/$EUID = 2699 / 2699
$GID = 2048 2048 10000 10003 10004 10099
$EGID = 2048 2048 10000 10003 10004 10099
Perl module toolchain versions installed:
Module Have
------------------- -----------
CPAN 1.97_51
CPAN::Meta 2.110930001
Cwd 3.33
ExtUtils::CBuilder 0.280202
ExtUtils::Command 1.17
ExtUtils::Install 1.54
ExtUtils::MakeMaker 6.58
ExtUtils::Manifest 1.58
ExtUtils::ParseXS 3.00_01
File::Spec 3.33
JSON 2.53
JSON::PP 2.27200
Module::Build 0.3800
Module::Signature 0.68
Parse::CPAN::Meta 1.4401
Test::Harness 3.23
Test::More 0.98
YAML 0.73
YAML::Syck 1.17
version 0.91
--
Summary of my perl5 (revision 5 version 12 subversion 3) configuration:
Platform:
osname=linux, osvers=2.6.32-71.el6.x86_64, archname=i386-linux-thread-multi
uname='linux x86-01.phx2.fedoraproject.org 2.6.32-71.el6.x86_64 #1 smp wed sep 1 01:33:01 edt 2010 i686 i686 i386 gnulinux '
config_args='-des -Doptimize=-O2 -g -pipe -Wall -Wp,-D_FORTIFY_SOURCE=2 -fexceptions -fstack-protector --param=ssp-buffer-size=4 -m32 -march=i686 -mtune=atom -fasynchronous-unwind-tables -Dccdlflags=-Wl,--enable-new-dtags -DDEBUGGING=-g -Dversion=5.12.3 -Dmyhostname=localhost -Dperladmin=root@localhost -Dcc=gcc -Dcf_by=Red Hat, Inc. -Dprefix=/usr -Dvendorprefix=/usr -Dsiteprefix=/usr/local -Dsitelib=/usr/local/share/perl5 -Dsitearch=/usr/local/lib/perl5 -Dprivlib=/usr/share/perl5 -Dvendorlib=/usr/share/perl5 -Darchlib=/usr/lib/perl5 -Dvendorarch=/usr/lib/perl5 -Darchname=i386-linux-thread-multi -Duseshrplib -Dusethreads -Duseithreads -Dusedtrace=/usr/bin/dtrace -Duselargefiles -Dd_semctl_semun -Di_db -Ui_ndbm -Di_gdbm -Di_shadow -Di_syslog -Dman3ext=3pm -Duseperlio -Dinstallusrbinperl=n -Ubincompat5005 -Uversiononly -Dpager=/usr/bin/less -isr -Dd_gethostent_r_proto -Ud_endhostent_r_proto -Ud_sethostent_r_proto -Ud_endprotoent_r_proto -Ud_setprotoent_r_proto -Ud_endservent_r_proto -Ud_setservent_r_proto -Dscriptdir=/usr/bin -Dotherlibdirs=/usr/local/lib/perl5/site_perl/5.10.0/i386-linux-thread-multi:/usr/local/lib/perl5/site_perl/5.10.0:/usr/lib/perl5/vendor_perl/5.10.0/i386-linux-thread-multi:/usr/lib/perl5/vendor_perl:/usr/lib/perl5/site_perl'
hint=recommended, useposix=true, d_sigaction=define
useithreads=define, usemultiplicity=define
useperlio=define, d_sfio=undef, uselargefiles=define, usesocks=undef
use64bitint=undef, use64bitall=undef, uselongdouble=undef
usemymalloc=n, bincompat5005=undef
Compiler:
cc='gcc', ccflags ='-D_REENTRANT -D_GNU_SOURCE -fno-strict-aliasing -pipe -fstack-protector -I/usr/local/include -D_LARGEFILE_SOURCE -D_FILE_OFFSET_BITS=64',
optimize='-O2 -g -pipe -Wall -Wp,-D_FORTIFY_SOURCE=2 -fexceptions -fstack-protector --param=ssp-buffer-size=4 -m32 -march=i686 -mtune=atom -fasynchronous-unwind-tables',
cppflags='-D_REENTRANT -D_GNU_SOURCE -fno-strict-aliasing -pipe -fstack-protector -I/usr/local/include'
ccversion='', gccversion='4.5.1 20100924 (Red Hat 4.5.1-4)', gccosandvers=''
intsize=4, longsize=4, ptrsize=4, doublesize=8, byteorder=1234
d_longlong=define, longlongsize=8, d_longdbl=define, longdblsize=12
ivtype='long', ivsize=4, nvtype='double', nvsize=8, Off_t='off_t', lseeksize=8
alignbytes=4, prototype=define
Linker and Libraries:
ld='gcc', ldflags =' -fstack-protector -L/usr/local/lib'
libpth=/usr/local/lib /lib /usr/lib
libs=-lresolv -lnsl -lgdbm -ldb -ldl -lm -lcrypt -lutil -lpthread -lc -lgdbm_compat
perllibs=-lresolv -lnsl -ldl -lm -lcrypt -lutil -lpthread -lc
libc=/lib/libc-2.12.90.so, so=so, useshrplib=true, libperl=libperl.so
gnulibc_version='2.12.90'
Dynamic Linking:
dlsrc=dl_dlopen.xs, dlext=so, d_dlsymun=undef, ccdlflags='-Wl,--enable-new-dtags -Wl,-rpath,/usr/lib/perl5/CORE'
cccdlflags='-fPIC', lddlflags='-shared -O2 -g -pipe -Wall -Wp,-D_FORTIFY_SOURCE=2 -fexceptions -fstack-protector --param=ssp-buffer-size=4 -m32 -march=i686 -mtune=atom -fasynchronous-unwind-tables -L/usr/local/lib'
Characteristics of this binary (from libperl):
Compile-time options: MULTIPLICITY PERL_DONT_CREATE_GVSV
PERL_IMPLICIT_CONTEXT PERL_MALLOC_WRAP USE_ITHREADS
USE_LARGE_FILES USE_PERLIO USE_PERL_ATOF
USE_REENTRANT_API
Built under linux
Compiled at Jan 24 2011 10:31:17
%ENV:
PERL5LIB="/net/netfile2/ag-russell/perl-smoker/Fedora-14-i686/lib/perl5/i386-linux-thread-multi:/net/netfile2/ag-russell/perl-smoker/Fedora-14-i686/lib/perl5"
PERL5OPT=""
PERL5_CPANPLUS_IS_RUNNING="8320"
PERL5_CPAN_IS_RUNNING="8320"
PERL5_CPAN_IS_RUNNING_IN_RECURSION="12637,8320"
PERLBREW_PATH="/net/netfile2/ag-russell/install/Fedora-14-i686/perlbrew/bin"
PERLBREW_ROOT="/net/netfile2/ag-russell/install/Fedora-14-i686/perlbrew"
PERLBREW_VERSION="0.17"
PERL_CR_SMOKER_CURRENT="Apache-Session-Generate-UUID-0.2"
PERL_EXTUTILS_AUTOINSTALL="--defaultdeps"
PERL_LOCAL_LIB_ROOT="/net/netfile2/ag-russell/perl-smoker/Fedora-14-i686"
PERL_MB_OPT="--install_base /net/netfile2/ag-russell/perl-smoker/Fedora-14-i686"
PERL_MM_OPT="INSTALL_BASE=/net/netfile2/ag-russell/perl-smoker/Fedora-14-i686"
PERL_MM_USE_DEFAULT="1"
@INC:
/net/netfile2/ag-russell/perl-smoker/Fedora-14-i686/lib/perl5/i386-linux-thread-multi
/net/netfile2/ag-russell/perl-smoker/Fedora-14-i686/lib/perl5/i386-linux-thread-multi
/net/netfile2/ag-russell/perl-smoker/Fedora-14-i686/lib/perl5
/usr/local/lib/perl5
/usr/local/share/perl5
/usr/lib/perl5
/usr/share/perl5
/usr/lib/perl5
/usr/share/perl5
/usr/local/lib/perl5/site_perl/5.10.0/i386-linux-thread-multi
/usr/local/lib/perl5/site_perl/5.10.0
/usr/lib/perl5/vendor_perl/5.10.0/i386-linux-thread-multi
/usr/lib/perl5/vendor_perl
/usr/lib/perl5/site_perl
.