Report for Class-PObject-2.17

Back
From: metabase:user:320bfe00-2aae-11df-837a-5e0a49663a4f
Subject: FAIL Class-PObject-2.17 v5.22.4 GNU/Linux
Date: 2017-08-01T12:31:04Z

This distribution has been tested as part of the CPAN Testers
project, supporting the Perl programming language.  See
http://wiki.cpantesters.org/ for more information or email
questions to cpan-testers-discuss@perl.org


--
Dear Sherzod Ruzmetov,

This is a computer-generated report for Class-PObject-2.17
on perl 5.22.4, created by CPAN-Reporter-1.2018.

Thank you for uploading your work to CPAN.  However, there was a problem
testing your distribution.

If you think this report is invalid, please consult the CPAN Testers Wiki
for suggestions on how to avoid getting FAIL reports for missing library
or binary dependencies, unsupported operating systems, and so on:

http://wiki.cpantesters.org/wiki/CPANAuthorNotes

Sections of this report:

    * Tester comments
    * Program output
    * Prerequisites
    * Environment and other context

------------------------------
TESTER COMMENTS
------------------------------

Additional comments from tester:

this report is from an automated smoke testing program
and was not reviewed by a human for accuracy

------------------------------
PROGRAM OUTPUT
------------------------------

Output from '/usr/bin/make test':

PERL_DL_NONLAZY=1 "/tmp/basesmoker-reloperl-lBKe/bin/perl" "-MExtUtils::Command::MM" "-MTest::Harness" "-e" "undef *Test::Harness::Switches; test_harness(0, 'blib/lib', 'blib/arch')" t/*.t
t/01basic_file.t ..... ok

#   Failed test at /tmp/loop_over_bdir-14017-r_5VXo/Class-PObject-2.17-0/blib/lib/Class/PObject/Test/Basic.pm line 330.

#   Failed test at /tmp/loop_over_bdir-14017-r_5VXo/Class-PObject-2.17-0/blib/lib/Class/PObject/Test/Basic.pm line 332.

#   Failed test at /tmp/loop_over_bdir-14017-r_5VXo/Class-PObject-2.17-0/blib/lib/Class/PObject/Test/Basic.pm line 343.

#   Failed test at /tmp/loop_over_bdir-14017-r_5VXo/Class-PObject-2.17-0/blib/lib/Class/PObject/Test/Basic.pm line 355.

#   Failed test at /tmp/loop_over_bdir-14017-r_5VXo/Class-PObject-2.17-0/blib/lib/Class/PObject/Test/Basic.pm line 356.

#   Failed test at /tmp/loop_over_bdir-14017-r_5VXo/Class-PObject-2.17-0/blib/lib/Class/PObject/Test/Basic.pm line 425.

#   Failed test at /tmp/loop_over_bdir-14017-r_5VXo/Class-PObject-2.17-0/blib/lib/Class/PObject/Test/Basic.pm line 426.

#   Failed test at /tmp/loop_over_bdir-14017-r_5VXo/Class-PObject-2.17-0/blib/lib/Class/PObject/Test/Basic.pm line 444.

#   Failed test at /tmp/loop_over_bdir-14017-r_5VXo/Class-PObject-2.17-0/blib/lib/Class/PObject/Test/Basic.pm line 451.

#   Failed test at /tmp/loop_over_bdir-14017-r_5VXo/Class-PObject-2.17-0/blib/lib/Class/PObject/Test/Basic.pm line 457.

#   Failed test at /tmp/loop_over_bdir-14017-r_5VXo/Class-PObject-2.17-0/blib/lib/Class/PObject/Test/Basic.pm line 471.

#   Failed test at /tmp/loop_over_bdir-14017-r_5VXo/Class-PObject-2.17-0/blib/lib/Class/PObject/Test/Basic.pm line 482.

#   Failed test 'count: 1'
#   at /tmp/loop_over_bdir-14017-r_5VXo/Class-PObject-2.17-0/blib/lib/Class/PObject/Test/Basic.pm line 511.
# Looks like you failed 13 tests of 204.
t/06basic_csv.t ...... 
Dubious, test returned 13 (wstat 3328, 0xd00)
Failed 13/204 subtests 
t/11basic_mysql.t .... skipped: DBD::mysql is not available
t/16basic_db_file.t .. ok

#   Failed test at /tmp/loop_over_bdir-14017-r_5VXo/Class-PObject-2.17-0/blib/lib/Class/PObject/Test/Basic.pm line 195.

#   Failed test at /tmp/loop_over_bdir-14017-r_5VXo/Class-PObject-2.17-0/blib/lib/Class/PObject/Test/Basic.pm line 198.

#   Failed test at /tmp/loop_over_bdir-14017-r_5VXo/Class-PObject-2.17-0/blib/lib/Class/PObject/Test/Basic.pm line 231.
Can't call method "title" on an undefined value at /tmp/loop_over_bdir-14017-r_5VXo/Class-PObject-2.17-0/blib/lib/Class/PObject/Test/Basic.pm line 233.
# Looks like your test exited with 2 just after 51.
t/21basic_sqlite.t ... 
Dubious, test returned 2 (wstat 512, 0x200)
Failed 156/204 subtests 
t/61types_file.t ..... ok
t/62types_csv.t ...... ok
t/63types_db_file.t .. ok
t/64types_mysql.t .... skipped: DBD::mysql is not available

#   Failed test at /tmp/loop_over_bdir-14017-r_5VXo/Class-PObject-2.17-0/blib/lib/Class/PObject/Test/Types.pm line 105.
Can't call method "name" on an undefined value at /tmp/loop_over_bdir-14017-r_5VXo/Class-PObject-2.17-0/blib/lib/Class/PObject/Test/Types.pm line 113.
# Looks like your test exited with 2 just after 21.
t/65types_sqlite.t ... 
Dubious, test returned 2 (wstat 512, 0x200)
Failed 26/46 subtests 
t/70hasa_file.t ...... ok
t/71hasa_csv.t ....... ok
t/72hasa_mysql.t ..... skipped: DBD::mysql is not available
t/73hasa_db_file.t ... ok

#   Failed test at /tmp/loop_over_bdir-14017-r_5VXo/Class-PObject-2.17-0/blib/lib/Class/PObject/Test/HAS_A.pm line 99.

#   Failed test at /tmp/loop_over_bdir-14017-r_5VXo/Class-PObject-2.17-0/blib/lib/Class/PObject/Test/HAS_A.pm line 108.
Can't call method "author" on an undefined value at /tmp/loop_over_bdir-14017-r_5VXo/Class-PObject-2.17-0/blib/lib/Class/PObject/Test/HAS_A.pm line 112.
# Looks like your test exited with 2 just after 15.
t/74hasa_sqlite.t .... 
Dubious, test returned 2 (wstat 512, 0x200)
Failed 24/37 subtests 

Test Summary Report
-------------------
t/06basic_csv.t    (Wstat: 3328 Tests: 204 Failed: 13)
  Failed tests:  100, 102, 109, 116-117, 150-151, 161, 165
                169, 175, 183, 198
  Non-zero exit status: 13
t/21basic_sqlite.t (Wstat: 512 Tests: 51 Failed: 3)
  Failed tests:  45-46, 51
  Non-zero exit status: 2
  Parse errors: Bad plan.  You planned 204 tests but ran 51.
t/65types_sqlite.t (Wstat: 512 Tests: 21 Failed: 1)
  Failed test:  21
  Non-zero exit status: 2
  Parse errors: Bad plan.  You planned 46 tests but ran 21.
t/74hasa_sqlite.t  (Wstat: 512 Tests: 15 Failed: 2)
  Failed tests:  12, 15
  Non-zero exit status: 2
  Parse errors: Bad plan.  You planned 37 tests but ran 15.
Files=15, Tests=948,  2 wallclock secs ( 0.11 usr  0.08 sys +  1.46 cusr  0.21 csys =  1.86 CPU)
Result: FAIL
Failed 4/15 test programs. 19/948 subtests failed.
Makefile:936: recipe for target 'test_dynamic' failed
make: *** [test_dynamic] Error 2

------------------------------
PREREQUISITES
------------------------------

Prerequisite modules loaded:

requires:

    Module              Need Have    
    ------------------- ---- --------
    File::Basename      0    2.85    
    File::Path          0    2.09    
    File::Spec          0    3.62    
    IO::Dir             0    1.10    
    Log::Agent          0    1.001   
    Storable            0    2.53_02 
    Test::More          0    1.302086

build_requires:

    Module              Need Have    
    ------------------- ---- --------
    ExtUtils::MakeMaker 0    7.30    


------------------------------
ENVIRONMENT AND OTHER CONTEXT
------------------------------

Environment variables:

    AUTOMATED_TESTING = 1
    LANG = en_US.UTF-8
    PATH = /home/sand/bin:/usr/local/bin:/usr/bin:/bin:/usr/games:/usr/local/perl/bin:/usr/X11/bin:/sbin:/usr/sbin
    PERL = /tmp/basesmoker-reloperl-lBKe/bin/perl
    PERL5LIB = 
    PERL5OPT = 
    PERL5_CPANPLUS_IS_RUNNING = 14021
    PERL5_CPAN_IS_RUNNING = 14021
    PERL_CANARY_STABILITY_NOPROMPT = 1
    PERL_MM_USE_DEFAULT = 1
    PERL_USE_UNSAFE_INC = 1
    SHELL = /usr/bin/zsh
    TERM = screen

Perl special variables (and OS-specific diagnostics, for MSWin32):

    $^X = /tmp/basesmoker-reloperl-lBKe/bin/perl
    $UID/$EUID = 1005 / 1005
    $GID = 1005 1005
    $EGID = 1005 1005

Perl module toolchain versions installed:

    Module              Have      
    ------------------- ----------
    CPAN                2.18      
    CPAN::Meta          2.150010  
    Cwd                 3.62      
    ExtUtils::CBuilder  0.280226  
    ExtUtils::Command   7.30      
    ExtUtils::Install   2.06      
    ExtUtils::MakeMaker 7.30      
    ExtUtils::Manifest  1.70      
    ExtUtils::ParseXS   3.28      
    File::Spec          3.62      
    JSON                2.94      
    JSON::PP            2.27300_01
    Module::Build       0.4224    
    Module::Signature   0.81      
    Parse::CPAN::Meta   2.150010  
    Test::Harness       3.39      
    Test::More          1.302086  
    YAML                1.23      
    YAML::Syck          1.30      
    version             0.9909    


--

Summary of my perl5 (revision 5 version 22 subversion 4) configuration:
  Commit id: a26666a1317770d8a2228ac3657ba58020c3511f
  Platform:
    osname=linux, osvers=4.11.0-2-amd64, archname=x86_64-linux
    uname='linux k93x64sid 4.11.0-2-amd64 #1 smp debian 4.11.11-1 (2017-07-22) x86_64 gnulinux '
    config_args='-Dprefix=/home/sand/src/perl/repoperls/installed-perls/host/k93x64sid/v5.22.4/f878 -Dmyhostname=k93x64sid -Dinstallusrbinperl=n -Uversiononly -Dusedevel -des -Ui_db -Dlibswanted=cl pthread socket inet nsl gdbm dbm malloc dl ld sun m crypt sec util c cposix posix ucb BSD gdbm_compat -Uuseithreads -Uuselongdouble'
    hint=recommended, useposix=true, d_sigaction=define
    useithreads=undef, usemultiplicity=undef
    use64bitint=define, use64bitall=define, uselongdouble=undef
    usemymalloc=n, bincompat5005=undef
  Compiler:
    cc='cc', ccflags ='-fwrapv -fno-strict-aliasing -pipe -fstack-protector-strong -I/usr/local/include -D_LARGEFILE_SOURCE -D_FILE_OFFSET_BITS=64',
    optimize='-O2',
    cppflags='-fwrapv -fno-strict-aliasing -pipe -fstack-protector-strong -I/usr/local/include'
    ccversion='', gccversion='6.4.0 20170724', gccosandvers=''
    intsize=4, longsize=8, ptrsize=8, doublesize=8, byteorder=12345678, doublekind=3
    d_longlong=define, longlongsize=8, d_longdbl=define, longdblsize=16, longdblkind=3
    ivtype='long', ivsize=8, nvtype='double', nvsize=8, Off_t='off_t', lseeksize=8
    alignbytes=8, prototype=define
  Linker and Libraries:
    ld='cc', ldflags =' -fstack-protector-strong -L/usr/local/lib'
    libpth=/usr/local/lib /usr/lib/gcc/x86_64-linux-gnu/6/include-fixed /usr/include/x86_64-linux-gnu /usr/lib /lib/x86_64-linux-gnu /lib/../lib /usr/lib/x86_64-linux-gnu /usr/lib/../lib /lib
    libs=-lpthread -lnsl -ldl -lm -lcrypt -lutil -lc
    perllibs=-lpthread -lnsl -ldl -lm -lcrypt -lutil -lc
    libc=libc-2.24.so, so=so, useshrplib=false, libperl=libperl.a
    gnulibc_version='2.24'
  Dynamic Linking:
    dlsrc=dl_dlopen.xs, dlext=so, d_dlsymun=undef, ccdlflags='-Wl,-E'
    cccdlflags='-fPIC', lddlflags='-shared -O2 -L/usr/local/lib -fstack-protector-strong'


Characteristics of this binary (from libperl): 
  Compile-time options: HAS_TIMES PERLIO_LAYERS PERL_DONT_CREATE_GVSV
                        PERL_HASH_FUNC_ONE_AT_A_TIME_HARD PERL_MALLOC_WRAP
                        PERL_NEW_COPY_ON_WRITE PERL_PRESERVE_IVUV
                        PERL_USE_DEVEL USE_64_BIT_ALL USE_64_BIT_INT
                        USE_LARGE_FILES USE_LOCALE USE_LOCALE_COLLATE
                        USE_LOCALE_CTYPE USE_LOCALE_NUMERIC USE_LOCALE_TIME
                        USE_PERLIO USE_PERL_ATOF
  Built under linux
  Compiled at Aug  1 2017 05:41:28
  %ENV:
    PERL="/tmp/basesmoker-reloperl-lBKe/bin/perl"
    PERL5LIB=""
    PERL5OPT=""
    PERL5_CPANPLUS_IS_RUNNING="14021"
    PERL5_CPAN_IS_RUNNING="14021"
    PERL_CANARY_STABILITY_NOPROMPT="1"
    PERL_MM_USE_DEFAULT="1"
    PERL_USE_UNSAFE_INC="1"
  @INC:
    /home/sand/src/perl/repoperls/installed-perls/host/k93x64sid/v5.22.4/f878/lib/site_perl/5.22.4/x86_64-linux
    /home/sand/src/perl/repoperls/installed-perls/host/k93x64sid/v5.22.4/f878/lib/site_perl/5.22.4
    /home/sand/src/perl/repoperls/installed-perls/host/k93x64sid/v5.22.4/f878/lib/5.22.4/x86_64-linux
    /home/sand/src/perl/repoperls/installed-perls/host/k93x64sid/v5.22.4/f878/lib/5.22.4
    .