Report for Socialtext-WikiTest-0.07

Back
From: metabase:user:320bfe00-2aae-11df-837a-5e0a49663a4f
Subject: FAIL Socialtext-WikiTest-0.07 v5.14.0 RC0 GNU/Linux
Date: 2011-04-03T09:18:05Z

This distribution has been tested as part of the CPAN Testers
project, supporting the Perl programming language.  See
http://wiki.cpantesters.org/ for more information or email
questions to cpan-testers-discuss@perl.org


--
Dear Luke Closs,

This is a computer-generated report for Socialtext-WikiTest-0.07
on perl 5.14.0, created by CPAN-Reporter-1.1902.

Thank you for uploading your work to CPAN.  However, there was a problem
testing your distribution.

If you think this report is invalid, please consult the CPAN Testers Wiki
for suggestions on how to avoid getting FAIL reports for missing library
or binary dependencies, unsupported operating systems, and so on:

http://wiki.cpantesters.org/wiki/CPANAuthorNotes

Sections of this report:

    * Tester comments
    * Program output
    * Prerequisites
    * Environment and other context

------------------------------
TESTER COMMENTS
------------------------------

Additional comments from tester:

none provided

------------------------------
PROGRAM OUTPUT
------------------------------

Output from '/usr/bin/make test':

make[1]: Entering directory `/home/sand/.cpan/build/Socialtext-WikiTest-0.07-MDj2_Z'
PERL_DL_NONLAZY=1 /home/src/perl/repoperls/installed-perls/perl/v5.13.11-368-gc2c97af/bin/perl "-MExtUtils::Command::MM" "-e" "test_harness(0, 'blib/lib', 'blib/arch')" t/*.t

#   Failed test at t/lib/Test/WWW/Selenium.pm line 30.
#     Structures begin differing at:
#          $got = (?^u:monkey)
#     $expected = (?^:monkey)

#   Failed test at t/lib/Test/WWW/Selenium.pm line 30.
#     Structures begin differing at:
#          $got->[1] = (?^u:water)
#     $expected->[1] = (?^:water)

#   Failed test at t/lib/Test/WWW/Selenium.pm line 30.
#     Structures begin differing at:
#          $got->[1] = (?^u:pen\?)
#     $expected->[1] = (?^:pen\?)

#   Failed test at t/lib/Test/WWW/Selenium.pm line 30.
#     Structures begin differing at:
#          $got = (?^u:pen\?)
#     $expected = (?^:pen\?)

#   Failed test at t/lib/Test/WWW/Selenium.pm line 30.
#     Structures begin differing at:
#          $got->[1] = (?^u:foo)
#     $expected->[1] = (?^:foo)

#   Failed test at t/fixture-selenese.t line 119.
#          got: '(?^u:foo)'
#     expected: '(?^:foo)'
# Looks like you failed 6 tests of 39.
t/fixture-selenese.t .. 
Dubious, test returned 6 (wstat 1536, 0x600)
Failed 6/39 subtests 
# 
# comment: included
# 
# comment: included
# 
# comment: included
# 
# comment: included2
t/fixture.t ........... ok
# Loading test plan Plan1...
# Loading test plan Plan2...
# Loading test plan Plan1...
# Loading test plan Plan2...
t/testplan.t .......... ok

Test Summary Report
-------------------
t/fixture-selenese.t (Wstat: 1536 Tests: 39 Failed: 6)
  Failed tests:  4-6, 8, 29, 34
  Non-zero exit status: 6
Files=3, Tests=76,  0 wallclock secs ( 0.04 usr  0.02 sys +  0.16 cusr  0.04 csys =  0.26 CPU)
Result: FAIL
Failed 1/3 test programs. 6/76 subtests failed.
make[1]: *** [test_dynamic] Error 255
make[1]: Leaving directory `/home/sand/.cpan/build/Socialtext-WikiTest-0.07-MDj2_Z'

------------------------------
PREREQUISITES
------------------------------

Prerequisite modules loaded:

requires:

    Module                     Need Have   
    -------------------------- ---- -------
    mocked                     0    0.09   
    Socialtext::Resting        0    0.35   
    Socialtext::Resting::Utils 0.04 0.21   
    Test::Exception            0    0.31   
    Test::More                 0    0.98   

build_requires:

    Module                     Need Have   
    -------------------------- ---- -------
    ExtUtils::MakeMaker        0    6.57_05


------------------------------
ENVIRONMENT AND OTHER CONTEXT
------------------------------

Environment variables:

    LANG = en_US.UTF-8
    LC_TIME = de_DE.utf8
    PATH = /usr/lib/ccache:/home/sand/bin:/usr/local/bin:/usr/bin:/bin:/usr/bin/X11:/usr/games:/usr/local/perl/bin:/usr/X11/bin:/sbin:/usr/sbin
    PERL5LIB = /home/sand/.cpan/build/WAP-wbxml-1.12-jcLH3t/blib/arch:/home/sand/.cpan/build/WAP-wbxml-1.12-jcLH3t/blib/lib:/home/sand/.cpan/build/ProjectBuilder-0.11.2-HNK4Cp/blib/arch:/home/sand/.cpan/build/ProjectBuilder-0.11.2-HNK4Cp/blib/lib:/home/sand/.cpan/build/Mail-SpamAssassin-2.43-t43uz0/blib/arch:/home/sand/.cpan/build/Mail-SpamAssassin-2.43-t43uz0/blib/lib
    PERL5OPT = 
    PERL5_CPANPLUS_IS_RUNNING = 31699
    PERL5_CPAN_IS_RUNNING = 31699
    SHELL = /usr/bin/zsh
    TERM = screen

Perl special variables (and OS-specific diagnostics, for MSWin32):

    $^X = /home/src/perl/repoperls/installed-perls/perl/v5.13.11-368-gc2c97af/bin/perl
    $UID/$EUID = 1001 / 1001
    $GID = 1001 1001
    $EGID = 1001 1001

Perl module toolchain versions installed:

    Module              Have    
    ------------------- --------
    CPAN                1.9600  
    Cwd                 3.36    
    ExtUtils::CBuilder  0.280202
    ExtUtils::Command   1.17    
    ExtUtils::Install   1.56    
    ExtUtils::MakeMaker 6.57_05 
    ExtUtils::Manifest  1.58    
    ExtUtils::ParseXS   2.2210  
    File::Spec          3.33    
    Module::Build       0.3800  
    Module::Signature   0.66    
    Test::Harness       3.23    
    Test::More          0.98    
    YAML                0.72    
    YAML::Syck          1.17    
    version             0.88    


--

Summary of my perl5 (revision 5 version 14 subversion 0) configuration:
  Commit id: c2c97af8cb32b7e57f42c6e11ab8084075742761
  Platform:
    osname=linux, osvers=2.6.32-5-amd64, archname=x86_64-linux-ld
    uname='linux k81 2.6.32-5-amd64 #1 smp wed jan 12 03:40:32 utc 2011 x86_64 gnulinux '
    config_args='-Dprefix=/home/src/perl/repoperls/installed-perls/perl/v5.13.11-368-gc2c97af -Dinstallusrbinperl=n -Uversiononly -Dusedevel -des -Ui_db -Uuseithreads -Duselongdouble -DDEBUGGING=-g'
    hint=recommended, useposix=true, d_sigaction=define
    useithreads=undef, usemultiplicity=undef
    useperlio=define, d_sfio=undef, uselargefiles=define, usesocks=undef
    use64bitint=define, use64bitall=define, uselongdouble=define
    usemymalloc=n, bincompat5005=undef
  Compiler:
    cc='cc', ccflags ='-fno-strict-aliasing -pipe -fstack-protector -I/usr/local/include -D_LARGEFILE_SOURCE -D_FILE_OFFSET_BITS=64',
    optimize='-O2 -g',
    cppflags='-fno-strict-aliasing -pipe -fstack-protector -I/usr/local/include'
    ccversion='', gccversion='4.5.2', gccosandvers=''
    intsize=4, longsize=8, ptrsize=8, doublesize=8, byteorder=12345678
    d_longlong=define, longlongsize=8, d_longdbl=define, longdblsize=16
    ivtype='long', ivsize=8, nvtype='long double', nvsize=16, Off_t='off_t', lseeksize=8
    alignbytes=16, prototype=define
  Linker and Libraries:
    ld='cc', ldflags =' -fstack-protector -L/usr/local/lib'
    libpth=/usr/local/lib /lib /usr/lib /lib64 /usr/lib64
    libs=-lnsl -lgdbm -ldb -ldl -lm -lcrypt -lutil -lc -lgdbm_compat
    perllibs=-lnsl -ldl -lm -lcrypt -lutil -lc
    libc=/lib/libc-2.11.2.so, so=so, useshrplib=false, libperl=libperl.a
    gnulibc_version='2.11.2'
  Dynamic Linking:
    dlsrc=dl_dlopen.xs, dlext=so, d_dlsymun=undef, ccdlflags='-Wl,-E'
    cccdlflags='-fPIC', lddlflags='-shared -O2 -g -L/usr/local/lib -fstack-protector'


Characteristics of this binary (from libperl): 
  Compile-time options: PERL_DONT_CREATE_GVSV PERL_MALLOC_WRAP
                        PERL_PRESERVE_IVUV PERL_USE_DEVEL USE_64_BIT_ALL
                        USE_64_BIT_INT USE_LARGE_FILES USE_LONG_DOUBLE
                        USE_PERLIO USE_PERL_ATOF
  Locally applied patches:
	RC0
  Built under linux
  Compiled at Apr  2 2011 19:10:29
  %ENV:
    PERL5LIB="/home/sand/.cpan/build/WAP-wbxml-1.12-jcLH3t/blib/arch:/home/sand/.cpan/build/WAP-wbxml-1.12-jcLH3t/blib/lib:/home/sand/.cpan/build/ProjectBuilder-0.11.2-HNK4Cp/blib/arch:/home/sand/.cpan/build/ProjectBuilder-0.11.2-HNK4Cp/blib/lib:/home/sand/.cpan/build/Mail-SpamAssassin-2.43-t43uz0/blib/arch:/home/sand/.cpan/build/Mail-SpamAssassin-2.43-t43uz0/blib/lib"
    PERL5OPT=""
    PERL5_CPANPLUS_IS_RUNNING="31699"
    PERL5_CPAN_IS_RUNNING="31699"
  @INC:
    /home/sand/.cpan/build/WAP-wbxml-1.12-jcLH3t/blib/arch
    /home/sand/.cpan/build/WAP-wbxml-1.12-jcLH3t/blib/lib
    /home/sand/.cpan/build/ProjectBuilder-0.11.2-HNK4Cp/blib/arch
    /home/sand/.cpan/build/ProjectBuilder-0.11.2-HNK4Cp/blib/lib
    /home/sand/.cpan/build/Mail-SpamAssassin-2.43-t43uz0/blib/arch
    /home/sand/.cpan/build/Mail-SpamAssassin-2.43-t43uz0/blib/lib
    /home/src/perl/repoperls/installed-perls/perl/v5.13.11-368-gc2c97af/lib/site_perl/5.14.0/x86_64-linux-ld
    /home/src/perl/repoperls/installed-perls/perl/v5.13.11-368-gc2c97af/lib/site_perl/5.14.0
    /home/src/perl/repoperls/installed-perls/perl/v5.13.11-368-gc2c97af/lib/5.14.0/x86_64-linux-ld
    /home/src/perl/repoperls/installed-perls/perl/v5.13.11-368-gc2c97af/lib/5.14.0
    .