CLI-Driver v0.77 Perl 5 v5.35.11 x86_64-linux-thread-multi-ld

Status
Fail
From
Andreas J. König (ANDK)
Dist
CLI-Driver v0.77
Platform
Perl 5 v5.35.11 x86_64-linux-thread-multi-ld
Date
2022-05-03 08:16:06
ID
47d5fb56-cab9-11ec-9d2b-af3182ec7e8a
This distribution has been tested as part of the CPAN Testers
project, supporting the Perl programming language.  See
http://wiki.cpantesters.org/ for more information or email
questions to cpan-testers-discuss@perl.org


--
Dear John Gravatt,

This is a computer-generated report for CLI-Driver-0.77
on perl 5.35.11, created by CPAN-Reporter-1.2018.

Thank you for uploading your work to CPAN.  However, there was a problem
testing your distribution.

If you think this report is invalid, please consult the CPAN Testers Wiki
for suggestions on how to avoid getting FAIL reports for missing library
or binary dependencies, unsupported operating systems, and so on:

http://wiki.cpantesters.org/wiki/CPANAuthorNotes

Sections of this report:

    * Tester comments
    * Program output
    * Prerequisites
    * Environment and other context

------------------------------
TESTER COMMENTS
------------------------------

Additional comments from tester:

this report is from an automated smoke testing program
and was not reviewed by a human for accuracy

------------------------------
PROGRAM OUTPUT
------------------------------

Output from '/usr/bin/make test':

Skip blib/lib/auto/share/dist/CLI-Driver/templates/app-sharedir.pl (unchanged)
Skip blib/lib/auto/share/dist/CLI-Driver/templates/cli-driver.yml (unchanged)
Skip blib/lib/auto/share/dist/CLI-Driver/cli-driver.yml (unchanged)
Skip blib/lib/auto/share/dist/CLI-Driver/templates/app.pl (unchanged)
PERL_DL_NONLAZY=1 "/tmp/basesmoker-reloperl-P5Lv/bin/perl" "-MExtUtils::Command::MM" "-MTest::Harness" "-e" "undef *Test::Harness::Switches; test_harness(0, 'blib/lib', 'blib/arch')" t/*.t
# Testing CLI::Driver 0.77, Perl 5.035011, /tmp/basesmoker-reloperl-P5Lv/bin/perl
t/00-load.t .......... ok
"my" variable $count masks earlier declaration in same scope at /home/sand/src/perl/repoperls/installed-perls/host/k93bionic/v5.35.11/ebf1/lib/5.35.11/Test2/Hub.pm line 355.
	require Test2/Hub.pm called at /home/sand/src/perl/repoperls/installed-perls/host/k93bionic/v5.35.11/ebf1/lib/5.35.11/Test2/API/Stack.pm line 8
	Test2::API::Stack::BEGIN() called at /home/sand/src/perl/repoperls/installed-perls/host/k93bionic/v5.35.11/ebf1/lib/5.35.11/Test2/API/Stack.pm line 8
	eval {...} called at /home/sand/src/perl/repoperls/installed-perls/host/k93bionic/v5.35.11/ebf1/lib/5.35.11/Test2/API/Stack.pm line 8
	require Test2/API/Stack.pm called at /home/sand/src/perl/repoperls/installed-perls/host/k93bionic/v5.35.11/ebf1/lib/5.35.11/Test2/API/Instance.pm line 14
	Test2::API::Instance::BEGIN() called at /home/sand/src/perl/repoperls/installed-perls/host/k93bionic/v5.35.11/ebf1/lib/5.35.11/Test2/API/Instance.pm line 14
	eval {...} called at /home/sand/src/perl/repoperls/installed-perls/host/k93bionic/v5.35.11/ebf1/lib/5.35.11/Test2/API/Instance.pm line 14
	require Test2/API/Instance.pm called at /home/sand/src/perl/repoperls/installed-perls/host/k93bionic/v5.35.11/ebf1/lib/5.35.11/Test2/API.pm line 51
	Test2::API::BEGIN() called at /home/sand/src/perl/repoperls/installed-perls/host/k93bionic/v5.35.11/ebf1/lib/5.35.11/Test2/API.pm line 51
	eval {...} called at /home/sand/src/perl/repoperls/installed-perls/host/k93bionic/v5.35.11/ebf1/lib/5.35.11/Test2/API.pm line 51
	require Test2/API.pm called at /home/sand/src/perl/repoperls/installed-perls/host/k93bionic/v5.35.11/ebf1/lib/5.35.11/Test/Builder.pm line 18
	Test::Builder::BEGIN() called at /home/sand/src/perl/repoperls/installed-perls/host/k93bionic/v5.35.11/ebf1/lib/5.35.11/Test/Builder.pm line 18
	eval {...} called at /home/sand/src/perl/repoperls/installed-perls/host/k93bionic/v5.35.11/ebf1/lib/5.35.11/Test/Builder.pm line 18
	require Test/Builder.pm called at /home/sand/src/perl/repoperls/installed-perls/host/k93bionic/v5.35.11/ebf1/lib/5.35.11/Test/Builder/Module.pm line 5
	Test::Builder::Module::BEGIN() called at /home/sand/src/perl/repoperls/installed-perls/host/k93bionic/v5.35.11/ebf1/lib/5.35.11/Test/Builder/Module.pm line 5
	eval {...} called at /home/sand/src/perl/repoperls/installed-perls/host/k93bionic/v5.35.11/ebf1/lib/5.35.11/Test/Builder/Module.pm line 5
	require Test/Builder/Module.pm called at /home/sand/src/perl/repoperls/installed-perls/host/k93bionic/v5.35.11/ebf1/lib/5.35.11/Test/More.pm line 22
	Test::More::BEGIN() called at /home/sand/src/perl/repoperls/installed-perls/host/k93bionic/v5.35.11/ebf1/lib/5.35.11/Test/More.pm line 22
	eval {...} called at /home/sand/src/perl/repoperls/installed-perls/host/k93bionic/v5.35.11/ebf1/lib/5.35.11/Test/More.pm line 22
	require Test/More.pm called at t/01-test1.t line 10
	main::BEGIN() called at t/01-test1.t line 10
	eval {...} called at t/01-test1.t line 10
"my" variable $ok masks earlier declaration in same scope at /home/sand/src/perl/repoperls/installed-perls/host/k93bionic/v5.35.11/ebf1/lib/5.35.11/Test/More.pm line 568.
	require Test/More.pm called at t/01-test1.t line 10
	main::BEGIN() called at t/01-test1.t line 10
	eval {...} called at t/01-test1.t line 10
unable to find cli-driver.yml in: ., etc, /etc at /tmp/loop_over_bdir-2038-Ow6481/CLI-Driver-0.77-0/blib/lib/CLI/Driver.pm line 379.
	CLI::Driver::_find_file(CLI::Driver=HASH(0x55bb8f8d8630)) called at /tmp/loop_over_bdir-2038-Ow6481/CLI-Driver-0.77-0/blib/lib/CLI/Driver.pm line 386
	CLI::Driver::_build_actions(CLI::Driver=HASH(0x55bb8f8d8630)) called at accessor CLI::Driver::actions (defined at /tmp/loop_over_bdir-2038-Ow6481/CLI-Driver-0.77-0/blib/lib/CLI/Driver.pm line 202) line 11
	__ANON__[accessor CLI::Driver::actions (defined at /tmp/loop_over_bdir-2038-Ow6481/CLI-Driver-0.77-0/blib/lib/CLI/Driver.pm line 202):23](CLI::Driver=HASH(0x55bb8f8d8630)) called at /tmp/loop_over_bdir-2038-Ow6481/CLI-Driver-0.77-0/blib/lib/CLI/Driver.pm line 239
	CLI::Driver::get_actions(CLI::Driver=HASH(0x55bb8f8d8630)) called at /tmp/loop_over_bdir-2038-Ow6481/CLI-Driver-0.77-0/blib/lib/CLI/Driver.pm line 228
	CLI::Driver::get_action(CLI::Driver=HASH(0x55bb8f8d8630), "name", "test1") called at t/01-test1.t line 35
# Tests were run but no plan was declared and done_testing() was not seen.
# Looks like your test exited with 2 just after 1.
t/01-test1.t ......... 
Dubious, test returned 2 (wstat 512, 0x200)
All 1 subtests passed 
"my" variable $count masks earlier declaration in same scope at /home/sand/src/perl/repoperls/installed-perls/host/k93bionic/v5.35.11/ebf1/lib/5.35.11/Test2/Hub.pm line 355.
	require Test2/Hub.pm called at /home/sand/src/perl/repoperls/installed-perls/host/k93bionic/v5.35.11/ebf1/lib/5.35.11/Test2/API/Stack.pm line 8
	Test2::API::Stack::BEGIN() called at /home/sand/src/perl/repoperls/installed-perls/host/k93bionic/v5.35.11/ebf1/lib/5.35.11/Test2/API/Stack.pm line 8
	eval {...} called at /home/sand/src/perl/repoperls/installed-perls/host/k93bionic/v5.35.11/ebf1/lib/5.35.11/Test2/API/Stack.pm line 8
	require Test2/API/Stack.pm called at /home/sand/src/perl/repoperls/installed-perls/host/k93bionic/v5.35.11/ebf1/lib/5.35.11/Test2/API/Instance.pm line 14
	Test2::API::Instance::BEGIN() called at /home/sand/src/perl/repoperls/installed-perls/host/k93bionic/v5.35.11/ebf1/lib/5.35.11/Test2/API/Instance.pm line 14
	eval {...} called at /home/sand/src/perl/repoperls/installed-perls/host/k93bionic/v5.35.11/ebf1/lib/5.35.11/Test2/API/Instance.pm line 14
	require Test2/API/Instance.pm called at /home/sand/src/perl/repoperls/installed-perls/host/k93bionic/v5.35.11/ebf1/lib/5.35.11/Test2/API.pm line 51
	Test2::API::BEGIN() called at /home/sand/src/perl/repoperls/installed-perls/host/k93bionic/v5.35.11/ebf1/lib/5.35.11/Test2/API.pm line 51
	eval {...} called at /home/sand/src/perl/repoperls/installed-perls/host/k93bionic/v5.35.11/ebf1/lib/5.35.11/Test2/API.pm line 51
	require Test2/API.pm called at /home/sand/src/perl/repoperls/installed-perls/host/k93bionic/v5.35.11/ebf1/lib/5.35.11/Test/Builder.pm line 18
	Test::Builder::BEGIN() called at /home/sand/src/perl/repoperls/installed-perls/host/k93bionic/v5.35.11/ebf1/lib/5.35.11/Test/Builder.pm line 18
	eval {...} called at /home/sand/src/perl/repoperls/installed-perls/host/k93bionic/v5.35.11/ebf1/lib/5.35.11/Test/Builder.pm line 18
	require Test/Builder.pm called at /home/sand/src/perl/repoperls/installed-perls/host/k93bionic/v5.35.11/ebf1/lib/5.35.11/Test/Builder/Module.pm line 5
	Test::Builder::Module::BEGIN() called at /home/sand/src/perl/repoperls/installed-perls/host/k93bionic/v5.35.11/ebf1/lib/5.35.11/Test/Builder/Module.pm line 5
	eval {...} called at /home/sand/src/perl/repoperls/installed-perls/host/k93bionic/v5.35.11/ebf1/lib/5.35.11/Test/Builder/Module.pm line 5
	require Test/Builder/Module.pm called at /home/sand/src/perl/repoperls/installed-perls/host/k93bionic/v5.35.11/ebf1/lib/5.35.11/Test/More.pm line 22
	Test::More::BEGIN() called at /home/sand/src/perl/repoperls/installed-perls/host/k93bionic/v5.35.11/ebf1/lib/5.35.11/Test/More.pm line 22
	eval {...} called at /home/sand/src/perl/repoperls/installed-perls/host/k93bionic/v5.35.11/ebf1/lib/5.35.11/Test/More.pm line 22
	require Test/More.pm called at t/02-test2.t line 10
	main::BEGIN() called at t/02-test2.t line 10
	eval {...} called at t/02-test2.t line 10
"my" variable $ok masks earlier declaration in same scope at /home/sand/src/perl/repoperls/installed-perls/host/k93bionic/v5.35.11/ebf1/lib/5.35.11/Test/More.pm line 568.
	require Test/More.pm called at t/02-test2.t line 10
	main::BEGIN() called at t/02-test2.t line 10
	eval {...} called at t/02-test2.t line 10
unable to find cli-driver.yml in: ., etc, /etc at /tmp/loop_over_bdir-2038-Ow6481/CLI-Driver-0.77-0/blib/lib/CLI/Driver.pm line 379.
	CLI::Driver::_find_file(CLI::Driver=HASH(0x55ae65214630)) called at /tmp/loop_over_bdir-2038-Ow6481/CLI-Driver-0.77-0/blib/lib/CLI/Driver.pm line 386
	CLI::Driver::_build_actions(CLI::Driver=HASH(0x55ae65214630)) called at accessor CLI::Driver::actions (defined at /tmp/loop_over_bdir-2038-Ow6481/CLI-Driver-0.77-0/blib/lib/CLI/Driver.pm line 202) line 11
	__ANON__[accessor CLI::Driver::actions (defined at /tmp/loop_over_bdir-2038-Ow6481/CLI-Driver-0.77-0/blib/lib/CLI/Driver.pm line 202):23](CLI::Driver=HASH(0x55ae65214630)) called at /tmp/loop_over_bdir-2038-Ow6481/CLI-Driver-0.77-0/blib/lib/CLI/Driver.pm line 239
	CLI::Driver::get_actions(CLI::Driver=HASH(0x55ae65214630)) called at /tmp/loop_over_bdir-2038-Ow6481/CLI-Driver-0.77-0/blib/lib/CLI/Driver.pm line 228
	CLI::Driver::get_action(CLI::Driver=HASH(0x55ae65214630), "name", "test2") called at t/02-test2.t line 36
t/02-test2.t ......... 
Dubious, test returned 2 (wstat 512, 0x200)
No subtests run 
"my" variable $count masks earlier declaration in same scope at /home/sand/src/perl/repoperls/installed-perls/host/k93bionic/v5.35.11/ebf1/lib/5.35.11/Test2/Hub.pm line 355.
	require Test2/Hub.pm called at /home/sand/src/perl/repoperls/installed-perls/host/k93bionic/v5.35.11/ebf1/lib/5.35.11/Test2/API/Stack.pm line 8
	Test2::API::Stack::BEGIN() called at /home/sand/src/perl/repoperls/installed-perls/host/k93bionic/v5.35.11/ebf1/lib/5.35.11/Test2/API/Stack.pm line 8
	eval {...} called at /home/sand/src/perl/repoperls/installed-perls/host/k93bionic/v5.35.11/ebf1/lib/5.35.11/Test2/API/Stack.pm line 8
	require Test2/API/Stack.pm called at /home/sand/src/perl/repoperls/installed-perls/host/k93bionic/v5.35.11/ebf1/lib/5.35.11/Test2/API/Instance.pm line 14
	Test2::API::Instance::BEGIN() called at /home/sand/src/perl/repoperls/installed-perls/host/k93bionic/v5.35.11/ebf1/lib/5.35.11/Test2/API/Instance.pm line 14
	eval {...} called at /home/sand/src/perl/repoperls/installed-perls/host/k93bionic/v5.35.11/ebf1/lib/5.35.11/Test2/API/Instance.pm line 14
	require Test2/API/Instance.pm called at /home/sand/src/perl/repoperls/installed-perls/host/k93bionic/v5.35.11/ebf1/lib/5.35.11/Test2/API.pm line 51
	Test2::API::BEGIN() called at /home/sand/src/perl/repoperls/installed-perls/host/k93bionic/v5.35.11/ebf1/lib/5.35.11/Test2/API.pm line 51
	eval {...} called at /home/sand/src/perl/repoperls/installed-perls/host/k93bionic/v5.35.11/ebf1/lib/5.35.11/Test2/API.pm line 51
	require Test2/API.pm called at /home/sand/src/perl/repoperls/installed-perls/host/k93bionic/v5.35.11/ebf1/lib/5.35.11/Test/Builder.pm line 18
	Test::Builder::BEGIN() called at /home/sand/src/perl/repoperls/installed-perls/host/k93bionic/v5.35.11/ebf1/lib/5.35.11/Test/Builder.pm line 18
	eval {...} called at /home/sand/src/perl/repoperls/installed-perls/host/k93bionic/v5.35.11/ebf1/lib/5.35.11/Test/Builder.pm line 18
	require Test/Builder.pm called at /home/sand/src/perl/repoperls/installed-perls/host/k93bionic/v5.35.11/ebf1/lib/5.35.11/Test/Builder/Module.pm line 5
	Test::Builder::Module::BEGIN() called at /home/sand/src/perl/repoperls/installed-perls/host/k93bionic/v5.35.11/ebf1/lib/5.35.11/Test/Builder/Module.pm line 5
	eval {...} called at /home/sand/src/perl/repoperls/installed-perls/host/k93bionic/v5.35.11/ebf1/lib/5.35.11/Test/Builder/Module.pm line 5
	require Test/Builder/Module.pm called at /home/sand/src/perl/repoperls/installed-perls/host/k93bionic/v5.35.11/ebf1/lib/5.35.11/Test/More.pm line 22
	Test::More::BEGIN() called at /home/sand/src/perl/repoperls/installed-perls/host/k93bionic/v5.35.11/ebf1/lib/5.35.11/Test/More.pm line 22
	eval {...} called at /home/sand/src/perl/repoperls/installed-perls/host/k93bionic/v5.35.11/ebf1/lib/5.35.11/Test/More.pm line 22
	require Test/More.pm called at t/03-test3.t line 10
	main::BEGIN() called at t/03-test3.t line 10
	eval {...} called at t/03-test3.t line 10
"my" variable $ok masks earlier declaration in same scope at /home/sand/src/perl/repoperls/installed-perls/host/k93bionic/v5.35.11/ebf1/lib/5.35.11/Test/More.pm line 568.
	require Test/More.pm called at t/03-test3.t line 10
	main::BEGIN() called at t/03-test3.t line 10
	eval {...} called at t/03-test3.t line 10
unable to find cli-driver.yml in: ., etc, /etc at /tmp/loop_over_bdir-2038-Ow6481/CLI-Driver-0.77-0/blib/lib/CLI/Driver.pm line 379.
	CLI::Driver::_find_file(CLI::Driver=HASH(0x5606cee5a630)) called at /tmp/loop_over_bdir-2038-Ow6481/CLI-Driver-0.77-0/blib/lib/CLI/Driver.pm line 386
	CLI::Driver::_build_actions(CLI::Driver=HASH(0x5606cee5a630)) called at accessor CLI::Driver::actions (defined at /tmp/loop_over_bdir-2038-Ow6481/CLI-Driver-0.77-0/blib/lib/CLI/Driver.pm line 202) line 11
	__ANON__[accessor CLI::Driver::actions (defined at /tmp/loop_over_bdir-2038-Ow6481/CLI-Driver-0.77-0/blib/lib/CLI/Driver.pm line 202):23](CLI::Driver=HASH(0x5606cee5a630)) called at /tmp/loop_over_bdir-2038-Ow6481/CLI-Driver-0.77-0/blib/lib/CLI/Driver.pm line 239
	CLI::Driver::get_actions(CLI::Driver=HASH(0x5606cee5a630)) called at /tmp/loop_over_bdir-2038-Ow6481/CLI-Driver-0.77-0/blib/lib/CLI/Driver.pm line 228
	CLI::Driver::get_action(CLI::Driver=HASH(0x5606cee5a630), "name", "test3") called at t/03-test3.t line 39
t/03-test3.t ......... 
Dubious, test returned 2 (wstat 512, 0x200)
No subtests run 
"my" variable $count masks earlier declaration in same scope at /home/sand/src/perl/repoperls/installed-perls/host/k93bionic/v5.35.11/ebf1/lib/5.35.11/Test2/Hub.pm line 355.
	require Test2/Hub.pm called at /home/sand/src/perl/repoperls/installed-perls/host/k93bionic/v5.35.11/ebf1/lib/5.35.11/Test2/API/Stack.pm line 8
	Test2::API::Stack::BEGIN() called at /home/sand/src/perl/repoperls/installed-perls/host/k93bionic/v5.35.11/ebf1/lib/5.35.11/Test2/API/Stack.pm line 8
	eval {...} called at /home/sand/src/perl/repoperls/installed-perls/host/k93bionic/v5.35.11/ebf1/lib/5.35.11/Test2/API/Stack.pm line 8
	require Test2/API/Stack.pm called at /home/sand/src/perl/repoperls/installed-perls/host/k93bionic/v5.35.11/ebf1/lib/5.35.11/Test2/API/Instance.pm line 14
	Test2::API::Instance::BEGIN() called at /home/sand/src/perl/repoperls/installed-perls/host/k93bionic/v5.35.11/ebf1/lib/5.35.11/Test2/API/Instance.pm line 14
	eval {...} called at /home/sand/src/perl/repoperls/installed-perls/host/k93bionic/v5.35.11/ebf1/lib/5.35.11/Test2/API/Instance.pm line 14
	require Test2/API/Instance.pm called at /home/sand/src/perl/repoperls/installed-perls/host/k93bionic/v5.35.11/ebf1/lib/5.35.11/Test2/API.pm line 51
	Test2::API::BEGIN() called at /home/sand/src/perl/repoperls/installed-perls/host/k93bionic/v5.35.11/ebf1/lib/5.35.11/Test2/API.pm line 51
	eval {...} called at /home/sand/src/perl/repoperls/installed-perls/host/k93bionic/v5.35.11/ebf1/lib/5.35.11/Test2/API.pm line 51
	require Test2/API.pm called at /home/sand/src/perl/repoperls/installed-perls/host/k93bionic/v5.35.11/ebf1/lib/5.35.11/Test/Builder.pm line 18
	Test::Builder::BEGIN() called at /home/sand/src/perl/repoperls/installed-perls/host/k93bionic/v5.35.11/ebf1/lib/5.35.11/Test/Builder.pm line 18
	eval {...} called at /home/sand/src/perl/repoperls/installed-perls/host/k93bionic/v5.35.11/ebf1/lib/5.35.11/Test/Builder.pm line 18
	require Test/Builder.pm called at /home/sand/src/perl/repoperls/installed-perls/host/k93bionic/v5.35.11/ebf1/lib/5.35.11/Test/Builder/Module.pm line 5
	Test::Builder::Module::BEGIN() called at /home/sand/src/perl/repoperls/installed-perls/host/k93bionic/v5.35.11/ebf1/lib/5.35.11/Test/Builder/Module.pm line 5
	eval {...} called at /home/sand/src/perl/repoperls/installed-perls/host/k93bionic/v5.35.11/ebf1/lib/5.35.11/Test/Builder/Module.pm line 5
	require Test/Builder/Module.pm called at /home/sand/src/perl/repoperls/installed-perls/host/k93bionic/v5.35.11/ebf1/lib/5.35.11/Test/More.pm line 22
	Test::More::BEGIN() called at /home/sand/src/perl/repoperls/installed-perls/host/k93bionic/v5.35.11/ebf1/lib/5.35.11/Test/More.pm line 22
	eval {...} called at /home/sand/src/perl/repoperls/installed-perls/host/k93bionic/v5.35.11/ebf1/lib/5.35.11/Test/More.pm line 22
	require Test/More.pm called at t/04-test4.t line 10
	main::BEGIN() called at t/04-test4.t line 10
	eval {...} called at t/04-test4.t line 10
"my" variable $ok masks earlier declaration in same scope at /home/sand/src/perl/repoperls/installed-perls/host/k93bionic/v5.35.11/ebf1/lib/5.35.11/Test/More.pm line 568.
	require Test/More.pm called at t/04-test4.t line 10
	main::BEGIN() called at t/04-test4.t line 10
	eval {...} called at t/04-test4.t line 10
unable to find cli-driver.yml in: ., etc, /etc at /tmp/loop_over_bdir-2038-Ow6481/CLI-Driver-0.77-0/blib/lib/CLI/Driver.pm line 379.
	CLI::Driver::_find_file(CLI::Driver=HASH(0x55e5c15fd630)) called at /tmp/loop_over_bdir-2038-Ow6481/CLI-Driver-0.77-0/blib/lib/CLI/Driver.pm line 386
	CLI::Driver::_build_actions(CLI::Driver=HASH(0x55e5c15fd630)) called at accessor CLI::Driver::actions (defined at /tmp/loop_over_bdir-2038-Ow6481/CLI-Driver-0.77-0/blib/lib/CLI/Driver.pm line 202) line 11
	__ANON__[accessor CLI::Driver::actions (defined at /tmp/loop_over_bdir-2038-Ow6481/CLI-Driver-0.77-0/blib/lib/CLI/Driver.pm line 202):23](CLI::Driver=HASH(0x55e5c15fd630)) called at /tmp/loop_over_bdir-2038-Ow6481/CLI-Driver-0.77-0/blib/lib/CLI/Driver.pm line 239
	CLI::Driver::get_actions(CLI::Driver=HASH(0x55e5c15fd630)) called at /tmp/loop_over_bdir-2038-Ow6481/CLI-Driver-0.77-0/blib/lib/CLI/Driver.pm line 228
	CLI::Driver::get_action(CLI::Driver=HASH(0x55e5c15fd630), "name", "test4") called at t/04-test4.t line 38
t/04-test4.t ......... 
Dubious, test returned 2 (wstat 512, 0x200)
No subtests run 
"my" variable $count masks earlier declaration in same scope at /home/sand/src/perl/repoperls/installed-perls/host/k93bionic/v5.35.11/ebf1/lib/5.35.11/Test2/Hub.pm line 355.
	require Test2/Hub.pm called at /home/sand/src/perl/repoperls/installed-perls/host/k93bionic/v5.35.11/ebf1/lib/5.35.11/Test2/API/Stack.pm line 8
	Test2::API::Stack::BEGIN() called at /home/sand/src/perl/repoperls/installed-perls/host/k93bionic/v5.35.11/ebf1/lib/5.35.11/Test2/API/Stack.pm line 8
	eval {...} called at /home/sand/src/perl/repoperls/installed-perls/host/k93bionic/v5.35.11/ebf1/lib/5.35.11/Test2/API/Stack.pm line 8
	require Test2/API/Stack.pm called at /home/sand/src/perl/repoperls/installed-perls/host/k93bionic/v5.35.11/ebf1/lib/5.35.11/Test2/API/Instance.pm line 14
	Test2::API::Instance::BEGIN() called at /home/sand/src/perl/repoperls/installed-perls/host/k93bionic/v5.35.11/ebf1/lib/5.35.11/Test2/API/Instance.pm line 14
	eval {...} called at /home/sand/src/perl/repoperls/installed-perls/host/k93bionic/v5.35.11/ebf1/lib/5.35.11/Test2/API/Instance.pm line 14
	require Test2/API/Instance.pm called at /home/sand/src/perl/repoperls/installed-perls/host/k93bionic/v5.35.11/ebf1/lib/5.35.11/Test2/API.pm line 51
	Test2::API::BEGIN() called at /home/sand/src/perl/repoperls/installed-perls/host/k93bionic/v5.35.11/ebf1/lib/5.35.11/Test2/API.pm line 51
	eval {...} called at /home/sand/src/perl/repoperls/installed-perls/host/k93bionic/v5.35.11/ebf1/lib/5.35.11/Test2/API.pm line 51
	require Test2/API.pm called at /home/sand/src/perl/repoperls/installed-perls/host/k93bionic/v5.35.11/ebf1/lib/5.35.11/Test/Builder.pm line 18
	Test::Builder::BEGIN() called at /home/sand/src/perl/repoperls/installed-perls/host/k93bionic/v5.35.11/ebf1/lib/5.35.11/Test/Builder.pm line 18
	eval {...} called at /home/sand/src/perl/repoperls/installed-perls/host/k93bionic/v5.35.11/ebf1/lib/5.35.11/Test/Builder.pm line 18
	require Test/Builder.pm called at /home/sand/src/perl/repoperls/installed-perls/host/k93bionic/v5.35.11/ebf1/lib/5.35.11/Test/Builder/Module.pm line 5
	Test::Builder::Module::BEGIN() called at /home/sand/src/perl/repoperls/installed-perls/host/k93bionic/v5.35.11/ebf1/lib/5.35.11/Test/Builder/Module.pm line 5
	eval {...} called at /home/sand/src/perl/repoperls/installed-perls/host/k93bionic/v5.35.11/ebf1/lib/5.35.11/Test/Builder/Module.pm line 5
	require Test/Builder/Module.pm called at /home/sand/src/perl/repoperls/installed-perls/host/k93bionic/v5.35.11/ebf1/lib/5.35.11/Test/More.pm line 22
	Test::More::BEGIN() called at /home/sand/src/perl/repoperls/installed-perls/host/k93bionic/v5.35.11/ebf1/lib/5.35.11/Test/More.pm line 22
	eval {...} called at /home/sand/src/perl/repoperls/installed-perls/host/k93bionic/v5.35.11/ebf1/lib/5.35.11/Test/More.pm line 22
	require Test/More.pm called at t/05-test5.t line 10
	main::BEGIN() called at t/05-test5.t line 10
	eval {...} called at t/05-test5.t line 10
"my" variable $ok masks earlier declaration in same scope at /home/sand/src/perl/repoperls/installed-perls/host/k93bionic/v5.35.11/ebf1/lib/5.35.11/Test/More.pm line 568.
	require Test/More.pm called at t/05-test5.t line 10
	main::BEGIN() called at t/05-test5.t line 10
	eval {...} called at t/05-test5.t line 10
unable to find cli-driver.yml in: ., etc, /etc at /tmp/loop_over_bdir-2038-Ow6481/CLI-Driver-0.77-0/blib/lib/CLI/Driver.pm line 379.
	CLI::Driver::_find_file(CLI::Driver=HASH(0x555e192a0630)) called at /tmp/loop_over_bdir-2038-Ow6481/CLI-Driver-0.77-0/blib/lib/CLI/Driver.pm line 386
	CLI::Driver::_build_actions(CLI::Driver=HASH(0x555e192a0630)) called at accessor CLI::Driver::actions (defined at /tmp/loop_over_bdir-2038-Ow6481/CLI-Driver-0.77-0/blib/lib/CLI/Driver.pm line 202) line 11
	__ANON__[accessor CLI::Driver::actions (defined at /tmp/loop_over_bdir-2038-Ow6481/CLI-Driver-0.77-0/blib/lib/CLI/Driver.pm line 202):23](CLI::Driver=HASH(0x555e192a0630)) called at /tmp/loop_over_bdir-2038-Ow6481/CLI-Driver-0.77-0/blib/lib/CLI/Driver.pm line 239
	CLI::Driver::get_actions(CLI::Driver=HASH(0x555e192a0630)) called at /tmp/loop_over_bdir-2038-Ow6481/CLI-Driver-0.77-0/blib/lib/CLI/Driver.pm line 228
	CLI::Driver::get_action(CLI::Driver=HASH(0x555e192a0630), "name", "test5") called at t/05-test5.t line 38
t/05-test5.t ......... 
Dubious, test returned 2 (wstat 512, 0x200)
No subtests run 
"my" variable $count masks earlier declaration in same scope at /home/sand/src/perl/repoperls/installed-perls/host/k93bionic/v5.35.11/ebf1/lib/5.35.11/Test2/Hub.pm line 355.
	require Test2/Hub.pm called at /home/sand/src/perl/repoperls/installed-perls/host/k93bionic/v5.35.11/ebf1/lib/5.35.11/Test2/API/Stack.pm line 8
	Test2::API::Stack::BEGIN() called at /home/sand/src/perl/repoperls/installed-perls/host/k93bionic/v5.35.11/ebf1/lib/5.35.11/Test2/API/Stack.pm line 8
	eval {...} called at /home/sand/src/perl/repoperls/installed-perls/host/k93bionic/v5.35.11/ebf1/lib/5.35.11/Test2/API/Stack.pm line 8
	require Test2/API/Stack.pm called at /home/sand/src/perl/repoperls/installed-perls/host/k93bionic/v5.35.11/ebf1/lib/5.35.11/Test2/API/Instance.pm line 14
	Test2::API::Instance::BEGIN() called at /home/sand/src/perl/repoperls/installed-perls/host/k93bionic/v5.35.11/ebf1/lib/5.35.11/Test2/API/Instance.pm line 14
	eval {...} called at /home/sand/src/perl/repoperls/installed-perls/host/k93bionic/v5.35.11/ebf1/lib/5.35.11/Test2/API/Instance.pm line 14
	require Test2/API/Instance.pm called at /home/sand/src/perl/repoperls/installed-perls/host/k93bionic/v5.35.11/ebf1/lib/5.35.11/Test2/API.pm line 51
	Test2::API::BEGIN() called at /home/sand/src/perl/repoperls/installed-perls/host/k93bionic/v5.35.11/ebf1/lib/5.35.11/Test2/API.pm line 51
	eval {...} called at /home/sand/src/perl/repoperls/installed-perls/host/k93bionic/v5.35.11/ebf1/lib/5.35.11/Test2/API.pm line 51
	require Test2/API.pm called at /home/sand/src/perl/repoperls/installed-perls/host/k93bionic/v5.35.11/ebf1/lib/5.35.11/Test/Builder.pm line 18
	Test::Builder::BEGIN() called at /home/sand/src/perl/repoperls/installed-perls/host/k93bionic/v5.35.11/ebf1/lib/5.35.11/Test/Builder.pm line 18
	eval {...} called at /home/sand/src/perl/repoperls/installed-perls/host/k93bionic/v5.35.11/ebf1/lib/5.35.11/Test/Builder.pm line 18
	require Test/Builder.pm called at /home/sand/src/perl/repoperls/installed-perls/host/k93bionic/v5.35.11/ebf1/lib/5.35.11/Test/Builder/Module.pm line 5
	Test::Builder::Module::BEGIN() called at /home/sand/src/perl/repoperls/installed-perls/host/k93bionic/v5.35.11/ebf1/lib/5.35.11/Test/Builder/Module.pm line 5
	eval {...} called at /home/sand/src/perl/repoperls/installed-perls/host/k93bionic/v5.35.11/ebf1/lib/5.35.11/Test/Builder/Module.pm line 5
	require Test/Builder/Module.pm called at /home/sand/src/perl/repoperls/installed-perls/host/k93bionic/v5.35.11/ebf1/lib/5.35.11/Test/More.pm line 22
	Test::More::BEGIN() called at /home/sand/src/perl/repoperls/installed-perls/host/k93bionic/v5.35.11/ebf1/lib/5.35.11/Test/More.pm line 22
	eval {...} called at /home/sand/src/perl/repoperls/installed-perls/host/k93bionic/v5.35.11/ebf1/lib/5.35.11/Test/More.pm line 22
	require Test/More.pm called at t/06-test6.t line 10
	main::BEGIN() called at t/06-test6.t line 10
	eval {...} called at t/06-test6.t line 10
"my" variable $ok masks earlier declaration in same scope at /home/sand/src/perl/repoperls/installed-perls/host/k93bionic/v5.35.11/ebf1/lib/5.35.11/Test/More.pm line 568.
	require Test/More.pm called at t/06-test6.t line 10
	main::BEGIN() called at t/06-test6.t line 10
	eval {...} called at t/06-test6.t line 10
unable to find cli-driver.yml in: ., etc, /etc at /tmp/loop_over_bdir-2038-Ow6481/CLI-Driver-0.77-0/blib/lib/CLI/Driver.pm line 379.
	CLI::Driver::_find_file(CLI::Driver=HASH(0x5571ab255630)) called at /tmp/loop_over_bdir-2038-Ow6481/CLI-Driver-0.77-0/blib/lib/CLI/Driver.pm line 386
	CLI::Driver::_build_actions(CLI::Driver=HASH(0x5571ab255630)) called at accessor CLI::Driver::actions (defined at /tmp/loop_over_bdir-2038-Ow6481/CLI-Driver-0.77-0/blib/lib/CLI/Driver.pm line 202) line 11
	__ANON__[accessor CLI::Driver::actions (defined at /tmp/loop_over_bdir-2038-Ow6481/CLI-Driver-0.77-0/blib/lib/CLI/Driver.pm line 202):23](CLI::Driver=HASH(0x5571ab255630)) called at /tmp/loop_over_bdir-2038-Ow6481/CLI-Driver-0.77-0/blib/lib/CLI/Driver.pm line 239
	CLI::Driver::get_actions(CLI::Driver=HASH(0x5571ab255630)) called at /tmp/loop_over_bdir-2038-Ow6481/CLI-Driver-0.77-0/blib/lib/CLI/Driver.pm line 228
	CLI::Driver::get_action(CLI::Driver=HASH(0x5571ab255630), "name", "test6") called at t/06-test6.t line 34
t/06-test6.t ......... 
Dubious, test returned 2 (wstat 512, 0x200)
No subtests run 
"my" variable $count masks earlier declaration in same scope at /home/sand/src/perl/repoperls/installed-perls/host/k93bionic/v5.35.11/ebf1/lib/5.35.11/Test2/Hub.pm line 355.
	require Test2/Hub.pm called at /home/sand/src/perl/repoperls/installed-perls/host/k93bionic/v5.35.11/ebf1/lib/5.35.11/Test2/API/Stack.pm line 8
	Test2::API::Stack::BEGIN() called at /home/sand/src/perl/repoperls/installed-perls/host/k93bionic/v5.35.11/ebf1/lib/5.35.11/Test2/API/Stack.pm line 8
	eval {...} called at /home/sand/src/perl/repoperls/installed-perls/host/k93bionic/v5.35.11/ebf1/lib/5.35.11/Test2/API/Stack.pm line 8
	require Test2/API/Stack.pm called at /home/sand/src/perl/repoperls/installed-perls/host/k93bionic/v5.35.11/ebf1/lib/5.35.11/Test2/API/Instance.pm line 14
	Test2::API::Instance::BEGIN() called at /home/sand/src/perl/repoperls/installed-perls/host/k93bionic/v5.35.11/ebf1/lib/5.35.11/Test2/API/Instance.pm line 14
	eval {...} called at /home/sand/src/perl/repoperls/installed-perls/host/k93bionic/v5.35.11/ebf1/lib/5.35.11/Test2/API/Instance.pm line 14
	require Test2/API/Instance.pm called at /home/sand/src/perl/repoperls/installed-perls/host/k93bionic/v5.35.11/ebf1/lib/5.35.11/Test2/API.pm line 51
	Test2::API::BEGIN() called at /home/sand/src/perl/repoperls/installed-perls/host/k93bionic/v5.35.11/ebf1/lib/5.35.11/Test2/API.pm line 51
	eval {...} called at /home/sand/src/perl/repoperls/installed-perls/host/k93bionic/v5.35.11/ebf1/lib/5.35.11/Test2/API.pm line 51
	require Test2/API.pm called at /home/sand/src/perl/repoperls/installed-perls/host/k93bionic/v5.35.11/ebf1/lib/5.35.11/Test/Builder.pm line 18
	Test::Builder::BEGIN() called at /home/sand/src/perl/repoperls/installed-perls/host/k93bionic/v5.35.11/ebf1/lib/5.35.11/Test/Builder.pm line 18
	eval {...} called at /home/sand/src/perl/repoperls/installed-perls/host/k93bionic/v5.35.11/ebf1/lib/5.35.11/Test/Builder.pm line 18
	require Test/Builder.pm called at /home/sand/src/perl/repoperls/installed-perls/host/k93bionic/v5.35.11/ebf1/lib/5.35.11/Test/Builder/Module.pm line 5
	Test::Builder::Module::BEGIN() called at /home/sand/src/perl/repoperls/installed-perls/host/k93bionic/v5.35.11/ebf1/lib/5.35.11/Test/Builder/Module.pm line 5
	eval {...} called at /home/sand/src/perl/repoperls/installed-perls/host/k93bionic/v5.35.11/ebf1/lib/5.35.11/Test/Builder/Module.pm line 5
	require Test/Builder/Module.pm called at /home/sand/src/perl/repoperls/installed-perls/host/k93bionic/v5.35.11/ebf1/lib/5.35.11/Test/More.pm line 22
	Test::More::BEGIN() called at /home/sand/src/perl/repoperls/installed-perls/host/k93bionic/v5.35.11/ebf1/lib/5.35.11/Test/More.pm line 22
	eval {...} called at /home/sand/src/perl/repoperls/installed-perls/host/k93bionic/v5.35.11/ebf1/lib/5.35.11/Test/More.pm line 22
	require Test/More.pm called at t/07-test7.t line 10
	main::BEGIN() called at t/07-test7.t line 10
	eval {...} called at t/07-test7.t line 10
"my" variable $ok masks earlier declaration in same scope at /home/sand/src/perl/repoperls/installed-perls/host/k93bionic/v5.35.11/ebf1/lib/5.35.11/Test/More.pm line 568.
	require Test/More.pm called at t/07-test7.t line 10
	main::BEGIN() called at t/07-test7.t line 10
	eval {...} called at t/07-test7.t line 10
unable to find cli-driver.yml in: ., etc, /etc at /tmp/loop_over_bdir-2038-Ow6481/CLI-Driver-0.77-0/blib/lib/CLI/Driver.pm line 379.
	CLI::Driver::_find_file(CLI::Driver=HASH(0x561654abe630)) called at /tmp/loop_over_bdir-2038-Ow6481/CLI-Driver-0.77-0/blib/lib/CLI/Driver.pm line 386
	CLI::Driver::_build_actions(CLI::Driver=HASH(0x561654abe630)) called at accessor CLI::Driver::actions (defined at /tmp/loop_over_bdir-2038-Ow6481/CLI-Driver-0.77-0/blib/lib/CLI/Driver.pm line 202) line 11
	__ANON__[accessor CLI::Driver::actions (defined at /tmp/loop_over_bdir-2038-Ow6481/CLI-Driver-0.77-0/blib/lib/CLI/Driver.pm line 202):23](CLI::Driver=HASH(0x561654abe630)) called at /tmp/loop_over_bdir-2038-Ow6481/CLI-Driver-0.77-0/blib/lib/CLI/Driver.pm line 239
	CLI::Driver::get_actions(CLI::Driver=HASH(0x561654abe630)) called at /tmp/loop_over_bdir-2038-Ow6481/CLI-Driver-0.77-0/blib/lib/CLI/Driver.pm line 228
	CLI::Driver::get_action(CLI::Driver=HASH(0x561654abe630), "name", "test7") called at t/07-test7.t line 35
t/07-test7.t ......... 
Dubious, test returned 2 (wstat 512, 0x200)
No subtests run 
"my" variable $count masks earlier declaration in same scope at /home/sand/src/perl/repoperls/installed-perls/host/k93bionic/v5.35.11/ebf1/lib/5.35.11/Test2/Hub.pm line 355.
	require Test2/Hub.pm called at /home/sand/src/perl/repoperls/installed-perls/host/k93bionic/v5.35.11/ebf1/lib/5.35.11/Test2/API/Stack.pm line 8
	Test2::API::Stack::BEGIN() called at /home/sand/src/perl/repoperls/installed-perls/host/k93bionic/v5.35.11/ebf1/lib/5.35.11/Test2/API/Stack.pm line 8
	eval {...} called at /home/sand/src/perl/repoperls/installed-perls/host/k93bionic/v5.35.11/ebf1/lib/5.35.11/Test2/API/Stack.pm line 8
	require Test2/API/Stack.pm called at /home/sand/src/perl/repoperls/installed-perls/host/k93bionic/v5.35.11/ebf1/lib/5.35.11/Test2/API/Instance.pm line 14
	Test2::API::Instance::BEGIN() called at /home/sand/src/perl/repoperls/installed-perls/host/k93bionic/v5.35.11/ebf1/lib/5.35.11/Test2/API/Instance.pm line 14
	eval {...} called at /home/sand/src/perl/repoperls/installed-perls/host/k93bionic/v5.35.11/ebf1/lib/5.35.11/Test2/API/Instance.pm line 14
	require Test2/API/Instance.pm called at /home/sand/src/perl/repoperls/installed-perls/host/k93bionic/v5.35.11/ebf1/lib/5.35.11/Test2/API.pm line 51
	Test2::API::BEGIN() called at /home/sand/src/perl/repoperls/installed-perls/host/k93bionic/v5.35.11/ebf1/lib/5.35.11/Test2/API.pm line 51
	eval {...} called at /home/sand/src/perl/repoperls/installed-perls/host/k93bionic/v5.35.11/ebf1/lib/5.35.11/Test2/API.pm line 51
	require Test2/API.pm called at /home/sand/src/perl/repoperls/installed-perls/host/k93bionic/v5.35.11/ebf1/lib/5.35.11/Test/Builder.pm line 18
	Test::Builder::BEGIN() called at /home/sand/src/perl/repoperls/installed-perls/host/k93bionic/v5.35.11/ebf1/lib/5.35.11/Test/Builder.pm line 18
	eval {...} called at /home/sand/src/perl/repoperls/installed-perls/host/k93bionic/v5.35.11/ebf1/lib/5.35.11/Test/Builder.pm line 18
	require Test/Builder.pm called at /home/sand/src/perl/repoperls/installed-perls/host/k93bionic/v5.35.11/ebf1/lib/5.35.11/Test/Builder/Module.pm line 5
	Test::Builder::Module::BEGIN() called at /home/sand/src/perl/repoperls/installed-perls/host/k93bionic/v5.35.11/ebf1/lib/5.35.11/Test/Builder/Module.pm line 5
	eval {...} called at /home/sand/src/perl/repoperls/installed-perls/host/k93bionic/v5.35.11/ebf1/lib/5.35.11/Test/Builder/Module.pm line 5
	require Test/Builder/Module.pm called at /home/sand/src/perl/repoperls/installed-perls/host/k93bionic/v5.35.11/ebf1/lib/5.35.11/Test/More.pm line 22
	Test::More::BEGIN() called at /home/sand/src/perl/repoperls/installed-perls/host/k93bionic/v5.35.11/ebf1/lib/5.35.11/Test/More.pm line 22
	eval {...} called at /home/sand/src/perl/repoperls/installed-perls/host/k93bionic/v5.35.11/ebf1/lib/5.35.11/Test/More.pm line 22
	require Test/More.pm called at t/08-test8.t line 10
	main::BEGIN() called at t/08-test8.t line 10
	eval {...} called at t/08-test8.t line 10
"my" variable $ok masks earlier declaration in same scope at /home/sand/src/perl/repoperls/installed-perls/host/k93bionic/v5.35.11/ebf1/lib/5.35.11/Test/More.pm line 568.
	require Test/More.pm called at t/08-test8.t line 10
	main::BEGIN() called at t/08-test8.t line 10
	eval {...} called at t/08-test8.t line 10
unable to find cli-driver.yml in: ., etc, /etc at /tmp/loop_over_bdir-2038-Ow6481/CLI-Driver-0.77-0/blib/lib/CLI/Driver.pm line 379.
	CLI::Driver::_find_file(CLI::Driver=HASH(0x55e4619ff630)) called at /tmp/loop_over_bdir-2038-Ow6481/CLI-Driver-0.77-0/blib/lib/CLI/Driver.pm line 386
	CLI::Driver::_build_actions(CLI::Driver=HASH(0x55e4619ff630)) called at accessor CLI::Driver::actions (defined at /tmp/loop_over_bdir-2038-Ow6481/CLI-Driver-0.77-0/blib/lib/CLI/Driver.pm line 202) line 11
	__ANON__[accessor CLI::Driver::actions (defined at /tmp/loop_over_bdir-2038-Ow6481/CLI-Driver-0.77-0/blib/lib/CLI/Driver.pm line 202):23](CLI::Driver=HASH(0x55e4619ff630)) called at /tmp/loop_over_bdir-2038-Ow6481/CLI-Driver-0.77-0/blib/lib/CLI/Driver.pm line 239
	CLI::Driver::get_actions(CLI::Driver=HASH(0x55e4619ff630)) called at /tmp/loop_over_bdir-2038-Ow6481/CLI-Driver-0.77-0/blib/lib/CLI/Driver.pm line 228
	CLI::Driver::get_action(CLI::Driver=HASH(0x55e4619ff630), "name", "test8") called at t/08-test8.t line 36
t/08-test8.t ......... 
Dubious, test returned 2 (wstat 512, 0x200)
No subtests run 
"my" variable $count masks earlier declaration in same scope at /home/sand/src/perl/repoperls/installed-perls/host/k93bionic/v5.35.11/ebf1/lib/5.35.11/Test2/Hub.pm line 355.
	require Test2/Hub.pm called at /home/sand/src/perl/repoperls/installed-perls/host/k93bionic/v5.35.11/ebf1/lib/5.35.11/Test2/API/Stack.pm line 8
	Test2::API::Stack::BEGIN() called at /home/sand/src/perl/repoperls/installed-perls/host/k93bionic/v5.35.11/ebf1/lib/5.35.11/Test2/API/Stack.pm line 8
	eval {...} called at /home/sand/src/perl/repoperls/installed-perls/host/k93bionic/v5.35.11/ebf1/lib/5.35.11/Test2/API/Stack.pm line 8
	require Test2/API/Stack.pm called at /home/sand/src/perl/repoperls/installed-perls/host/k93bionic/v5.35.11/ebf1/lib/5.35.11/Test2/API/Instance.pm line 14
	Test2::API::Instance::BEGIN() called at /home/sand/src/perl/repoperls/installed-perls/host/k93bionic/v5.35.11/ebf1/lib/5.35.11/Test2/API/Instance.pm line 14
	eval {...} called at /home/sand/src/perl/repoperls/installed-perls/host/k93bionic/v5.35.11/ebf1/lib/5.35.11/Test2/API/Instance.pm line 14
	require Test2/API/Instance.pm called at /home/sand/src/perl/repoperls/installed-perls/host/k93bionic/v5.35.11/ebf1/lib/5.35.11/Test2/API.pm line 51
	Test2::API::BEGIN() called at /home/sand/src/perl/repoperls/installed-perls/host/k93bionic/v5.35.11/ebf1/lib/5.35.11/Test2/API.pm line 51
	eval {...} called at /home/sand/src/perl/repoperls/installed-perls/host/k93bionic/v5.35.11/ebf1/lib/5.35.11/Test2/API.pm line 51
	require Test2/API.pm called at /home/sand/src/perl/repoperls/installed-perls/host/k93bionic/v5.35.11/ebf1/lib/5.35.11/Test/Builder.pm line 18
	Test::Builder::BEGIN() called at /home/sand/src/perl/repoperls/installed-perls/host/k93bionic/v5.35.11/ebf1/lib/5.35.11/Test/Builder.pm line 18
	eval {...} called at /home/sand/src/perl/repoperls/installed-perls/host/k93bionic/v5.35.11/ebf1/lib/5.35.11/Test/Builder.pm line 18
	require Test/Builder.pm called at /home/sand/src/perl/repoperls/installed-perls/host/k93bionic/v5.35.11/ebf1/lib/5.35.11/Test/Builder/Module.pm line 5
	Test::Builder::Module::BEGIN() called at /home/sand/src/perl/repoperls/installed-perls/host/k93bionic/v5.35.11/ebf1/lib/5.35.11/Test/Builder/Module.pm line 5
	eval {...} called at /home/sand/src/perl/repoperls/installed-perls/host/k93bionic/v5.35.11/ebf1/lib/5.35.11/Test/Builder/Module.pm line 5
	require Test/Builder/Module.pm called at /home/sand/src/perl/repoperls/installed-perls/host/k93bionic/v5.35.11/ebf1/lib/5.35.11/Test/More.pm line 22
	Test::More::BEGIN() called at /home/sand/src/perl/repoperls/installed-perls/host/k93bionic/v5.35.11/ebf1/lib/5.35.11/Test/More.pm line 22
	eval {...} called at /home/sand/src/perl/repoperls/installed-perls/host/k93bionic/v5.35.11/ebf1/lib/5.35.11/Test/More.pm line 22
	require Test/More.pm called at t/09-test9.t line 10
	main::BEGIN() called at t/09-test9.t line 10
	eval {...} called at t/09-test9.t line 10
"my" variable $ok masks earlier declaration in same scope at /home/sand/src/perl/repoperls/installed-perls/host/k93bionic/v5.35.11/ebf1/lib/5.35.11/Test/More.pm line 568.
	require Test/More.pm called at t/09-test9.t line 10
	main::BEGIN() called at t/09-test9.t line 10
	eval {...} called at t/09-test9.t line 10
unable to find cli-driver.yml in: ., etc, /etc at /tmp/loop_over_bdir-2038-Ow6481/CLI-Driver-0.77-0/blib/lib/CLI/Driver.pm line 379.
	CLI::Driver::_find_file(CLI::Driver=HASH(0x557d86e0c630)) called at /tmp/loop_over_bdir-2038-Ow6481/CLI-Driver-0.77-0/blib/lib/CLI/Driver.pm line 386
	CLI::Driver::_build_actions(CLI::Driver=HASH(0x557d86e0c630)) called at accessor CLI::Driver::actions (defined at /tmp/loop_over_bdir-2038-Ow6481/CLI-Driver-0.77-0/blib/lib/CLI/Driver.pm line 202) line 11
	__ANON__[accessor CLI::Driver::actions (defined at /tmp/loop_over_bdir-2038-Ow6481/CLI-Driver-0.77-0/blib/lib/CLI/Driver.pm line 202):23](CLI::Driver=HASH(0x557d86e0c630)) called at /tmp/loop_over_bdir-2038-Ow6481/CLI-Driver-0.77-0/blib/lib/CLI/Driver.pm line 239
	CLI::Driver::get_actions(CLI::Driver=HASH(0x557d86e0c630)) called at /tmp/loop_over_bdir-2038-Ow6481/CLI-Driver-0.77-0/blib/lib/CLI/Driver.pm line 228
	CLI::Driver::get_action(CLI::Driver=HASH(0x557d86e0c630), "name", "test9") called at t/09-test9.t line 36
t/09-test9.t ......... 
Dubious, test returned 2 (wstat 512, 0x200)
No subtests run 
"my" variable $count masks earlier declaration in same scope at /home/sand/src/perl/repoperls/installed-perls/host/k93bionic/v5.35.11/ebf1/lib/5.35.11/Test2/Hub.pm line 355.
	require Test2/Hub.pm called at /home/sand/src/perl/repoperls/installed-perls/host/k93bionic/v5.35.11/ebf1/lib/5.35.11/Test2/API/Stack.pm line 8
	Test2::API::Stack::BEGIN() called at /home/sand/src/perl/repoperls/installed-perls/host/k93bionic/v5.35.11/ebf1/lib/5.35.11/Test2/API/Stack.pm line 8
	eval {...} called at /home/sand/src/perl/repoperls/installed-perls/host/k93bionic/v5.35.11/ebf1/lib/5.35.11/Test2/API/Stack.pm line 8
	require Test2/API/Stack.pm called at /home/sand/src/perl/repoperls/installed-perls/host/k93bionic/v5.35.11/ebf1/lib/5.35.11/Test2/API/Instance.pm line 14
	Test2::API::Instance::BEGIN() called at /home/sand/src/perl/repoperls/installed-perls/host/k93bionic/v5.35.11/ebf1/lib/5.35.11/Test2/API/Instance.pm line 14
	eval {...} called at /home/sand/src/perl/repoperls/installed-perls/host/k93bionic/v5.35.11/ebf1/lib/5.35.11/Test2/API/Instance.pm line 14
	require Test2/API/Instance.pm called at /home/sand/src/perl/repoperls/installed-perls/host/k93bionic/v5.35.11/ebf1/lib/5.35.11/Test2/API.pm line 51
	Test2::API::BEGIN() called at /home/sand/src/perl/repoperls/installed-perls/host/k93bionic/v5.35.11/ebf1/lib/5.35.11/Test2/API.pm line 51
	eval {...} called at /home/sand/src/perl/repoperls/installed-perls/host/k93bionic/v5.35.11/ebf1/lib/5.35.11/Test2/API.pm line 51
	require Test2/API.pm called at /home/sand/src/perl/repoperls/installed-perls/host/k93bionic/v5.35.11/ebf1/lib/5.35.11/Test/Builder.pm line 18
	Test::Builder::BEGIN() called at /home/sand/src/perl/repoperls/installed-perls/host/k93bionic/v5.35.11/ebf1/lib/5.35.11/Test/Builder.pm line 18
	eval {...} called at /home/sand/src/perl/repoperls/installed-perls/host/k93bionic/v5.35.11/ebf1/lib/5.35.11/Test/Builder.pm line 18
	require Test/Builder.pm called at /home/sand/src/perl/repoperls/installed-perls/host/k93bionic/v5.35.11/ebf1/lib/5.35.11/Test/Builder/Module.pm line 5
	Test::Builder::Module::BEGIN() called at /home/sand/src/perl/repoperls/installed-perls/host/k93bionic/v5.35.11/ebf1/lib/5.35.11/Test/Builder/Module.pm line 5
	eval {...} called at /home/sand/src/perl/repoperls/installed-perls/host/k93bionic/v5.35.11/ebf1/lib/5.35.11/Test/Builder/Module.pm line 5
	require Test/Builder/Module.pm called at /home/sand/src/perl/repoperls/installed-perls/host/k93bionic/v5.35.11/ebf1/lib/5.35.11/Test/More.pm line 22
	Test::More::BEGIN() called at /home/sand/src/perl/repoperls/installed-perls/host/k93bionic/v5.35.11/ebf1/lib/5.35.11/Test/More.pm line 22
	eval {...} called at /home/sand/src/perl/repoperls/installed-perls/host/k93bionic/v5.35.11/ebf1/lib/5.35.11/Test/More.pm line 22
	require Test/More.pm called at t/10-test10.t line 10
	main::BEGIN() called at t/10-test10.t line 10
	eval {...} called at t/10-test10.t line 10
"my" variable $ok masks earlier declaration in same scope at /home/sand/src/perl/repoperls/installed-perls/host/k93bionic/v5.35.11/ebf1/lib/5.35.11/Test/More.pm line 568.
	require Test/More.pm called at t/10-test10.t line 10
	main::BEGIN() called at t/10-test10.t line 10
	eval {...} called at t/10-test10.t line 10
unable to find cli-driver.yml in: ., etc, /etc at /tmp/loop_over_bdir-2038-Ow6481/CLI-Driver-0.77-0/blib/lib/CLI/Driver.pm line 379.
	CLI::Driver::_find_file(CLI::Driver=HASH(0x55b750b09630)) called at /tmp/loop_over_bdir-2038-Ow6481/CLI-Driver-0.77-0/blib/lib/CLI/Driver.pm line 386
	CLI::Driver::_build_actions(CLI::Driver=HASH(0x55b750b09630)) called at accessor CLI::Driver::actions (defined at /tmp/loop_over_bdir-2038-Ow6481/CLI-Driver-0.77-0/blib/lib/CLI/Driver.pm line 202) line 11
	__ANON__[accessor CLI::Driver::actions (defined at /tmp/loop_over_bdir-2038-Ow6481/CLI-Driver-0.77-0/blib/lib/CLI/Driver.pm line 202):23](CLI::Driver=HASH(0x55b750b09630)) called at /tmp/loop_over_bdir-2038-Ow6481/CLI-Driver-0.77-0/blib/lib/CLI/Driver.pm line 239
	CLI::Driver::get_actions(CLI::Driver=HASH(0x55b750b09630)) called at /tmp/loop_over_bdir-2038-Ow6481/CLI-Driver-0.77-0/blib/lib/CLI/Driver.pm line 228
	CLI::Driver::get_action(CLI::Driver=HASH(0x55b750b09630), "name", "test10") called at t/10-test10.t line 36
t/10-test10.t ........ 
Dubious, test returned 2 (wstat 512, 0x200)
No subtests run 
"my" variable $count masks earlier declaration in same scope at /home/sand/src/perl/repoperls/installed-perls/host/k93bionic/v5.35.11/ebf1/lib/5.35.11/Test2/Hub.pm line 355.
	require Test2/Hub.pm called at /home/sand/src/perl/repoperls/installed-perls/host/k93bionic/v5.35.11/ebf1/lib/5.35.11/Test2/API/Stack.pm line 8
	Test2::API::Stack::BEGIN() called at /home/sand/src/perl/repoperls/installed-perls/host/k93bionic/v5.35.11/ebf1/lib/5.35.11/Test2/API/Stack.pm line 8
	eval {...} called at /home/sand/src/perl/repoperls/installed-perls/host/k93bionic/v5.35.11/ebf1/lib/5.35.11/Test2/API/Stack.pm line 8
	require Test2/API/Stack.pm called at /home/sand/src/perl/repoperls/installed-perls/host/k93bionic/v5.35.11/ebf1/lib/5.35.11/Test2/API/Instance.pm line 14
	Test2::API::Instance::BEGIN() called at /home/sand/src/perl/repoperls/installed-perls/host/k93bionic/v5.35.11/ebf1/lib/5.35.11/Test2/API/Instance.pm line 14
	eval {...} called at /home/sand/src/perl/repoperls/installed-perls/host/k93bionic/v5.35.11/ebf1/lib/5.35.11/Test2/API/Instance.pm line 14
	require Test2/API/Instance.pm called at /home/sand/src/perl/repoperls/installed-perls/host/k93bionic/v5.35.11/ebf1/lib/5.35.11/Test2/API.pm line 51
	Test2::API::BEGIN() called at /home/sand/src/perl/repoperls/installed-perls/host/k93bionic/v5.35.11/ebf1/lib/5.35.11/Test2/API.pm line 51
	eval {...} called at /home/sand/src/perl/repoperls/installed-perls/host/k93bionic/v5.35.11/ebf1/lib/5.35.11/Test2/API.pm line 51
	require Test2/API.pm called at /home/sand/src/perl/repoperls/installed-perls/host/k93bionic/v5.35.11/ebf1/lib/5.35.11/Test/Builder.pm line 18
	Test::Builder::BEGIN() called at /home/sand/src/perl/repoperls/installed-perls/host/k93bionic/v5.35.11/ebf1/lib/5.35.11/Test/Builder.pm line 18
	eval {...} called at /home/sand/src/perl/repoperls/installed-perls/host/k93bionic/v5.35.11/ebf1/lib/5.35.11/Test/Builder.pm line 18
	require Test/Builder.pm called at /home/sand/src/perl/repoperls/installed-perls/host/k93bionic/v5.35.11/ebf1/lib/5.35.11/Test/Builder/Module.pm line 5
	Test::Builder::Module::BEGIN() called at /home/sand/src/perl/repoperls/installed-perls/host/k93bionic/v5.35.11/ebf1/lib/5.35.11/Test/Builder/Module.pm line 5
	eval {...} called at /home/sand/src/perl/repoperls/installed-perls/host/k93bionic/v5.35.11/ebf1/lib/5.35.11/Test/Builder/Module.pm line 5
	require Test/Builder/Module.pm called at /home/sand/src/perl/repoperls/installed-perls/host/k93bionic/v5.35.11/ebf1/lib/5.35.11/Test/More.pm line 22
	Test::More::BEGIN() called at /home/sand/src/perl/repoperls/installed-perls/host/k93bionic/v5.35.11/ebf1/lib/5.35.11/Test/More.pm line 22
	eval {...} called at /home/sand/src/perl/repoperls/installed-perls/host/k93bionic/v5.35.11/ebf1/lib/5.35.11/Test/More.pm line 22
	require Test/More.pm called at t/11-test11.t line 10
	main::BEGIN() called at t/11-test11.t line 10
	eval {...} called at t/11-test11.t line 10
"my" variable $ok masks earlier declaration in same scope at /home/sand/src/perl/repoperls/installed-perls/host/k93bionic/v5.35.11/ebf1/lib/5.35.11/Test/More.pm line 568.
	require Test/More.pm called at t/11-test11.t line 10
	main::BEGIN() called at t/11-test11.t line 10
	eval {...} called at t/11-test11.t line 10
unable to find cli-driver.yml in: ., etc, /etc at /tmp/loop_over_bdir-2038-Ow6481/CLI-Driver-0.77-0/blib/lib/CLI/Driver.pm line 379.
	CLI::Driver::_find_file(CLI::Driver=HASH(0x56476dbc8630)) called at /tmp/loop_over_bdir-2038-Ow6481/CLI-Driver-0.77-0/blib/lib/CLI/Driver.pm line 386
	CLI::Driver::_build_actions(CLI::Driver=HASH(0x56476dbc8630)) called at accessor CLI::Driver::actions (defined at /tmp/loop_over_bdir-2038-Ow6481/CLI-Driver-0.77-0/blib/lib/CLI/Driver.pm line 202) line 11
	__ANON__[accessor CLI::Driver::actions (defined at /tmp/loop_over_bdir-2038-Ow6481/CLI-Driver-0.77-0/blib/lib/CLI/Driver.pm line 202):23](CLI::Driver=HASH(0x56476dbc8630)) called at /tmp/loop_over_bdir-2038-Ow6481/CLI-Driver-0.77-0/blib/lib/CLI/Driver.pm line 239
	CLI::Driver::get_actions(CLI::Driver=HASH(0x56476dbc8630)) called at /tmp/loop_over_bdir-2038-Ow6481/CLI-Driver-0.77-0/blib/lib/CLI/Driver.pm line 228
	CLI::Driver::get_action(CLI::Driver=HASH(0x56476dbc8630), "name", "test11") called at t/11-test11.t line 55
t/11-test11.t ........ 
Dubious, test returned 2 (wstat 512, 0x200)
No subtests run 
"my" variable $count masks earlier declaration in same scope at /home/sand/src/perl/repoperls/installed-perls/host/k93bionic/v5.35.11/ebf1/lib/5.35.11/Test2/Hub.pm line 355.
	require Test2/Hub.pm called at /home/sand/src/perl/repoperls/installed-perls/host/k93bionic/v5.35.11/ebf1/lib/5.35.11/Test2/API/Stack.pm line 8
	Test2::API::Stack::BEGIN() called at /home/sand/src/perl/repoperls/installed-perls/host/k93bionic/v5.35.11/ebf1/lib/5.35.11/Test2/API/Stack.pm line 8
	eval {...} called at /home/sand/src/perl/repoperls/installed-perls/host/k93bionic/v5.35.11/ebf1/lib/5.35.11/Test2/API/Stack.pm line 8
	require Test2/API/Stack.pm called at /home/sand/src/perl/repoperls/installed-perls/host/k93bionic/v5.35.11/ebf1/lib/5.35.11/Test2/API/Instance.pm line 14
	Test2::API::Instance::BEGIN() called at /home/sand/src/perl/repoperls/installed-perls/host/k93bionic/v5.35.11/ebf1/lib/5.35.11/Test2/API/Instance.pm line 14
	eval {...} called at /home/sand/src/perl/repoperls/installed-perls/host/k93bionic/v5.35.11/ebf1/lib/5.35.11/Test2/API/Instance.pm line 14
	require Test2/API/Instance.pm called at /home/sand/src/perl/repoperls/installed-perls/host/k93bionic/v5.35.11/ebf1/lib/5.35.11/Test2/API.pm line 51
	Test2::API::BEGIN() called at /home/sand/src/perl/repoperls/installed-perls/host/k93bionic/v5.35.11/ebf1/lib/5.35.11/Test2/API.pm line 51
	eval {...} called at /home/sand/src/perl/repoperls/installed-perls/host/k93bionic/v5.35.11/ebf1/lib/5.35.11/Test2/API.pm line 51
	require Test2/API.pm called at /home/sand/src/perl/repoperls/installed-perls/host/k93bionic/v5.35.11/ebf1/lib/5.35.11/Test/Builder.pm line 18
	Test::Builder::BEGIN() called at /home/sand/src/perl/repoperls/installed-perls/host/k93bionic/v5.35.11/ebf1/lib/5.35.11/Test/Builder.pm line 18
	eval {...} called at /home/sand/src/perl/repoperls/installed-perls/host/k93bionic/v5.35.11/ebf1/lib/5.35.11/Test/Builder.pm line 18
	require Test/Builder.pm called at /home/sand/src/perl/repoperls/installed-perls/host/k93bionic/v5.35.11/ebf1/lib/5.35.11/Test/Builder/Module.pm line 5
	Test::Builder::Module::BEGIN() called at /home/sand/src/perl/repoperls/installed-perls/host/k93bionic/v5.35.11/ebf1/lib/5.35.11/Test/Builder/Module.pm line 5
	eval {...} called at /home/sand/src/perl/repoperls/installed-perls/host/k93bionic/v5.35.11/ebf1/lib/5.35.11/Test/Builder/Module.pm line 5
	require Test/Builder/Module.pm called at /home/sand/src/perl/repoperls/installed-perls/host/k93bionic/v5.35.11/ebf1/lib/5.35.11/Test/More.pm line 22
	Test::More::BEGIN() called at /home/sand/src/perl/repoperls/installed-perls/host/k93bionic/v5.35.11/ebf1/lib/5.35.11/Test/More.pm line 22
	eval {...} called at /home/sand/src/perl/repoperls/installed-perls/host/k93bionic/v5.35.11/ebf1/lib/5.35.11/Test/More.pm line 22
	require Test/More.pm called at t/11-use-argv-map.t line 10
	main::BEGIN() called at t/11-use-argv-map.t line 10
	eval {...} called at t/11-use-argv-map.t line 10
"my" variable $ok masks earlier declaration in same scope at /home/sand/src/perl/repoperls/installed-perls/host/k93bionic/v5.35.11/ebf1/lib/5.35.11/Test/More.pm line 568.
	require Test/More.pm called at t/11-use-argv-map.t line 10
	main::BEGIN() called at t/11-use-argv-map.t line 10
	eval {...} called at t/11-use-argv-map.t line 10
unable to find cli-driver.yml in: ., etc, /etc at /tmp/loop_over_bdir-2038-Ow6481/CLI-Driver-0.77-0/blib/lib/CLI/Driver.pm line 379.
	CLI::Driver::_find_file(CLI::Driver=HASH(0x5562babcfed8)) called at /tmp/loop_over_bdir-2038-Ow6481/CLI-Driver-0.77-0/blib/lib/CLI/Driver.pm line 386
	CLI::Driver::_build_actions(CLI::Driver=HASH(0x5562babcfed8)) called at accessor CLI::Driver::actions (defined at /tmp/loop_over_bdir-2038-Ow6481/CLI-Driver-0.77-0/blib/lib/CLI/Driver.pm line 202) line 11
	__ANON__[accessor CLI::Driver::actions (defined at /tmp/loop_over_bdir-2038-Ow6481/CLI-Driver-0.77-0/blib/lib/CLI/Driver.pm line 202):23](CLI::Driver=HASH(0x5562babcfed8)) called at /tmp/loop_over_bdir-2038-Ow6481/CLI-Driver-0.77-0/blib/lib/CLI/Driver.pm line 239
	CLI::Driver::get_actions(CLI::Driver=HASH(0x5562babcfed8)) called at /tmp/loop_over_bdir-2038-Ow6481/CLI-Driver-0.77-0/blib/lib/CLI/Driver.pm line 228
	CLI::Driver::get_action(CLI::Driver=HASH(0x5562babcfed8), "name", "test11") called at t/11-use-argv-map.t line 68
t/11-use-argv-map.t .. 
Dubious, test returned 2 (wstat 512, 0x200)
No subtests run 
"my" variable $count masks earlier declaration in same scope at /home/sand/src/perl/repoperls/installed-perls/host/k93bionic/v5.35.11/ebf1/lib/5.35.11/Test2/Hub.pm line 355.
	require Test2/Hub.pm called at /home/sand/src/perl/repoperls/installed-perls/host/k93bionic/v5.35.11/ebf1/lib/5.35.11/Test2/API/Stack.pm line 8
	Test2::API::Stack::BEGIN() called at /home/sand/src/perl/repoperls/installed-perls/host/k93bionic/v5.35.11/ebf1/lib/5.35.11/Test2/API/Stack.pm line 8
	eval {...} called at /home/sand/src/perl/repoperls/installed-perls/host/k93bionic/v5.35.11/ebf1/lib/5.35.11/Test2/API/Stack.pm line 8
	require Test2/API/Stack.pm called at /home/sand/src/perl/repoperls/installed-perls/host/k93bionic/v5.35.11/ebf1/lib/5.35.11/Test2/API/Instance.pm line 14
	Test2::API::Instance::BEGIN() called at /home/sand/src/perl/repoperls/installed-perls/host/k93bionic/v5.35.11/ebf1/lib/5.35.11/Test2/API/Instance.pm line 14
	eval {...} called at /home/sand/src/perl/repoperls/installed-perls/host/k93bionic/v5.35.11/ebf1/lib/5.35.11/Test2/API/Instance.pm line 14
	require Test2/API/Instance.pm called at /home/sand/src/perl/repoperls/installed-perls/host/k93bionic/v5.35.11/ebf1/lib/5.35.11/Test2/API.pm line 51
	Test2::API::BEGIN() called at /home/sand/src/perl/repoperls/installed-perls/host/k93bionic/v5.35.11/ebf1/lib/5.35.11/Test2/API.pm line 51
	eval {...} called at /home/sand/src/perl/repoperls/installed-perls/host/k93bionic/v5.35.11/ebf1/lib/5.35.11/Test2/API.pm line 51
	require Test2/API.pm called at /home/sand/src/perl/repoperls/installed-perls/host/k93bionic/v5.35.11/ebf1/lib/5.35.11/Test/Builder.pm line 18
	Test::Builder::BEGIN() called at /home/sand/src/perl/repoperls/installed-perls/host/k93bionic/v5.35.11/ebf1/lib/5.35.11/Test/Builder.pm line 18
	eval {...} called at /home/sand/src/perl/repoperls/installed-perls/host/k93bionic/v5.35.11/ebf1/lib/5.35.11/Test/Builder.pm line 18
	require Test/Builder.pm called at /home/sand/src/perl/repoperls/installed-perls/host/k93bionic/v5.35.11/ebf1/lib/5.35.11/Test/Builder/Module.pm line 5
	Test::Builder::Module::BEGIN() called at /home/sand/src/perl/repoperls/installed-perls/host/k93bionic/v5.35.11/ebf1/lib/5.35.11/Test/Builder/Module.pm line 5
	eval {...} called at /home/sand/src/perl/repoperls/installed-perls/host/k93bionic/v5.35.11/ebf1/lib/5.35.11/Test/Builder/Module.pm line 5
	require Test/Builder/Module.pm called at /home/sand/src/perl/repoperls/installed-perls/host/k93bionic/v5.35.11/ebf1/lib/5.35.11/Test/More.pm line 22
	Test::More::BEGIN() called at /home/sand/src/perl/repoperls/installed-perls/host/k93bionic/v5.35.11/ebf1/lib/5.35.11/Test/More.pm line 22
	eval {...} called at /home/sand/src/perl/repoperls/installed-perls/host/k93bionic/v5.35.11/ebf1/lib/5.35.11/Test/More.pm line 22
	require Test/More.pm called at t/12-test12.t line 10
	main::BEGIN() called at t/12-test12.t line 10
	eval {...} called at t/12-test12.t line 10
"my" variable $ok masks earlier declaration in same scope at /home/sand/src/perl/repoperls/installed-perls/host/k93bionic/v5.35.11/ebf1/lib/5.35.11/Test/More.pm line 568.
	require Test/More.pm called at t/12-test12.t line 10
	main::BEGIN() called at t/12-test12.t line 10
	eval {...} called at t/12-test12.t line 10
unable to find cli-driver.yml in: ., etc, /etc at /tmp/loop_over_bdir-2038-Ow6481/CLI-Driver-0.77-0/blib/lib/CLI/Driver.pm line 379.
	CLI::Driver::_find_file(CLI::Driver=HASH(0x55d1ee9a9630)) called at /tmp/loop_over_bdir-2038-Ow6481/CLI-Driver-0.77-0/blib/lib/CLI/Driver.pm line 386
	CLI::Driver::_build_actions(CLI::Driver=HASH(0x55d1ee9a9630)) called at accessor CLI::Driver::actions (defined at /tmp/loop_over_bdir-2038-Ow6481/CLI-Driver-0.77-0/blib/lib/CLI/Driver.pm line 202) line 11
	__ANON__[accessor CLI::Driver::actions (defined at /tmp/loop_over_bdir-2038-Ow6481/CLI-Driver-0.77-0/blib/lib/CLI/Driver.pm line 202):23](CLI::Driver=HASH(0x55d1ee9a9630)) called at /tmp/loop_over_bdir-2038-Ow6481/CLI-Driver-0.77-0/blib/lib/CLI/Driver.pm line 239
	CLI::Driver::get_actions(CLI::Driver=HASH(0x55d1ee9a9630)) called at /tmp/loop_over_bdir-2038-Ow6481/CLI-Driver-0.77-0/blib/lib/CLI/Driver.pm line 228
	CLI::Driver::get_action(CLI::Driver=HASH(0x55d1ee9a9630), "name", "test12") called at t/12-test12.t line 55
t/12-test12.t ........ 
Dubious, test returned 2 (wstat 512, 0x200)
No subtests run 
"my" variable $count masks earlier declaration in same scope at /home/sand/src/perl/repoperls/installed-perls/host/k93bionic/v5.35.11/ebf1/lib/5.35.11/Test2/Hub.pm line 355.
	require Test2/Hub.pm called at /home/sand/src/perl/repoperls/installed-perls/host/k93bionic/v5.35.11/ebf1/lib/5.35.11/Test2/API/Stack.pm line 8
	Test2::API::Stack::BEGIN() called at /home/sand/src/perl/repoperls/installed-perls/host/k93bionic/v5.35.11/ebf1/lib/5.35.11/Test2/API/Stack.pm line 8
	eval {...} called at /home/sand/src/perl/repoperls/installed-perls/host/k93bionic/v5.35.11/ebf1/lib/5.35.11/Test2/API/Stack.pm line 8
	require Test2/API/Stack.pm called at /home/sand/src/perl/repoperls/installed-perls/host/k93bionic/v5.35.11/ebf1/lib/5.35.11/Test2/API/Instance.pm line 14
	Test2::API::Instance::BEGIN() called at /home/sand/src/perl/repoperls/installed-perls/host/k93bionic/v5.35.11/ebf1/lib/5.35.11/Test2/API/Instance.pm line 14
	eval {...} called at /home/sand/src/perl/repoperls/installed-perls/host/k93bionic/v5.35.11/ebf1/lib/5.35.11/Test2/API/Instance.pm line 14
	require Test2/API/Instance.pm called at /home/sand/src/perl/repoperls/installed-perls/host/k93bionic/v5.35.11/ebf1/lib/5.35.11/Test2/API.pm line 51
	Test2::API::BEGIN() called at /home/sand/src/perl/repoperls/installed-perls/host/k93bionic/v5.35.11/ebf1/lib/5.35.11/Test2/API.pm line 51
	eval {...} called at /home/sand/src/perl/repoperls/installed-perls/host/k93bionic/v5.35.11/ebf1/lib/5.35.11/Test2/API.pm line 51
	require Test2/API.pm called at /home/sand/src/perl/repoperls/installed-perls/host/k93bionic/v5.35.11/ebf1/lib/5.35.11/Test/Builder.pm line 18
	Test::Builder::BEGIN() called at /home/sand/src/perl/repoperls/installed-perls/host/k93bionic/v5.35.11/ebf1/lib/5.35.11/Test/Builder.pm line 18
	eval {...} called at /home/sand/src/perl/repoperls/installed-perls/host/k93bionic/v5.35.11/ebf1/lib/5.35.11/Test/Builder.pm line 18
	require Test/Builder.pm called at /home/sand/src/perl/repoperls/installed-perls/host/k93bionic/v5.35.11/ebf1/lib/5.35.11/Test/Builder/Module.pm line 5
	Test::Builder::Module::BEGIN() called at /home/sand/src/perl/repoperls/installed-perls/host/k93bionic/v5.35.11/ebf1/lib/5.35.11/Test/Builder/Module.pm line 5
	eval {...} called at /home/sand/src/perl/repoperls/installed-perls/host/k93bionic/v5.35.11/ebf1/lib/5.35.11/Test/Builder/Module.pm line 5
	require Test/Builder/Module.pm called at /home/sand/src/perl/repoperls/installed-perls/host/k93bionic/v5.35.11/ebf1/lib/5.35.11/Test/More.pm line 22
	Test::More::BEGIN() called at /home/sand/src/perl/repoperls/installed-perls/host/k93bionic/v5.35.11/ebf1/lib/5.35.11/Test/More.pm line 22
	eval {...} called at /home/sand/src/perl/repoperls/installed-perls/host/k93bionic/v5.35.11/ebf1/lib/5.35.11/Test/More.pm line 22
	require Test/More.pm called at t/13-test13.t line 10
	main::BEGIN() called at t/13-test13.t line 10
	eval {...} called at t/13-test13.t line 10
"my" variable $ok masks earlier declaration in same scope at /home/sand/src/perl/repoperls/installed-perls/host/k93bionic/v5.35.11/ebf1/lib/5.35.11/Test/More.pm line 568.
	require Test/More.pm called at t/13-test13.t line 10
	main::BEGIN() called at t/13-test13.t line 10
	eval {...} called at t/13-test13.t line 10
unable to find cli-driver.yml in: ., etc, /etc at /tmp/loop_over_bdir-2038-Ow6481/CLI-Driver-0.77-0/blib/lib/CLI/Driver.pm line 379.
	CLI::Driver::_find_file(CLI::Driver=HASH(0x561c72c56630)) called at /tmp/loop_over_bdir-2038-Ow6481/CLI-Driver-0.77-0/blib/lib/CLI/Driver.pm line 386
	CLI::Driver::_build_actions(CLI::Driver=HASH(0x561c72c56630)) called at accessor CLI::Driver::actions (defined at /tmp/loop_over_bdir-2038-Ow6481/CLI-Driver-0.77-0/blib/lib/CLI/Driver.pm line 202) line 11
	__ANON__[accessor CLI::Driver::actions (defined at /tmp/loop_over_bdir-2038-Ow6481/CLI-Driver-0.77-0/blib/lib/CLI/Driver.pm line 202):23](CLI::Driver=HASH(0x561c72c56630)) called at /tmp/loop_over_bdir-2038-Ow6481/CLI-Driver-0.77-0/blib/lib/CLI/Driver.pm line 239
	CLI::Driver::get_actions(CLI::Driver=HASH(0x561c72c56630)) called at /tmp/loop_over_bdir-2038-Ow6481/CLI-Driver-0.77-0/blib/lib/CLI/Driver.pm line 228
	CLI::Driver::get_action(CLI::Driver=HASH(0x561c72c56630), "name", "test13") called at t/13-test13.t line 61
t/13-test13.t ........ 
Dubious, test returned 2 (wstat 512, 0x200)
No subtests run 
"my" variable $count masks earlier declaration in same scope at /home/sand/src/perl/repoperls/installed-perls/host/k93bionic/v5.35.11/ebf1/lib/5.35.11/Test2/Hub.pm line 355.
	require Test2/Hub.pm called at /home/sand/src/perl/repoperls/installed-perls/host/k93bionic/v5.35.11/ebf1/lib/5.35.11/Test2/API/Stack.pm line 8
	Test2::API::Stack::BEGIN() called at /home/sand/src/perl/repoperls/installed-perls/host/k93bionic/v5.35.11/ebf1/lib/5.35.11/Test2/API/Stack.pm line 8
	eval {...} called at /home/sand/src/perl/repoperls/installed-perls/host/k93bionic/v5.35.11/ebf1/lib/5.35.11/Test2/API/Stack.pm line 8
	require Test2/API/Stack.pm called at /home/sand/src/perl/repoperls/installed-perls/host/k93bionic/v5.35.11/ebf1/lib/5.35.11/Test2/API/Instance.pm line 14
	Test2::API::Instance::BEGIN() called at /home/sand/src/perl/repoperls/installed-perls/host/k93bionic/v5.35.11/ebf1/lib/5.35.11/Test2/API/Instance.pm line 14
	eval {...} called at /home/sand/src/perl/repoperls/installed-perls/host/k93bionic/v5.35.11/ebf1/lib/5.35.11/Test2/API/Instance.pm line 14
	require Test2/API/Instance.pm called at /home/sand/src/perl/repoperls/installed-perls/host/k93bionic/v5.35.11/ebf1/lib/5.35.11/Test2/API.pm line 51
	Test2::API::BEGIN() called at /home/sand/src/perl/repoperls/installed-perls/host/k93bionic/v5.35.11/ebf1/lib/5.35.11/Test2/API.pm line 51
	eval {...} called at /home/sand/src/perl/repoperls/installed-perls/host/k93bionic/v5.35.11/ebf1/lib/5.35.11/Test2/API.pm line 51
	require Test2/API.pm called at /home/sand/src/perl/repoperls/installed-perls/host/k93bionic/v5.35.11/ebf1/lib/5.35.11/Test/Builder.pm line 18
	Test::Builder::BEGIN() called at /home/sand/src/perl/repoperls/installed-perls/host/k93bionic/v5.35.11/ebf1/lib/5.35.11/Test/Builder.pm line 18
	eval {...} called at /home/sand/src/perl/repoperls/installed-perls/host/k93bionic/v5.35.11/ebf1/lib/5.35.11/Test/Builder.pm line 18
	require Test/Builder.pm called at /home/sand/src/perl/repoperls/installed-perls/host/k93bionic/v5.35.11/ebf1/lib/5.35.11/Test/Builder/Module.pm line 5
	Test::Builder::Module::BEGIN() called at /home/sand/src/perl/repoperls/installed-perls/host/k93bionic/v5.35.11/ebf1/lib/5.35.11/Test/Builder/Module.pm line 5
	eval {...} called at /home/sand/src/perl/repoperls/installed-perls/host/k93bionic/v5.35.11/ebf1/lib/5.35.11/Test/Builder/Module.pm line 5
	require Test/Builder/Module.pm called at /home/sand/src/perl/repoperls/installed-perls/host/k93bionic/v5.35.11/ebf1/lib/5.35.11/Test/More.pm line 22
	Test::More::BEGIN() called at /home/sand/src/perl/repoperls/installed-perls/host/k93bionic/v5.35.11/ebf1/lib/5.35.11/Test/More.pm line 22
	eval {...} called at /home/sand/src/perl/repoperls/installed-perls/host/k93bionic/v5.35.11/ebf1/lib/5.35.11/Test/More.pm line 22
	require Test/More.pm called at t/14-test14.t line 10
	main::BEGIN() called at t/14-test14.t line 10
	eval {...} called at t/14-test14.t line 10
"my" variable $ok masks earlier declaration in same scope at /home/sand/src/perl/repoperls/installed-perls/host/k93bionic/v5.35.11/ebf1/lib/5.35.11/Test/More.pm line 568.
	require Test/More.pm called at t/14-test14.t line 10
	main::BEGIN() called at t/14-test14.t line 10
	eval {...} called at t/14-test14.t line 10
unable to find cli-driver.yml in: ., etc, /etc at /tmp/loop_over_bdir-2038-Ow6481/CLI-Driver-0.77-0/blib/lib/CLI/Driver.pm line 379.
	CLI::Driver::_find_file(CLI::Driver=HASH(0x562fc9a50630)) called at /tmp/loop_over_bdir-2038-Ow6481/CLI-Driver-0.77-0/blib/lib/CLI/Driver.pm line 386
	CLI::Driver::_build_actions(CLI::Driver=HASH(0x562fc9a50630)) called at accessor CLI::Driver::actions (defined at /tmp/loop_over_bdir-2038-Ow6481/CLI-Driver-0.77-0/blib/lib/CLI/Driver.pm line 202) line 11
	__ANON__[accessor CLI::Driver::actions (defined at /tmp/loop_over_bdir-2038-Ow6481/CLI-Driver-0.77-0/blib/lib/CLI/Driver.pm line 202):23](CLI::Driver=HASH(0x562fc9a50630)) called at /tmp/loop_over_bdir-2038-Ow6481/CLI-Driver-0.77-0/blib/lib/CLI/Driver.pm line 239
	CLI::Driver::get_actions(CLI::Driver=HASH(0x562fc9a50630)) called at /tmp/loop_over_bdir-2038-Ow6481/CLI-Driver-0.77-0/blib/lib/CLI/Driver.pm line 228
	CLI::Driver::get_action(CLI::Driver=HASH(0x562fc9a50630), "name", "test14") called at t/14-test14.t line 73
t/14-test14.t ........ 
Dubious, test returned 2 (wstat 512, 0x200)
No subtests run 
"my" variable $count masks earlier declaration in same scope at /home/sand/src/perl/repoperls/installed-perls/host/k93bionic/v5.35.11/ebf1/lib/5.35.11/Test2/Hub.pm line 355.
	require Test2/Hub.pm called at /home/sand/src/perl/repoperls/installed-perls/host/k93bionic/v5.35.11/ebf1/lib/5.35.11/Test2/API/Stack.pm line 8
	Test2::API::Stack::BEGIN() called at /home/sand/src/perl/repoperls/installed-perls/host/k93bionic/v5.35.11/ebf1/lib/5.35.11/Test2/API/Stack.pm line 8
	eval {...} called at /home/sand/src/perl/repoperls/installed-perls/host/k93bionic/v5.35.11/ebf1/lib/5.35.11/Test2/API/Stack.pm line 8
	require Test2/API/Stack.pm called at /home/sand/src/perl/repoperls/installed-perls/host/k93bionic/v5.35.11/ebf1/lib/5.35.11/Test2/API/Instance.pm line 14
	Test2::API::Instance::BEGIN() called at /home/sand/src/perl/repoperls/installed-perls/host/k93bionic/v5.35.11/ebf1/lib/5.35.11/Test2/API/Instance.pm line 14
	eval {...} called at /home/sand/src/perl/repoperls/installed-perls/host/k93bionic/v5.35.11/ebf1/lib/5.35.11/Test2/API/Instance.pm line 14
	require Test2/API/Instance.pm called at /home/sand/src/perl/repoperls/installed-perls/host/k93bionic/v5.35.11/ebf1/lib/5.35.11/Test2/API.pm line 51
	Test2::API::BEGIN() called at /home/sand/src/perl/repoperls/installed-perls/host/k93bionic/v5.35.11/ebf1/lib/5.35.11/Test2/API.pm line 51
	eval {...} called at /home/sand/src/perl/repoperls/installed-perls/host/k93bionic/v5.35.11/ebf1/lib/5.35.11/Test2/API.pm line 51
	require Test2/API.pm called at /home/sand/src/perl/repoperls/installed-perls/host/k93bionic/v5.35.11/ebf1/lib/5.35.11/Test/Builder.pm line 18
	Test::Builder::BEGIN() called at /home/sand/src/perl/repoperls/installed-perls/host/k93bionic/v5.35.11/ebf1/lib/5.35.11/Test/Builder.pm line 18
	eval {...} called at /home/sand/src/perl/repoperls/installed-perls/host/k93bionic/v5.35.11/ebf1/lib/5.35.11/Test/Builder.pm line 18
	require Test/Builder.pm called at /home/sand/src/perl/repoperls/installed-perls/host/k93bionic/v5.35.11/ebf1/lib/5.35.11/Test/Builder/Module.pm line 5
	Test::Builder::Module::BEGIN() called at /home/sand/src/perl/repoperls/installed-perls/host/k93bionic/v5.35.11/ebf1/lib/5.35.11/Test/Builder/Module.pm line 5
	eval {...} called at /home/sand/src/perl/repoperls/installed-perls/host/k93bionic/v5.35.11/ebf1/lib/5.35.11/Test/Builder/Module.pm line 5
	require Test/Builder/Module.pm called at /home/sand/src/perl/repoperls/installed-perls/host/k93bionic/v5.35.11/ebf1/lib/5.35.11/Test/More.pm line 22
	Test::More::BEGIN() called at /home/sand/src/perl/repoperls/installed-perls/host/k93bionic/v5.35.11/ebf1/lib/5.35.11/Test/More.pm line 22
	eval {...} called at /home/sand/src/perl/repoperls/installed-perls/host/k93bionic/v5.35.11/ebf1/lib/5.35.11/Test/More.pm line 22
	require Test/More.pm called at t/15-test15.t line 10
	main::BEGIN() called at t/15-test15.t line 10
	eval {...} called at t/15-test15.t line 10
"my" variable $ok masks earlier declaration in same scope at /home/sand/src/perl/repoperls/installed-perls/host/k93bionic/v5.35.11/ebf1/lib/5.35.11/Test/More.pm line 568.
	require Test/More.pm called at t/15-test15.t line 10
	main::BEGIN() called at t/15-test15.t line 10
	eval {...} called at t/15-test15.t line 10
unable to find cli-driver.yml in: ., etc, /etc at /tmp/loop_over_bdir-2038-Ow6481/CLI-Driver-0.77-0/blib/lib/CLI/Driver.pm line 379.
	CLI::Driver::_find_file(CLI::Driver=HASH(0x557f81340630)) called at /tmp/loop_over_bdir-2038-Ow6481/CLI-Driver-0.77-0/blib/lib/CLI/Driver.pm line 386
	CLI::Driver::_build_actions(CLI::Driver=HASH(0x557f81340630)) called at accessor CLI::Driver::actions (defined at /tmp/loop_over_bdir-2038-Ow6481/CLI-Driver-0.77-0/blib/lib/CLI/Driver.pm line 202) line 11
	__ANON__[accessor CLI::Driver::actions (defined at /tmp/loop_over_bdir-2038-Ow6481/CLI-Driver-0.77-0/blib/lib/CLI/Driver.pm line 202):23](CLI::Driver=HASH(0x557f81340630)) called at /tmp/loop_over_bdir-2038-Ow6481/CLI-Driver-0.77-0/blib/lib/CLI/Driver.pm line 239
	CLI::Driver::get_actions(CLI::Driver=HASH(0x557f81340630)) called at /tmp/loop_over_bdir-2038-Ow6481/CLI-Driver-0.77-0/blib/lib/CLI/Driver.pm line 228
	CLI::Driver::get_action(CLI::Driver=HASH(0x557f81340630), "name", "test15") called at t/15-test15.t line 34
t/15-test15.t ........ 
Dubious, test returned 2 (wstat 512, 0x200)
No subtests run 
"my" variable $count masks earlier declaration in same scope at /home/sand/src/perl/repoperls/installed-perls/host/k93bionic/v5.35.11/ebf1/lib/5.35.11/Test2/Hub.pm line 355.
	require Test2/Hub.pm called at /home/sand/src/perl/repoperls/installed-perls/host/k93bionic/v5.35.11/ebf1/lib/5.35.11/Test2/API/Stack.pm line 8
	Test2::API::Stack::BEGIN() called at /home/sand/src/perl/repoperls/installed-perls/host/k93bionic/v5.35.11/ebf1/lib/5.35.11/Test2/API/Stack.pm line 8
	eval {...} called at /home/sand/src/perl/repoperls/installed-perls/host/k93bionic/v5.35.11/ebf1/lib/5.35.11/Test2/API/Stack.pm line 8
	require Test2/API/Stack.pm called at /home/sand/src/perl/repoperls/installed-perls/host/k93bionic/v5.35.11/ebf1/lib/5.35.11/Test2/API/Instance.pm line 14
	Test2::API::Instance::BEGIN() called at /home/sand/src/perl/repoperls/installed-perls/host/k93bionic/v5.35.11/ebf1/lib/5.35.11/Test2/API/Instance.pm line 14
	eval {...} called at /home/sand/src/perl/repoperls/installed-perls/host/k93bionic/v5.35.11/ebf1/lib/5.35.11/Test2/API/Instance.pm line 14
	require Test2/API/Instance.pm called at /home/sand/src/perl/repoperls/installed-perls/host/k93bionic/v5.35.11/ebf1/lib/5.35.11/Test2/API.pm line 51
	Test2::API::BEGIN() called at /home/sand/src/perl/repoperls/installed-perls/host/k93bionic/v5.35.11/ebf1/lib/5.35.11/Test2/API.pm line 51
	eval {...} called at /home/sand/src/perl/repoperls/installed-perls/host/k93bionic/v5.35.11/ebf1/lib/5.35.11/Test2/API.pm line 51
	require Test2/API.pm called at /home/sand/src/perl/repoperls/installed-perls/host/k93bionic/v5.35.11/ebf1/lib/5.35.11/Test/Builder.pm line 18
	Test::Builder::BEGIN() called at /home/sand/src/perl/repoperls/installed-perls/host/k93bionic/v5.35.11/ebf1/lib/5.35.11/Test/Builder.pm line 18
	eval {...} called at /home/sand/src/perl/repoperls/installed-perls/host/k93bionic/v5.35.11/ebf1/lib/5.35.11/Test/Builder.pm line 18
	require Test/Builder.pm called at /home/sand/src/perl/repoperls/installed-perls/host/k93bionic/v5.35.11/ebf1/lib/5.35.11/Test/Builder/Module.pm line 5
	Test::Builder::Module::BEGIN() called at /home/sand/src/perl/repoperls/installed-perls/host/k93bionic/v5.35.11/ebf1/lib/5.35.11/Test/Builder/Module.pm line 5
	eval {...} called at /home/sand/src/perl/repoperls/installed-perls/host/k93bionic/v5.35.11/ebf1/lib/5.35.11/Test/Builder/Module.pm line 5
	require Test/Builder/Module.pm called at /home/sand/src/perl/repoperls/installed-perls/host/k93bionic/v5.35.11/ebf1/lib/5.35.11/Test/More.pm line 22
	Test::More::BEGIN() called at /home/sand/src/perl/repoperls/installed-perls/host/k93bionic/v5.35.11/ebf1/lib/5.35.11/Test/More.pm line 22
	eval {...} called at /home/sand/src/perl/repoperls/installed-perls/host/k93bionic/v5.35.11/ebf1/lib/5.35.11/Test/More.pm line 22
	require Test/More.pm called at t/16-test16.t line 10
	main::BEGIN() called at t/16-test16.t line 10
	eval {...} called at t/16-test16.t line 10
"my" variable $ok masks earlier declaration in same scope at /home/sand/src/perl/repoperls/installed-perls/host/k93bionic/v5.35.11/ebf1/lib/5.35.11/Test/More.pm line 568.
	require Test/More.pm called at t/16-test16.t line 10
	main::BEGIN() called at t/16-test16.t line 10
	eval {...} called at t/16-test16.t line 10
unable to find cli-driver.yml in: ., etc, /etc at /tmp/loop_over_bdir-2038-Ow6481/CLI-Driver-0.77-0/blib/lib/CLI/Driver.pm line 379.
	CLI::Driver::_find_file(CLI::Driver=HASH(0x5644ce603630)) called at /tmp/loop_over_bdir-2038-Ow6481/CLI-Driver-0.77-0/blib/lib/CLI/Driver.pm line 386
	CLI::Driver::_build_actions(CLI::Driver=HASH(0x5644ce603630)) called at accessor CLI::Driver::actions (defined at /tmp/loop_over_bdir-2038-Ow6481/CLI-Driver-0.77-0/blib/lib/CLI/Driver.pm line 202) line 11
	__ANON__[accessor CLI::Driver::actions (defined at /tmp/loop_over_bdir-2038-Ow6481/CLI-Driver-0.77-0/blib/lib/CLI/Driver.pm line 202):23](CLI::Driver=HASH(0x5644ce603630)) called at /tmp/loop_over_bdir-2038-Ow6481/CLI-Driver-0.77-0/blib/lib/CLI/Driver.pm line 239
	CLI::Driver::get_actions(CLI::Driver=HASH(0x5644ce603630)) called at /tmp/loop_over_bdir-2038-Ow6481/CLI-Driver-0.77-0/blib/lib/CLI/Driver.pm line 228
	CLI::Driver::get_action(CLI::Driver=HASH(0x5644ce603630), "name", "test16") called at t/16-test16.t line 35
# Tests were run but no plan was declared and done_testing() was not seen.
# Looks like your test exited with 2 just after 1.
t/16-test16.t ........ 
Dubious, test returned 2 (wstat 512, 0x200)
All 1 subtests passed 
t/manifest.t ......... skipped: Author tests not required for installation
t/pod-coverage.t ..... skipped: Author tests not required for installation
t/pod.t .............. skipped: Author tests not required for installation

Test Summary Report
-------------------
t/01-test1.t       (Wstat: 512 (exited 2) Tests: 1 Failed: 0)
  Non-zero exit status: 2
  Parse errors: No plan found in TAP output
t/02-test2.t       (Wstat: 512 (exited 2) Tests: 0 Failed: 0)
  Non-zero exit status: 2
  Parse errors: No plan found in TAP output
t/03-test3.t       (Wstat: 512 (exited 2) Tests: 0 Failed: 0)
  Non-zero exit status: 2
  Parse errors: No plan found in TAP output
t/04-test4.t       (Wstat: 512 (exited 2) Tests: 0 Failed: 0)
  Non-zero exit status: 2
  Parse errors: No plan found in TAP output
t/05-test5.t       (Wstat: 512 (exited 2) Tests: 0 Failed: 0)
  Non-zero exit status: 2
  Parse errors: No plan found in TAP output
t/06-test6.t       (Wstat: 512 (exited 2) Tests: 0 Failed: 0)
  Non-zero exit status: 2
  Parse errors: No plan found in TAP output
t/07-test7.t       (Wstat: 512 (exited 2) Tests: 0 Failed: 0)
  Non-zero exit status: 2
  Parse errors: No plan found in TAP output
t/08-test8.t       (Wstat: 512 (exited 2) Tests: 0 Failed: 0)
  Non-zero exit status: 2
  Parse errors: No plan found in TAP output
t/09-test9.t       (Wstat: 512 (exited 2) Tests: 0 Failed: 0)
  Non-zero exit status: 2
  Parse errors: No plan found in TAP output
t/10-test10.t      (Wstat: 512 (exited 2) Tests: 0 Failed: 0)
  Non-zero exit status: 2
  Parse errors: No plan found in TAP output
t/11-test11.t      (Wstat: 512 (exited 2) Tests: 0 Failed: 0)
  Non-zero exit status: 2
  Parse errors: No plan found in TAP output
t/11-use-argv-map.t (Wstat: 512 (exited 2) Tests: 0 Failed: 0)
  Non-zero exit status: 2
  Parse errors: No plan found in TAP output
t/12-test12.t      (Wstat: 512 (exited 2) Tests: 0 Failed: 0)
  Non-zero exit status: 2
  Parse errors: No plan found in TAP output
t/13-test13.t      (Wstat: 512 (exited 2) Tests: 0 Failed: 0)
  Non-zero exit status: 2
  Parse errors: No plan found in TAP output
t/14-test14.t      (Wstat: 512 (exited 2) Tests: 0 Failed: 0)
  Non-zero exit status: 2
  Parse errors: No plan found in TAP output
t/15-test15.t      (Wstat: 512 (exited 2) Tests: 0 Failed: 0)
  Non-zero exit status: 2
  Parse errors: No plan found in TAP output
t/16-test16.t      (Wstat: 512 (exited 2) Tests: 1 Failed: 0)
  Non-zero exit status: 2
  Parse errors: No plan found in TAP output
Files=21, Tests=3, 16 wallclock secs ( 0.05 usr  0.09 sys + 13.82 cusr  1.72 csys = 15.68 CPU)
Result: FAIL
Failed 17/21 test programs. 0/3 subtests failed.
Makefile:922: recipe for target 'test_dynamic' failed
make: *** [test_dynamic] Error 255

------------------------------
PREREQUISITES
------------------------------

Prerequisite modules loaded:

requires:

    Module                  Need  Have      
    ----------------------- ----- ----------
    Capture::Tiny           0     0.48      
    Data::Printer           0     1.000004  
    Devel::Confess          0     0.009004  
    File::Basename          0     2.85      
    File::ShareDir          0     1.118     
    Kavorka                 0     0.039     
    Modern::Perl            0     1.20200211
    Module::Load            0     0.36      
    Moose                   0     2.2201    
    namespace::autoclean    0     0.29      
    perl                    5.006 5.035011  
    Sort::Naturally         0     1.03      
    Time::localtime         0     1.03      
    YAML::Syck              1.31  1.34      

build_requires:

    Module                  Need  Have      
    ----------------------- ----- ----------
    Test::More              0     1.302190  

configure_requires:

    Module                  Need  Have      
    ----------------------- ----- ----------
    ExtUtils::MakeMaker     0     7.64      
    File::ShareDir::Install 0     0.13      


------------------------------
ENVIRONMENT AND OTHER CONTEXT
------------------------------

Environment variables:

    AUTOMATED_TESTING = 1
    LANG = en_US.utf8
    PATH = /home/sand/bin:/usr/local/bin:/usr/local/sbin:/usr/sbin:/usr/bin:/sbin:/bin:/usr/games:/usr/local/games:/snap/bin:/usr/local/perl/bin:/usr/X11/bin
    PERL5LIB = 
    PERL5OPT = 
    PERL5_CPANPLUS_IS_RUNNING = 2046
    PERL5_CPAN_IS_RUNNING = 2046
    PERL_CANARY_STABILITY_NOPROMPT = 1
    PERL_MM_USE_DEFAULT = 1
    PERL_USE_UNSAFE_INC = 1
    SHELL = /usr/bin/zsh
    TERM = screen

Perl special variables (and OS-specific diagnostics, for MSWin32):

    $^X = /tmp/basesmoker-reloperl-P5Lv/bin/perl
    $UID/$EUID = 1005 / 1005
    $GID = 1005 1005
    $EGID = 1005 1005

Perl module toolchain versions installed:

    Module              Have    
    ------------------- --------
    CPAN                2.34    
    CPAN::Meta          2.150010
    Cwd                 3.84    
    ExtUtils::CBuilder  0.280236
    ExtUtils::Command   7.64    
    ExtUtils::Install   2.20    
    ExtUtils::MakeMaker 7.64    
    ExtUtils::Manifest  1.73    
    ExtUtils::ParseXS   3.45    
    File::Spec          3.84    
    JSON                4.05    
    JSON::PP            4.07    
    Module::Build       0.4231  
    Module::Signature   0.88    
    Parse::CPAN::Meta   2.150010
    Test::Harness       3.44    
    Test::More          1.302190
    YAML                1.30    
    YAML::Syck          1.34    
    version             0.9929  


--

Summary of my perl5 (revision 5 version 35 subversion 11) configuration:
  Commit id: 6309b8c0e379d2ae5a9d50fe46b4c1f52ec1b012
  Platform:
    osname=linux
    osvers=4.15.0-175-generic
    archname=x86_64-linux-thread-multi-ld
    uname='linux k93bionic 4.15.0-175-generic #184-ubuntu smp thu mar 24 17:48:36 utc 2022 x86_64 x86_64 x86_64 gnulinux '
    config_args='-Dprefix=/home/sand/src/perl/repoperls/installed-perls/host/k93bionic/v5.35.11/ebf1 -Dmyhostname=k93bionic -Dinstallusrbinperl=n -Uversiononly -Dusedevel -des -Ui_db -Dlibswanted=cl pthread socket inet nsl gdbm dbm malloc dl ld sun m crypt sec util c cposix posix ucb BSD gdbm_compat -Duseithreads -Duselongdouble -DEBUGGING=-g'
    hint=recommended
    useposix=true
    d_sigaction=define
    useithreads=define
    usemultiplicity=define
    use64bitint=define
    use64bitall=define
    uselongdouble=define
    usemymalloc=n
    default_inc_excludes_dot=define
  Compiler:
    cc='cc'
    ccflags ='-D_REENTRANT -D_GNU_SOURCE -fwrapv -fno-strict-aliasing -pipe -fstack-protector-strong -I/usr/local/include -D_LARGEFILE_SOURCE -D_FILE_OFFSET_BITS=64'
    optimize='-O2 -g'
    cppflags='-D_REENTRANT -D_GNU_SOURCE -fwrapv -fno-strict-aliasing -pipe -fstack-protector-strong -I/usr/local/include'
    ccversion=''
    gccversion='7.5.0'
    gccosandvers=''
    intsize=4
    longsize=8
    ptrsize=8
    doublesize=8
    byteorder=12345678
    doublekind=3
    d_longlong=define
    longlongsize=8
    d_longdbl=define
    longdblsize=16
    longdblkind=3
    ivtype='long'
    ivsize=8
    nvtype='long double'
    nvsize=16
    Off_t='off_t'
    lseeksize=8
    alignbytes=16
    prototype=define
  Linker and Libraries:
    ld='cc'
    ldflags =' -fstack-protector-strong -L/usr/local/lib'
    libpth=/usr/local/lib /usr/lib/x86_64-linux-gnu /usr/lib /lib/x86_64-linux-gnu /lib
    libs=-lpthread -lnsl -ldl -lm -lcrypt -lutil -lc
    perllibs=-lpthread -lnsl -ldl -lm -lcrypt -lutil -lc
    libc=libc-2.27.so
    so=so
    useshrplib=false
    libperl=libperl.a
    gnulibc_version='2.27'
  Dynamic Linking:
    dlsrc=dl_dlopen.xs
    dlext=so
    d_dlsymun=undef
    ccdlflags='-Wl,-E'
    cccdlflags='-fPIC'
    lddlflags='-shared -O2 -g -L/usr/local/lib -fstack-protector-strong'


Characteristics of this binary (from libperl): 
  Compile-time options:
    HAS_TIMES
    MULTIPLICITY
    PERLIO_LAYERS
    PERL_COPY_ON_WRITE
    PERL_DONT_CREATE_GVSV
    PERL_MALLOC_WRAP
    PERL_OP_PARENT
    PERL_PRESERVE_IVUV
    PERL_USE_DEVEL
    USE_64_BIT_ALL
    USE_64_BIT_INT
    USE_ITHREADS
    USE_LARGE_FILES
    USE_LOCALE
    USE_LOCALE_COLLATE
    USE_LOCALE_CTYPE
    USE_LOCALE_NUMERIC
    USE_LOCALE_TIME
    USE_LONG_DOUBLE
    USE_PERLIO
    USE_PERL_ATOF
    USE_REENTRANT_API
    USE_THREAD_SAFE_LOCALE
  Built under linux
  Compiled at May  2 2022 09:53:32
  %ENV:
    PERL5LIB=""
    PERL5OPT=""
    PERL5_CPANPLUS_IS_RUNNING="2046"
    PERL5_CPAN_IS_RUNNING="2046"
    PERL_CANARY_STABILITY_NOPROMPT="1"
    PERL_MM_USE_DEFAULT="1"
    PERL_USE_UNSAFE_INC="1"
  @INC:
    /home/sand/src/perl/repoperls/installed-perls/host/k93bionic/v5.35.11/ebf1/lib/site_perl/5.35.11/x86_64-linux-thread-multi-ld
    /home/sand/src/perl/repoperls/installed-perls/host/k93bionic/v5.35.11/ebf1/lib/site_perl/5.35.11
    /home/sand/src/perl/repoperls/installed-perls/host/k93bionic/v5.35.11/ebf1/lib/5.35.11/x86_64-linux-thread-multi-ld
    /home/sand/src/perl/repoperls/installed-perls/host/k93bionic/v5.35.11/ebf1/lib/5.35.11
    .