Class-AutoClass v1.56 Perl 5 v5.18.4 MSWin32-x64-multi-thread
- Status
- Fail
- From
- LNATION
- Dist
-
Class-AutoClass v1.56
- Platform
- Perl 5 v5.18.4 MSWin32-x64-multi-thread
- Date
- 2025-05-25 09:12:04
- ID
- 46d8df67-6f0c-1014-8780-c32b3b5b621c
This distribution has been tested as part of the CPAN Testers
project, supporting the Perl programming language. See
http://wiki.cpantesters.org/ for more information or email
questions to cpan-testers-discuss@perl.org
--
Dear Nathan Goodman,
This is a computer-generated report for Class-AutoClass-1.56
on perl 5.18.4, created by CPAN-Reporter-1.2020.
Thank you for uploading your work to CPAN. However, there was a problem
testing your distribution.
If you think this report is invalid, please consult the CPAN Testers Wiki
for suggestions on how to avoid getting FAIL reports for missing library
or binary dependencies, unsupported operating systems, and so on:
http://wiki.cpantesters.org/wiki/CPANAuthorNotes
Sections of this report:
* Tester comments
* Program output
* Prerequisites
* Environment and other context
------------------------------
TESTER COMMENTS
------------------------------
Additional comments from tester:
this report is from an automated smoke testing program
and was not reviewed by a human for accuracy
------------------------------
PROGRAM OUTPUT
------------------------------
Output from 'C:\strawberry\perl\bin\perl.exe ./Build test':
# Testing Class::AutoClass 1.56, Perl 5.018004, C:\strawberry\perl\bin\perl.exe
t\autoclass.000.code_exists.t ........ ok
t\autoclass.001.boilerplate.t ........ ok
t\autoclass.002.pod.t ................ ok
Can't locate object method "new" via package "Hash::AutoHash::Args" at C:\strawberry\cpan\build\Class-AutoClass-1.56-0\blib\lib/Class/AutoClass.pm line 401.
Compilation failed in require at C:/strawberry/perl/site/lib/List/MoreUtils.pm line 66.
BEGIN failed--compilation aborted at C:/strawberry/perl/site/lib/List/MoreUtils.pm line 66.
Compilation failed in require at C:/strawberry/perl/site/lib/Hash/AutoHash.pm line 159.
BEGIN failed--compilation aborted at C:/strawberry/perl/site/lib/Hash/AutoHash.pm line 159.
Compilation failed in require at C:/strawberry/perl/site/lib/Hash/AutoHash/Args.pm line 20.
BEGIN failed--compilation aborted at C:/strawberry/perl/site/lib/Hash/AutoHash/Args.pm line 20.
Compilation failed in require at t\autoclass.010.basics.t line 6.
BEGIN failed--compilation aborted at t\autoclass.010.basics.t line 6.
t\autoclass.010.basics.t .............
Dubious, test returned 255 (wstat 65280, 0xff00)
No subtests run
Undefined subroutine &Class::AutoClass::declare called at t/parent.pm line 23.
Compilation failed in require at C:/strawberry/perl/site/lib/List/MoreUtils.pm line 66.
BEGIN failed--compilation aborted at C:/strawberry/perl/site/lib/List/MoreUtils.pm line 66.
Compilation failed in require at C:/strawberry/perl/site/lib/Hash/AutoHash.pm line 159.
BEGIN failed--compilation aborted at C:/strawberry/perl/site/lib/Hash/AutoHash.pm line 159.
Compilation failed in require at C:/strawberry/perl/site/lib/Hash/AutoHash/Args.pm line 20.
BEGIN failed--compilation aborted at C:/strawberry/perl/site/lib/Hash/AutoHash/Args.pm line 20.
Compilation failed in require at C:\strawberry\cpan\build\Class-AutoClass-1.56-0\blib\lib/Class/AutoClass.pm line 8.
BEGIN failed--compilation aborted at C:\strawberry\cpan\build\Class-AutoClass-1.56-0\blib\lib/Class/AutoClass.pm line 8.
Compilation failed in require at t/Parent.pm line 3.
BEGIN failed--compilation aborted at t/Parent.pm line 3.
Compilation failed in require at t\autoclass.011.class_attributes.t line 3.
BEGIN failed--compilation aborted at t\autoclass.011.class_attributes.t line 3.
t\autoclass.011.class_attributes.t ...
Dubious, test returned 255 (wstat 65280, 0xff00)
No subtests run
# Failed test 'use autoclass_011::Inconsistent1 found no inconsistencies'
# at t\autoclass.011.inconsistent.t line 11.
# Failed test 'use autoclass_011::Inconsistent2 found expected inconsistencies'
# at t\autoclass.011.inconsistent.t line 19.
# 'Attempt to reload Class/AutoClass.pm aborted.
# Compilation failed in require at t/autoclass_011/Inconsistent2.pm line 3.
# BEGIN failed--compilation aborted at t/autoclass_011/Inconsistent2.pm line 3.
# Compilation failed in require at (eval 14) line 2.
# BEGIN failed--compilation aborted at (eval 14) line 2.
# '
# doesn't match '(?^:^Inconsistent declarations for attribute\(s\))'
# Looks like you failed 2 tests of 2.
t\autoclass.011.inconsistent.t .......
Dubious, test returned 2 (wstat 512, 0x200)
Failed 2/2 subtests
Undefined subroutine &Class::AutoClass::declare called at t/parent.pm line 23.
Compilation failed in require at C:/strawberry/perl/site/lib/List/MoreUtils.pm line 66.
BEGIN failed--compilation aborted at C:/strawberry/perl/site/lib/List/MoreUtils.pm line 66.
Compilation failed in require at C:/strawberry/perl/site/lib/Hash/AutoHash.pm line 159.
BEGIN failed--compilation aborted at C:/strawberry/perl/site/lib/Hash/AutoHash.pm line 159.
Compilation failed in require at C:/strawberry/perl/site/lib/Hash/AutoHash/Args.pm line 20.
BEGIN failed--compilation aborted at C:/strawberry/perl/site/lib/Hash/AutoHash/Args.pm line 20.
Compilation failed in require at C:\strawberry\cpan\build\Class-AutoClass-1.56-0\blib\lib/Class/AutoClass.pm line 8.
BEGIN failed--compilation aborted at C:\strawberry\cpan\build\Class-AutoClass-1.56-0\blib\lib/Class/AutoClass.pm line 8.
Compilation failed in require at t/autoclass_011/Nullable.pm line 4.
BEGIN failed--compilation aborted at t/autoclass_011/Nullable.pm line 4.
Compilation failed in require at t\autoclass.011.nullify.t line 3.
BEGIN failed--compilation aborted at t\autoclass.011.nullify.t line 3.
t\autoclass.011.nullify.t ............
Dubious, test returned 255 (wstat 65280, 0xff00)
No subtests run
Undefined subroutine &Class::AutoClass::declare called at t/parent.pm line 23.
Compilation failed in require at C:/strawberry/perl/site/lib/List/MoreUtils.pm line 66.
BEGIN failed--compilation aborted at C:/strawberry/perl/site/lib/List/MoreUtils.pm line 66.
Compilation failed in require at C:/strawberry/perl/site/lib/Hash/AutoHash.pm line 159.
BEGIN failed--compilation aborted at C:/strawberry/perl/site/lib/Hash/AutoHash.pm line 159.
Compilation failed in require at C:/strawberry/perl/site/lib/Hash/AutoHash/Args.pm line 20.
BEGIN failed--compilation aborted at C:/strawberry/perl/site/lib/Hash/AutoHash/Args.pm line 20.
Compilation failed in require at C:\strawberry\cpan\build\Class-AutoClass-1.56-0\blib\lib/Class/AutoClass.pm line 8.
BEGIN failed--compilation aborted at C:\strawberry\cpan\build\Class-AutoClass-1.56-0\blib\lib/Class/AutoClass.pm line 8.
Compilation failed in require at t/autoclass_011/Override.pm line 4.
BEGIN failed--compilation aborted at t/autoclass_011/Override.pm line 4.
Compilation failed in require at t\autoclass.011.override.t line 3.
BEGIN failed--compilation aborted at t\autoclass.011.override.t line 3.
t\autoclass.011.override.t ...........
Dubious, test returned 255 (wstat 65280, 0xff00)
No subtests run
Undefined subroutine &Class::AutoClass::declare called at t/parent.pm line 23.
Compilation failed in require at C:/strawberry/perl/site/lib/List/MoreUtils.pm line 66.
BEGIN failed--compilation aborted at C:/strawberry/perl/site/lib/List/MoreUtils.pm line 66.
Compilation failed in require at C:/strawberry/perl/site/lib/Hash/AutoHash.pm line 159.
BEGIN failed--compilation aborted at C:/strawberry/perl/site/lib/Hash/AutoHash.pm line 159.
Compilation failed in require at C:/strawberry/perl/site/lib/Hash/AutoHash/Args.pm line 20.
BEGIN failed--compilation aborted at C:/strawberry/perl/site/lib/Hash/AutoHash/Args.pm line 20.
Compilation failed in require at C:\strawberry\cpan\build\Class-AutoClass-1.56-0\blib\lib/Class/AutoClass.pm line 8.
BEGIN failed--compilation aborted at C:\strawberry\cpan\build\Class-AutoClass-1.56-0\blib\lib/Class/AutoClass.pm line 8.
Compilation failed in require at t/autoclassUtil.pm line 15.
BEGIN failed--compilation aborted at t/autoclassUtil.pm line 15.
Compilation failed in require at t\autoclass.020.attributes.t line 5.
BEGIN failed--compilation aborted at t\autoclass.020.attributes.t line 5.
t\autoclass.020.attributes.t .........
Dubious, test returned 255 (wstat 65280, 0xff00)
No subtests run
t\autoclass.025.root.t ............... ok
Undefined subroutine &Class::AutoClass::declare called at t/parent.pm line 23.
Compilation failed in require at C:/strawberry/perl/site/lib/List/MoreUtils.pm line 66.
BEGIN failed--compilation aborted at C:/strawberry/perl/site/lib/List/MoreUtils.pm line 66.
Compilation failed in require at C:/strawberry/perl/site/lib/Hash/AutoHash.pm line 159.
BEGIN failed--compilation aborted at C:/strawberry/perl/site/lib/Hash/AutoHash.pm line 159.
Compilation failed in require at C:/strawberry/perl/site/lib/Hash/AutoHash/Args.pm line 20.
BEGIN failed--compilation aborted at C:/strawberry/perl/site/lib/Hash/AutoHash/Args.pm line 20.
Compilation failed in require at C:\strawberry\cpan\build\Class-AutoClass-1.56-0\blib\lib/Class/AutoClass.pm line 8.
BEGIN failed--compilation aborted at C:\strawberry\cpan\build\Class-AutoClass-1.56-0\blib\lib/Class/AutoClass.pm line 8.
Compilation failed in require at t\autoclass.030._ref_.t line 3.
BEGIN failed--compilation aborted at t\autoclass.030._ref_.t line 3.
t\autoclass.030._ref_.t ..............
Dubious, test returned 255 (wstat 65280, 0xff00)
No subtests run
Undefined subroutine &Class::AutoClass::declare called at t/parent.pm line 23.
Compilation failed in require at C:/strawberry/perl/site/lib/List/MoreUtils.pm line 66.
BEGIN failed--compilation aborted at C:/strawberry/perl/site/lib/List/MoreUtils.pm line 66.
Compilation failed in require at C:/strawberry/perl/site/lib/Hash/AutoHash.pm line 159.
BEGIN failed--compilation aborted at C:/strawberry/perl/site/lib/Hash/AutoHash.pm line 159.
Compilation failed in require at C:/strawberry/perl/site/lib/Hash/AutoHash/Args.pm line 20.
BEGIN failed--compilation aborted at C:/strawberry/perl/site/lib/Hash/AutoHash/Args.pm line 20.
Compilation failed in require at C:\strawberry\cpan\build\Class-AutoClass-1.56-0\blib\lib/Class/AutoClass.pm line 8.
BEGIN failed--compilation aborted at C:\strawberry\cpan\build\Class-AutoClass-1.56-0\blib\lib/Class/AutoClass.pm line 8.
Compilation failed in require at t\autoclass.030.init_self.t line 3.
BEGIN failed--compilation aborted at t\autoclass.030.init_self.t line 3.
t\autoclass.030.init_self.t ..........
Dubious, test returned 255 (wstat 65280, 0xff00)
No subtests run
Undefined subroutine &Class::AutoClass::declare called at t/parent.pm line 23.
Compilation failed in require at C:/strawberry/perl/site/lib/List/MoreUtils.pm line 66.
BEGIN failed--compilation aborted at C:/strawberry/perl/site/lib/List/MoreUtils.pm line 66.
Compilation failed in require at C:/strawberry/perl/site/lib/Hash/AutoHash.pm line 159.
BEGIN failed--compilation aborted at C:/strawberry/perl/site/lib/Hash/AutoHash.pm line 159.
Compilation failed in require at C:/strawberry/perl/site/lib/Hash/AutoHash/Args.pm line 20.
BEGIN failed--compilation aborted at C:/strawberry/perl/site/lib/Hash/AutoHash/Args.pm line 20.
Compilation failed in require at C:\strawberry\cpan\build\Class-AutoClass-1.56-0\blib\lib/Class/AutoClass.pm line 8.
BEGIN failed--compilation aborted at C:\strawberry\cpan\build\Class-AutoClass-1.56-0\blib\lib/Class/AutoClass.pm line 8.
Compilation failed in require at t\autoclass.031._ref_.t line 3.
BEGIN failed--compilation aborted at t\autoclass.031._ref_.t line 3.
t\autoclass.031._ref_.t ..............
Dubious, test returned 255 (wstat 65280, 0xff00)
No subtests run
Undefined subroutine &Class::AutoClass::declare called at t/parent.pm line 23.
Compilation failed in require at C:/strawberry/perl/site/lib/List/MoreUtils.pm line 66.
BEGIN failed--compilation aborted at C:/strawberry/perl/site/lib/List/MoreUtils.pm line 66.
Compilation failed in require at C:/strawberry/perl/site/lib/Hash/AutoHash.pm line 159.
BEGIN failed--compilation aborted at C:/strawberry/perl/site/lib/Hash/AutoHash.pm line 159.
Compilation failed in require at C:/strawberry/perl/site/lib/Hash/AutoHash/Args.pm line 20.
BEGIN failed--compilation aborted at C:/strawberry/perl/site/lib/Hash/AutoHash/Args.pm line 20.
Compilation failed in require at C:\strawberry\cpan\build\Class-AutoClass-1.56-0\blib\lib/Class/AutoClass.pm line 8.
BEGIN failed--compilation aborted at C:\strawberry\cpan\build\Class-AutoClass-1.56-0\blib\lib/Class/AutoClass.pm line 8.
Compilation failed in require at t\autoclass.031.super_new.t line 3.
BEGIN failed--compilation aborted at t\autoclass.031.super_new.t line 3.
t\autoclass.031.super_new.t ..........
Dubious, test returned 255 (wstat 65280, 0xff00)
No subtests run
Undefined subroutine &Class::AutoClass::declare called at t/parent.pm line 23.
Compilation failed in require at C:/strawberry/perl/site/lib/List/MoreUtils.pm line 66.
BEGIN failed--compilation aborted at C:/strawberry/perl/site/lib/List/MoreUtils.pm line 66.
Compilation failed in require at C:/strawberry/perl/site/lib/Hash/AutoHash.pm line 159.
BEGIN failed--compilation aborted at C:/strawberry/perl/site/lib/Hash/AutoHash.pm line 159.
Compilation failed in require at C:/strawberry/perl/site/lib/Hash/AutoHash/Args.pm line 20.
BEGIN failed--compilation aborted at C:/strawberry/perl/site/lib/Hash/AutoHash/Args.pm line 20.
Compilation failed in require at C:\strawberry\cpan\build\Class-AutoClass-1.56-0\blib\lib/Class/AutoClass.pm line 8.
BEGIN failed--compilation aborted at C:\strawberry\cpan\build\Class-AutoClass-1.56-0\blib\lib/Class/AutoClass.pm line 8.
Compilation failed in require at t\autoclass.032._ref_.t line 3.
BEGIN failed--compilation aborted at t\autoclass.032._ref_.t line 3.
t\autoclass.032._ref_.t ..............
Dubious, test returned 255 (wstat 65280, 0xff00)
No subtests run
Undefined subroutine &Class::AutoClass::declare called at t/parent.pm line 23.
Compilation failed in require at C:/strawberry/perl/site/lib/List/MoreUtils.pm line 66.
BEGIN failed--compilation aborted at C:/strawberry/perl/site/lib/List/MoreUtils.pm line 66.
Compilation failed in require at C:/strawberry/perl/site/lib/Hash/AutoHash.pm line 159.
BEGIN failed--compilation aborted at C:/strawberry/perl/site/lib/Hash/AutoHash.pm line 159.
Compilation failed in require at C:/strawberry/perl/site/lib/Hash/AutoHash/Args.pm line 20.
BEGIN failed--compilation aborted at C:/strawberry/perl/site/lib/Hash/AutoHash/Args.pm line 20.
Compilation failed in require at C:\strawberry\cpan\build\Class-AutoClass-1.56-0\blib\lib/Class/AutoClass.pm line 8.
BEGIN failed--compilation aborted at C:\strawberry\cpan\build\Class-AutoClass-1.56-0\blib\lib/Class/AutoClass.pm line 8.
Compilation failed in require at t\autoclass.032.init_self_ac.t line 3.
BEGIN failed--compilation aborted at t\autoclass.032.init_self_ac.t line 3.
t\autoclass.032.init_self_ac.t .......
Dubious, test returned 255 (wstat 65280, 0xff00)
No subtests run
Undefined subroutine &Class::AutoClass::declare called at t/parent.pm line 23.
Compilation failed in require at C:/strawberry/perl/site/lib/List/MoreUtils.pm line 66.
BEGIN failed--compilation aborted at C:/strawberry/perl/site/lib/List/MoreUtils.pm line 66.
Compilation failed in require at C:/strawberry/perl/site/lib/Hash/AutoHash.pm line 159.
BEGIN failed--compilation aborted at C:/strawberry/perl/site/lib/Hash/AutoHash.pm line 159.
Compilation failed in require at C:/strawberry/perl/site/lib/Hash/AutoHash/Args.pm line 20.
BEGIN failed--compilation aborted at C:/strawberry/perl/site/lib/Hash/AutoHash/Args.pm line 20.
Compilation failed in require at C:\strawberry\cpan\build\Class-AutoClass-1.56-0\blib\lib/Class/AutoClass.pm line 8.
BEGIN failed--compilation aborted at C:\strawberry\cpan\build\Class-AutoClass-1.56-0\blib\lib/Class/AutoClass.pm line 8.
Compilation failed in require at t\autoclass.033._ref_.t line 3.
BEGIN failed--compilation aborted at t\autoclass.033._ref_.t line 3.
t\autoclass.033._ref_.t ..............
Dubious, test returned 255 (wstat 65280, 0xff00)
No subtests run
Undefined subroutine &Class::AutoClass::declare called at t/parent.pm line 23.
Compilation failed in require at C:/strawberry/perl/site/lib/List/MoreUtils.pm line 66.
BEGIN failed--compilation aborted at C:/strawberry/perl/site/lib/List/MoreUtils.pm line 66.
Compilation failed in require at C:/strawberry/perl/site/lib/Hash/AutoHash.pm line 159.
BEGIN failed--compilation aborted at C:/strawberry/perl/site/lib/Hash/AutoHash.pm line 159.
Compilation failed in require at C:/strawberry/perl/site/lib/Hash/AutoHash/Args.pm line 20.
BEGIN failed--compilation aborted at C:/strawberry/perl/site/lib/Hash/AutoHash/Args.pm line 20.
Compilation failed in require at C:\strawberry\cpan\build\Class-AutoClass-1.56-0\blib\lib/Class/AutoClass.pm line 8.
BEGIN failed--compilation aborted at C:\strawberry\cpan\build\Class-AutoClass-1.56-0\blib\lib/Class/AutoClass.pm line 8.
Compilation failed in require at t\autoclass.033.super_new_ac.t line 3.
BEGIN failed--compilation aborted at t\autoclass.033.super_new_ac.t line 3.
t\autoclass.033.super_new_ac.t .......
Dubious, test returned 255 (wstat 65280, 0xff00)
No subtests run
Undefined subroutine &Class::AutoClass::declare called at t/parent.pm line 23.
Compilation failed in require at C:/strawberry/perl/site/lib/List/MoreUtils.pm line 66.
BEGIN failed--compilation aborted at C:/strawberry/perl/site/lib/List/MoreUtils.pm line 66.
Compilation failed in require at C:/strawberry/perl/site/lib/Hash/AutoHash.pm line 159.
BEGIN failed--compilation aborted at C:/strawberry/perl/site/lib/Hash/AutoHash.pm line 159.
Compilation failed in require at C:/strawberry/perl/site/lib/Hash/AutoHash/Args.pm line 20.
BEGIN failed--compilation aborted at C:/strawberry/perl/site/lib/Hash/AutoHash/Args.pm line 20.
Compilation failed in require at C:\strawberry\cpan\build\Class-AutoClass-1.56-0\blib\lib/Class/AutoClass.pm line 8.
BEGIN failed--compilation aborted at C:\strawberry\cpan\build\Class-AutoClass-1.56-0\blib\lib/Class/AutoClass.pm line 8.
Compilation failed in require at t\autoclass.034._ref_.t line 3.
BEGIN failed--compilation aborted at t\autoclass.034._ref_.t line 3.
t\autoclass.034._ref_.t ..............
Dubious, test returned 255 (wstat 65280, 0xff00)
No subtests run
Undefined subroutine &Class::AutoClass::declare called at t/parent.pm line 23.
Compilation failed in require at C:/strawberry/perl/site/lib/List/MoreUtils.pm line 66.
BEGIN failed--compilation aborted at C:/strawberry/perl/site/lib/List/MoreUtils.pm line 66.
Compilation failed in require at C:/strawberry/perl/site/lib/Hash/AutoHash.pm line 159.
BEGIN failed--compilation aborted at C:/strawberry/perl/site/lib/Hash/AutoHash.pm line 159.
Compilation failed in require at C:/strawberry/perl/site/lib/Hash/AutoHash/Args.pm line 20.
BEGIN failed--compilation aborted at C:/strawberry/perl/site/lib/Hash/AutoHash/Args.pm line 20.
Compilation failed in require at C:\strawberry\cpan\build\Class-AutoClass-1.56-0\blib\lib/Class/AutoClass.pm line 8.
BEGIN failed--compilation aborted at C:\strawberry\cpan\build\Class-AutoClass-1.56-0\blib\lib/Class/AutoClass.pm line 8.
Compilation failed in require at t\autoclass.034.external_one.t line 3.
BEGIN failed--compilation aborted at t\autoclass.034.external_one.t line 3.
t\autoclass.034.external_one.t .......
Dubious, test returned 255 (wstat 65280, 0xff00)
No subtests run
Undefined subroutine &Class::AutoClass::declare called at t/parent.pm line 23.
Compilation failed in require at C:/strawberry/perl/site/lib/List/MoreUtils.pm line 66.
BEGIN failed--compilation aborted at C:/strawberry/perl/site/lib/List/MoreUtils.pm line 66.
Compilation failed in require at C:/strawberry/perl/site/lib/Hash/AutoHash.pm line 159.
BEGIN failed--compilation aborted at C:/strawberry/perl/site/lib/Hash/AutoHash.pm line 159.
Compilation failed in require at C:/strawberry/perl/site/lib/Hash/AutoHash/Args.pm line 20.
BEGIN failed--compilation aborted at C:/strawberry/perl/site/lib/Hash/AutoHash/Args.pm line 20.
Compilation failed in require at C:\strawberry\cpan\build\Class-AutoClass-1.56-0\blib\lib/Class/AutoClass.pm line 8.
BEGIN failed--compilation aborted at C:\strawberry\cpan\build\Class-AutoClass-1.56-0\blib\lib/Class/AutoClass.pm line 8.
Compilation failed in require at t\autoclass.035._ref_.t line 3.
BEGIN failed--compilation aborted at t\autoclass.035._ref_.t line 3.
t\autoclass.035._ref_.t ..............
Dubious, test returned 255 (wstat 65280, 0xff00)
No subtests run
Undefined subroutine &Class::AutoClass::declare called at t/parent.pm line 23.
Compilation failed in require at C:/strawberry/perl/site/lib/List/MoreUtils.pm line 66.
BEGIN failed--compilation aborted at C:/strawberry/perl/site/lib/List/MoreUtils.pm line 66.
Compilation failed in require at C:/strawberry/perl/site/lib/Hash/AutoHash.pm line 159.
BEGIN failed--compilation aborted at C:/strawberry/perl/site/lib/Hash/AutoHash.pm line 159.
Compilation failed in require at C:/strawberry/perl/site/lib/Hash/AutoHash/Args.pm line 20.
BEGIN failed--compilation aborted at C:/strawberry/perl/site/lib/Hash/AutoHash/Args.pm line 20.
Compilation failed in require at C:\strawberry\cpan\build\Class-AutoClass-1.56-0\blib\lib/Class/AutoClass.pm line 8.
BEGIN failed--compilation aborted at C:\strawberry\cpan\build\Class-AutoClass-1.56-0\blib\lib/Class/AutoClass.pm line 8.
Compilation failed in require at t\autoclass.035.external_all.t line 3.
BEGIN failed--compilation aborted at t\autoclass.035.external_all.t line 3.
t\autoclass.035.external_all.t .......
Dubious, test returned 255 (wstat 65280, 0xff00)
No subtests run
Undefined subroutine &Class::AutoClass::declare called at t/parent.pm line 23.
Compilation failed in require at C:/strawberry/perl/site/lib/List/MoreUtils.pm line 66.
BEGIN failed--compilation aborted at C:/strawberry/perl/site/lib/List/MoreUtils.pm line 66.
Compilation failed in require at C:/strawberry/perl/site/lib/Hash/AutoHash.pm line 159.
BEGIN failed--compilation aborted at C:/strawberry/perl/site/lib/Hash/AutoHash.pm line 159.
Compilation failed in require at C:/strawberry/perl/site/lib/Hash/AutoHash/Args.pm line 20.
BEGIN failed--compilation aborted at C:/strawberry/perl/site/lib/Hash/AutoHash/Args.pm line 20.
Compilation failed in require at C:\strawberry\cpan\build\Class-AutoClass-1.56-0\blib\lib/Class/AutoClass.pm line 8.
BEGIN failed--compilation aborted at C:\strawberry\cpan\build\Class-AutoClass-1.56-0\blib\lib/Class/AutoClass.pm line 8.
Compilation failed in require at t\autoclass.036._ref_.t line 3.
BEGIN failed--compilation aborted at t\autoclass.036._ref_.t line 3.
t\autoclass.036._ref_.t ..............
Dubious, test returned 255 (wstat 65280, 0xff00)
No subtests run
Undefined subroutine &Class::AutoClass::declare called at t/parent.pm line 23.
Compilation failed in require at C:/strawberry/perl/site/lib/List/MoreUtils.pm line 66.
BEGIN failed--compilation aborted at C:/strawberry/perl/site/lib/List/MoreUtils.pm line 66.
Compilation failed in require at C:/strawberry/perl/site/lib/Hash/AutoHash.pm line 159.
BEGIN failed--compilation aborted at C:/strawberry/perl/site/lib/Hash/AutoHash.pm line 159.
Compilation failed in require at C:/strawberry/perl/site/lib/Hash/AutoHash/Args.pm line 20.
BEGIN failed--compilation aborted at C:/strawberry/perl/site/lib/Hash/AutoHash/Args.pm line 20.
Compilation failed in require at C:\strawberry\cpan\build\Class-AutoClass-1.56-0\blib\lib/Class/AutoClass.pm line 8.
BEGIN failed--compilation aborted at C:\strawberry\cpan\build\Class-AutoClass-1.56-0\blib\lib/Class/AutoClass.pm line 8.
Compilation failed in require at t\autoclass.036.declare.t line 3.
BEGIN failed--compilation aborted at t\autoclass.036.declare.t line 3.
t\autoclass.036.declare.t ............
Dubious, test returned 255 (wstat 65280, 0xff00)
No subtests run
Undefined subroutine &Class::AutoClass::declare called at t/parent.pm line 23.
Compilation failed in require at C:/strawberry/perl/site/lib/List/MoreUtils.pm line 66.
BEGIN failed--compilation aborted at C:/strawberry/perl/site/lib/List/MoreUtils.pm line 66.
Compilation failed in require at C:/strawberry/perl/site/lib/Hash/AutoHash.pm line 159.
BEGIN failed--compilation aborted at C:/strawberry/perl/site/lib/Hash/AutoHash.pm line 159.
Compilation failed in require at C:/strawberry/perl/site/lib/Hash/AutoHash/Args.pm line 20.
BEGIN failed--compilation aborted at C:/strawberry/perl/site/lib/Hash/AutoHash/Args.pm line 20.
Compilation failed in require at C:\strawberry\cpan\build\Class-AutoClass-1.56-0\blib\lib/Class/AutoClass.pm line 8.
BEGIN failed--compilation aborted at C:\strawberry\cpan\build\Class-AutoClass-1.56-0\blib\lib/Class/AutoClass.pm line 8.
Compilation failed in require at t\autoclass.037._ref_.t line 3.
BEGIN failed--compilation aborted at t\autoclass.037._ref_.t line 3.
t\autoclass.037._ref_.t ..............
Dubious, test returned 255 (wstat 65280, 0xff00)
No subtests run
Undefined subroutine &Class::AutoClass::declare called at t/parent.pm line 23.
Compilation failed in require at C:/strawberry/perl/site/lib/List/MoreUtils.pm line 66.
BEGIN failed--compilation aborted at C:/strawberry/perl/site/lib/List/MoreUtils.pm line 66.
Compilation failed in require at C:/strawberry/perl/site/lib/Hash/AutoHash.pm line 159.
BEGIN failed--compilation aborted at C:/strawberry/perl/site/lib/Hash/AutoHash.pm line 159.
Compilation failed in require at C:/strawberry/perl/site/lib/Hash/AutoHash/Args.pm line 20.
BEGIN failed--compilation aborted at C:/strawberry/perl/site/lib/Hash/AutoHash/Args.pm line 20.
Compilation failed in require at C:\strawberry\cpan\build\Class-AutoClass-1.56-0\blib\lib/Class/AutoClass.pm line 8.
BEGIN failed--compilation aborted at C:\strawberry\cpan\build\Class-AutoClass-1.56-0\blib\lib/Class/AutoClass.pm line 8.
Compilation failed in require at t\autoclass.037.declare_pkg.t line 3.
BEGIN failed--compilation aborted at t\autoclass.037.declare_pkg.t line 3.
t\autoclass.037.declare_pkg.t ........
Dubious, test returned 255 (wstat 65280, 0xff00)
No subtests run
Undefined subroutine &Class::AutoClass::declare called at t/parent.pm line 23.
Compilation failed in require at C:/strawberry/perl/site/lib/List/MoreUtils.pm line 66.
BEGIN failed--compilation aborted at C:/strawberry/perl/site/lib/List/MoreUtils.pm line 66.
Compilation failed in require at C:/strawberry/perl/site/lib/Hash/AutoHash.pm line 159.
BEGIN failed--compilation aborted at C:/strawberry/perl/site/lib/Hash/AutoHash.pm line 159.
Compilation failed in require at C:/strawberry/perl/site/lib/Hash/AutoHash/Args.pm line 20.
BEGIN failed--compilation aborted at C:/strawberry/perl/site/lib/Hash/AutoHash/Args.pm line 20.
Compilation failed in require at C:\strawberry\cpan\build\Class-AutoClass-1.56-0\blib\lib/Class/AutoClass.pm line 8.
BEGIN failed--compilation aborted at C:\strawberry\cpan\build\Class-AutoClass-1.56-0\blib\lib/Class/AutoClass.pm line 8.
Compilation failed in require at t\autoclass.038._ref_.t line 3.
BEGIN failed--compilation aborted at t\autoclass.038._ref_.t line 3.
t\autoclass.038._ref_.t ..............
Dubious, test returned 255 (wstat 65280, 0xff00)
No subtests run
Undefined subroutine &Class::AutoClass::declare called at t/parent.pm line 23.
Compilation failed in require at C:/strawberry/perl/site/lib/List/MoreUtils.pm line 66.
BEGIN failed--compilation aborted at C:/strawberry/perl/site/lib/List/MoreUtils.pm line 66.
Compilation failed in require at C:/strawberry/perl/site/lib/Hash/AutoHash.pm line 159.
BEGIN failed--compilation aborted at C:/strawberry/perl/site/lib/Hash/AutoHash.pm line 159.
Compilation failed in require at C:/strawberry/perl/site/lib/Hash/AutoHash/Args.pm line 20.
BEGIN failed--compilation aborted at C:/strawberry/perl/site/lib/Hash/AutoHash/Args.pm line 20.
Compilation failed in require at C:\strawberry\cpan\build\Class-AutoClass-1.56-0\blib\lib/Class/AutoClass.pm line 8.
BEGIN failed--compilation aborted at C:\strawberry\cpan\build\Class-AutoClass-1.56-0\blib\lib/Class/AutoClass.pm line 8.
Compilation failed in require at t\autoclass.038.init_self_inherit.t line 3.
BEGIN failed--compilation aborted at t\autoclass.038.init_self_inherit.t line 3.
t\autoclass.038.init_self_inherit.t ..
Dubious, test returned 255 (wstat 65280, 0xff00)
No subtests run
Undefined subroutine &Class::AutoClass::declare called at t/parent.pm line 23.
Compilation failed in require at C:/strawberry/perl/site/lib/List/MoreUtils.pm line 66.
BEGIN failed--compilation aborted at C:/strawberry/perl/site/lib/List/MoreUtils.pm line 66.
Compilation failed in require at C:/strawberry/perl/site/lib/Hash/AutoHash.pm line 159.
BEGIN failed--compilation aborted at C:/strawberry/perl/site/lib/Hash/AutoHash.pm line 159.
Compilation failed in require at C:/strawberry/perl/site/lib/Hash/AutoHash/Args.pm line 20.
BEGIN failed--compilation aborted at C:/strawberry/perl/site/lib/Hash/AutoHash/Args.pm line 20.
Compilation failed in require at C:\strawberry\cpan\build\Class-AutoClass-1.56-0\blib\lib/Class/AutoClass.pm line 8.
BEGIN failed--compilation aborted at C:\strawberry\cpan\build\Class-AutoClass-1.56-0\blib\lib/Class/AutoClass.pm line 8.
Compilation failed in require at t\autoclass.039._ref_.t line 3.
BEGIN failed--compilation aborted at t\autoclass.039._ref_.t line 3.
t\autoclass.039._ref_.t ..............
Dubious, test returned 255 (wstat 65280, 0xff00)
No subtests run
Undefined subroutine &Class::AutoClass::declare called at t/parent.pm line 23.
Compilation failed in require at C:/strawberry/perl/site/lib/List/MoreUtils.pm line 66.
BEGIN failed--compilation aborted at C:/strawberry/perl/site/lib/List/MoreUtils.pm line 66.
Compilation failed in require at C:/strawberry/perl/site/lib/Hash/AutoHash.pm line 159.
BEGIN failed--compilation aborted at C:/strawberry/perl/site/lib/Hash/AutoHash.pm line 159.
Compilation failed in require at C:/strawberry/perl/site/lib/Hash/AutoHash/Args.pm line 20.
BEGIN failed--compilation aborted at C:/strawberry/perl/site/lib/Hash/AutoHash/Args.pm line 20.
Compilation failed in require at C:\strawberry\cpan\build\Class-AutoClass-1.56-0\blib\lib/Class/AutoClass.pm line 8.
BEGIN failed--compilation aborted at C:\strawberry\cpan\build\Class-AutoClass-1.56-0\blib\lib/Class/AutoClass.pm line 8.
Compilation failed in require at t\autoclass.039.attribute_order.t line 3.
BEGIN failed--compilation aborted at t\autoclass.039.attribute_order.t line 3.
t\autoclass.039.attribute_order.t ....
Dubious, test returned 255 (wstat 65280, 0xff00)
No subtests run
Undefined subroutine &Class::AutoClass::declare called at t/parent.pm line 23.
Compilation failed in require at C:/strawberry/perl/site/lib/List/MoreUtils.pm line 66.
BEGIN failed--compilation aborted at C:/strawberry/perl/site/lib/List/MoreUtils.pm line 66.
Compilation failed in require at C:/strawberry/perl/site/lib/Hash/AutoHash.pm line 159.
BEGIN failed--compilation aborted at C:/strawberry/perl/site/lib/Hash/AutoHash.pm line 159.
Compilation failed in require at C:/strawberry/perl/site/lib/Hash/AutoHash/Args.pm line 20.
BEGIN failed--compilation aborted at C:/strawberry/perl/site/lib/Hash/AutoHash/Args.pm line 20.
Compilation failed in require at C:\strawberry\cpan\build\Class-AutoClass-1.56-0\blib\lib/Class/AutoClass.pm line 8.
BEGIN failed--compilation aborted at C:\strawberry\cpan\build\Class-AutoClass-1.56-0\blib\lib/Class/AutoClass.pm line 8.
Compilation failed in require at t\autoclass.099.docs.t line 3.
BEGIN failed--compilation aborted at t\autoclass.099.docs.t line 3.
t\autoclass.099.docs.t ...............
Dubious, test returned 255 (wstat 65280, 0xff00)
No subtests run
Undefined subroutine &Class::AutoClass::declare called at t/parent.pm line 23.
Compilation failed in require at C:/strawberry/perl/site/lib/List/MoreUtils.pm line 66.
BEGIN failed--compilation aborted at C:/strawberry/perl/site/lib/List/MoreUtils.pm line 66.
Compilation failed in require at C:/strawberry/perl/site/lib/Hash/AutoHash.pm line 159.
BEGIN failed--compilation aborted at C:/strawberry/perl/site/lib/Hash/AutoHash.pm line 159.
Compilation failed in require at C:/strawberry/perl/site/lib/Hash/AutoHash/Args.pm line 20.
BEGIN failed--compilation aborted at C:/strawberry/perl/site/lib/Hash/AutoHash/Args.pm line 20.
Compilation failed in require at C:\strawberry\cpan\build\Class-AutoClass-1.56-0\blib\lib/Class/AutoClass.pm line 8.
BEGIN failed--compilation aborted at C:\strawberry\cpan\build\Class-AutoClass-1.56-0\blib\lib/Class/AutoClass.pm line 8.
Compilation failed in require at t/autoclass_100/Parent.pm line 3.
BEGIN failed--compilation aborted at t/autoclass_100/Parent.pm line 3.
Compilation failed in require at t\autoclass.100.no_autoclass.t line 4.
BEGIN failed--compilation aborted at t\autoclass.100.no_autoclass.t line 4.
t\autoclass.100.no_autoclass.t .......
Dubious, test returned 255 (wstat 65280, 0xff00)
No subtests run
Undefined subroutine &Class::AutoClass::declare called at t/parent.pm line 23.
Compilation failed in require at C:/strawberry/perl/site/lib/List/MoreUtils.pm line 66.
BEGIN failed--compilation aborted at C:/strawberry/perl/site/lib/List/MoreUtils.pm line 66.
Compilation failed in require at C:/strawberry/perl/site/lib/Hash/AutoHash.pm line 159.
BEGIN failed--compilation aborted at C:/strawberry/perl/site/lib/Hash/AutoHash.pm line 159.
Compilation failed in require at C:/strawberry/perl/site/lib/Hash/AutoHash/Args.pm line 20.
BEGIN failed--compilation aborted at C:/strawberry/perl/site/lib/Hash/AutoHash/Args.pm line 20.
Compilation failed in require at C:\strawberry\cpan\build\Class-AutoClass-1.56-0\blib\lib/Class/AutoClass.pm line 8.
BEGIN failed--compilation aborted at C:\strawberry\cpan\build\Class-AutoClass-1.56-0\blib\lib/Class/AutoClass.pm line 8.
Compilation failed in require at t/autoclass_101/Child.pm line 3.
BEGIN failed--compilation aborted at t/autoclass_101/Child.pm line 3.
Compilation failed in require at t\autoclass.101.no_use_parent.t line 5.
BEGIN failed--compilation aborted at t\autoclass.101.no_use_parent.t line 5.
t\autoclass.101.no_use_parent.t ......
Dubious, test returned 255 (wstat 65280, 0xff00)
No subtests run
# Failed test 'use autoclass_102::Parent;'
# at t\autoclass.102.use_order.t line 10.
# Tried to use 'autoclass_102::Parent'.
# Error: Undefined subroutine &Class::AutoClass::declare called at t/parent.pm line 23.
# Compilation failed in require at C:/strawberry/perl/site/lib/List/MoreUtils.pm line 66.
# BEGIN failed--compilation aborted at C:/strawberry/perl/site/lib/List/MoreUtils.pm line 66.
# Compilation failed in require at C:/strawberry/perl/site/lib/Hash/AutoHash.pm line 159.
# BEGIN failed--compilation aborted at C:/strawberry/perl/site/lib/Hash/AutoHash.pm line 159.
# Compilation failed in require at C:/strawberry/perl/site/lib/Hash/AutoHash/Args.pm line 20.
# BEGIN failed--compilation aborted at C:/strawberry/perl/site/lib/Hash/AutoHash/Args.pm line 20.
# Compilation failed in require at C:\strawberry\cpan\build\Class-AutoClass-1.56-0\blib\lib/Class/AutoClass.pm line 8.
# BEGIN failed--compilation aborted at C:\strawberry\cpan\build\Class-AutoClass-1.56-0\blib\lib/Class/AutoClass.pm line 8.
# Compilation failed in require at t/autoclass_102/Parent.pm line 3.
# BEGIN failed--compilation aborted at t/autoclass_102/Parent.pm line 3.
# Compilation failed in require at t\autoclass.102.use_order.t line 10.
# BEGIN failed--compilation aborted at t\autoclass.102.use_order.t line 10.
# Failed test 'use autoclass_102::Child;'
# at t\autoclass.102.use_order.t line 11.
# Tried to use 'autoclass_102::Child'.
# Error: Attempt to reload Class/AutoClass.pm aborted.
# Compilation failed in require at t/autoclass_102/Child.pm line 3.
# BEGIN failed--compilation aborted at t/autoclass_102/Child.pm line 3.
# Compilation failed in require at t\autoclass.102.use_order.t line 11.
# BEGIN failed--compilation aborted at t\autoclass.102.use_order.t line 11.
# Failed test 'use autoclass_102::GrandChild;'
# at t\autoclass.102.use_order.t line 12.
# Tried to use 'autoclass_102::GrandChild'.
# Error: Attempt to reload Class/AutoClass.pm aborted.
# Compilation failed in require at t/autoclass_102/GrandChild.pm line 3.
# BEGIN failed--compilation aborted at t/autoclass_102/GrandChild.pm line 3.
# Compilation failed in require at t\autoclass.102.use_order.t line 12.
# BEGIN failed--compilation aborted at t\autoclass.102.use_order.t line 12.
# Failed test 'use autoclass_102::StepParent;'
# at t\autoclass.102.use_order.t line 13.
# Tried to use 'autoclass_102::StepParent'.
# Error: Attempt to reload Class/AutoClass.pm aborted.
# Compilation failed in require at t/autoclass_102/StepParent.pm line 3.
# BEGIN failed--compilation aborted at t/autoclass_102/StepParent.pm line 3.
# Compilation failed in require at t\autoclass.102.use_order.t line 13.
# BEGIN failed--compilation aborted at t\autoclass.102.use_order.t line 13.
Undefined subroutine &Class::AutoClass::DECLARED called at t\autoclass.102.use_order.t line 17.
# Tests were run but no plan was declared and done_testing() was not seen.
# Looks like your test exited with 255 just after 4.
t\autoclass.102.use_order.t ..........
Dubious, test returned 255 (wstat 65280, 0xff00)
Failed 4/4 subtests
Undefined subroutine &Class::AutoClass::declare called at t/parent.pm line 23.
Compilation failed in require at C:/strawberry/perl/site/lib/List/MoreUtils.pm line 66.
BEGIN failed--compilation aborted at C:/strawberry/perl/site/lib/List/MoreUtils.pm line 66.
Compilation failed in require at C:/strawberry/perl/site/lib/Hash/AutoHash.pm line 159.
BEGIN failed--compilation aborted at C:/strawberry/perl/site/lib/Hash/AutoHash.pm line 159.
Compilation failed in require at C:/strawberry/perl/site/lib/Hash/AutoHash/Args.pm line 20.
BEGIN failed--compilation aborted at C:/strawberry/perl/site/lib/Hash/AutoHash/Args.pm line 20.
Compilation failed in require at C:\strawberry\cpan\build\Class-AutoClass-1.56-0\blib\lib/Class/AutoClass.pm line 8.
BEGIN failed--compilation aborted at C:\strawberry\cpan\build\Class-AutoClass-1.56-0\blib\lib/Class/AutoClass.pm line 8.
Compilation failed in require at t/autoclass_103/Parent.pm line 3.
BEGIN failed--compilation aborted at t/autoclass_103/Parent.pm line 3.
Compilation failed in require at t\autoclass.103.defaults.t line 4.
BEGIN failed--compilation aborted at t\autoclass.103.defaults.t line 4.
t\autoclass.103.defaults.t ...........
Dubious, test returned 255 (wstat 65280, 0xff00)
No subtests run
Undefined subroutine &Class::AutoClass::declare called at t/parent.pm line 23.
Compilation failed in require at C:/strawberry/perl/site/lib/List/MoreUtils.pm line 66.
BEGIN failed--compilation aborted at C:/strawberry/perl/site/lib/List/MoreUtils.pm line 66.
Compilation failed in require at C:/strawberry/perl/site/lib/Hash/AutoHash.pm line 159.
BEGIN failed--compilation aborted at C:/strawberry/perl/site/lib/Hash/AutoHash.pm line 159.
Compilation failed in require at C:/strawberry/perl/site/lib/Hash/AutoHash/Args.pm line 20.
BEGIN failed--compilation aborted at C:/strawberry/perl/site/lib/Hash/AutoHash/Args.pm line 20.
Compilation failed in require at C:\strawberry\cpan\build\Class-AutoClass-1.56-0\blib\lib/Class/AutoClass.pm line 8.
BEGIN failed--compilation aborted at C:\strawberry\cpan\build\Class-AutoClass-1.56-0\blib\lib/Class/AutoClass.pm line 8.
Compilation failed in require at t/autoclass_104/Parent_default_syn.pm line 3.
BEGIN failed--compilation aborted at t/autoclass_104/Parent_default_syn.pm line 3.
Compilation failed in require at t\autoclass.104.syn_defaults.t line 14.
BEGIN failed--compilation aborted at t\autoclass.104.syn_defaults.t line 14.
t\autoclass.104.syn_defaults.t .......
Dubious, test returned 255 (wstat 65280, 0xff00)
No subtests run
Undefined subroutine &Class::AutoClass::declare called at t/parent.pm line 23.
Compilation failed in require at C:/strawberry/perl/site/lib/List/MoreUtils.pm line 66.
BEGIN failed--compilation aborted at C:/strawberry/perl/site/lib/List/MoreUtils.pm line 66.
Compilation failed in require at C:/strawberry/perl/site/lib/Hash/AutoHash.pm line 159.
BEGIN failed--compilation aborted at C:/strawberry/perl/site/lib/Hash/AutoHash.pm line 159.
Compilation failed in require at C:/strawberry/perl/site/lib/Hash/AutoHash/Args.pm line 20.
BEGIN failed--compilation aborted at C:/strawberry/perl/site/lib/Hash/AutoHash/Args.pm line 20.
Compilation failed in require at C:\strawberry\cpan\build\Class-AutoClass-1.56-0\blib\lib/Class/AutoClass.pm line 8.
BEGIN failed--compilation aborted at C:\strawberry\cpan\build\Class-AutoClass-1.56-0\blib\lib/Class/AutoClass.pm line 8.
Compilation failed in require at t/Parent.pm line 3.
BEGIN failed--compilation aborted at t/Parent.pm line 3.
Compilation failed in require at t\autoclass.105.synonyms.t line 4.
BEGIN failed--compilation aborted at t\autoclass.105.synonyms.t line 4.
t\autoclass.105.synonyms.t ...........
Dubious, test returned 255 (wstat 65280, 0xff00)
No subtests run
Undefined subroutine &Class::AutoClass::declare called at t/parent.pm line 23.
Compilation failed in require at C:/strawberry/perl/site/lib/List/MoreUtils.pm line 66.
BEGIN failed--compilation aborted at C:/strawberry/perl/site/lib/List/MoreUtils.pm line 66.
Compilation failed in require at C:/strawberry/perl/site/lib/Hash/AutoHash.pm line 159.
BEGIN failed--compilation aborted at C:/strawberry/perl/site/lib/Hash/AutoHash.pm line 159.
Compilation failed in require at C:/strawberry/perl/site/lib/Hash/AutoHash/Args.pm line 20.
BEGIN failed--compilation aborted at C:/strawberry/perl/site/lib/Hash/AutoHash/Args.pm line 20.
Compilation failed in require at C:\strawberry\cpan\build\Class-AutoClass-1.56-0\blib\lib/Class/AutoClass.pm line 8.
BEGIN failed--compilation aborted at C:\strawberry\cpan\build\Class-AutoClass-1.56-0\blib\lib/Class/AutoClass.pm line 8.
Compilation failed in require at t/autoclass_106/Parent.pm line 3.
BEGIN failed--compilation aborted at t/autoclass_106/Parent.pm line 3.
Compilation failed in require at t\autoclass.106.synonyms.t line 3.
BEGIN failed--compilation aborted at t\autoclass.106.synonyms.t line 3.
t\autoclass.106.synonyms.t ...........
Dubious, test returned 255 (wstat 65280, 0xff00)
No subtests run
t\autoclass.107.code_refs.t .......... ok
t\autoclass.108.override.t ........... ok
Test Summary Report
-------------------
t\autoclass.010.basics.t (Wstat: 65280 (exited 255) Tests: 0 Failed: 0)
Non-zero exit status: 255
Parse errors: No plan found in TAP output
t\autoclass.011.class_attributes.t (Wstat: 65280 (exited 255) Tests: 0 Failed: 0)
Non-zero exit status: 255
Parse errors: No plan found in TAP output
t\autoclass.011.inconsistent.t (Wstat: 512 (exited 2) Tests: 2 Failed: 2)
Failed tests: 1-2
Non-zero exit status: 2
t\autoclass.011.nullify.t (Wstat: 65280 (exited 255) Tests: 0 Failed: 0)
Non-zero exit status: 255
Parse errors: No plan found in TAP output
t\autoclass.011.override.t (Wstat: 65280 (exited 255) Tests: 0 Failed: 0)
Non-zero exit status: 255
Parse errors: No plan found in TAP output
t\autoclass.020.attributes.t (Wstat: 65280 (exited 255) Tests: 0 Failed: 0)
Non-zero exit status: 255
Parse errors: No plan found in TAP output
t\autoclass.030._ref_.t (Wstat: 65280 (exited 255) Tests: 0 Failed: 0)
Non-zero exit status: 255
Parse errors: No plan found in TAP output
t\autoclass.030.init_self.t (Wstat: 65280 (exited 255) Tests: 0 Failed: 0)
Non-zero exit status: 255
Parse errors: No plan found in TAP output
t\autoclass.031._ref_.t (Wstat: 65280 (exited 255) Tests: 0 Failed: 0)
Non-zero exit status: 255
Parse errors: No plan found in TAP output
t\autoclass.031.super_new.t (Wstat: 65280 (exited 255) Tests: 0 Failed: 0)
Non-zero exit status: 255
Parse errors: No plan found in TAP output
t\autoclass.032._ref_.t (Wstat: 65280 (exited 255) Tests: 0 Failed: 0)
Non-zero exit status: 255
Parse errors: No plan found in TAP output
t\autoclass.032.init_self_ac.t (Wstat: 65280 (exited 255) Tests: 0 Failed: 0)
Non-zero exit status: 255
Parse errors: No plan found in TAP output
t\autoclass.033._ref_.t (Wstat: 65280 (exited 255) Tests: 0 Failed: 0)
Non-zero exit status: 255
Parse errors: No plan found in TAP output
t\autoclass.033.super_new_ac.t (Wstat: 65280 (exited 255) Tests: 0 Failed: 0)
Non-zero exit status: 255
Parse errors: No plan found in TAP output
t\autoclass.034._ref_.t (Wstat: 65280 (exited 255) Tests: 0 Failed: 0)
Non-zero exit status: 255
Parse errors: No plan found in TAP output
t\autoclass.034.external_one.t (Wstat: 65280 (exited 255) Tests: 0 Failed: 0)
Non-zero exit status: 255
Parse errors: No plan found in TAP output
t\autoclass.035._ref_.t (Wstat: 65280 (exited 255) Tests: 0 Failed: 0)
Non-zero exit status: 255
Parse errors: No plan found in TAP output
t\autoclass.035.external_all.t (Wstat: 65280 (exited 255) Tests: 0 Failed: 0)
Non-zero exit status: 255
Parse errors: No plan found in TAP output
t\autoclass.036._ref_.t (Wstat: 65280 (exited 255) Tests: 0 Failed: 0)
Non-zero exit status: 255
Parse errors: No plan found in TAP output
t\autoclass.036.declare.t (Wstat: 65280 (exited 255) Tests: 0 Failed: 0)
Non-zero exit status: 255
Parse errors: No plan found in TAP output
t\autoclass.037._ref_.t (Wstat: 65280 (exited 255) Tests: 0 Failed: 0)
Non-zero exit status: 255
Parse errors: No plan found in TAP output
t\autoclass.037.declare_pkg.t (Wstat: 65280 (exited 255) Tests: 0 Failed: 0)
Non-zero exit status: 255
Parse errors: No plan found in TAP output
t\autoclass.038._ref_.t (Wstat: 65280 (exited 255) Tests: 0 Failed: 0)
Non-zero exit status: 255
Parse errors: No plan found in TAP output
t\autoclass.038.init_self_inherit.t (Wstat: 65280 (exited 255) Tests: 0 Failed: 0)
Non-zero exit status: 255
Parse errors: No plan found in TAP output
t\autoclass.039._ref_.t (Wstat: 65280 (exited 255) Tests: 0 Failed: 0)
Non-zero exit status: 255
Parse errors: No plan found in TAP output
t\autoclass.039.attribute_order.t (Wstat: 65280 (exited 255) Tests: 0 Failed: 0)
Non-zero exit status: 255
Parse errors: No plan found in TAP output
t\autoclass.099.docs.t (Wstat: 65280 (exited 255) Tests: 0 Failed: 0)
Non-zero exit status: 255
Parse errors: No plan found in TAP output
t\autoclass.100.no_autoclass.t (Wstat: 65280 (exited 255) Tests: 0 Failed: 0)
Non-zero exit status: 255
Parse errors: No plan found in TAP output
t\autoclass.101.no_use_parent.t (Wstat: 65280 (exited 255) Tests: 0 Failed: 0)
Non-zero exit status: 255
Parse errors: No plan found in TAP output
t\autoclass.102.use_order.t (Wstat: 65280 (exited 255) Tests: 4 Failed: 4)
Failed tests: 1-4
Non-zero exit status: 255
Parse errors: No plan found in TAP output
t\autoclass.103.defaults.t (Wstat: 65280 (exited 255) Tests: 0 Failed: 0)
Non-zero exit status: 255
Parse errors: No plan found in TAP output
t\autoclass.104.syn_defaults.t (Wstat: 65280 (exited 255) Tests: 0 Failed: 0)
Non-zero exit status: 255
Parse errors: No plan found in TAP output
t\autoclass.105.synonyms.t (Wstat: 65280 (exited 255) Tests: 0 Failed: 0)
Non-zero exit status: 255
Parse errors: No plan found in TAP output
t\autoclass.106.synonyms.t (Wstat: 65280 (exited 255) Tests: 0 Failed: 0)
Non-zero exit status: 255
Parse errors: No plan found in TAP output
Files=40, Tests=37, 8 wallclock secs ( 0.12 usr + 0.20 sys = 0.33 CPU)
Result: FAIL
Failed 34/40 test programs. 6/37 subtests failed.
------------------------------
PREREQUISITES
------------------------------
Prerequisite modules loaded:
requires:
Module Need Have
-------------------- ------ --------
Carp 1.2 1.50
Cwd 3.4 3.75
Exporter 5.68 5.78
Fcntl 1.11 1.11
Hash::AutoHash 1.17 1.17
Hash::AutoHash::Args 1.18 1.18
IO::Scalar 2.11 2.113
List::MoreUtils 0.33 0.430
List::Util 1.32 1.69
Storable 2.3 3.25
Tie::ToObject 0.03 0.03
XSLoader 0.15 0.24
build_requires:
Module Need Have
-------------------- ------ --------
Carp 1.2 1.50
Exporter 5.68 5.78
File::Spec 3.4 3.75
Hash::AutoHash::Args 1.18 1.18
IO::Scalar 2.11 2.113
Module::Build 0.4007 0.4234
Scalar::Util 1.23 1.69
Storable 2.3 3.25
Test::Deep 0.11 1.205
Test::More 0.98 1.302214
Test::Pod 1.48 1.52
Test::Pod::Content v0.0.6 0.0.6
configure_requires:
Module Need Have
-------------------- ------ --------
Module::Build 0.4007 0.4234
------------------------------
ENVIRONMENT AND OTHER CONTEXT
------------------------------
Environment variables:
AUTOMATED_TESTING = 1
COMSPEC = C:\Windows\system32\cmd.exe
NUMBER_OF_PROCESSORS = 2
PATH = C:\Windows\system32;C:\Windows;C:\Windows\System32\Wbem;C:\Windows\System32\WindowsPowerShell\v1.0\;C:\Windows\System32\OpenSSH\;C:\Program Files\Amazon\cfn-bootstrap\;C:\strawberry\c\bin;C:\strawberry\perl\site\bin;C:\strawberry\perl\bin;C:\Users\Administrator\AppData\Local\Microsoft\WindowsApps;C:\Users\Administrator\AppData\Local\Microsoft\WinGet\Links;
PERL5LIB =
PERL5OPT =
PERL5_CPANPLUS_IS_RUNNING = 3960
PERL5_CPAN_IS_RUNNING = 3960
PERL5_CPAN_IS_RUNNING_IN_RECURSION = 5144,3960
PERL_CR_SMOKER_CURRENT = Data-Babel-Client-0.02
PERL_EXTUTILS_AUTOINSTALL = --defaultdeps
PERL_MM_USE_DEFAULT = 1
PERL_USE_UNSAFE_INC = 1
PROCESSOR_IDENTIFIER = Intel64 Family 6 Model 85 Stepping 7, GenuineIntel
TEMP = C:\Users\ADMINI~1\AppData\Local\Temp\2
Perl special variables (and OS-specific diagnostics, for MSWin32):
$^X = C:\strawberry\perl\bin\perl.exe
$UID/$EUID = 0 / 0
$GID = 0
$EGID = 0
Win32::GetOSName = Win2012
Win32::GetOSVersion = , 6, 2, 9200, 2, 0, 0, 400, 3
Win32::FsType = NTFS
Win32::IsAdminUser = 1
Perl module toolchain versions installed:
Module Have
------------------- --------
CPAN 2.38
CPAN::Meta 2.150010
Cwd 3.75
ExtUtils::CBuilder 0.280236
ExtUtils::Command 7.76
ExtUtils::Install 2.22
ExtUtils::MakeMaker 7.76
ExtUtils::Manifest 1.75
ExtUtils::ParseXS 3.57
File::Spec 3.75
JSON 4.10
JSON::PP 4.16
Module::Build 0.4234
Module::Signature n/a
Parse::CPAN::Meta 2.150010
Test2 1.302214
Test::Harness 3.52
Test::More 1.302214
YAML 1.31
YAML::Syck 1.34
version 0.9933
--
Summary of my perl5 (revision 5 version 18 subversion 4) configuration:
Platform:
osname=MSWin32, osvers=6.3, archname=MSWin32-x64-multi-thread
uname='Win32 strawberry-perl 5.18.4.1 #1 Thu Oct 2 07:49:26 2014 x64'
config_args='undef'
hint=recommended, useposix=true, d_sigaction=undef
useithreads=define, usemultiplicity=define
useperlio=define, d_sfio=undef, uselargefiles=define, usesocks=undef
use64bitint=define, use64bitall=undef, uselongdouble=undef
usemymalloc=n, bincompat5005=undef
Compiler:
cc='gcc', ccflags =' -s -O2 -DWIN32 -DWIN64 -DCONSERVATIVE -DPERL_TEXTMODE_SCRIPTS -DPERL_IMPLICIT_CONTEXT -DPERL_IMPLICIT_SYS -DUSE_PERLIO -fno-strict-aliasing -mms-bitfields',
optimize='-s -O2',
cppflags='-DWIN32'
ccversion='', gccversion='4.7.3', gccosandvers=''
intsize=4, longsize=4, ptrsize=8, doublesize=8, byteorder=12345678
d_longlong=define, longlongsize=8, d_longdbl=define, longdblsize=12
ivtype='long long', ivsize=8, nvtype='double', nvsize=8, Off_t='long long', lseeksize=8
alignbytes=8, prototype=define
Linker and Libraries:
ld='g++', ldflags ='-s -L"C:\strawberry\perl\lib\CORE" -L"C:\strawberry\c\lib"'
libpth=C:\strawberry\c\lib C:\strawberry\c\x86_64-w64-mingw32\lib C:\strawberry\c\lib\gcc\x86_64-w64-mingw32\4.7.3
libs=-lmoldname -lkernel32 -luser32 -lgdi32 -lwinspool -lcomdlg32 -ladvapi32 -lshell32 -lole32 -loleaut32 -lnetapi32 -luuid -lws2_32 -lmpr -lwinmm -lversion -lodbc32 -lodbccp32 -lcomctl32
perllibs=-lmoldname -lkernel32 -luser32 -lgdi32 -lwinspool -lcomdlg32 -ladvapi32 -lshell32 -lole32 -loleaut32 -lnetapi32 -luuid -lws2_32 -lmpr -lwinmm -lversion -lodbc32 -lodbccp32 -lcomctl32
libc=, so=dll, useshrplib=true, libperl=libperl518.a
gnulibc_version=''
Dynamic Linking:
dlsrc=dl_win32.xs, dlext=dll, d_dlsymun=undef, ccdlflags=' '
cccdlflags=' ', lddlflags='-mdll -s -L"C:\strawberry\perl\lib\CORE" -L"C:\strawberry\c\lib"'
Characteristics of this binary (from libperl):
Compile-time options: HAS_TIMES HAVE_INTERP_INTERN MULTIPLICITY
PERLIO_LAYERS PERL_DONT_CREATE_GVSV
PERL_HASH_FUNC_ONE_AT_A_TIME_HARD
PERL_IMPLICIT_CONTEXT PERL_IMPLICIT_SYS
PERL_MALLOC_WRAP PERL_PRESERVE_IVUV PERL_SAWAMPERSAND
USE_64_BIT_INT USE_ITHREADS USE_LARGE_FILES
USE_LOCALE USE_LOCALE_COLLATE USE_LOCALE_CTYPE
USE_LOCALE_NUMERIC USE_PERLIO USE_PERL_ATOF
Built under MSWin32
Compiled at Oct 2 2014 07:58:36
%ENV:
PERL5_CPANPLUS_IS_RUNNING="3960"
PERL5_CPAN_IS_RUNNING="3960"
PERL5_CPAN_IS_RUNNING_IN_RECURSION="5144,3960"
PERL_CR_SMOKER_CURRENT="Data-Babel-Client-0.02"
PERL_EXTUTILS_AUTOINSTALL="--defaultdeps"
PERL_MM_USE_DEFAULT="1"
PERL_USE_UNSAFE_INC="1"
@INC:
C:/strawberry/perl/site/lib
C:/strawberry/perl/vendor/lib
C:/strawberry/perl/lib
.