Back
From: metabase:user:47f00d41-6c83-1014-8f23-78a59f811f0b
Subject: NA Class-DBI-Sweet-0.11 v5.12.3
Date: 2011-07-29T00:51:58Z
This distribution has been tested as part of the CPAN Testers
project, supporting the Perl programming language. See
http://wiki.cpantesters.org/ for more information or email
questions to cpan-testers-discuss@perl.org
--
Dear PHRED,
This is a computer-generated error report created automatically by
CPANPLUS, version 0.9105. Testers personal comments may appear
at the end of this report.
Thank you for uploading your work to CPAN. However, it appears that
there were some problems testing your distribution.
TEST RESULTS:
Below is the error stack from stage 'make test':
[MSG] [Fri Jul 29 02:49:56 2011] cp lib/Class/Trigger.pm blib\lib\Class\Trigger.pm
[MSG] [Fri Jul 29 02:49:58 2011] MAKE TEST passed: C:\perl\perl\bin\perl.exe "-MExtUtils::Command::MM" "-e" "test_harness(0, 'blib\lib', 'blib\arch')" t/*.t
t/00_compile.t .. ok
t/01_trigger.t .. ok
t/02_valid.t .... ok
t/03_inherit.t .. ok
t/04_object.t ... ok
All tests successful.
Files=5, Tests=22, 1 wallclock secs ( 0.06 usr + 0.09 sys = 0.16 CPU)
Result: PASS
[MSG] [Fri Jul 29 02:49:58 2011] Sending test report for 'Class-Trigger-0.07'
[MSG] [Fri Jul 29 02:49:58 2011] Ok, not sending test report
[MSG] [Fri Jul 29 02:50:05 2011] Using cached file 'C:\perl\cpanplus\authors\id\K\KA\KASEI\CHECKSUMS' on disk; ttl (3600s) is not exceeded
[MSG] [Fri Jul 29 02:50:05 2011] Checksum matches for 'UNIVERSAL-moniker-0.08.tar.gz'
[MSG] [Fri Jul 29 02:50:05 2011] Extracted 'UNIVERSAL::moniker' to 'C:\perl\cpanplus\5.12.3\build\UNIVERSAL-moniker-0.08'
[MSG] [Fri Jul 29 02:50:05 2011] CPANPLUS is prefering Build.PL
[MSG] [Fri Jul 29 02:50:06 2011] Hello!
We no longer depend on Lingua::EN::Inflect.
If you care about plurals, you should install it.
Checking if your kit is complete...
Looks good
Writing Makefile for UNIVERSAL::moniker
[MSG] [Fri Jul 29 02:50:06 2011] DEFAULT 'filter_prereqs' HANDLER RETURNING 'sub return value'
[MSG] [Fri Jul 29 02:50:06 2011] Checking for previous PASS result for "UNIVERSAL-moniker-0.08"
[MSG] [Fri Jul 29 02:50:06 2011] Found previous PASS result for "UNIVERSAL-moniker-0.08".
[MSG] [Fri Jul 29 02:50:11 2011] cp moniker.pm blib\lib\UNIVERSAL\moniker.pm
[MSG] [Fri Jul 29 02:50:12 2011] MAKE TEST passed: C:\perl\perl\bin\perl.exe "-MExtUtils::Command::MM" "-e" "test_harness(0, 'blib\lib', 'blib\arch')" t/*.t
t/moniker.t .. ok
All tests successful.
Files=1, Tests=4, 0 wallclock secs ( 0.06 usr + 0.09 sys = 0.16 CPU)
Result: PASS
[MSG] [Fri Jul 29 02:50:12 2011] Sending test report for 'UNIVERSAL-moniker-0.08'
[MSG] [Fri Jul 29 02:50:12 2011] Ok, not sending test report
[MSG] [Fri Jul 29 02:50:18 2011] cp lib/Class/DBI.pm blib\lib\Class\DBI.pm
cp lib/Class/DBI/Test/SQLite.pm blib\lib\Class\DBI\Test\SQLite.pm
cp lib/Class/DBI/Relationship/HasMany.pm blib\lib\Class\DBI\Relationship\HasMany.pm
cp lib/Class/DBI/ColumnGrouper.pm blib\lib\Class\DBI\ColumnGrouper.pm
cp lib/Class/DBI/Relationship.pm blib\lib\Class\DBI\Relationship.pm
cp lib/Class/DBI/Relationship/MightHave.pm blib\lib\Class\DBI\Relationship\MightHave.pm
cp lib/Class/DBI/Column.pm blib\lib\Class\DBI\Column.pm
cp lib/Class/DBI/Query.pm blib\lib\Class\DBI\Query.pm
cp lib/Class/DBI/Iterator.pm blib\lib\Class\DBI\Iterator.pm
cp lib/Class/DBI/Relationship/HasA.pm blib\lib\Class\DBI\Relationship\HasA.pm
[MSG] [Fri Jul 29 02:50:48 2011] MAKE TEST passed: C:\perl\perl\bin\perl.exe "-MExtUtils::Command::MM" "-e" "test_harness(0, 'blib\lib', 'blib\arch')" t/*.t
t/01-columns.t ........ ok
t/02-Film.t ........... ok
t/03-subclassing.t .... ok
t/04-lazy.t ........... ok
t/05-Query.t .......... ok
t/06-hasa.t ........... ok
t/08-inheritcols.t .... ok
t/09-has_many.t ....... ok
t/10-mysql.t .......... skipped: Need Date::Simple for this test
t/11-triggers.t ....... ok
t/12-filter.t ......... ok
t/13-constraint.t ..... ok
t/14-might_have.t ..... ok
t/15-accessor.t ....... ok
t/16-reserved.t ....... ok
# Pg connection failed (DBI connect('dbname=template1','postgres',...) failed: could not connect to server: Connection refused (0x0000274D/10061)
# Is the server running on host "???" and accepting
# TCP/IP connections on port 5432? at C:\perl\cpanplus\5.12.3\build\Ima-DBI-0.35\blib\lib/Ima/DBI.pm line 328
# ). Set env variables DBD_PG_DBNAME, DBD_PG_USER,
# DBD_PG_PASSWD to enable testing.
t/17-data_type.t ...... skipped: Pg connection failed.
Name "Ima::DBI::st::execute" used only once: possible typo at t/18-has_a.t line 37.
t/18-has_a.t .......... ok
t/19-set_sql.t ........ ok
t/21-iterator.t ....... ok
t/22-deflate_order.t .. skipped: Need Time::Piece::MySQL for this test
t/97-pod.t ............ ok
t/98-failure.t ........ ok
Use of uninitialized value $name in lc at C:\perl\cpanplus\5.12.3\build\Class-DBI-3.0.2\blib\lib/Class/DBI/ColumnGrouper.pm line 89.
t/99-misc.t ........... ok
All tests successful.
Files=23, Tests=520, 29 wallclock secs ( 0.22 usr + 0.17 sys = 0.39 CPU)
Result: PASS
[MSG] [Fri Jul 29 02:50:48 2011] Sending test report for 'Class-DBI-3.0.2'
[MSG] [Fri Jul 29 02:50:49 2011] Successfully sent 'pass' report for 'Class-DBI-3.0.2'
[MSG] [Fri Jul 29 02:50:50 2011] Building Class-DBI-Sweet
[ERROR] [Fri Jul 29 02:51:58 2011] MAKE TEST failed:
t\01use.t ................................ ok
t\02pod.t ................................ skipped: set TEST_POD to enable this test
t\03podcoverage.t ........................ skipped: set TEST_POD to enable this test
t\04join.t ............................... ok
t\05count.t .............................. ok
t\06object_cache.t ....................... skipped: Cache::Cache required
t\07prefetch.t ........................... skipped: Cache::Cache required
t\08pager.t .............................. ok
t\09sequence.t ........................... skipped: Need Win32API::GUID for this test
# Failed test 'State Essential:abbreviation, abbreviation, name'
# at t\cdbi-t-ocache\01-columns.t line 51.
# Structures begin differing at:
# $got->[1] = 'abbreviation'
# $expected->[1] = 'name'
# Failed test 'State All:population, snowfall, name, abbreviation, capital'
# at t\cdbi-t-ocache\01-columns.t line 53.
# Structures begin differing at:
# $got->[4] = 'snowfall'
# $expected->[4] = 'rain'
# Failed test 'find_column Rain'
# at t\cdbi-t-ocache\01-columns.t line 69.
# Failed test 'find_column rain'
# at t\cdbi-t-ocache\01-columns.t line 70.
# Failed test 'State->can(...)'
# at t\cdbi-t-ocache\01-columns.t line 73.
# State->can('Rainfall') failed
# State->can('_Rainfall_accessor') failed
# State->can('set_Rainfall') failed
# State->can('_set_Rainfall_accessor') failed
# State->can('set_Snowfall') failed
# State->can('_set_Snowfall_accessor') failed
# Failed test 'State can't Rain'
# at t\cdbi-t-ocache\01-columns.t line 78.
# Failed test 'State can't _Rain_accessor'
# at t\cdbi-t-ocache\01-columns.t line 78.
# Failed test 'State can't rain'
# at t\cdbi-t-ocache\01-columns.t line 78.
# Failed test 'Rain and Capital = 2 groups'
# at t\cdbi-t-ocache\01-columns.t line 87.
# got: '1'
# expected: '2'
# Failed test ' - Weather'
# at t\cdbi-t-ocache\01-columns.t line 89.
# got: undef
# expected: 'Weather'
# Looks like you failed 10 tests of 26.
t\cdbi-t-ocache\01-columns.t .............
Dubious, test returned 10 (wstat 2560, 0xa00)
Failed 10/26 subtests
t\cdbi-t-ocache\03-subclassing.t ......... skipped: needs Cache::Cache for testing
t\cdbi-t-ocache\05-Query.t ............... skipped: needs Cache::Cache for testing
t\cdbi-t-ocache\06-hasa.t ................ skipped: needs Cache::Cache for testing
t\cdbi-t-ocache\08-inheritcols.t ......... ok
t\cdbi-t-ocache\09-has_many.t ............ skipped: needs Cache::Cache for testing
t\cdbi-t-ocache\10-mysql.t ............... skipped: needs Cache::Cache for testing
t\cdbi-t-ocache\11-triggers.t ............ skipped: needs Cache::Cache for testing
t\cdbi-t-ocache\12-filter.t .............. skipped: needs Cache::Cache for testing
t\cdbi-t-ocache\13-constraint.t .......... skipped: needs Cache::Cache for testing
t\cdbi-t-ocache\14-might_have.t .......... skipped: needs Cache::Cache for testing
t\cdbi-t-ocache\16-reserved.t ............ skipped: needs Cache::Cache for testing
t\cdbi-t-ocache\17-data_type.t ........... skipped: needs Cache::Cache for testing
t\cdbi-t-ocache\18-has_a.t ............... skipped: needs Cache::Cache for testing
t\cdbi-t-ocache\19-set_sql.t ............. skipped: needs Cache::Cache for testing
t\cdbi-t-ocache\21-iterator.t ............ skipped: needs Cache::Cache for testing
t\cdbi-t-ocache\22-deflate_order.t ....... skipped: needs Cache::Cache for testing
t\cdbi-t-ocache\23-cascade.t ............. skipped: needs Cache::Cache for testing
# Failed test 'Pet has Date'
# at t\cdbi-t-ocache\24-meta_info.t line 30.
# Structures begin differing at:
# $got->[0] = 'pet'
# $expected->[0] = 'date'
# Looks like you failed 1 test of 3.
t\cdbi-t-ocache\24-meta_info.t ...........
Dubious, test returned 1 (wstat 256, 0x100)
Failed 1/3 subtests
DBI connect('test','',...) failed: Can't connect to MySQL server on 'localhost' (10061) at t/cdbi-t/testlib/MyBase.pm line 10
t\cdbi-t-ocache\25-closures_in_meta.t .... skipped: Need MySQL for this test
t\cdbi-t-ocache\97-pod.t ................. skipped: Cache::MemoryCache needed to test POD.
t\cdbi-t-ocache\98-failure.t ............. skipped: needs Cache::Cache for testing
t\cdbi-t-ocache\99-misc.t ................ skipped: needs Cache::Cache for testing
# Failed test 'State Essential:abbreviation, abbreviation, name'
# at t\cdbi-t-rescache\01-columns.t line 51.
# Structures begin differing at:
# $got->[1] = 'abbreviation'
# $expected->[1] = 'name'
# Failed test 'State All:population, snowfall, name, abbreviation, capital'
# at t\cdbi-t-rescache\01-columns.t line 53.
# Structures begin differing at:
# $got->[4] = 'snowfall'
# $expected->[4] = 'rain'
# Failed test 'find_column Rain'
# at t\cdbi-t-rescache\01-columns.t line 69.
# Failed test 'find_column rain'
# at t\cdbi-t-rescache\01-columns.t line 70.
# Failed test 'State->can(...)'
# at t\cdbi-t-rescache\01-columns.t line 73.
# State->can('Rainfall') failed
# State->can('_Rainfall_accessor') failed
# State->can('set_Rainfall') failed
# State->can('_set_Rainfall_accessor') failed
# State->can('set_Snowfall') failed
# State->can('_set_Snowfall_accessor') failed
# Failed test 'State can't Rain'
# at t\cdbi-t-rescache\01-columns.t line 78.
# Failed test 'State can't _Rain_accessor'
# at t\cdbi-t-rescache\01-columns.t line 78.
# Failed test 'State can't rain'
# at t\cdbi-t-rescache\01-columns.t line 78.
# Failed test 'Rain and Capital = 2 groups'
# at t\cdbi-t-rescache\01-columns.t line 87.
# got: '1'
# expected: '2'
# Failed test ' - Weather'
# at t\cdbi-t-rescache\01-columns.t line 89.
# got: undef
# expected: 'Weather'
# Looks like you failed 10 tests of 26.
t\cdbi-t-rescache\01-columns.t ...........
Dubious, test returned 10 (wstat 2560, 0xa00)
Failed 10/26 subtests
t\cdbi-t-rescache\03-subclassing.t ....... skipped: needs Cache::Cache for testing
t\cdbi-t-rescache\05-Query.t ............. skipped: needs Cache::Cache for testing
t\cdbi-t-rescache\06-hasa.t .............. skipped: needs Cache::Cache for testing
t\cdbi-t-rescache\08-inheritcols.t ....... ok
t\cdbi-t-rescache\09-has_many.t .......... skipped: needs Cache::Cache for testing
t\cdbi-t-rescache\10-mysql.t ............. skipped: needs Cache::Cache for testing
t\cdbi-t-rescache\11-triggers.t .......... skipped: needs Cache::Cache for testing
t\cdbi-t-rescache\12-filter.t ............ skipped: needs Cache::Cache for testing
t\cdbi-t-rescache\13-constraint.t ........ skipped: needs Cache::Cache for testing
t\cdbi-t-rescache\14-might_have.t ........ skipped: needs Cache::Cache for testing
t\cdbi-t-rescache\16-reserved.t .......... skipped: needs Cache::Cache for testing
t\cdbi-t-rescache\17-data_type.t ......... skipped: needs Cache::Cache for testing
t\cdbi-t-rescache\18-has_a.t ............. skipped: needs Cache::Cache for testing
t\cdbi-t-rescache\19-set_sql.t ........... skipped: needs Cache::Cache for testing
t\cdbi-t-rescache\21-iterator.t .......... skipped: needs Cache::Cache for testing
t\cdbi-t-rescache\22-deflate_order.t ..... skipped: needs Cache::Cache for testing
t\cdbi-t-rescache\23-cascade.t ........... skipped: needs Cache::Cache for testing
# Failed test 'Pet has Date'
# at t\cdbi-t-rescache\24-meta_info.t line 30.
# Structures begin differing at:
# $got->[0] = 'pet'
# $expected->[0] = 'date'
# Looks like you failed 1 test of 3.
t\cdbi-t-rescache\24-meta_info.t .........
Dubious, test returned 1 (wstat 256, 0x100)
Failed 1/3 subtests
t\cdbi-t-rescache\25-closures_in_meta.t .. skipped: needs Cache::Cache for testing
t\cdbi-t-rescache\97-pod.t ............... skipped: Cache::MemoryCache needed to test POD.
t\cdbi-t-rescache\98-failure.t ........... skipped: needs Cache::Cache for testing
t\cdbi-t-rescache\99-misc.t .............. skipped: needs Cache::Cache for testing
# Failed test 'State Essential:abbreviation, abbreviation, name'
# at t\cdbi-t\01-columns.t line 51.
# Structures begin differing at:
# $got->[1] = 'abbreviation'
# $expected->[1] = 'name'
# Failed test 'State All:population, snowfall, name, abbreviation, capital'
# at t\cdbi-t\01-columns.t line 53.
# Structures begin differing at:
# $got->[4] = 'snowfall'
# $expected->[4] = 'rain'
# Failed test 'find_column Rain'
# at t\cdbi-t\01-columns.t line 69.
# Failed test 'find_column rain'
# at t\cdbi-t\01-columns.t line 70.
# Failed test 'State->can(...)'
# at t\cdbi-t\01-columns.t line 73.
# State->can('Rainfall') failed
# State->can('_Rainfall_accessor') failed
# State->can('set_Rainfall') failed
# State->can('_set_Rainfall_accessor') failed
# State->can('set_Snowfall') failed
# State->can('_set_Snowfall_accessor') failed
# Failed test 'State can't Rain'
# at t\cdbi-t\01-columns.t line 78.
# Failed test 'State can't _Rain_accessor'
# at t\cdbi-t\01-columns.t line 78.
# Failed test 'State can't rain'
# at t\cdbi-t\01-columns.t line 78.
# Failed test 'Rain and Capital = 2 groups'
# at t\cdbi-t\01-columns.t line 87.
# got: '1'
# expected: '2'
# Failed test ' - Weather'
# at t\cdbi-t\01-columns.t line 89.
# got: undef
# expected: 'Weather'
# Looks like you failed 10 tests of 26.
t\cdbi-t\01-columns.t ....................
Dubious, test returned 10 (wstat 2560, 0xa00)
Failed 10/26 subtests
# Failed test 'insert needs a hashref'
# at t\cdbi-t\02-Film.t line 35.
# 'Can't locate object method "insert" via package "Film" at t\cdbi-t\02-Film.t line 34.
# '
# doesn't match '(?-xism:insert needs a hashref)'
Can't locate object method "insert" via package "Film" at t/cdbi-t/testlib/Film.pm line 27.
# Looks like you planned 91 tests but ran 7.
# Looks like you failed 1 test of 7 run.
# Looks like your test exited with 255 just after 7.
t\cdbi-t\02-Film.t .......................
Dubious, test returned 255 (wstat 65280, 0xff00)
Failed 85/91 subtests
Can't locate object method "insert" via package "Film" at t/cdbi-t/testlib/Film.pm line 27.
# Looks like you planned 6 tests but ran 2.
# Looks like your test exited with 255 just after 2.
t\cdbi-t\03-subclassing.t ................
Dubious, test returned 255 (wstat 65280, 0xff00)
Failed 4/6 subtests
Can't locate object method "insert" via package "Lazy" at t\cdbi-t\04-lazy.t line 38.
# Looks like you planned 25 tests but ran 8.
# Looks like your test exited with 255 just after 8.
t\cdbi-t\04-lazy.t .......................
Dubious, test returned 255 (wstat 65280, 0xff00)
Failed 17/25 subtests
Can't locate object method "insert" via package "Film" at t\cdbi-t\05-Query.t line 15.
# Looks like your test exited with 255 before it could output anything.
t\cdbi-t\05-Query.t ......................
Dubious, test returned 255 (wstat 65280, 0xff00)
Failed 20/20 subtests
Can't locate object method "insert" via package "Film" at t/cdbi-t/testlib/Film.pm line 27.
# Looks like your test exited with 255 before it could output anything.
t\cdbi-t\06-hasa.t .......................
Dubious, test returned 255 (wstat 65280, 0xff00)
Failed 24/24 subtests
t\cdbi-t\08-inheritcols.t ................ ok
Can't locate object method "insert" via package "Film" at t/cdbi-t/testlib/Film.pm line 27.
# Looks like you planned 42 tests but ran 3.
# Looks like your test exited with 255 just after 3.
t\cdbi-t\09-has_many.t ...................
Dubious, test returned 255 (wstat 65280, 0xff00)
Failed 39/42 subtests
Base class package "Class::DBI::Search::Basic" is empty.
(Perhaps you need to 'use' the module which defines that package first,
or make that module available in @INC (@INC contains: C:\perl\cpanplus\5.12.3\build\Class-DBI-Sweet-0.11\blib\lib C:\perl\cpanplus\5.12.3\build\Class-DBI-Sweet-0.11\blib\arch C:\perl\cpanplus\5.12.3\build\Class-DBI-Sweet-0.11\blib C:\perl\cpanplus\5.12.3\build\Class-DBI-3.0.2\blib C:\perl\cpanplus\5.12.3\build\Class-DBI-3.0.2\blib\arch C:\perl\cpanplus\5.12.3\build\Class-DBI-3.0.2\blib\lib C:\perl\cpanplus\5.12.3\build\UNIVERSAL-moniker-0.08\blib C:\perl\cpanplus\5.12.3\build\UNIVERSAL-moniker-0.08\blib\arch C:\perl\cpanplus\5.12.3\build\UNIVERSAL-moniker-0.08\blib\lib C:\perl\cpanplus\5.12.3\build\Class-Trigger-0.07\blib C:\perl\cpanplus\5.12.3\build\Class-Trigger-0.07\blib\arch C:\perl\cpanplus\5.12.3\build\Class-Trigger-0.07\blib\lib C:\perl\cpanplus\5.12.3\build\Ima-DBI-0.35\blib C:\perl\cpanplus\5.12.3\build\Ima-DBI-0.35\blib\arch C:\perl\cpanplus\5.12.3\build\Ima-DBI-0.35\blib\lib C:\perl\cpanplus\5.12.3\build\DBIx-ContextualFetch-1.03\blib C:\perl\cpanplus\5.12.3\build\DBIx-ContextualFetch-1.03\blib\arch C:\perl\cpanplus\5.12.3\build\DBIx-ContextualFetch-1.03\blib\lib C:\perl\cpanplus\5.12.3\build\Data-Page-2.02\blib C:\perl\cpanplus\5.12.3\build\Data-Page-2.02\blib\arch C:\perl\cpanplus\5.12.3\build\Data-Page-2.02\blib\lib C:\perl\cpanplus\5.12.3\build\Class-Accessor-Chained-0.01\blib C:\perl\cpanplus\5.12.3\build\Class-Accessor-Chained-0.01\blib\arch C:\perl\cpanplus\5.12.3\build\Class-Accessor-Chained-0.01\blib\lib C:\perl\cpanplus\5.12.3\build\Class-Accessor-0.33\blib C:\perl\cpanplus\5.12.3\build\Class-Accessor-0.33\blib\arch C:\perl\cpanplus\5.12.3\build\Class-Accessor-0.33\blib\lib C:\perl\cpanplus\5.12.3\build\SQL-Abstract-1.65\blib C:\perl\cpanplus\5.12.3\build\SQL-Abstract-1.65\blib\arch C:\perl\cpanplus\5.12.3\build\SQL-Abstract-1.65\blib\lib C:\perl\cpanplus\5.12.3\build\Class-DBI-Sweet-0.11\blib C:\perl\cpanplus\5.12.3\build\Class-DBI-Sweet-0.11\blib\arch C:\perl\cpanplus\5.12.3\build\Class-DBI-Sweet-0.11\blib\lib C:\perl\cpanplus\5.12.3\build\Class-DBI-3.0.2\blib C:\perl\cpanplus\5.12.3\build\Class-DBI-3.0.2\blib\arch C:\perl\cpanplus\5.12.3\build\Class-DBI-3.0.2\blib\lib C:\perl\cpanplus\5.12.3\build\UNIVERSAL-moniker-0.08\blib C:\perl\cpanplus\5.12.3\build\UNIVERSAL-moniker-0.08\blib\arch C:\perl\cpanplus\5.12.3\build\UNIVERSAL-moniker-0.08\blib\lib C:\perl\cpanplus\5.12.3\build\Class-Trigger-0.07\blib C:\perl\cpanplus\5.12.3\build\Class-Trigger-0.07\blib\arch C:\perl\cpanplus\5.12.3\build\Class-Trigger-0.07\blib\lib C:\perl\cpanplus\5.12.3\build\Ima-DBI-0.35\blib C:\perl\cpanplus\5.12.3\build\Ima-DBI-0.35\blib\arch C:\perl\cpanplus\5.12.3\build\Ima-DBI-0.35\blib\lib C:\perl\cpanplus\5.12.3\build\DBIx-ContextualFetch-1.03\blib C:\perl\cpanplus\5.12.3\build\DBIx-ContextualFetch-1.03\blib\arch C:\perl\cpanplus\5.12.3\build\DBIx-ContextualFetch-1.03\blib\lib C:\perl\cpanplus\5.12.3\build\Data-Page-2.02\blib C:\perl\cpanplus\5.12.3\build\Data-Page-2.02\blib\arch C:\perl\cpanplus\5.12.3\build\Data-Page-2.02\blib\lib C:\perl\cpanplus\5.12.3\build\Class-Accessor-Chained-0.01\blib C:\perl\cpanplus\5.12.3\build\Class-Accessor-Chained-0.01\blib\arch C:\perl\cpanplus\5.12.3\build\Class-Accessor-Chained-0.01\blib\lib C:\perl\cpanplus\5.12.3\build\Class-Accessor-0.33\blib C:\perl\cpanplus\5.12.3\build\Class-Accessor-0.33\blib\arch C:\perl\cpanplus\5.12.3\build\Class-Accessor-0.33\blib\lib C:\perl\cpanplus\5.12.3\build\SQL-Abstract-1.65\blib C:\perl\cpanplus\5.12.3\build\SQL-Abstract-1.65\blib\arch C:\perl\cpanplus\5.12.3\build\SQL-Abstract-1.65\blib\lib C:/perl/perl/site/lib C:/perl/perl/vendor/lib C:/perl/perl/lib .).
at t\cdbi-t\10-mysql.t line 177
BEGIN failed--compilation aborted at t\cdbi-t\10-mysql.t line 177.
t\cdbi-t\10-mysql.t ......................
Dubious, test returned 255 (wstat 65280, 0xff00)
No subtests run
Can't locate object method "insert" via package "Film" at t\cdbi-t\11-triggers.t line 39.
# Looks like your test exited with 255 before it could output anything.
t\cdbi-t\11-triggers.t ...................
Dubious, test returned 255 (wstat 65280, 0xff00)
Failed 13/13 subtests
Can't locate object method "insert" via package "Film" at t\cdbi-t\12-filter.t line 16.
# Looks like your test exited with 255 before it could output anything.
t\cdbi-t\12-filter.t .....................
Dubious, test returned 255 (wstat 65280, 0xff00)
Failed 50/50 subtests
Can't locate object method "insert" via package "Film" at t\cdbi-t\13-constraint.t line 35.
# Looks like you planned 28 tests but ran 3.
# Looks like your test exited with 255 just after 3.
t\cdbi-t\13-constraint.t .................
Dubious, test returned 255 (wstat 65280, 0xff00)
Failed 25/28 subtests
Can't locate object method "insert" via package "Film" at t/cdbi-t/testlib/Film.pm line 27.
# Looks like you planned 18 tests but ran 3.
# Looks like your test exited with 255 just after 3.
t\cdbi-t\14-might_have.t .................
Dubious, test returned 255 (wstat 65280, 0xff00)
Failed 15/18 subtests
# Pg connection failed (DBI connect('dbname=template1','postgres',...) failed: could not connect to server: Connection refused (0x0000274D/10061)
# Is the server running on host "???" and accepting
# TCP/IP connections on port 5432? at C:\perl\cpanplus\5.12.3\build\Ima-DBI-0.35\blib\lib/Ima/DBI.pm line 328
# ). Set env variables DBD_PG_DBNAME, DBD_PG_USER,
# DBD_PG_PASSWD to enable testing.
t\cdbi-t\17-data_type.t .................. skipped: Pg connection failed.
Name "Ima::DBI::st::execute" used only once: possible typo at t\cdbi-t\18-has_a.t line 38.
Can't locate object method "insert" via package "Film" at t/cdbi-t/testlib/Film.pm line 27.
# Looks like your test exited with 255 before it could output anything.
t\cdbi-t\18-has_a.t ......................
Dubious, test returned 255 (wstat 65280, 0xff00)
Failed 41/41 subtests
# Failed test '1 Column in essential'
# at t\cdbi-t\19-set_sql.t line 15.
# Structures begin differing at:
# $got->[1] = title
# $expected->[1] = Does not exist
# Failed test '__ESSENTIAL__ expansion'
# at t\cdbi-t\19-set_sql.t line 16.
# got: 'title, title'
# expected: 'title'
Can't locate object method "insert" via package "Film" at t\cdbi-t\19-set_sql.t line 20.
# Looks like you planned 17 tests but ran 2.
# Looks like you failed 2 tests of 2 run.
# Looks like your test exited with 255 just after 2.
t\cdbi-t\19-set_sql.t ....................
Dubious, test returned 255 (wstat 65280, 0xff00)
Failed 17/17 subtests
Can't locate object method "insert" via package "Film" at t\cdbi-t\21-iterator.t line 14.
# Looks like your test exited with 255 before it could output anything.
t\cdbi-t\21-iterator.t ...................
Dubious, test returned 255 (wstat 65280, 0xff00)
Failed 33/33 subtests
t\cdbi-t\22-deflate_order.t .............. skipped: Need Time::Piece::MySQL for this test
Can't locate object method "insert" via package "Director" at t\cdbi-t\23-cascade.t line 16.
# Looks like your test exited with 255 before it could output anything.
t\cdbi-t\23-cascade.t ....................
Dubious, test returned 255 (wstat 65280, 0xff00)
Failed 5/5 subtests
# Failed test 'Pet has Date'
# at t\cdbi-t\24-meta_info.t line 30.
# Structures begin differing at:
# $got->[0] = 'pet'
# $expected->[0] = 'date'
# Looks like you failed 1 test of 3.
t\cdbi-t\24-meta_info.t ..................
Dubious, test returned 1 (wstat 256, 0x100)
Failed 1/3 subtests
DBI connect('test','',...) failed: Can't connect to MySQL server on 'localhost' (10061) at t/cdbi-t/testlib/MyBase.pm line 10
t\cdbi-t\25-closures_in_meta.t ........... skipped: Need MySQL for this test
t\cdbi-t\97-pod.t ........................ ok
Can't locate object method "insert" via package "Film" at t/cdbi-t/testlib/Film.pm line 27.
# Looks like your test exited with 255 before it could output anything.
t\cdbi-t\98-failure.t ....................
Dubious, test returned 255 (wstat 65280, 0xff00)
Failed 7/7 subtests
Use of uninitialized value $name in lc at C:\perl\cpanplus\5.12.3\build\Class-DBI-3.0.2\blib\lib/Class/DBI/ColumnGrouper.pm line 89.
# Failed test '$self stringifies with no PK values'
# at t\cdbi-t\99-misc.t line 96.
# 'Can't locate object method "insert" via package "Class::DBI::Sweet::SUPER" at C:\perl\cpanplus\5.12.3\build\Class-DBI-Sweet-0.11\blib\lib/Class/DBI/Sweet.pm line 636.
# '
# doesn't match '(?-xism:Problem with Holiday)'
# Failed test 'Can't create without hashref'
# at t\cdbi-t\99-misc.t line 103.
# 'Can't locate object method "insert" via package "Class::DBI::Sweet::SUPER" at C:\perl\cpanplus\5.12.3\build\Class-DBI-Sweet-0.11\blib\lib/Class/DBI/Sweet.pm line 636.
# '
# doesn't match '(?-xism:a hashref)'
# Failed test 'Can't create with nonsense column'
# at t\cdbi-t\99-misc.t line 120.
# 'Can't locate object method "insert" via package "Class::DBI::Sweet::SUPER" at C:\perl\cpanplus\5.12.3\build\Class-DBI-Sweet-0.11\blib\lib/Class/DBI/Sweet.pm line 636.
# '
# doesn't match '(?-xism:not a column)'
# Looks like you failed 3 tests of 22.
t\cdbi-t\99-misc.t .......................
Dubious, test returned 3 (wstat 768, 0x300)
Failed 3/22 subtests
Test Summary Report
-------------------
t\cdbi-t-ocache\01-columns.t (Wstat: 2560 Tests: 26 Failed: 10)
Failed tests: 4-5, 11-12, 14-17, 20, 22
Non-zero exit status: 10
t\cdbi-t-ocache\24-meta_info.t (Wstat: 256 Tests: 3 Failed: 1)
Failed test: 2
Non-zero exit status: 1
t\cdbi-t-rescache\01-columns.t (Wstat: 2560 Tests: 26 Failed: 10)
Failed tests: 4-5, 11-12, 14-17, 20, 22
Non-zero exit status: 10
t\cdbi-t-rescache\24-meta_info.t (Wstat: 256 Tests: 3 Failed: 1)
Failed test: 2
Non-zero exit status: 1
t\cdbi-t\01-columns.t (Wstat: 2560 Tests: 26 Failed: 10)
Failed tests: 4-5, 11-12, 14-17, 20, 22
Non-zero exit status: 10
t\cdbi-t\02-Film.t (Wstat: 65280 Tests: 7 Failed: 1)
Failed test: 7
Non-zero exit status: 255
Parse errors: Bad plan. You planned 91 tests but ran 7.
t\cdbi-t\03-subclassing.t (Wstat: 65280 Tests: 2 Failed: 0)
Non-zero exit status: 255
Parse errors: Bad plan. You planned 6 tests but ran 2.
t\cdbi-t\04-lazy.t (Wstat: 65280 Tests: 8 Failed: 0)
Non-zero exit status: 255
Parse errors: Bad plan. You planned 25 tests but ran 8.
t\cdbi-t\05-Query.t (Wstat: 65280 Tests: 0 Failed: 0)
Non-zero exit status: 255
Parse errors: Bad plan. You planned 20 tests but ran 0.
t\cdbi-t\06-hasa.t (Wstat: 65280 Tests: 0 Failed: 0)
Non-zero exit status: 255
Parse errors: Bad plan. You planned 24 tests but ran 0.
t\cdbi-t\09-has_many.t (Wstat: 65280 Tests: 3 Failed: 0)
Non-zero exit status: 255
Parse errors: Bad plan. You planned 42 tests but ran 3.
t\cdbi-t\10-mysql.t (Wstat: 65280 Tests: 0 Failed: 0)
Non-zero exit status: 255
Parse errors: No plan found in TAP output
t\cdbi-t\11-triggers.t (Wstat: 65280 Tests: 0 Failed: 0)
Non-zero exit status: 255
Parse errors: Bad plan. You planned 13 tests but ran 0.
t\cdbi-t\12-filter.t (Wstat: 65280 Tests: 0 Failed: 0)
Non-zero exit status: 255
Parse errors: Bad plan. You planned 50 tests but ran 0.
t\cdbi-t\13-constraint.t (Wstat: 65280 Tests: 3 Failed: 0)
Non-zero exit status: 255
Parse errors: Bad plan. You planned 28 tests but ran 3.
t\cdbi-t\14-might_have.t (Wstat: 65280 Tests: 3 Failed: 0)
Non-zero exit status: 255
Parse errors: Bad plan. You planned 18 tests but ran 3.
t\cdbi-t\18-has_a.t (Wstat: 65280 Tests: 0 Failed: 0)
Non-zero exit status: 255
Parse errors: Bad plan. You planned 41 tests but ran 0.
t\cdbi-t\19-set_sql.t (Wstat: 65280 Tests: 2 Failed: 2)
Failed tests: 1-2
Non-zero exit status: 255
Parse errors: Bad plan. You planned 17 tests but ran 2.
t\cdbi-t\21-iterator.t (Wstat: 65280 Tests: 0 Failed: 0)
Non-zero exit status: 255
Parse errors: Bad plan. You planned 33 tests but ran 0.
t\cdbi-t\23-cascade.t (Wstat: 65280 Tests: 0 Failed: 0)
Non-zero exit status: 255
Parse errors: Bad plan. You planned 5 tests but ran 0.
t\cdbi-t\24-meta_info.t (Wstat: 256 Tests: 3 Failed: 1)
Failed test: 2
Non-zero exit status: 1
t\cdbi-t\98-failure.t (Wstat: 65280 Tests: 0 Failed: 0)
Non-zero exit status: 255
Parse errors: Bad plan. You planned 7 tests but ran 0.
t\cdbi-t\99-misc.t (Wstat: 768 Tests: 22 Failed: 3)
Failed tests: 14, 16, 20
Non-zero exit status: 3
Files=79, Tests=182, 67 wallclock secs ( 0.37 usr + 0.28 sys = 0.66 CPU)
Result: FAIL
Failed 23/79 test programs. 39/182 subtests failed.
BEGIN failed--compilation aborted at C:\perl\perl\bin\cpanp-run-perl line 8.
[MSG] [Fri Jul 29 02:51:58 2011] DEFAULT 'proceed_on_test_failure' HANDLER RETURNING 'sub return value'
******************************** NOTE ********************************
The comments above are created mechanically, possibly without manual
checking by the sender. As there are many people performing automatic
tests on each upload to CPAN, it is likely that you will receive
identical messages about the same problem.
If you believe that the message is mistaken, please reply to the first
one with correction and/or additional informations, and do not take
it personally. We appreciate your patience. :)
**********************************************************************
Additional comments:
This report was machine-generated by CPANPLUS::Dist::YACSmoke 0.62.
------------------------------
ENVIRONMENT AND OTHER CONTEXT
------------------------------
Environment variables:
AUTOMATED_TESTING = 1
COMSPEC = C:\WINDOWS\system32\cmd.exe
NUMBER_OF_PROCESSORS = 2
PATH = C:\WINDOWS\system32;C:\WINDOWS;C:\perl\c\bin;C:\perl\perl\site\bin;C:\perl\perl\bin
PERL5LIB = C:\perl\cpanplus\5.12.3\build\Class-DBI-Sweet-0.11\blib;C:\perl\cpanplus\5.12.3\build\Class-DBI-Sweet-0.11\blib\arch;C:\perl\cpanplus\5.12.3\build\Class-DBI-Sweet-0.11\blib\lib;C:\perl\cpanplus\5.12.3\build\Class-DBI-3.0.2\blib;C:\perl\cpanplus\5.12.3\build\Class-DBI-3.0.2\blib\arch;C:\perl\cpanplus\5.12.3\build\Class-DBI-3.0.2\blib\lib;C:\perl\cpanplus\5.12.3\build\UNIVERSAL-moniker-0.08\blib;C:\perl\cpanplus\5.12.3\build\UNIVERSAL-moniker-0.08\blib\arch;C:\perl\cpanplus\5.12.3\build\UNIVERSAL-moniker-0.08\blib\lib;C:\perl\cpanplus\5.12.3\build\Class-Trigger-0.07\blib;C:\perl\cpanplus\5.12.3\build\Class-Trigger-0.07\blib\arch;C:\perl\cpanplus\5.12.3\build\Class-Trigger-0.07\blib\lib;C:\perl\cpanplus\5.12.3\build\Ima-DBI-0.35\blib;C:\perl\cpanplus\5.12.3\build\Ima-DBI-0.35\blib\arch;C:\perl\cpanplus\5.12.3\build\Ima-DBI-0.35\blib\lib;C:\perl\cpanplus\5.12.3\build\DBIx-ContextualFetch-1.03\blib;C:\perl\cpanplus\5.12.3\build\DBIx-ContextualFetch-1.03\blib\arch;C:\perl\cpanplus\5.12.3\build\DBIx-ContextualFetch-1.03\blib\lib;C:\perl\cpanplus\5.12.3\build\Data-Page-2.02\blib;C:\perl\cpanplus\5.12.3\build\Data-Page-2.02\blib\arch;C:\perl\cpanplus\5.12.3\build\Data-Page-2.02\blib\lib;C:\perl\cpanplus\5.12.3\build\Class-Accessor-Chained-0.01\blib;C:\perl\cpanplus\5.12.3\build\Class-Accessor-Chained-0.01\blib\arch;C:\perl\cpanplus\5.12.3\build\Class-Accessor-Chained-0.01\blib\lib;C:\perl\cpanplus\5.12.3\build\Class-Accessor-0.33\blib;C:\perl\cpanplus\5.12.3\build\Class-Accessor-0.33\blib\arch;C:\perl\cpanplus\5.12.3\build\Class-Accessor-0.33\blib\lib;C:\perl\cpanplus\5.12.3\build\SQL-Abstract-1.65\blib;C:\perl\cpanplus\5.12.3\build\SQL-Abstract-1.65\blib\arch;C:\perl\cpanplus\5.12.3\build\SQL-Abstract-1.65\blib\lib;
PERL5_CPANPLUS_IS_RUNNING = 4212
PERL5_CPANPLUS_IS_VERSION = 0.9105
PERL_EXTUTILS_AUTOINSTALL = --defaultdeps
PERL_JSON_BACKEND = JSON::XS
PERL_MM_USE_DEFAULT = 1
PERL_YAML_BACKEND = YAML
PROCESSOR_IDENTIFIER = x86 Family 6 Model 15 Stepping 11, GenuineIntel
TERM = dumb
Perl special variables (and OS-specific diagnostics, for MSWin32):
Perl: $^X = C:\perl\perl\bin\perl.exe
UID: $< = 0
EUID: $> = 0
GID: $( = 0
EGID: $) = 0
Win32::GetOSName = WinXP/.Net
Win32::GetOSVersion = Service Pack 3, 5, 1, 2600, 2, 3, 0, 256, 1
Win32::IsAdminUser = 1
-------------------------------
--
Summary of my perl5 (revision 5 version 12 subversion 3) configuration:
Platform:
osname=MSWin32, osvers=5.1, archname=MSWin32-x86-multi-thread
uname='Win32 strawberryperl 5.12.3.0 #1 Sun May 15 09:44:53 2011 i386'
config_args='undef'
hint=recommended, useposix=true, d_sigaction=undef
useithreads=define, usemultiplicity=define
useperlio=define, d_sfio=undef, uselargefiles=define, usesocks=undef
use64bitint=undef, use64bitall=undef, uselongdouble=undef
usemymalloc=n, bincompat5005=undef
Compiler:
cc='gcc', ccflags =' -s -O2 -DWIN32 -DHAVE_DES_FCRYPT -DUSE_SITECUSTOMIZE -DPERL_IMPLICIT_CONTEXT -DPERL_IMPLICIT_SYS -fno-strict-aliasing -mms-bitfields -DPERL_MSVCRT_READFIX',
optimize='-s -O2',
cppflags='-DWIN32'
ccversion='', gccversion='4.4.3', gccosandvers=''
intsize=4, longsize=4, ptrsize=4, doublesize=8, byteorder=1234
d_longlong=undef, longlongsize=8, d_longdbl=define, longdblsize=12
ivtype='long', ivsize=4, nvtype='double', nvsize=8, Off_t='long long', lseeksize=8
alignbytes=8, prototype=define
Linker and Libraries:
ld='g++', ldflags ='-s -L"C:\perl\perl\lib\CORE" -L"C:\perl\c\lib"'
libpth=C:\perl\c\lib C:\perl\c\i686-w64-mingw32\lib
libs=-lmoldname -lkernel32 -luser32 -lgdi32 -lwinspool -lcomdlg32 -ladvapi32 -lshell32 -lole32 -loleaut32 -lnetapi32 -luuid -lws2_32 -lmpr -lwinmm -lversion -lodbc32 -lodbccp32 -lcomctl32
perllibs=-lmoldname -lkernel32 -luser32 -lgdi32 -lwinspool -lcomdlg32 -ladvapi32 -lshell32 -lole32 -loleaut32 -lnetapi32 -luuid -lws2_32 -lmpr -lwinmm -lversion -lodbc32 -lodbccp32 -lcomctl32
libc=, so=dll, useshrplib=true, libperl=libperl512.a
gnulibc_version=''
Dynamic Linking:
dlsrc=dl_win32.xs, dlext=dll, d_dlsymun=undef, ccdlflags=' '
cccdlflags=' ', lddlflags='-mdll -s -L"C:\perl\perl\lib\CORE" -L"C:\perl\c\lib"'
Characteristics of this binary (from libperl):
Compile-time options: MULTIPLICITY PERL_DONT_CREATE_GVSV
PERL_IMPLICIT_CONTEXT PERL_IMPLICIT_SYS
PERL_MALLOC_WRAP PL_OP_SLAB_ALLOC USE_ITHREADS
USE_LARGE_FILES USE_PERLIO USE_PERL_ATOF
USE_SITECUSTOMIZE
Built under MSWin32
Compiled at May 15 2011 17:02:01
%ENV:
PERL5LIB="C:\perl\cpanplus\5.12.3\build\Class-DBI-Sweet-0.11\blib;C:\perl\cpanplus\5.12.3\build\Class-DBI-Sweet-0.11\blib\arch;C:\perl\cpanplus\5.12.3\build\Class-DBI-Sweet-0.11\blib\lib;C:\perl\cpanplus\5.12.3\build\Class-DBI-3.0.2\blib;C:\perl\cpanplus\5.12.3\build\Class-DBI-3.0.2\blib\arch;C:\perl\cpanplus\5.12.3\build\Class-DBI-3.0.2\blib\lib;C:\perl\cpanplus\5.12.3\build\UNIVERSAL-moniker-0.08\blib;C:\perl\cpanplus\5.12.3\build\UNIVERSAL-moniker-0.08\blib\arch;C:\perl\cpanplus\5.12.3\build\UNIVERSAL-moniker-0.08\blib\lib;C:\perl\cpanplus\5.12.3\build\Class-Trigger-0.07\blib;C:\perl\cpanplus\5.12.3\build\Class-Trigger-0.07\blib\arch;C:\perl\cpanplus\5.12.3\build\Class-Trigger-0.07\blib\lib;C:\perl\cpanplus\5.12.3\build\Ima-DBI-0.35\blib;C:\perl\cpanplus\5.12.3\build\Ima-DBI-0.35\blib\arch;C:\perl\cpanplus\5.12.3\build\Ima-DBI-0.35\blib\lib;C:\perl\cpanplus\5.12.3\build\DBIx-ContextualFetch-1.03\blib;C:\perl\cpanplus\5.12.3\build\DBIx-ContextualFetch-1.03\blib\arch;C:\perl\cpanplus\5.12.3\build\DBIx-ContextualFetch-1.03\blib\lib;C:\perl\cpanplus\5.12.3\build\Data-Page-2.02\blib;C:\perl\cpanplus\5.12.3\build\Data-Page-2.02\blib\arch;C:\perl\cpanplus\5.12.3\build\Data-Page-2.02\blib\lib;C:\perl\cpanplus\5.12.3\build\Class-Accessor-Chained-0.01\blib;C:\perl\cpanplus\5.12.3\build\Class-Accessor-Chained-0.01\blib\arch;C:\perl\cpanplus\5.12.3\build\Class-Accessor-Chained-0.01\blib\lib;C:\perl\cpanplus\5.12.3\build\Class-Accessor-0.33\blib;C:\perl\cpanplus\5.12.3\build\Class-Accessor-0.33\blib\arch;C:\perl\cpanplus\5.12.3\build\Class-Accessor-0.33\blib\lib;C:\perl\cpanplus\5.12.3\build\SQL-Abstract-1.65\blib;C:\perl\cpanplus\5.12.3\build\SQL-Abstract-1.65\blib\arch;C:\perl\cpanplus\5.12.3\build\SQL-Abstract-1.65\blib\lib;"
PERL5_CPANPLUS_IS_RUNNING="4212"
PERL5_CPANPLUS_IS_VERSION="0.9105"
PERL_EXTUTILS_AUTOINSTALL="--defaultdeps"
PERL_JSON_BACKEND="JSON::XS"
PERL_MM_USE_DEFAULT="1"
PERL_YAML_BACKEND="YAML"
@INC:
C:\perl\cpanplus\5.12.3\build\Class-DBI-Sweet-0.11\blib
C:\perl\cpanplus\5.12.3\build\Class-DBI-Sweet-0.11\blib\arch
C:\perl\cpanplus\5.12.3\build\Class-DBI-Sweet-0.11\blib\lib
C:\perl\cpanplus\5.12.3\build\Class-DBI-3.0.2\blib
C:\perl\cpanplus\5.12.3\build\Class-DBI-3.0.2\blib\arch
C:\perl\cpanplus\5.12.3\build\Class-DBI-3.0.2\blib\lib
C:\perl\cpanplus\5.12.3\build\UNIVERSAL-moniker-0.08\blib
C:\perl\cpanplus\5.12.3\build\UNIVERSAL-moniker-0.08\blib\arch
C:\perl\cpanplus\5.12.3\build\UNIVERSAL-moniker-0.08\blib\lib
C:\perl\cpanplus\5.12.3\build\Class-Trigger-0.07\blib
C:\perl\cpanplus\5.12.3\build\Class-Trigger-0.07\blib\arch
C:\perl\cpanplus\5.12.3\build\Class-Trigger-0.07\blib\lib
C:\perl\cpanplus\5.12.3\build\Ima-DBI-0.35\blib
C:\perl\cpanplus\5.12.3\build\Ima-DBI-0.35\blib\arch
C:\perl\cpanplus\5.12.3\build\Ima-DBI-0.35\blib\lib
C:\perl\cpanplus\5.12.3\build\DBIx-ContextualFetch-1.03\blib
C:\perl\cpanplus\5.12.3\build\DBIx-ContextualFetch-1.03\blib\arch
C:\perl\cpanplus\5.12.3\build\DBIx-ContextualFetch-1.03\blib\lib
C:\perl\cpanplus\5.12.3\build\Data-Page-2.02\blib
C:\perl\cpanplus\5.12.3\build\Data-Page-2.02\blib\arch
C:\perl\cpanplus\5.12.3\build\Data-Page-2.02\blib\lib
C:\perl\cpanplus\5.12.3\build\Class-Accessor-Chained-0.01\blib
C:\perl\cpanplus\5.12.3\build\Class-Accessor-Chained-0.01\blib\arch
C:\perl\cpanplus\5.12.3\build\Class-Accessor-Chained-0.01\blib\lib
C:\perl\cpanplus\5.12.3\build\Class-Accessor-0.33\blib
C:\perl\cpanplus\5.12.3\build\Class-Accessor-0.33\blib\arch
C:\perl\cpanplus\5.12.3\build\Class-Accessor-0.33\blib\lib
C:\perl\cpanplus\5.12.3\build\SQL-Abstract-1.65\blib
C:\perl\cpanplus\5.12.3\build\SQL-Abstract-1.65\blib\arch
C:\perl\cpanplus\5.12.3\build\SQL-Abstract-1.65\blib\lib
C:/perl/perl/site/lib
C:/perl/perl/vendor/lib
C:/perl/perl/lib
.