Report for Class-PObject-2.17

Back
From: metabase:user:3198cbe2-2aae-11df-837a-5e0a49663a4f
Subject: FAIL Class-PObject-2.17 v5.12.2 GNU/Linux
Date: 2010-11-19T12:12:27Z

This distribution has been tested as part of the CPAN Testers
project, supporting the Perl programming language.  See
http://wiki.cpantesters.org/ for more information or email
questions to cpan-testers-discuss@perl.org


--
Dear Sherzod Ruzmetov,

This is a computer-generated report for Class-PObject-2.17
on perl 5.12.2, created by CPAN-Reporter-1.1805.

Thank you for uploading your work to CPAN.  However, there was a problem
testing your distribution.

If you think this report is invalid, please consult the CPAN Testers Wiki
for suggestions on how to avoid getting FAIL reports for missing library
or binary dependencies, unsupported operating systems, and so on:

http://wiki.cpantesters.org/wiki/CPANAuthorNotes

Sections of this report:

    * Tester comments
    * Program output
    * Prerequisites
    * Environment and other context

------------------------------
TESTER COMMENTS
------------------------------

Additional comments from tester:

this report is from an automated smoke testing program
and was not reviewed by a human for accuracy

------------------------------
PROGRAM OUTPUT
------------------------------

Output from '/usr/bin/make test':

PERL_DL_NONLAZY=1 /home/graham/perltest/perl5122/perl/bin/perl "-MExtUtils::Command::MM" "-e" "test_harness(0, 'blib/lib', 'blib/arch')" t/*.t
t/01basic_file.t ..... ok
t/06basic_csv.t ...... skipped: DBD::CSV is not installed
t/11basic_mysql.t .... skipped: DBD::mysql is not available
t/16basic_db_file.t .. ok

#   Failed test at /home/graham/perltest/perl5122/cpan/build/Class-PObject-2.17-mSAydW/blib/lib/Class/PObject/Test/Basic.pm line 195.

#   Failed test at /home/graham/perltest/perl5122/cpan/build/Class-PObject-2.17-mSAydW/blib/lib/Class/PObject/Test/Basic.pm line 198.

#   Failed test at /home/graham/perltest/perl5122/cpan/build/Class-PObject-2.17-mSAydW/blib/lib/Class/PObject/Test/Basic.pm line 231.
Can't call method "title" on an undefined value at /home/graham/perltest/perl5122/cpan/build/Class-PObject-2.17-mSAydW/blib/lib/Class/PObject/Test/Basic.pm line 233.
# Looks like you planned 204 tests but ran 51.
# Looks like you failed 3 tests of 51 run.
# Looks like your test exited with 2 just after 51.
t/21basic_sqlite.t ... 
Dubious, test returned 2 (wstat 512, 0x200)
Failed 156/204 subtests 
t/61types_file.t ..... ok
t/62types_csv.t ...... skipped: DBD::CSV is not installed
t/63types_db_file.t .. ok
t/64types_mysql.t .... skipped: DBD::mysql is not available

#   Failed test at /home/graham/perltest/perl5122/cpan/build/Class-PObject-2.17-mSAydW/blib/lib/Class/PObject/Test/Types.pm line 105.
Can't call method "name" on an undefined value at /home/graham/perltest/perl5122/cpan/build/Class-PObject-2.17-mSAydW/blib/lib/Class/PObject/Test/Types.pm line 113.
# Looks like you planned 46 tests but ran 21.
# Looks like you failed 1 test of 21 run.
# Looks like your test exited with 2 just after 21.
t/65types_sqlite.t ... 
Dubious, test returned 2 (wstat 512, 0x200)
Failed 26/46 subtests 
Use of uninitialized value in concatenation (.) or string at /home/graham/perltest/perl5122/cpan/build/Class-PObject-2.17-mSAydW/blib/lib/Class/PObject/Test/HAS_A.pm line 81.
t/70hasa_file.t ...... ok
t/71hasa_csv.t ....... skipped: DBD::CSV is not installed
t/72hasa_mysql.t ..... skipped: DBD::mysql is not available
Use of uninitialized value in concatenation (.) or string at /home/graham/perltest/perl5122/cpan/build/Class-PObject-2.17-mSAydW/blib/lib/Class/PObject/Test/HAS_A.pm line 81.
t/73hasa_db_file.t ... ok
Use of uninitialized value in concatenation (.) or string at /home/graham/perltest/perl5122/cpan/build/Class-PObject-2.17-mSAydW/blib/lib/Class/PObject/Test/HAS_A.pm line 81.
Use of uninitialized value in string eq at /home/graham/perltest/perl5122/cpan/build/Class-PObject-2.17-mSAydW/blib/lib/Class/PObject/Test/HAS_A.pm line 99.

#   Failed test at /home/graham/perltest/perl5122/cpan/build/Class-PObject-2.17-mSAydW/blib/lib/Class/PObject/Test/HAS_A.pm line 99.

#   Failed test at /home/graham/perltest/perl5122/cpan/build/Class-PObject-2.17-mSAydW/blib/lib/Class/PObject/Test/HAS_A.pm line 108.
Can't call method "author" on an undefined value at /home/graham/perltest/perl5122/cpan/build/Class-PObject-2.17-mSAydW/blib/lib/Class/PObject/Test/HAS_A.pm line 112.
# Looks like you planned 37 tests but ran 15.
# Looks like you failed 2 tests of 15 run.
# Looks like your test exited with 2 just after 15.
t/74hasa_sqlite.t .... 
Dubious, test returned 2 (wstat 512, 0x200)
Failed 24/37 subtests 

Test Summary Report
-------------------
t/21basic_sqlite.t (Wstat: 512 Tests: 51 Failed: 3)
  Failed tests:  45-46, 51
  Non-zero exit status: 2
  Parse errors: Bad plan.  You planned 204 tests but ran 51.
t/65types_sqlite.t (Wstat: 512 Tests: 21 Failed: 1)
  Failed test:  21
  Non-zero exit status: 2
  Parse errors: Bad plan.  You planned 46 tests but ran 21.
t/74hasa_sqlite.t  (Wstat: 512 Tests: 15 Failed: 2)
  Failed tests:  12, 15
  Non-zero exit status: 2
  Parse errors: Bad plan.  You planned 37 tests but ran 15.
Files=15, Tests=661,  5 wallclock secs ( 0.46 usr  0.08 sys +  4.01 cusr  0.59 csys =  5.14 CPU)
Result: FAIL
Failed 3/15 test programs. 6/661 subtests failed.
make: *** [test_dynamic] Error 2

------------------------------
PREREQUISITES
------------------------------

Prerequisite modules loaded:

requires:

    Module         Need Have   
    -------------- ---- -------
    File::Basename 0    2.78   
    File::Path     0    2.08   
    File::Spec     0    3.33   
    IO::Dir        0    1.07   
    Log::Agent     0    0.307  
    Storable       0    2.24   
    Test::More     0    2.00_01


------------------------------
ENVIRONMENT AND OTHER CONTEXT
------------------------------

Environment variables:

    AUTOMATED_TESTING = 1
    LANG = C
    PATH = /home/graham/perltest/perl5122/perl/bin:/bin:/usr/bin:/sbin:/usr/sbin:/opt/java/bin:/opt/java/jre/bin:/opt/kde/bin:/usr/bin/perlbin/site:/usr/bin/perlbin/vendor:/usr/bin/perlbin/core:/opt/qt/bin
    PERL5LIB = 
    PERL5OPT = 
    PERL5_CPANPLUS_IS_RUNNING = 7704
    PERL5_CPAN_IS_RUNNING = 7704
    PERL5_CPAN_IS_RUNNING_IN_RECURSION = 3568,7704
    PERL_CR_SMOKER_CURRENT = Class-PObject-2.17
    PERL_EXTUTILS_AUTOINSTALL = --defaultdeps
    PERL_MM_USE_DEFAULT = 1
    SHELL = /bin/bash
    TERM = xterm

Perl special variables (and OS-specific diagnostics, for MSWin32):

    $^X = /home/graham/perltest/perl5122/perl/bin/perl
    $UID/$EUID = 1000 / 1000
    $GID = 1000 7 10 91 92 93 95 98 100 108 1000 1001
    $EGID = 1000 7 10 91 92 93 95 98 100 108 1000 1001

Perl module toolchain versions installed:

    Module              Have   
    ------------------- -------
    CPAN                1.9304 
    Cwd                 3.33   
    ExtUtils::CBuilder  0.27_07
    ExtUtils::Command   1.16   
    ExtUtils::Install   1.52   
    ExtUtils::MakeMaker 6.56   
    ExtUtils::Manifest  1.58   
    ExtUtils::ParseXS   2.2206 
    File::Spec          3.33   
    Module::Build       0.36_17
    Module::Signature   0.66   
    Test::Harness       3.22   
    Test::More          2.00_01
    YAML                0.72   
    YAML::Syck          1.15   
    version             0.85   


--

Summary of my perl5 (revision 5 version 12 subversion 2) configuration:
   
  Platform:
    osname=linux, osvers=2.6.33-arch, archname=i686-linux-thread-multi
    uname='linux lorant 2.6.33-arch #1 smp preempt thu may 13 12:06:25 cest 2010 i686 intel(r) pentium(r) 4 cpu 2.80ghz genuineintel gnulinux '
    config_args=''
    hint=recommended, useposix=true, d_sigaction=define
    useithreads=define, usemultiplicity=define
    useperlio=define, d_sfio=undef, uselargefiles=define, usesocks=undef
    use64bitint=undef, use64bitall=undef, uselongdouble=undef
    usemymalloc=n, bincompat5005=undef
  Compiler:
    cc='cc', ccflags ='-D_REENTRANT -D_GNU_SOURCE -fno-strict-aliasing -pipe -fstack-protector -I/usr/local/include -D_LARGEFILE_SOURCE -D_FILE_OFFSET_BITS=64',
    optimize='-O2',
    cppflags='-D_REENTRANT -D_GNU_SOURCE -fno-strict-aliasing -pipe -fstack-protector -I/usr/local/include'
    ccversion='', gccversion='4.5.0 20100520 (prerelease)', gccosandvers=''
    intsize=4, longsize=4, ptrsize=4, doublesize=8, byteorder=1234
    d_longlong=define, longlongsize=8, d_longdbl=define, longdblsize=12
    ivtype='long', ivsize=4, nvtype='double', nvsize=8, Off_t='off_t', lseeksize=8
    alignbytes=4, prototype=define
  Linker and Libraries:
    ld='cc', ldflags =' -fstack-protector -L/usr/local/lib'
    libpth=/usr/local/lib /lib /usr/lib
    libs=-lnsl -lgdbm -ldb -ldl -lm -lcrypt -lutil -lpthread -lc -lgdbm_compat
    perllibs=-lnsl -ldl -lm -lcrypt -lutil -lpthread -lc
    libc=/lib/libc-2.12.so, so=so, useshrplib=true, libperl=libperl.so
    gnulibc_version='2.12'
  Dynamic Linking:
    dlsrc=dl_dlopen.xs, dlext=so, d_dlsymun=undef, ccdlflags='-Wl,-E -Wl,-rpath,/home/graham/perltest/perl5122/perl/lib/5.12.2/i686-linux-thread-multi/CORE'
    cccdlflags='-fPIC', lddlflags='-shared -O2 -L/usr/local/lib -fstack-protector'


Characteristics of this binary (from libperl): 
  Compile-time options: MULTIPLICITY PERL_DONT_CREATE_GVSV
                        PERL_IMPLICIT_CONTEXT PERL_MALLOC_WRAP USE_ITHREADS
                        USE_LARGE_FILES USE_PERLIO USE_PERL_ATOF
                        USE_REENTRANT_API
  Built under linux
  Compiled at Oct 18 2010 11:28:26
  %ENV:
    PERL5LIB=""
    PERL5OPT=""
    PERL5_CPANPLUS_IS_RUNNING="7704"
    PERL5_CPAN_IS_RUNNING="7704"
    PERL5_CPAN_IS_RUNNING_IN_RECURSION="3568,7704"
    PERL_CR_SMOKER_CURRENT="Class-PObject-2.17"
    PERL_EXTUTILS_AUTOINSTALL="--defaultdeps"
    PERL_MM_USE_DEFAULT="1"
  @INC:
    /home/graham/perltest/perl5122/perl/lib/site_perl/5.12.2/i686-linux-thread-multi
    /home/graham/perltest/perl5122/perl/lib/site_perl/5.12.2
    /home/graham/perltest/perl5122/perl/lib/5.12.2/i686-linux-thread-multi
    /home/graham/perltest/perl5122/perl/lib/5.12.2
    .