Report for NgxQueue-0.02

Back
From: metabase:user:320bfe00-2aae-11df-837a-5e0a49663a4f
Subject: FAIL NgxQueue-0.02 v5.25.2 GNU/Linux
Date: 2016-05-22T18:52:03Z

This distribution has been tested as part of the CPAN Testers
project, supporting the Perl programming language.  See
http://wiki.cpantesters.org/ for more information or email
questions to cpan-testers-discuss@perl.org


--
Dear Daisuke Murase,

This is a computer-generated report for NgxQueue-0.02
on perl 5.25.2, created by CPAN-Reporter-1.2017.

Thank you for uploading your work to CPAN.  However, there was a problem
testing your distribution.

If you think this report is invalid, please consult the CPAN Testers Wiki
for suggestions on how to avoid getting FAIL reports for missing library
or binary dependencies, unsupported operating systems, and so on:

http://wiki.cpantesters.org/wiki/CPANAuthorNotes

Sections of this report:

    * Tester comments
    * Program output
    * Prerequisites
    * Environment and other context

------------------------------
TESTER COMMENTS
------------------------------

Additional comments from tester:

this report is from an automated smoke testing program
and was not reviewed by a human for accuracy

------------------------------
PROGRAM OUTPUT
------------------------------

Output from '/usr/bin/make test':

"/tmp/basesmoker-reloperl-vgRg/bin/perl" "-Iinc" -MExtUtils::Command::MM -e 'cp_nonempty' -- NgxQueue.bs blib/arch/auto/NgxQueue/NgxQueue.bs 644
PERL_DL_NONLAZY=1 "/tmp/basesmoker-reloperl-vgRg/bin/perl" "-MExtUtils::Command::MM" "-MTest::Harness" "-e" "undef *Test::Harness::Switches; test_harness(0, 'inc', 'blib/lib', 'blib/arch'); " t/*.t
# Test for: XS

#   Failed test at t/basic.t line 17.
#          got: undef
#     expected: 'foo'

#   Failed test at t/basic.t line 18.
#          got: undef
#     expected: 'foo'

#   Failed test at t/basic.t line 21.

#   Failed test at t/basic.t line 28.
#          got: undef
#     expected: 'bar'

#   Failed test at t/basic.t line 29.
#          got: undef
#     expected: 'bar'
t/basic.t .... 
Failed 5/8 subtests 
t/pp.t ....... ok
t/sv_leak.t .. 
No subtests run 

Test Summary Report
-------------------
t/basic.t  (Wstat: 139 Tests: 8 Failed: 5)
  Failed tests:  3-5, 7-8
  Non-zero wait status: 139
  Parse errors: No plan found in TAP output
t/sv_leak.t (Wstat: 139 Tests: 0 Failed: 0)
  Non-zero wait status: 139
  Parse errors: No plan found in TAP output
Files=3, Tests=10,  0 wallclock secs ( 0.03 usr  0.03 sys +  0.16 cusr  0.05 csys =  0.27 CPU)
Result: FAIL
Failed 2/3 test programs. 5/10 subtests failed.
Makefile:967: recipe for target 'test_dynamic' failed
make: *** [test_dynamic] Error 255

------------------------------
PREREQUISITES
------------------------------

Prerequisite modules loaded:

requires:

    Module              Need     Have    
    ------------------- -------- --------
    perl                5.008001 5.025002
    XSLoader            0.02     0.21    

build_requires:

    Module              Need     Have    
    ------------------- -------- --------
    CPAN::Meta          0        2.150005
    Devel::PPPort       3.2      3.32    
    ExtUtils::MakeMaker 6.36     7.16    
    ExtUtils::ParseXS   2.21     3.31    
    Test::LeakTrace     0.14     0.15    
    Test::More          0.88     1.302019

configure_requires:

    Module              Need     Have    
    ------------------- -------- --------
    CPAN::Meta          0        2.150005
    Devel::PPPort       3.2      3.32    
    ExtUtils::MakeMaker 6.36     7.16    
    ExtUtils::ParseXS   2.21     3.31    


------------------------------
ENVIRONMENT AND OTHER CONTEXT
------------------------------

Environment variables:

    AUTOMATED_TESTING = 1
    LANG = en_US.UTF-8
    LANGUAGE = en_US:en
    PATH = /usr/lib/ccache:/home/sand/bin:/usr/local/bin:/usr/bin:/bin:/usr/games:/usr/local/perl/bin:/usr/X11/bin:/sbin:/usr/sbin
    PERL5LIB = 
    PERL5OPT = 
    PERL5_CPANPLUS_IS_RUNNING = 13792
    PERL5_CPAN_IS_RUNNING = 13792
    PERL_CANARY_STABILITY_NOPROMPT = 1
    PERL_MM_USE_DEFAULT = 1
    SHELL = /usr/bin/zsh
    TERM = screen

Perl special variables (and OS-specific diagnostics, for MSWin32):

    $^X = /tmp/basesmoker-reloperl-vgRg/bin/perl
    $UID/$EUID = 1005 / 1005
    $GID = 1005 1005
    $EGID = 1005 1005

Perl module toolchain versions installed:

    Module              Have    
    ------------------- --------
    CPAN                2.13    
    CPAN::Meta          2.150005
    Cwd                 3.63    
    ExtUtils::CBuilder  0.280225
    ExtUtils::Command   7.16    
    ExtUtils::Install   2.04    
    ExtUtils::MakeMaker 7.16    
    ExtUtils::Manifest  1.70    
    ExtUtils::ParseXS   3.31    
    File::Spec          3.63    
    JSON                2.90    
    JSON::PP            2.27300 
    Module::Build       0.4218  
    Module::Signature   0.79    
    Parse::CPAN::Meta   1.4417  
    Test::Harness       3.36    
    Test::More          1.302019
    YAML                1.15    
    YAML::Syck          1.29    
    version             0.9916  


--

Summary of my perl5 (revision 5 version 25 subversion 2) configuration:
  Commit id: 397c43d88a02adee0747f7e7e7db500858dac48b
  Platform:
    osname=linux, osvers=4.3.0-1-amd64, archname=x86_64-linux-thread-multi
    uname='linux k83 4.3.0-1-amd64 #1 smp debian 4.3.3-7 (2016-01-19) x86_64 gnulinux '
    config_args='-Dprefix=/home/sand/src/perl/repoperls/installed-perls/perl/v5.25.1-42-g397c43d/f7bf -Dmyhostname=k83 -Dinstallusrbinperl=n -Uversiononly -Dusedevel -des -Ui_db -Dlibswanted=cl pthread socket inet nsl gdbm dbm malloc dl ld sun m crypt sec util c cposix posix ucb BSD gdbm_compat -Duseithreads -Uuselongdouble -DDEBUGGING=-g'
    hint=recommended, useposix=true, d_sigaction=define
    useithreads=define, usemultiplicity=define
    use64bitint=define, use64bitall=define, uselongdouble=undef
    usemymalloc=n, bincompat5005=undef
  Compiler:
    cc='cc', ccflags ='-D_REENTRANT -D_GNU_SOURCE -fwrapv -fno-strict-aliasing -pipe -fstack-protector-strong -I/usr/local/include -D_LARGEFILE_SOURCE -D_FILE_OFFSET_BITS=64 -D_FORTIFY_SOURCE=2',
    optimize='-O2 -g',
    cppflags='-D_REENTRANT -D_GNU_SOURCE -fwrapv -fno-strict-aliasing -pipe -fstack-protector-strong -I/usr/local/include'
    ccversion='', gccversion='5.3.1 20160121', gccosandvers=''
    intsize=4, longsize=8, ptrsize=8, doublesize=8, byteorder=12345678, doublekind=3
    d_longlong=define, longlongsize=8, d_longdbl=define, longdblsize=16, longdblkind=3
    ivtype='long', ivsize=8, nvtype='double', nvsize=8, Off_t='off_t', lseeksize=8
    alignbytes=8, prototype=define
  Linker and Libraries:
    ld='cc', ldflags =' -fstack-protector-strong -L/usr/local/lib'
    libpth=/usr/local/lib /usr/lib/gcc/x86_64-linux-gnu/5/include-fixed /usr/include/x86_64-linux-gnu /usr/lib /lib/x86_64-linux-gnu /lib/../lib /usr/lib/x86_64-linux-gnu /usr/lib/../lib /lib
    libs=-lpthread -lnsl -lgdbm -ldl -lm -lcrypt -lutil -lc -lgdbm_compat
    perllibs=-lpthread -lnsl -ldl -lm -lcrypt -lutil -lc
    libc=libc-2.21.so, so=so, useshrplib=false, libperl=libperl.a
    gnulibc_version='2.21'
  Dynamic Linking:
    dlsrc=dl_dlopen.xs, dlext=so, d_dlsymun=undef, ccdlflags='-Wl,-E'
    cccdlflags='-fPIC', lddlflags='-shared -O2 -g -L/usr/local/lib -fstack-protector-strong'


Characteristics of this binary (from libperl): 
  Compile-time options: HAS_TIMES MULTIPLICITY PERLIO_LAYERS
                        PERL_COPY_ON_WRITE PERL_DONT_CREATE_GVSV
                        PERL_HASH_FUNC_ONE_AT_A_TIME_HARD
                        PERL_IMPLICIT_CONTEXT PERL_MALLOC_WRAP PERL_OP_PARENT
                        PERL_PRESERVE_IVUV PERL_USE_DEVEL USE_64_BIT_ALL
                        USE_64_BIT_INT USE_ITHREADS USE_LARGE_FILES
                        USE_LOCALE USE_LOCALE_COLLATE USE_LOCALE_CTYPE
                        USE_LOCALE_NUMERIC USE_LOCALE_TIME USE_PERLIO
                        USE_PERL_ATOF USE_REENTRANT_API
  Built under linux
  Compiled at May 22 2016 02:49:50
  %ENV:
    PERL5LIB=""
    PERL5OPT=""
    PERL5_CPANPLUS_IS_RUNNING="13792"
    PERL5_CPAN_IS_RUNNING="13792"
    PERL_CANARY_STABILITY_NOPROMPT="1"
    PERL_MM_USE_DEFAULT="1"
  @INC:
    /home/sand/src/perl/repoperls/installed-perls/perl/v5.25.1-42-g397c43d/f7bf/lib/site_perl/5.25.2/x86_64-linux-thread-multi
    /home/sand/src/perl/repoperls/installed-perls/perl/v5.25.1-42-g397c43d/f7bf/lib/site_perl/5.25.2
    /home/sand/src/perl/repoperls/installed-perls/perl/v5.25.1-42-g397c43d/f7bf/lib/5.25.2/x86_64-linux-thread-multi
    /home/sand/src/perl/repoperls/installed-perls/perl/v5.25.1-42-g397c43d/f7bf/lib/5.25.2
    .