Stow vv2.3.0 Perl 5 v5.22.4 i386-freebsd-thread-multi-64int

Status
Fail
From
Chris Williams (BINGOS)
Dist
Stow vv2.3.0
Platform
Perl 5 v5.22.4 i386-freebsd-thread-multi-64int
Date
2019-07-01 05:22:51
ID
45b9cf9e-9bc0-11e9-9066-e374b0ba08e8
This distribution has been tested as part of the CPAN Testers
project, supporting the Perl programming language.  See
http://wiki.cpantesters.org/ for more information or email
questions to cpan-testers-discuss@perl.org


--

Dear ASPIERS,

This is a computer-generated error report created automatically by
CPANPLUS, version 0.9176. Testers personal comments may appear
at the end of this report.


Thank you for uploading your work to CPAN.  However, it appears that
there were some problems testing your distribution.

TEST RESULTS:

Below is the error stack from stage 'make test':

t/chkstow.t ................ ok
t/cleanup_invalid_links.t .. ok
Can't exec "bin/stow": No such file or directory at t/cli.t line 62, <DATA> line 22.

#   Failed test '--help should return 0 exit code'
#   at t/cli.t line 63.
#          got: '-1'
#     expected: '0'

#   Failed test 'unrecognised option should return 1 exit code'
#   at t/cli.t line 66.
#          got: '72057594037927935'
#     expected: '1'

#   Failed test 'unrecognised option should be listed'
#   at t/cli.t line 67.
#                   undef
#     doesn't match '(?^m:^Unknown option: foo$)'
# Looks like you failed 3 tests of 3.
t/cli.t .................... 
Dubious, test returned 3 (wstat 768, 0x300)
Failed 3/3 subtests 
t/cli_options.t ............ ok
t/defer.t .................. ok
t/dotfiles.t ............... ok
t/examples.t ............... ok
t/find_stowed_path.t ....... ok
t/foldable.t ............... ok
t/ignore.t ................. ok
t/join_paths.t ............. ok
t/parent.t ................. ok
t/rc_options.t ............. ok
t/stow.t ................... ok
t/unstow.t ................. ok
t/unstow_orig.t ............ ok

Test Summary Report
-------------------
t/cli.t                  (Wstat: 768 Tests: 3 Failed: 3)
  Failed tests:  1-3
  Non-zero exit status: 3
Files=16, Tests=601,  6 wallclock secs ( 0.26 usr  0.04 sys +  3.70 cusr  1.76 csys =  5.75 CPU)
Result: FAIL
Failed 1/16 test programs. 3/601 subtests failed.


PREREQUISITES:

Here is a list of prerequisites you specified and versions we
managed to load:

	  Module Name                        Have     Want
	  Carp                               1.36        0
	  Clone                              0.41        0
	  Hash::Merge                       0.300        0
	  IO::File                           1.16        0
	  IO::Scalar                        2.111        0
	  Test::More                     1.302164        0
	  Test::Output                      1.031        0

Perl module toolchain versions installed:
	Module Name                        Have
	CPANPLUS                         0.9176
	CPANPLUS::Dist::Build              0.90
	Cwd                                3.75
	ExtUtils::CBuilder             0.280231
	ExtUtils::Command                  7.36
	ExtUtils::Install                  2.14
	ExtUtils::MakeMaker                7.36
	ExtUtils::Manifest                 1.72
	ExtUtils::ParseXS                  3.35
	File::Spec                         3.75
	Module::Build                    0.4229
	Pod::Parser                        1.63
	Pod::Simple                        3.29
	Test2                          1.302164
	Test::Harness                      3.42
	Test::More                     1.302164
	version                          0.9924

******************************** NOTE ********************************
The comments above are created mechanically, possibly without manual
checking by the sender.  As there are many people performing automatic
tests on each upload to CPAN, it is likely that you will receive
identical messages about the same problem.

If you believe that the message is mistaken, please reply to the first
one with correction and/or additional informations, and do not take
it personally.  We appreciate your patience. :)
**********************************************************************

Additional comments:


This report was machine-generated by CPANPLUS::Dist::YACSmoke 1.08.
Powered by minismokebox version 0.68

CPANPLUS is prefering Build.PL

------------------------------
ENVIRONMENT AND OTHER CONTEXT
------------------------------

Environment variables:

    AUTOMATED_TESTING = 1
    NONINTERACTIVE_TESTING = 1
    PATH = /usr/home/cpan/pit/rel/conf/perl-5.22.4/.cpanplus/5.22.4/build/_45r4Fdcap/Stow-v2.3.0/blib/script:/sbin:/bin:/usr/sbin:/usr/bin:/usr/local/sbin:/usr/local/bin:/home/cpan/bin
    PERL5LIB = /usr/home/cpan/pit/jail/ZP9ZhIhHHA/lib/perl5:/usr/home/cpan/pit/rel/conf/perl-5.22.4/.cpanplus/5.22.4/build/_45r4Fdcap/Stow-v2.3.0/blib/lib:/usr/home/cpan/pit/rel/conf/perl-5.22.4/.cpanplus/5.22.4/build/_45r4Fdcap/Stow-v2.3.0/blib/arch
    PERL5_CPANPLUS_IS_RUNNING = 67396
    PERL5_CPANPLUS_IS_VERSION = 0.9176
    PERL5_MINISMOKEBOX = 0.68
    PERL5_YACSMOKE_BASE = /usr/home/cpan/pit/rel/conf/perl-5.22.4
    PERL_EXTUTILS_AUTOINSTALL = --defaultdeps
    PERL_LOCAL_LIB_ROOT = /usr/home/cpan/pit/jail/ZP9ZhIhHHA
    PERL_MB_OPT = --install_base "/usr/home/cpan/pit/jail/ZP9ZhIhHHA"
    PERL_MM_OPT = INSTALL_BASE=/usr/home/cpan/pit/jail/ZP9ZhIhHHA
    PERL_MM_USE_DEFAULT = 1
    SHELL = /usr/local/bin/bash
    TERM = screen

Perl special variables (and OS-specific diagnostics, for MSWin32):

    Perl: $^X = /usr/home/cpan/pit/rel/perl-5.22.4/bin/perl
    UID:  $<  = 1002
    EUID: $>  = 1002
    GID:  $(  = 1002 1002
    EGID: $)  = 1002 1002


-------------------------------


--

Summary of my perl5 (revision 5 version 22 subversion 4) configuration:
   
  Platform:
    osname=freebsd, osvers=12.0-release, archname=i386-freebsd-thread-multi-64int
    uname='freebsd ffyrc 12.0-release freebsd 12.0-release r341666 generic i386 '
    config_args='-des -Dprefix=/usr/home/cpan/pit/rel/perl-5.22.4 -Dusethreads -Duse64bitint'
    hint=recommended, useposix=true, d_sigaction=define
    useithreads=define, usemultiplicity=define
    use64bitint=define, use64bitall=undef, uselongdouble=undef
    usemymalloc=n, bincompat5005=undef
  Compiler:
    cc='cc', ccflags ='-DHAS_FPSETMASK -DHAS_FLOATINGPOINT_H -fno-strict-aliasing -pipe -fstack-protector-strong -I/usr/local/include -D_FORTIFY_SOURCE=2',
    optimize='-O2',
    cppflags='-DHAS_FPSETMASK -DHAS_FLOATINGPOINT_H -fno-strict-aliasing -pipe -fstack-protector-strong -I/usr/local/include'
    ccversion='', gccversion='4.2.1 Compatible FreeBSD Clang 6.0.1 (tags/RELEASE_601/final 335540)', gccosandvers=''
    intsize=4, longsize=4, ptrsize=4, doublesize=8, byteorder=12345678, doublekind=3
    d_longlong=define, longlongsize=8, d_longdbl=define, longdblsize=12, longdblkind=3
    ivtype='long long', ivsize=8, nvtype='double', nvsize=8, Off_t='off_t', lseeksize=8
    alignbytes=4, prototype=define
  Linker and Libraries:
    ld='cc', ldflags ='-pthread -Wl,-E  -fstack-protector-strong -L/usr/local/lib'
    libpth=/usr/lib /usr/local/lib /usr/lib/clang/6.0.1/lib /usr/lib
    libs=-lpthread -lgdbm -ldl -lm -lcrypt -lutil
    perllibs=-lpthread -ldl -lm -lcrypt -lutil
    libc=, so=so, useshrplib=false, libperl=libperl.a
    gnulibc_version=''
  Dynamic Linking:
    dlsrc=dl_dlopen.xs, dlext=so, d_dlsymun=undef, ccdlflags=' '
    cccdlflags='-DPIC -fPIC', lddlflags='-shared  -L/usr/local/lib -fstack-protector-strong'


Characteristics of this binary (from libperl): 
  Compile-time options: HAS_TIMES MULTIPLICITY PERLIO_LAYERS
                        PERL_DONT_CREATE_GVSV
                        PERL_HASH_FUNC_ONE_AT_A_TIME_HARD
                        PERL_IMPLICIT_CONTEXT PERL_MALLOC_WRAP
                        PERL_NEW_COPY_ON_WRITE PERL_PRESERVE_IVUV
                        USE_64_BIT_INT USE_ITHREADS USE_LARGE_FILES
                        USE_LOCALE USE_LOCALE_COLLATE USE_LOCALE_CTYPE
                        USE_LOCALE_NUMERIC USE_LOCALE_TIME USE_PERLIO
                        USE_PERL_ATOF USE_REENTRANT_API
  Locally applied patches:
	Devel::PatchPerl 1.52
  Built under freebsd
  Compiled at Dec 16 2018 10:46:49
  %ENV:
    PERL5LIB="/usr/home/cpan/pit/jail/ZP9ZhIhHHA/lib/perl5:/usr/home/cpan/pit/rel/conf/perl-5.22.4/.cpanplus/5.22.4/build/_45r4Fdcap/Stow-v2.3.0/blib/lib:/usr/home/cpan/pit/rel/conf/perl-5.22.4/.cpanplus/5.22.4/build/_45r4Fdcap/Stow-v2.3.0/blib/arch"
    PERL5_CPANPLUS_IS_RUNNING="67396"
    PERL5_CPANPLUS_IS_VERSION="0.9176"
    PERL5_MINISMOKEBOX="0.68"
    PERL5_YACSMOKE_BASE="/usr/home/cpan/pit/rel/conf/perl-5.22.4"
    PERL_EXTUTILS_AUTOINSTALL="--defaultdeps"
    PERL_LOCAL_LIB_ROOT="/usr/home/cpan/pit/jail/ZP9ZhIhHHA"
    PERL_MB_OPT="--install_base "/usr/home/cpan/pit/jail/ZP9ZhIhHHA""
    PERL_MM_OPT="INSTALL_BASE=/usr/home/cpan/pit/jail/ZP9ZhIhHHA"
    PERL_MM_USE_DEFAULT="1"
  @INC:
    /usr/home/cpan/pit/jail/ZP9ZhIhHHA/lib/perl5/5.22.4/i386-freebsd-thread-multi-64int
    /usr/home/cpan/pit/jail/ZP9ZhIhHHA/lib/perl5/5.22.4
    /usr/home/cpan/pit/jail/ZP9ZhIhHHA/lib/perl5/i386-freebsd-thread-multi-64int
    /usr/home/cpan/pit/jail/ZP9ZhIhHHA/lib/perl5
    /usr/home/cpan/pit/rel/conf/perl-5.22.4/.cpanplus/5.22.4/build/_45r4Fdcap/Stow-v2.3.0/blib/lib
    /usr/home/cpan/pit/rel/conf/perl-5.22.4/.cpanplus/5.22.4/build/_45r4Fdcap/Stow-v2.3.0/blib/arch
    /usr/home/cpan/pit/rel/perl-5.22.4/lib/site_perl/5.22.4/i386-freebsd-thread-multi-64int
    /usr/home/cpan/pit/rel/perl-5.22.4/lib/site_perl/5.22.4
    /usr/home/cpan/pit/rel/perl-5.22.4/lib/5.22.4/i386-freebsd-thread-multi-64int
    /usr/home/cpan/pit/rel/perl-5.22.4/lib/5.22.4
    .