Report for Module-Build-Functions-0.04

Back
From: metabase:user:320bfe00-2aae-11df-837a-5e0a49663a4f
Subject: FAIL Module-Build-Functions-0.04 v5.14.4 GNU/Linux
Date: 2017-03-11T09:51:16Z

This distribution has been tested as part of the CPAN Testers
project, supporting the Perl programming language.  See
http://wiki.cpantesters.org/ for more information or email
questions to cpan-testers-discuss@perl.org


--
Dear Nickolay Platonov,

This is a computer-generated report for Module-Build-Functions-0.04
on perl 5.14.4, created by CPAN-Reporter-1.2018.

Thank you for uploading your work to CPAN.  However, there was a problem
testing your distribution.

If you think this report is invalid, please consult the CPAN Testers Wiki
for suggestions on how to avoid getting FAIL reports for missing library
or binary dependencies, unsupported operating systems, and so on:

http://wiki.cpantesters.org/wiki/CPANAuthorNotes

Sections of this report:

    * Tester comments
    * Program output
    * Prerequisites
    * Environment and other context

------------------------------
TESTER COMMENTS
------------------------------

Additional comments from tester:

this report is from an automated smoke testing program
and was not reviewed by a human for accuracy

------------------------------
PROGRAM OUTPUT
------------------------------

Output from '/usr/bin/make test':

/home/sand/src/perl/repoperls/installed-perls/host/k93msid/v5.14.4/d2d1/bin/perl Build --makefile_env_macros 1 test
t/00_load.t ....................... ok
# Using Module::Build 0.422

#   Failed test 'dist_version_from works'
#   at t/01_basic_and_share.t line 68.
#     Structures begin differing at:
#          $got = '0.001_006'
#     $expected = Module::Build::Version=HASH(0x562f05d3f060)
# Looks like you failed 1 test of 14.
t/01_basic_and_share.t ............ 
Dubious, test returned 1 (wstat 256, 0x100)
Failed 1/14 subtests 

#   Failed test 'Module::Build was added to 'configure_requires''
#   at t/02_all_from.t line 21.

#   Failed test 'dist_version_from works'
#   at t/02_all_from.t line 53.
#     Structures begin differing at:
#          $got = '0.000_001'
#     $expected = Module::Build::Version=HASH(0x55f5ffe73a40)
# Looks like you failed 2 tests of 8.
t/02_all_from.t ................... 
Dubious, test returned 2 (wstat 512, 0x200)
Failed 2/8 subtests 
t/03_meta.t ....................... ok
# Using Module::Build 0.422

#   Failed test 'dist_version_from works'
#   at t/04_basic_and_share_with_dsl.t line 69.
#     Structures begin differing at:
#          $got = '0.001_006'
#     $expected = Module::Build::Version=HASH(0x564402bf77e8)
# Looks like you failed 1 test of 15.
t/04_basic_and_share_with_dsl.t ... 
Dubious, test returned 1 (wstat 256, 0x100)
Failed 1/15 subtests 
t/05_dsl.t ........................ ok
t/06_no_littering.t ............... ok
t/07_test_prereq.t ................ skipped: Test::Prereq::Build required to test dependencies
# Using Module::Build 0.422
t/081_custom_subclass_with_dsl.t .. ok
# Using Module::Build 0.422
t/08_custom_subclass.t ............ ok
t/80_perlcritic.t ................. skipped: Author tests not required for installation
t/81_pod.t ........................ skipped: Author tests not required for installation
t/82_pod-coverage.t ............... skipped: Author tests not required for installation
t/83_version.t .................... skipped: Author tests not required for installation
t/84_minimumversion.t ............. skipped: Author tests not required for installation
t/85_meta.t ....................... skipped: Author tests not required for installation
t/86_manifest.t ................... skipped: Author tests not required for installation
t/89_prereq.t ..................... skipped: Author tests not required for installation

Test Summary Report
-------------------
t/01_basic_and_share.t          (Wstat: 256 Tests: 14 Failed: 1)
  Failed test:  9
  Non-zero exit status: 1
t/02_all_from.t                 (Wstat: 512 Tests: 8 Failed: 2)
  Failed tests:  1, 5
  Non-zero exit status: 2
t/04_basic_and_share_with_dsl.t (Wstat: 256 Tests: 15 Failed: 1)
  Failed test:  10
  Non-zero exit status: 1
Files=18, Tests=66, 10 wallclock secs ( 0.04 usr  0.13 sys +  2.59 cusr  0.97 csys =  3.73 CPU)
Result: FAIL
Failed 3/18 test programs. 4/66 subtests failed.
Makefile:103: recipe for target 'test' failed
make: *** [test] Error 255

------------------------------
PREREQUISITES
------------------------------

Prerequisite modules loaded:

requires:

    Module        Need    Have    
    ------------- ------- --------
    File::Slurp   0       9999.19 
    Module::Build 0.07    0.4220  
    perl          5.00503 5.014004

build_requires:

    Module        Need    Have    
    ------------- ------- --------
    Capture::Tiny 0.06    0.45    
    Module::Build 0.31    0.4220  
    Test::Compile 0       v1.3.0  
    Test::More    0       1.302078

configure_requires:

    Module        Need    Have    
    ------------- ------- --------
    Module::Build 0.31    0.4220  


------------------------------
ENVIRONMENT AND OTHER CONTEXT
------------------------------

Environment variables:

    AUTOMATED_TESTING = 1
    LANG = en_US.UTF-8
    PATH = /home/sand/bin:/usr/local/bin:/usr/bin:/bin:/usr/games:/usr/local/perl/bin:/usr/X11/bin:/sbin:/usr/sbin
    PERL5LIB = 
    PERL5OPT = 
    PERL5_CPANPLUS_IS_RUNNING = 12080
    PERL5_CPAN_IS_RUNNING = 12080
    PERL_CANARY_STABILITY_NOPROMPT = 1
    PERL_MM_USE_DEFAULT = 1
    PERL_USE_UNSAFE_INC = 1
    SHELL = /usr/bin/zsh
    TERM = screen

Perl special variables (and OS-specific diagnostics, for MSWin32):

    $^X = /home/sand/src/perl/repoperls/installed-perls/host/k93msid/v5.14.4/d2d1/bin/perl
    $UID/$EUID = 1005 / 1005
    $GID = 1005 1005
    $EGID = 1005 1005

Perl module toolchain versions installed:

    Module              Have    
    ------------------- --------
    CPAN                2.17    
    CPAN::Meta          2.150010
    Cwd                 3.62    
    ExtUtils::CBuilder  0.280224
    ExtUtils::Command   7.24    
    ExtUtils::Install   2.04    
    ExtUtils::MakeMaker 7.24    
    ExtUtils::Manifest  1.70    
    ExtUtils::ParseXS   3.30    
    File::Spec          3.62    
    JSON                2.90    
    JSON::PP            2.91_04 
    Module::Build       0.4220  
    Module::Signature   0.81    
    Parse::CPAN::Meta   2.150010
    Test::Harness       3.37_01 
    Test::More          1.302078
    YAML                1.23    
    YAML::Syck          1.29    
    version             0.9917  


--

Summary of my perl5 (revision 5 version 14 subversion 4) configuration:
  Derived from: 26c5c13a4ece9084f310610bb17fb2f24c72a73e
  Platform:
    osname=linux, osvers=4.8.0-2-amd64, archname=x86_64-linux
    uname='linux k93msid 4.8.0-2-amd64 #1 smp debian 4.8.11-1 (2016-12-02) x86_64 gnulinux '
    config_args='-Dprefix=/home/sand/src/perl/repoperls/installed-perls/host/k93msid/v5.14.4/d2d1 -Dmyhostname=k93msid -Dinstallusrbinperl=n -Uversiononly -Dusedevel -des -Ui_db -Dlibswanted=cl pthread socket inet nsl gdbm dbm malloc dl ld sun m crypt sec util c cposix posix ucb BSD gdbm_compat -Uuseithreads -Uuselongdouble -DDEBUGGING=both'
    hint=recommended, useposix=true, d_sigaction=define
    useithreads=undef, usemultiplicity=undef
    useperlio=define, d_sfio=undef, uselargefiles=define, usesocks=undef
    use64bitint=define, use64bitall=define, uselongdouble=undef
    usemymalloc=n, bincompat5005=undef
  Compiler:
    cc='cc', ccflags ='-DDEBUGGING -fno-strict-aliasing -pipe -fstack-protector -I/usr/local/include -D_LARGEFILE_SOURCE -D_FILE_OFFSET_BITS=64',
    optimize='-O2 -g',
    cppflags='-DDEBUGGING -fno-strict-aliasing -pipe -fstack-protector -I/usr/local/include'
    ccversion='', gccversion='6.2.1 20161124', gccosandvers=''
    intsize=4, longsize=8, ptrsize=8, doublesize=8, byteorder=12345678
    d_longlong=define, longlongsize=8, d_longdbl=define, longdblsize=16
    ivtype='long', ivsize=8, nvtype='double', nvsize=8, Off_t='off_t', lseeksize=8
    alignbytes=8, prototype=define
  Linker and Libraries:
    ld='cc', ldflags =' -fstack-protector -L/usr/local/lib'
    libpth=/usr/local/lib /lib/x86_64-linux-gnu /lib/../lib /usr/lib/x86_64-linux-gnu /usr/lib/../lib /lib /usr/lib
    libs=-lpthread -lnsl -ldl -lm -lcrypt -lutil -lc
    perllibs=-lpthread -lnsl -ldl -lm -lcrypt -lutil -lc
    libc=libc-2.24.so, so=so, useshrplib=false, libperl=libperl.a
    gnulibc_version='2.24'
  Dynamic Linking:
    dlsrc=dl_dlopen.xs, dlext=so, d_dlsymun=undef, ccdlflags='-Wl,-E'
    cccdlflags='-fPIC', lddlflags='-shared -O2 -g -L/usr/local/lib -fstack-protector'


Characteristics of this binary (from libperl): 
  Compile-time options: DEBUGGING PERL_DONT_CREATE_GVSV PERL_MALLOC_WRAP
                        PERL_PRESERVE_IVUV PERL_USE_DEVEL USE_64_BIT_ALL
                        USE_64_BIT_INT USE_LARGE_FILES USE_PERLIO
                        USE_PERL_ATOF
  Locally applied patches:
	uncommitted-changes
  Built under linux
  Compiled at Jan  4 2017 11:02:54
  %ENV:
    PERL5LIB=""
    PERL5OPT=""
    PERL5_CPANPLUS_IS_RUNNING="12080"
    PERL5_CPAN_IS_RUNNING="12080"
    PERL_CANARY_STABILITY_NOPROMPT="1"
    PERL_MM_USE_DEFAULT="1"
    PERL_USE_UNSAFE_INC="1"
  @INC:
    /home/sand/src/perl/repoperls/installed-perls/host/k93msid/v5.14.4/d2d1/lib/site_perl/5.14.4/x86_64-linux
    /home/sand/src/perl/repoperls/installed-perls/host/k93msid/v5.14.4/d2d1/lib/site_perl/5.14.4
    /home/sand/src/perl/repoperls/installed-perls/host/k93msid/v5.14.4/d2d1/lib/5.14.4/x86_64-linux
    /home/sand/src/perl/repoperls/installed-perls/host/k93msid/v5.14.4/d2d1/lib/5.14.4
    .