Report for SeeAlso-Server-0.71

Back
From: metabase:user:314402c4-2aae-11df-837a-5e0a49663a4f
Subject: FAIL SeeAlso-Server-0.71 v5.20.1 RC1 GNU/Linux
Date: 2014-08-30T20:21:48Z

This distribution has been tested as part of the CPAN Testers
project, supporting the Perl programming language.  See
http://wiki.cpantesters.org/ for more information or email
questions to cpan-testers-discuss@perl.org


--
Dear Jakob Voss,

This is a computer-generated report for SeeAlso-Server-0.71
on perl 5.20.1, created by CPAN-Reporter-1.2011.

Thank you for uploading your work to CPAN.  However, there was a problem
testing your distribution.

If you think this report is invalid, please consult the CPAN Testers Wiki
for suggestions on how to avoid getting FAIL reports for missing library
or binary dependencies, unsupported operating systems, and so on:

http://wiki.cpantesters.org/wiki/CPANAuthorNotes

Sections of this report:

    * Tester comments
    * Program output
    * Prerequisites
    * Environment and other context

------------------------------
TESTER COMMENTS
------------------------------

Additional comments from tester:

none provided

------------------------------
PROGRAM OUTPUT
------------------------------

Output from '/usr/bin/make test':

PERL_DL_NONLAZY=1 /bbbike/perl-5.20.1-RC1/bin/perl "-MExtUtils::Command::MM" "-MTest::Harness" "-e" "undef *Test::Harness::Switches; test_harness(0, 'blib/lib', 'blib/arch')" t/*.t
t/author-critic.t .. skipped: these tests are for testing by the author
SeeAlso::Server is deprecated - please use Plack::App::SeeAlso instead! at /tmpfs/.cpan-build/SeeAlso-Server-0.71-KpoT6t/blib/lib/SeeAlso/Source.pm line 11.
t/cache.t .......... ok
SeeAlso::Server is deprecated - please use Plack::App::SeeAlso instead! at /tmpfs/.cpan-build/SeeAlso-Server-0.71-KpoT6t/blib/lib/SeeAlso/Source.pm line 11.
t/client.t ......... ok
SeeAlso::Server is deprecated - please use Plack::App::SeeAlso instead! at /tmpfs/.cpan-build/SeeAlso-Server-0.71-KpoT6t/blib/lib/SeeAlso/Source.pm line 11.
t/dbi.t ............ ok
SeeAlso::Server is deprecated - please use Plack::App::SeeAlso instead! at (eval 8) line 2.
t/factory.t ........ ok
t/gnd.t ............ ok
t/identifier.t ..... ok

#   Failed test 'valid ISBN: 9991372539'
#   at t/isbn.t line 54.

#   Failed test 'valid hash: 999999999'
#   at t/isbn.t line 80.

#   Failed test 'valid hash: 999999999'
#   at t/isbn.t line 81.
#          got: '999999999'
#     expected: ''

#   Failed test 'hash 999999999 = '
#   at t/isbn.t line 82.
#          got: ''
#     expected: 'urn:isbn:9789999999991'

#   Failed test 'valid hash: 1999999999'
#   at t/isbn.t line 80.

#   Failed test 'valid hash: 1999999999'
#   at t/isbn.t line 81.
#          got: '1999999999'
#     expected: ''

#   Failed test 'hash 1999999999 = '
#   at t/isbn.t line 82.
#          got: ''
#     expected: 'urn:isbn:9799999999990'
# Looks like you failed 7 tests of 41.
t/isbn.t ........... 
Dubious, test returned 7 (wstat 1792, 0x700)
Failed 7/41 subtests 
t/isil.t ........... ok

#   Failed test 'POD test for blib/lib/SeeAlso/Identifier/GND.pm'
#   at /opt/perl-5.20.1-RC1/lib/site_perl/5.20.1/Test/Pod.pm line 186.
# blib/lib/SeeAlso/Identifier/GND.pm (95): Non-ASCII character seen before =encoding in 'Körperschaftsdatei"'. Assuming UTF-8
# Looks like you failed 1 test of 11.
t/pod.t ............ 
Dubious, test returned 1 (wstat 256, 0x100)
Failed 1/11 subtests 

#   Failed test 'toN3 (3)'
#   at t/response.t line 122.
# Looks like you failed 1 test of 46.
t/response.t ....... 
Dubious, test returned 1 (wstat 256, 0x100)
Failed 1/46 subtests 
SeeAlso::Server is deprecated - please use Plack::App::SeeAlso instead! at t/server.t line 7.
t/server.t ......... ok
SeeAlso::Server is deprecated - please use Plack::App::SeeAlso instead! at /tmpfs/.cpan-build/SeeAlso-Server-0.71-KpoT6t/blib/lib/SeeAlso/Source.pm line 11.
t/source.t ......... ok

Test Summary Report
-------------------
t/isbn.t         (Wstat: 1792 Tests: 41 Failed: 7)
  Failed tests:  21, 33-35, 39-41
  Non-zero exit status: 7
t/pod.t          (Wstat: 256 Tests: 11 Failed: 1)
  Failed test:  10
  Non-zero exit status: 1
t/response.t     (Wstat: 256 Tests: 46 Failed: 1)
  Failed test:  45
  Non-zero exit status: 1
Files=13, Tests=281, 17 wallclock secs ( 0.06 usr  0.11 sys +  1.29 cusr  0.33 csys =  1.79 CPU)
Result: FAIL
Failed 3/13 test programs. 9/281 subtests failed.
make: *** [test_dynamic] Fehler 255

------------------------------
PREREQUISITES
------------------------------

Prerequisite modules loaded:

requires:

    Module                  Need Have    
    ----------------------- ---- --------
    base                    0    2.18    
    Business::ISBN          0    2.07    
    Carp                    0    1.3301  
    CGI                     0    4.03    
    Config::IniFiles        0    2.83    
    Data::Validate::URI     0    0.06    
    Date::Parse             0    2.30    
    DBI                     0    1.631   
    DBI::Const::GetInfoType 0    2.008697
    Exporter                0    5.71    
    JSON::XS                0    3.01    
    LWP::Simple             0    6.00    
    overload                0    1.22    
    POSIX                   0    1.38_03 
    strict                  0    1.08    
    Text::CSV               0    1.32    
    URI                     0    1.64    
    utf8                    0    1.13_01 
    warnings                0    1.23    
    YAML::Any               0    1.11    

build_requires:

    Module                  Need Have    
    ----------------------- ---- --------
    Cache::Memory           0    2.10    
    CHI                     0    0.58    
    Data::Dumper            0    2.151   
    File::Temp              0    0.2304  
    Test::Exception         0    0.32    
    Test::More              0    1.001003

configure_requires:

    Module                  Need Have    
    ----------------------- ---- --------
    ExtUtils::MakeMaker     6.30 6.98    


------------------------------
ENVIRONMENT AND OTHER CONTEXT
------------------------------

Environment variables:

    DBIC_NO_WARN_BAD_PERL = 1
    LANG = C
    LC_ALL = de_DE.UTF-8
    PATH = /usr/local/bin:/usr/bin:/bin:/usr/local/sbin:/usr/sbin:/sbin:/home/eserte/bin/linux-gnu:/home/eserte/bin/sh:/home/eserte/bin:/usr/games:/home/eserte/devel:/home/eserte/src/srezic-misc/scripts
    PERL5LIB = 
    PERL5OPT = 
    PERL5_CPANPLUS_IS_RUNNING = 23695
    PERL5_CPAN_IS_RUNNING = 23695
    PERL5_CPAN_IS_RUNNING_IN_RECURSION = 32385,23695
    PERLDOC = -MPod::Perldoc::ToTextOverstrike
    PERL_BATCH = yes
    PERL_CPAN_REPORTER_CONFIG = /var/tmp/cpansmoker-1001/YnpbFoQhsM_config.ini
    PERL_EXTUTILS_AUTOINSTALL = --defaultdeps
    PERL_HTML_DISPLAY_CLASS = HTML::Display::Mozilla
    PERL_PARALLEL_SMOKER = yes
    SHELL = /bin/zsh
    TERM = screen
    TMPDIR = /var/tmp/cpansmoker-1001

Perl special variables (and OS-specific diagnostics, for MSWin32):

    $^X = /bbbike/perl-5.20.1-RC1/bin/perl
    $UID/$EUID = 1001 / 1001
    $GID = 1001 109 1001
    $EGID = 1001 109 1001

Perl module toolchain versions installed:

    Module              Have    
    ------------------- --------
    CPAN                2.05    
    CPAN::Meta          2.140640
    Cwd                 3.48    
    ExtUtils::CBuilder  0.280217
    ExtUtils::Command   1.18    
    ExtUtils::Install   1.67    
    ExtUtils::MakeMaker 6.98    
    ExtUtils::Manifest  1.65    
    ExtUtils::ParseXS   3.24    
    File::Spec          3.48    
    JSON                2.90    
    JSON::PP            2.27203 
    Module::Build       0.4208  
    Module::Signature   0.73    
    Parse::CPAN::Meta   1.4414  
    Test::Harness       3.33    
    Test::More          1.001003
    YAML                1.11    
    YAML::Syck          1.27    
    version             0.9909  


--

Summary of my perl5 (revision 5 version 20 subversion 1) configuration:
   
  Platform:
    osname=linux, osvers=3.2.0-4-amd64, archname=x86_64-linux
    uname='linux eserte 3.2.0-4-amd64 #1 smp debian 3.2.60-1+deb7u3 x86_64 gnulinux '
    config_args='-ds -e -Dprefix=/opt/perl-5.20.1-RC1'
    hint=recommended, useposix=true, d_sigaction=define
    useithreads=undef, usemultiplicity=undef
    use64bitint=define, use64bitall=define, uselongdouble=undef
    usemymalloc=n, bincompat5005=undef
  Compiler:
    cc='cc', ccflags ='-fwrapv -fno-strict-aliasing -pipe -fstack-protector -I/usr/local/include -D_LARGEFILE_SOURCE -D_FILE_OFFSET_BITS=64',
    optimize='-O2',
    cppflags='-fwrapv -fno-strict-aliasing -pipe -fstack-protector -I/usr/local/include'
    ccversion='', gccversion='4.7.2', gccosandvers=''
    intsize=4, longsize=8, ptrsize=8, doublesize=8, byteorder=12345678
    d_longlong=define, longlongsize=8, d_longdbl=define, longdblsize=16
    ivtype='long', ivsize=8, nvtype='double', nvsize=8, Off_t='off_t', lseeksize=8
    alignbytes=8, prototype=define
  Linker and Libraries:
    ld='cc', ldflags =' -fstack-protector -L/usr/local/lib'
    libpth=/usr/local/lib /usr/lib/gcc/x86_64-linux-gnu/4.7/include-fixed /usr/include/x86_64-linux-gnu /usr/lib /lib/x86_64-linux-gnu /lib/../lib /usr/lib/x86_64-linux-gnu /usr/lib/../lib /lib
    libs=-lnsl -ldb -ldl -lm -lcrypt -lutil -lc
    perllibs=-lnsl -ldl -lm -lcrypt -lutil -lc
    libc=libc-2.13.so, so=so, useshrplib=false, libperl=libperl.a
    gnulibc_version='2.13'
  Dynamic Linking:
    dlsrc=dl_dlopen.xs, dlext=so, d_dlsymun=undef, ccdlflags='-Wl,-E'
    cccdlflags='-fPIC', lddlflags='-shared -O2 -L/usr/local/lib -fstack-protector'


Characteristics of this binary (from libperl): 
  Compile-time options: HAS_TIMES PERLIO_LAYERS PERL_DONT_CREATE_GVSV
                        PERL_HASH_FUNC_ONE_AT_A_TIME_HARD PERL_MALLOC_WRAP
                        PERL_NEW_COPY_ON_WRITE PERL_PRESERVE_IVUV
                        USE_64_BIT_ALL USE_64_BIT_INT USE_LARGE_FILES
                        USE_LOCALE USE_LOCALE_COLLATE USE_LOCALE_CTYPE
                        USE_LOCALE_NUMERIC USE_PERLIO USE_PERL_ATOF
  Locally applied patches:
	RC1
  Built under linux
  Compiled at Aug 25 2014 19:48:42
  %ENV:
    PERL5LIB=""
    PERL5OPT=""
    PERL5_CPANPLUS_IS_RUNNING="23695"
    PERL5_CPAN_IS_RUNNING="23695"
    PERL5_CPAN_IS_RUNNING_IN_RECURSION="32385,23695"
    PERLDOC="-MPod::Perldoc::ToTextOverstrike"
    PERL_BATCH="yes"
    PERL_CPAN_REPORTER_CONFIG="/var/tmp/cpansmoker-1001/YnpbFoQhsM_config.ini"
    PERL_EXTUTILS_AUTOINSTALL="--defaultdeps"
    PERL_HTML_DISPLAY_CLASS="HTML::Display::Mozilla"
    PERL_PARALLEL_SMOKER="yes"
  @INC:
    /opt/perl-5.20.1-RC1/lib/site_perl/5.20.1/x86_64-linux
    /opt/perl-5.20.1-RC1/lib/site_perl/5.20.1
    /opt/perl-5.20.1-RC1/lib/5.20.1/x86_64-linux
    /opt/perl-5.20.1-RC1/lib/5.20.1
    .