Syntax-Feature-QwComments vv1.14.0 Perl 5 v5.37.11 x86_64-linux

Status
Fail
From
Andreas J. König (ANDK)
Dist
Syntax-Feature-QwComments vv1.14.0
Platform
Perl 5 v5.37.11 x86_64-linux
Date
2023-05-15 15:29:22
ID
442ace6e-f335-11ed-b2e5-da198dbc4639
This distribution has been tested as part of the CPAN Testers
project, supporting the Perl programming language.  See
http://wiki.cpantesters.org/ for more information or email
questions to cpan-testers-discuss@perl.org


--
Dear ikegami,

This is a computer-generated report for Syntax-Feature-QwComments-v1.14.0
on perl 5.37.11, created by CPAN-Reporter-1.2019.

Thank you for uploading your work to CPAN.  However, there was a problem
testing your distribution.

If you think this report is invalid, please consult the CPAN Testers Wiki
for suggestions on how to avoid getting FAIL reports for missing library
or binary dependencies, unsupported operating systems, and so on:

http://wiki.cpantesters.org/wiki/CPANAuthorNotes

Sections of this report:

    * Tester comments
    * Program output
    * Prerequisites
    * Environment and other context

------------------------------
TESTER COMMENTS
------------------------------

Additional comments from tester:

this report is from an automated smoke testing program
and was not reviewed by a human for accuracy

------------------------------
PROGRAM OUTPUT
------------------------------

Output from './Build test':

# Testing Syntax::Feature::QwComments v1.14.0
# Using Perl 5.037011
t/00_load.t ............. ok
Bareword "c" not allowed while "strict subs" in use at t/01_basic.t line 32.
syntax error at t/01_basic.t line 32, near "c !"
Execution of t/01_basic.t aborted due to compilation errors.
# Looks like your test exited with 255 before it could output anything.
t/01_basic.t ............ 
Dubious, test returned 255 (wstat 65280, 0xff00)
Failed 24/24 subtests 
Bareword "a" not allowed while "strict subs" in use at t/02_pragma_a.t line 27.
Bareword "a" not allowed while "strict subs" in use at t/02_pragma_a.t line 35.
Bareword "a" not allowed while "strict subs" in use at t/02_pragma_a.t line 41.
Execution of t/02_pragma_a.t aborted due to compilation errors.
# Looks like your test exited with 255 before it could output anything.
t/02_pragma_a.t ......... 
Dubious, test returned 255 (wstat 65280, 0xff00)
Failed 6/6 subtests 
Bareword "qw_comments" not allowed while "strict subs" in use at t/02_pragma_b.t line 33.
Bareword "a" not allowed while "strict subs" in use at t/02_pragma_b.t line 27.
Bareword "a" not allowed while "strict subs" in use at t/02_pragma_b.t line 35.
Bareword "a" not allowed while "strict subs" in use at t/02_pragma_b.t line 41.
Execution of t/02_pragma_b.t aborted due to compilation errors.
# Looks like your test exited with 255 before it could output anything.
t/02_pragma_b.t ......... 
Dubious, test returned 255 (wstat 65280, 0xff00)
Failed 6/6 subtests 
Can't locate object method "a" via package "b" (perhaps you forgot to load "b"?) at t/03_line_numbers.t line 1.
# Looks like your test exited with 255 before it could output anything.
t/03_line_numbers.t ..... 
Dubious, test returned 255 (wstat 65280, 0xff00)
Failed 3/3 subtests 
Bareword "qw_comments" not allowed while "strict subs" in use at t/04_errors.t line 23.
BEGIN not safe after errors--compilation aborted at t/04_errors.t line 29.
# Looks like your test exited with 255 before it could output anything.
t/04_errors.t ........... 
Dubious, test returned 255 (wstat 65280, 0xff00)
Failed 21/21 subtests 
Unrecognized character \xE9; marked by <-- HERE after @a = qw( <-- HERE near column 10 at (eval 10) line 1. at t/05_unicode.t line 22.
# Looks like your test exited with 255 before it could output anything.
t/05_unicode.t .......... 
Dubious, test returned 255 (wstat 65280, 0xff00)
Failed 4/4 subtests 
t/devel-pod-coverage.t .. skipped: Pod coverage is only tested when DEVEL_TESTS=1
t/pod.t ................. ok

Test Summary Report
-------------------
t/01_basic.t          (Wstat: 65280 (exited 255) Tests: 0 Failed: 0)
  Non-zero exit status: 255
  Parse errors: Bad plan.  You planned 24 tests but ran 0.
t/02_pragma_a.t       (Wstat: 65280 (exited 255) Tests: 0 Failed: 0)
  Non-zero exit status: 255
  Parse errors: Bad plan.  You planned 6 tests but ran 0.
t/02_pragma_b.t       (Wstat: 65280 (exited 255) Tests: 0 Failed: 0)
  Non-zero exit status: 255
  Parse errors: Bad plan.  You planned 6 tests but ran 0.
t/03_line_numbers.t   (Wstat: 65280 (exited 255) Tests: 0 Failed: 0)
  Non-zero exit status: 255
  Parse errors: Bad plan.  You planned 3 tests but ran 0.
t/04_errors.t         (Wstat: 65280 (exited 255) Tests: 0 Failed: 0)
  Non-zero exit status: 255
  Parse errors: Bad plan.  You planned 21 tests but ran 0.
t/05_unicode.t        (Wstat: 65280 (exited 255) Tests: 0 Failed: 0)
  Non-zero exit status: 255
  Parse errors: Bad plan.  You planned 4 tests but ran 0.
Files=9, Tests=2,  1 wallclock secs ( 0.02 usr  0.03 sys +  0.72 cusr  0.17 csys =  0.94 CPU)
Result: FAIL
Failed 6/9 test programs. 0/2 subtests failed.

------------------------------
PREREQUISITES
------------------------------

Prerequisite modules loaded:

requires:

    Module                     Need   Have    
    -------------------------- ------ --------
    Devel::CallParser          0      0.002   
    Lexical::Sub               0      0.010   
    perl                       5.014  5.037011
    syntax                     0.004  0.004   
    version                    0      0.9929  
    XSLoader                   0      0.32    

build_requires:

    Module                     Need   Have    
    -------------------------- ------ --------
    ExtUtils::CBuilder         0      0.280238
    Test::More                 0      1.302195

configure_requires:

    Module                     Need   Have    
    -------------------------- ------ --------
    Module::Build              0.3614 0.4234  
    Software::License::CC0_1_0 0      0.104002


------------------------------
ENVIRONMENT AND OTHER CONTEXT
------------------------------

Environment variables:

    AUTOMATED_TESTING = 1
    LANG = en_US.UTF-8
    PATH = /home/sand/bin:/usr/local/bin:/usr/local/sbin:/usr/sbin:/usr/bin:/sbin:/bin:/usr/games:/usr/local/games:/snap/bin:/usr/local/perl/bin:/usr/X11/bin
    PERL = /tmp/basesmoker-reloperl-s0XO/bin/perl
    PERL5LIB = /tmp/loop_over_bdir-2450-bXucDn/ProjectBuilder-0.14.1-0/blib/arch:/tmp/loop_over_bdir-2450-bXucDn/ProjectBuilder-0.14.1-0/blib/lib:/tmp/loop_over_bdir-2450-bXucDn/js-app-0.13-0/blib/arch:/tmp/loop_over_bdir-2450-bXucDn/js-app-0.13-0/blib/lib:/tmp/loop_over_bdir-2450-bXucDn/Devel-Required-0.16-0/blib/arch:/tmp/loop_over_bdir-2450-bXucDn/Devel-Required-0.16-0/blib/lib:/tmp/loop_over_bdir-2450-bXucDn/EJBCA-CrlPublish-0.60-0/blib/arch:/tmp/loop_over_bdir-2450-bXucDn/EJBCA-CrlPublish-0.60-0/blib/lib:/tmp/loop_over_bdir-2450-bXucDn/DBIx-Migration-Directories-0.12-0/blib/arch:/tmp/loop_over_bdir-2450-bXucDn/DBIx-Migration-Directories-0.12-0/blib/lib:/tmp/loop_over_bdir-2450-bXucDn/dta-tokwrap-0.98-0/blib/arch:/tmp/loop_over_bdir-2450-bXucDn/dta-tokwrap-0.98-0/blib/lib:/tmp/loop_over_bdir-2450-bXucDn/mmds-1.902-0/blib/arch:/tmp/loop_over_bdir-2450-bXucDn/mmds-1.902-0/blib/lib:/tmp/loop_over_bdir-2450-bXucDn/CORBA-Python-2.66-0/blib/arch:/tmp/loop_over_bdir-2450-bXucDn/CORBA-Python-2.66-0/blib/lib:/tmp/loop_over_bdir-2450-bXucDn/shishi-0.0.1-0/blib/arch:/tmp/loop_over_bdir-2450-bXucDn/shishi-0.0.1-0/blib/lib:/tmp/loop_over_bdir-2450-bXucDn/Dpkg-1.21.19-0/blib/arch:/tmp/loop_over_bdir-2450-bXucDn/Dpkg-1.21.19-0/blib/lib
    PERL5OPT = 
    PERL5_CPANPLUS_IS_RUNNING = 2470
    PERL5_CPAN_IS_RUNNING = 2470
    PERL_CANARY_STABILITY_NOPROMPT = 1
    PERL_MM_USE_DEFAULT = 1
    PERL_USE_UNSAFE_INC = 1
    SHELL = /usr/bin/zsh
    TERM = screen

Perl special variables (and OS-specific diagnostics, for MSWin32):

    $^X = /tmp/basesmoker-reloperl-s0XO/bin/perl
    $UID/$EUID = 1005 / 1005
    $GID = 1005 1005
    $EGID = 1005 1005

Perl module toolchain versions installed:

    Module              Have    
    ------------------- --------
    CPAN                2.35    
    CPAN::Meta          2.150010
    Cwd                 3.89    
    ExtUtils::CBuilder  0.280238
    ExtUtils::Command   7.70    
    ExtUtils::Install   2.22    
    ExtUtils::MakeMaker 7.70    
    ExtUtils::Manifest  1.75    
    ExtUtils::ParseXS   3.50    
    File::Spec          3.88    
    JSON                4.10    
    JSON::PP            4.16    
    Module::Build       0.4234  
    Module::Signature   0.88    
    Parse::CPAN::Meta   2.150010
    Test2               1.302195
    Test::Harness       3.44    
    Test::More          1.302195
    YAML                1.30    
    YAML::Syck          1.34    
    version             0.9929  


--

Summary of my perl5 (revision 5 version 37 subversion 11) configuration:
  Commit id: f94aafcf7b0649f7058ce2679b1be428d0b1bca8
  Platform:
    osname=linux
    osvers=5.4.0-148-generic
    archname=x86_64-linux
    uname='linux k93focal 5.4.0-148-generic #165-ubuntu smp tue apr 18 08:53:12 utc 2023 x86_64 x86_64 x86_64 gnulinux '
    config_args='-Dprefix=/home/sand/src/perl/repoperls/installed-perls/host/k93focal/v5.37.11/b254 -Dmyhostname=k93focal -Dinstallusrbinperl=n -Uversiononly -Dusedevel -des -Ui_db -Dlibswanted=cl pthread socket inet nsl gdbm dbm malloc dl ld sun m crypt sec util c cposix posix ucb BSD gdbm_compat -Uuseithreads -Uuselongdouble -DEBUGGING=both'
    hint=recommended
    useposix=true
    d_sigaction=define
    useithreads=undef
    usemultiplicity=undef
    use64bitint=define
    use64bitall=define
    uselongdouble=undef
    usemymalloc=n
    default_inc_excludes_dot=define
  Compiler:
    cc='cc'
    ccflags ='-fwrapv -DDEBUGGING -fno-strict-aliasing -pipe -fstack-protector-strong -I/usr/local/include -D_LARGEFILE_SOURCE -D_FILE_OFFSET_BITS=64'
    optimize='-O2 -g'
    cppflags='-fwrapv -DDEBUGGING -fno-strict-aliasing -pipe -fstack-protector-strong -I/usr/local/include'
    ccversion=''
    gccversion='9.4.0'
    gccosandvers=''
    intsize=4
    longsize=8
    ptrsize=8
    doublesize=8
    byteorder=12345678
    doublekind=3
    d_longlong=define
    longlongsize=8
    d_longdbl=define
    longdblsize=16
    longdblkind=3
    ivtype='long'
    ivsize=8
    nvtype='double'
    nvsize=8
    Off_t='off_t'
    lseeksize=8
    alignbytes=8
    prototype=define
  Linker and Libraries:
    ld='cc'
    ldflags =' -fstack-protector-strong -L/usr/local/lib'
    libpth=/usr/local/lib /usr/lib/x86_64-linux-gnu /usr/lib /usr/lib64
    libs=-lpthread -lnsl -ldl -lm -lcrypt -lutil -lc
    perllibs=-lpthread -lnsl -ldl -lm -lcrypt -lutil -lc
    libc=libc-2.31.so
    so=so
    useshrplib=false
    libperl=libperl.a
    gnulibc_version='2.31'
  Dynamic Linking:
    dlsrc=dl_dlopen.xs
    dlext=so
    d_dlsymun=undef
    ccdlflags='-Wl,-E'
    cccdlflags='-fPIC'
    lddlflags='-shared -O2 -g -L/usr/local/lib -fstack-protector-strong'


Characteristics of this binary (from libperl): 
  Compile-time options:
    DEBUGGING
    HAS_LONG_DOUBLE
    HAS_STRTOLD
    HAS_TIMES
    PERLIO_LAYERS
    PERL_COPY_ON_WRITE
    PERL_DONT_CREATE_GVSV
    PERL_HASH_FUNC_SIPHASH13
    PERL_HASH_USE_SBOX32
    PERL_MALLOC_WRAP
    PERL_OP_PARENT
    PERL_PRESERVE_IVUV
    PERL_USE_DEVEL
    PERL_USE_SAFE_PUTENV
    USE_64_BIT_ALL
    USE_64_BIT_INT
    USE_LARGE_FILES
    USE_LOCALE
    USE_LOCALE_COLLATE
    USE_LOCALE_CTYPE
    USE_LOCALE_NUMERIC
    USE_LOCALE_TIME
    USE_PERLIO
    USE_PERL_ATOF
  Built under linux
  Compiled at May 10 2023 09:46:44
  %ENV:
    PERL="/tmp/basesmoker-reloperl-s0XO/bin/perl"
    PERL5LIB="/tmp/loop_over_bdir-2450-bXucDn/ProjectBuilder-0.14.1-0/blib/arch:/tmp/loop_over_bdir-2450-bXucDn/ProjectBuilder-0.14.1-0/blib/lib:/tmp/loop_over_bdir-2450-bXucDn/js-app-0.13-0/blib/arch:/tmp/loop_over_bdir-2450-bXucDn/js-app-0.13-0/blib/lib:/tmp/loop_over_bdir-2450-bXucDn/Devel-Required-0.16-0/blib/arch:/tmp/loop_over_bdir-2450-bXucDn/Devel-Required-0.16-0/blib/lib:/tmp/loop_over_bdir-2450-bXucDn/EJBCA-CrlPublish-0.60-0/blib/arch:/tmp/loop_over_bdir-2450-bXucDn/EJBCA-CrlPublish-0.60-0/blib/lib:/tmp/loop_over_bdir-2450-bXucDn/DBIx-Migration-Directories-0.12-0/blib/arch:/tmp/loop_over_bdir-2450-bXucDn/DBIx-Migration-Directories-0.12-0/blib/lib:/tmp/loop_over_bdir-2450-bXucDn/dta-tokwrap-0.98-0/blib/arch:/tmp/loop_over_bdir-2450-bXucDn/dta-tokwrap-0.98-0/blib/lib:/tmp/loop_over_bdir-2450-bXucDn/mmds-1.902-0/blib/arch:/tmp/loop_over_bdir-2450-bXucDn/mmds-1.902-0/blib/lib:/tmp/loop_over_bdir-2450-bXucDn/CORBA-Python-2.66-0/blib/arch:/tmp/loop_over_bdir-2450-bXucDn/CORBA-Python-2.66-0/blib/lib:/tmp/loop_over_bdir-2450-bXucDn/shishi-0.0.1-0/blib/arch:/tmp/loop_over_bdir-2450-bXucDn/shishi-0.0.1-0/blib/lib:/tmp/loop_over_bdir-2450-bXucDn/Dpkg-1.21.19-0/blib/arch:/tmp/loop_over_bdir-2450-bXucDn/Dpkg-1.21.19-0/blib/lib"
    PERL5OPT=""
    PERL5_CPANPLUS_IS_RUNNING="2470"
    PERL5_CPAN_IS_RUNNING="2470"
    PERL_CANARY_STABILITY_NOPROMPT="1"
    PERL_MM_USE_DEFAULT="1"
    PERL_USE_UNSAFE_INC="1"
  @INC:
    /tmp/loop_over_bdir-2450-bXucDn/ProjectBuilder-0.14.1-0/blib/arch
    /tmp/loop_over_bdir-2450-bXucDn/ProjectBuilder-0.14.1-0/blib/lib
    /tmp/loop_over_bdir-2450-bXucDn/js-app-0.13-0/blib/arch
    /tmp/loop_over_bdir-2450-bXucDn/js-app-0.13-0/blib/lib
    /tmp/loop_over_bdir-2450-bXucDn/Devel-Required-0.16-0/blib/arch
    /tmp/loop_over_bdir-2450-bXucDn/Devel-Required-0.16-0/blib/lib
    /tmp/loop_over_bdir-2450-bXucDn/EJBCA-CrlPublish-0.60-0/blib/arch
    /tmp/loop_over_bdir-2450-bXucDn/EJBCA-CrlPublish-0.60-0/blib/lib
    /tmp/loop_over_bdir-2450-bXucDn/DBIx-Migration-Directories-0.12-0/blib/arch
    /tmp/loop_over_bdir-2450-bXucDn/DBIx-Migration-Directories-0.12-0/blib/lib
    /tmp/loop_over_bdir-2450-bXucDn/dta-tokwrap-0.98-0/blib/arch
    /tmp/loop_over_bdir-2450-bXucDn/dta-tokwrap-0.98-0/blib/lib
    /tmp/loop_over_bdir-2450-bXucDn/mmds-1.902-0/blib/arch
    /tmp/loop_over_bdir-2450-bXucDn/mmds-1.902-0/blib/lib
    /tmp/loop_over_bdir-2450-bXucDn/CORBA-Python-2.66-0/blib/arch
    /tmp/loop_over_bdir-2450-bXucDn/CORBA-Python-2.66-0/blib/lib
    /tmp/loop_over_bdir-2450-bXucDn/shishi-0.0.1-0/blib/arch
    /tmp/loop_over_bdir-2450-bXucDn/shishi-0.0.1-0/blib/lib
    /tmp/loop_over_bdir-2450-bXucDn/Dpkg-1.21.19-0/blib/arch
    /tmp/loop_over_bdir-2450-bXucDn/Dpkg-1.21.19-0/blib/lib
    /home/sand/src/perl/repoperls/installed-perls/host/k93focal/v5.37.11/b254/lib/site_perl/5.37.11/x86_64-linux
    /home/sand/src/perl/repoperls/installed-perls/host/k93focal/v5.37.11/b254/lib/site_perl/5.37.11
    /home/sand/src/perl/repoperls/installed-perls/host/k93focal/v5.37.11/b254/lib/5.37.11/x86_64-linux
    /home/sand/src/perl/repoperls/installed-perls/host/k93focal/v5.37.11/b254/lib/5.37.11
    .