Back
From: metabase:user:a0e144f2-373b-11e6-8edd-c6848980b093
Subject: FAIL PerlGSL-DiffEq-0.080_001 v5.24.1 RC4 GNU/Linux
Date: 2016-10-18T12:13:22Z
This distribution has been tested as part of the CPAN Testers
project, supporting the Perl programming language. See
http://wiki.cpantesters.org/ for more information or email
questions to cpan-testers-discuss@perl.org
--
Dear Joel Berger,
This is a computer-generated report for PerlGSL-DiffEq-0.080_001
on perl 5.24.1, created by CPAN-Reporter-1.2018.
Thank you for uploading your work to CPAN. However, there was a problem
testing your distribution.
If you think this report is invalid, please consult the CPAN Testers Wiki
for suggestions on how to avoid getting FAIL reports for missing library
or binary dependencies, unsupported operating systems, and so on:
http://wiki.cpantesters.org/wiki/CPANAuthorNotes
Sections of this report:
* Tester comments
* Program output
* Prerequisites
* Environment and other context
------------------------------
TESTER COMMENTS
------------------------------
Additional comments from tester:
this report is from an automated smoke testing program
and was not reviewed by a human for accuracy
------------------------------
PROGRAM OUTPUT
------------------------------
Output from './Build test':
# Failed test 'use PerlGSL::DiffEq;'
# at t/00-use.t line 6.
# Tried to use 'PerlGSL::DiffEq'.
# Error: Can't load '/home/cpan4/.cpan/build/PerlGSL-DiffEq-0.080_001-0/blib/arch/auto/PerlGSL/DiffEq/DiffEq.so' for module PerlGSL::DiffEq: libgsl.so.19: cannot open shared object file: No such file or directory at /home/cpan4/install/lib/perl5/5.24.1/x86_64-linux-thread-multi/DynaLoader.pm line 193.
# at t/00-use.t line 6.
# Compilation failed in require at t/00-use.t line 6.
# BEGIN failed--compilation aborted at t/00-use.t line 6.
# Looks like you failed 1 test of 1.
t/00-use.t .........
Dubious, test returned 1 (wstat 256, 0x100)
Failed 1/1 subtests
# Failed test 'use PerlGSL::DiffEq;'
# at t/sine.t line 9.
# Tried to use 'PerlGSL::DiffEq'.
# Error: Can't load '/home/cpan4/.cpan/build/PerlGSL-DiffEq-0.080_001-0/blib/arch/auto/PerlGSL/DiffEq/DiffEq.so' for module PerlGSL::DiffEq: libgsl.so.19: cannot open shared object file: No such file or directory at /home/cpan4/install/lib/perl5/5.24.1/x86_64-linux-thread-multi/DynaLoader.pm line 193.
# at t/sine.t line 9.
# Compilation failed in require at t/sine.t line 9.
# BEGIN failed--compilation aborted at t/sine.t line 9.
Undefined subroutine &main::ode_solver called at t/sine.t line 33.
# Tests were run but no plan was declared and done_testing() was not seen.
# Looks like your test exited with 255 just after 1.
t/sine.t ...........
Dubious, test returned 255 (wstat 65280, 0xff00)
Failed 1/1 subtests
Can't load '/home/cpan4/.cpan/build/PerlGSL-DiffEq-0.080_001-0/blib/arch/auto/PerlGSL/DiffEq/DiffEq.so' for module PerlGSL::DiffEq: libgsl.so.19: cannot open shared object file: No such file or directory at /home/cpan4/install/lib/perl5/5.24.1/x86_64-linux-thread-multi/DynaLoader.pm line 193.
at t/ode_system.t line 6.
Compilation failed in require at t/ode_system.t line 6.
BEGIN failed--compilation aborted at t/ode_system.t line 6.
t/ode_system.t .....
Dubious, test returned 2 (wstat 512, 0x200)
No subtests run
Can't load '/home/cpan4/.cpan/build/PerlGSL-DiffEq-0.080_001-0/blib/arch/auto/PerlGSL/DiffEq/DiffEq.so' for module PerlGSL::DiffEq: libgsl.so.19: cannot open shared object file: No such file or directory at /home/cpan4/install/lib/perl5/5.24.1/x86_64-linux-thread-multi/DynaLoader.pm line 193.
at t/odes_simple.t line 6.
Compilation failed in require at t/odes_simple.t line 6.
BEGIN failed--compilation aborted at t/odes_simple.t line 6.
t/odes_simple.t ....
Dubious, test returned 2 (wstat 512, 0x200)
No subtests run
# Failed test 'use PerlGSL::DiffEq;'
# at t/sine_bad.t line 9.
# Tried to use 'PerlGSL::DiffEq'.
# Error: Can't load '/home/cpan4/.cpan/build/PerlGSL-DiffEq-0.080_001-0/blib/arch/auto/PerlGSL/DiffEq/DiffEq.so' for module PerlGSL::DiffEq: libgsl.so.19: cannot open shared object file: No such file or directory at /home/cpan4/install/lib/perl5/5.24.1/x86_64-linux-thread-multi/DynaLoader.pm line 193.
# at t/sine_bad.t line 9.
# Compilation failed in require at t/sine_bad.t line 9.
# BEGIN failed--compilation aborted at t/sine_bad.t line 9.
Undefined subroutine &main::ode_solver called at t/sine_bad.t line 35.
# Tests were run but no plan was declared and done_testing() was not seen.
# Looks like your test exited with 255 just after 1.
t/sine_bad.t .......
Dubious, test returned 255 (wstat 65280, 0xff00)
Failed 1/1 subtests
# Failed test 'use PerlGSL::DiffEq;'
# at t/sine_jacobian.t line 9.
# Tried to use 'PerlGSL::DiffEq'.
# Error: Can't load '/home/cpan4/.cpan/build/PerlGSL-DiffEq-0.080_001-0/blib/arch/auto/PerlGSL/DiffEq/DiffEq.so' for module PerlGSL::DiffEq: libgsl.so.19: cannot open shared object file: No such file or directory at /home/cpan4/install/lib/perl5/5.24.1/x86_64-linux-thread-multi/DynaLoader.pm line 193.
# at t/sine_jacobian.t line 9.
# Compilation failed in require at t/sine_jacobian.t line 9.
# BEGIN failed--compilation aborted at t/sine_jacobian.t line 9.
Undefined subroutine &main::ode_solver called at t/sine_jacobian.t line 46.
# Tests were run but no plan was declared and done_testing() was not seen.
# Looks like your test exited with 255 just after 1.
t/sine_jacobian.t ..
Dubious, test returned 255 (wstat 65280, 0xff00)
Failed 1/1 subtests
Test Summary Report
-------------------
t/00-use.t (Wstat: 256 Tests: 1 Failed: 1)
Failed test: 1
Non-zero exit status: 1
t/sine.t (Wstat: 65280 Tests: 1 Failed: 1)
Failed test: 1
Non-zero exit status: 255
Parse errors: No plan found in TAP output
t/ode_system.t (Wstat: 512 Tests: 0 Failed: 0)
Non-zero exit status: 2
Parse errors: No plan found in TAP output
t/odes_simple.t (Wstat: 512 Tests: 0 Failed: 0)
Non-zero exit status: 2
Parse errors: No plan found in TAP output
t/sine_bad.t (Wstat: 65280 Tests: 1 Failed: 1)
Failed test: 1
Non-zero exit status: 255
Parse errors: No plan found in TAP output
t/sine_jacobian.t (Wstat: 65280 Tests: 1 Failed: 1)
Failed test: 1
Non-zero exit status: 255
Parse errors: No plan found in TAP output
Files=6, Tests=4, 0 wallclock secs ( 0.03 usr 0.01 sys + 0.92 cusr 0.08 csys = 1.04 CPU)
Result: FAIL
Failed 6/6 test programs. 4/4 subtests failed.
------------------------------
PREREQUISITES
------------------------------
Prerequisite modules loaded:
requires:
Module Need Have
------------------ ----- --------
parent 0 0.236
perl 5.008 5.024001
build_requires:
Module Need Have
------------------ ----- --------
ExtUtils::CBuilder 0 0.280224
configure_requires:
Module Need Have
------------------ ----- --------
Alien::GSL 1.00 1.00
Module::Build 0.38 0.4220
------------------------------
ENVIRONMENT AND OTHER CONTEXT
------------------------------
Environment variables:
AUTOMATED_TESTING = 1
HARNESS_OPTIONS = j5
LANG = en_US.UTF-8
PATH = /usr/local/bin:/usr/bin:/bin:/usr/local/games:/usr/games
PERL5LIB =
PERL5OPT =
PERL5_CPANPLUS_IS_RUNNING = 17692
PERL5_CPAN_IS_RUNNING = 17692
PERL5_CPAN_IS_RUNNING_IN_RECURSION = 31291,17692
PERLBREW_BASHRC_VERSION = 0.76
PERLBREW_HOME = /home/dcollins/.perlbrew
PERLBREW_ROOT = /home/dcollins/toolchain/perl5
PERL_CR_SMOKER_CURRENT = PerlGSL-DiffEq-0.080_001
PERL_CR_SMOKER_RUNONCE = 1
PERL_EXTUTILS_AUTOINSTALL = --defaultdeps
PERL_MM_USE_DEFAULT = 1
SHELL = /bin/bash
TERM = putty
Perl special variables (and OS-specific diagnostics, for MSWin32):
$^X = /home/cpan4/install/bin/perl
$UID/$EUID = 1005 / 1005
$GID = 1005 1005
$EGID = 1005 1005
Perl module toolchain versions installed:
Module Have
------------------- --------
CPAN 2.14
CPAN::Meta 2.150010
Cwd 3.62
ExtUtils::CBuilder 0.280224
ExtUtils::Command 7.24
ExtUtils::Install 2.04
ExtUtils::MakeMaker 7.24
ExtUtils::Manifest 1.70
ExtUtils::ParseXS 3.30
File::Spec 3.62
JSON 2.90
JSON::PP 2.27400
Module::Build 0.4220
Module::Signature 0.81
Parse::CPAN::Meta 2.150010
Test::Harness 3.36_01
Test::More 1.302061
YAML 1.18
YAML::Syck 1.29
version 0.9917
--
Summary of my perl5 (revision 5 version 24 subversion 1) configuration:
Platform:
osname=linux, osvers=3.16.0-4-amd64, archname=x86_64-linux-thread-multi
uname='linux digitalis 3.16.0-4-amd64 #1 smp debian 3.16.36-1+deb8u1 (2016-09-03) x86_64 gnulinux '
config_args='-Dusedevel -DDEBUGGING -Dusethreads -Dprefix=/home/cpan4/install -Uversiononly -des'
hint=recommended, useposix=true, d_sigaction=define
useithreads=define, usemultiplicity=define
use64bitint=define, use64bitall=define, uselongdouble=undef
usemymalloc=n, bincompat5005=undef
Compiler:
cc='cc', ccflags ='-D_REENTRANT -D_GNU_SOURCE -fwrapv -DDEBUGGING -fno-strict-aliasing -pipe -fstack-protector-strong -I/usr/local/include -D_LARGEFILE_SOURCE -D_FILE_OFFSET_BITS=64 -D_FORTIFY_SOURCE=2',
optimize='-O2 -g',
cppflags='-D_REENTRANT -D_GNU_SOURCE -fwrapv -DDEBUGGING -fno-strict-aliasing -pipe -fstack-protector-strong -I/usr/local/include'
ccversion='', gccversion='4.9.2', gccosandvers=''
intsize=4, longsize=8, ptrsize=8, doublesize=8, byteorder=12345678, doublekind=3
d_longlong=define, longlongsize=8, d_longdbl=define, longdblsize=16, longdblkind=3
ivtype='long', ivsize=8, nvtype='double', nvsize=8, Off_t='off_t', lseeksize=8
alignbytes=8, prototype=define
Linker and Libraries:
ld='cc', ldflags =' -fstack-protector-strong -L/usr/local/lib'
libpth=/usr/local/lib /usr/lib/gcc/x86_64-linux-gnu/4.9/include-fixed /usr/include/x86_64-linux-gnu /usr/lib /lib/x86_64-linux-gnu /lib/../lib /usr/lib/x86_64-linux-gnu /usr/lib/../lib /lib
libs=-lpthread -lnsl -ldl -lm -lcrypt -lutil -lc
perllibs=-lpthread -lnsl -ldl -lm -lcrypt -lutil -lc
libc=libc-2.19.so, so=so, useshrplib=false, libperl=libperl.a
gnulibc_version='2.19'
Dynamic Linking:
dlsrc=dl_dlopen.xs, dlext=so, d_dlsymun=undef, ccdlflags='-Wl,-E'
cccdlflags='-fPIC', lddlflags='-shared -O2 -g -L/usr/local/lib -fstack-protector-strong'
Characteristics of this binary (from libperl):
Compile-time options: DEBUGGING HAS_TIMES MULTIPLICITY PERLIO_LAYERS
PERL_COPY_ON_WRITE PERL_DONT_CREATE_GVSV
PERL_HASH_FUNC_ONE_AT_A_TIME_HARD
PERL_IMPLICIT_CONTEXT PERL_MALLOC_WRAP
PERL_PRESERVE_IVUV PERL_TRACK_MEMPOOL PERL_USE_DEVEL
USE_64_BIT_ALL USE_64_BIT_INT USE_ITHREADS
USE_LARGE_FILES USE_LOCALE USE_LOCALE_COLLATE
USE_LOCALE_CTYPE USE_LOCALE_NUMERIC USE_LOCALE_TIME
USE_PERLIO USE_PERL_ATOF USE_REENTRANT_API
Locally applied patches:
RC4
Built under linux
Compiled at Oct 12 2016 18:25:36
%ENV:
PERL5LIB=""
PERL5OPT=""
PERL5_CPANPLUS_IS_RUNNING="17692"
PERL5_CPAN_IS_RUNNING="17692"
PERL5_CPAN_IS_RUNNING_IN_RECURSION="31291,17692"
PERLBREW_BASHRC_VERSION="0.76"
PERLBREW_HOME="/home/dcollins/.perlbrew"
PERLBREW_ROOT="/home/dcollins/toolchain/perl5"
PERL_CR_SMOKER_CURRENT="PerlGSL-DiffEq-0.080_001"
PERL_CR_SMOKER_RUNONCE="1"
PERL_EXTUTILS_AUTOINSTALL="--defaultdeps"
PERL_MM_USE_DEFAULT="1"
@INC:
/home/cpan4/install/lib/perl5/site_perl/5.24.1/x86_64-linux-thread-multi
/home/cpan4/install/lib/perl5/site_perl/5.24.1
/home/cpan4/install/lib/perl5/5.24.1/x86_64-linux-thread-multi
/home/cpan4/install/lib/perl5/5.24.1
.