Make-Cache v1.052 Perl 5 v5.12.1 i386-freebsd-thread-multi-64int
- Status
- Fail
- From
- Chris Williams (BINGOS)
- Dist
-
Make-Cache v1.052
- Platform
- Perl 5 v5.12.1 i386-freebsd-thread-multi-64int
- Date
- 2010-05-29 06:13:12
- ID
- 42d4e0e6-6ae9-11df-90a1-b2af90befd91
This distribution has been tested as part of the CPAN Testers
project, supporting the Perl programming language. See
http://wiki.cpantesters.org/ for more information or email
questions to cpan-testers-discuss@perl.org
--
Dear WSNYDER,
This is a computer-generated error report created automatically by
CPANPLUS, version 0.9004. Testers personal comments may appear
at the end of this report.
Thank you for uploading your work to CPAN. However, it appears that
there were some problems testing your distribution.
TEST RESULTS:
Below is the error stack from stage 'make test':
[MSG] [Sat May 29 07:13:05 2010]
Configuring BSD::Resource...
Checking whether you have certain header files...
You do have <sys/resource.h>. Excellent.
Checking to see whether you have rlim_t...
You seem to have rlim_t defined (which is nice).
Checking if your kit is complete...
Looks good
Writing Makefile for BSD::Resource
Done configuring BSD::Resource.
Now you may issue 'make'. Do not forget also 'make test'.
If some tests fail, please rerun the tests (see INSTALL).
[MSG] [Sat May 29 07:13:05 2010] DEFAULT 'filter_prereqs' HANDLER RETURNING 'sub return value'
[MSG] [Sat May 29 07:13:05 2010] Checking for previous PASS result for "BSD-Resource-1.2904"
[MSG] [Sat May 29 07:13:05 2010] Found previous PASS result for "BSD-Resource-1.2904" skipping tests.
[MSG] [Sat May 29 07:13:07 2010] cp Resource.pm blib/lib/BSD/Resource.pm
AutoSplitting blib/lib/BSD/Resource.pm (blib/lib/auto/BSD/Resource)
/usr/home/cpan/pit/rel/perl-5.12.1/bin/perl /usr/home/cpan/pit/rel/perl-5.12.1/lib/5.12.1/ExtUtils/xsubpp -typemap /usr/home/cpan/pit/rel/perl-5.12.1/lib/5.12.1/ExtUtils/typemap Resource.xs > Resource.xsc && mv Resource.xsc Resource.c
cc -c -DHAS_FPSETMASK -DHAS_FLOATINGPOINT_H -fno-strict-aliasing -pipe -fstack-protector -I/usr/local/include -O -DVERSION=\"1.2904\" -DXS_VERSION=\"1.2904\" -DPIC -fPIC "-I/usr/home/cpan/pit/rel/perl-5.12.1/lib/5.12.1/i386-freebsd-thread-multi-64int/CORE" -DRlim_t=rlim_t Resource.c
Running Mkbootstrap for BSD::Resource ()
chmod 644 Resource.bs
rm -f blib/arch/auto/BSD/Resource/Resource.so
cc -shared -L/usr/local/lib -fstack-protector Resource.o -o blib/arch/auto/BSD/Resource/Resource.so
chmod 755 blib/arch/auto/BSD/Resource/Resource.so
cp Resource.bs blib/arch/auto/BSD/Resource/Resource.bs
chmod 644 blib/arch/auto/BSD/Resource/Resource.bs
Manifying blib/man3/BSD::Resource.3
[MSG] [Sat May 29 07:13:07 2010] Sending test report for 'BSD-Resource-1.2904'
[MSG] [Sat May 29 07:13:07 2010] Ok, not sending test report
[MSG] [Sat May 29 07:13:08 2010] cp lib/Make/Cache/Hash.pm blib/lib/Make/Cache/Hash.pm
cp lib/Make/Cache/Obj.pm blib/lib/Make/Cache/Obj.pm
cp lib/Make/Cache/Runtime.pm blib/lib/Make/Cache/Runtime.pm
cp lib/Make/Cache.pm blib/lib/Make/Cache.pm
cp lib/Make/Cache/Gcc.pm blib/lib/Make/Cache/Gcc.pm
cp objcache blib/script/objcache
/usr/home/cpan/pit/rel/perl-5.12.1/bin/perl -MExtUtils::MY -e 'MY->fixin(shift)' -- blib/script/objcache
Manifying blib/man1/objcache.1
Manifying blib/man3/Make::Cache::Hash.3
Manifying blib/man3/Make::Cache::Obj.3
Manifying blib/man3/Make::Cache::Runtime.3
Manifying blib/man3/Make::Cache.3
Manifying blib/man3/Make::Cache::Gcc.3
[ERROR] [Sat May 29 07:13:12 2010] MAKE TEST failed: No such file or directory PERL_DL_NONLAZY=1 /usr/home/cpan/pit/rel/perl-5.12.1/bin/perl "-MExtUtils::Command::MM" "-e" "test_harness(0, 'blib/lib', 'blib/arch')" t/*.t
t/00_pod.t ....... ok
t/01_manifest.t .. ok
t/02_help.t ...... ok
t/10_runtime.t ... ok
t/20_hash.t ...... ok
t/40_cache.t ..... ok
-Info: A warning on the next line is expected, we're testing that...
objcache: -Info: Ignoring cache: Can't cp /usr/home/cpan/pit/rel/conf/perl-5.12.1/.cpanplus/5.12.1/build/Make-Cache-1.052/test_dir/cache/db/db247b699d1521912a68a4f2ccd2fe88/13259fa5ad235890e39bbae835086bc3.t0 test1.o: No such file or directory
t/50_gcc.t ....... ok
Can't store CODE items at ../../lib/Storable.pm (autosplit into ../../lib/auto/Storable/_store.al) line 264, at /usr/home/cpan/pit/rel/conf/perl-5.12.1/.cpanplus/5.12.1/build/Make-Cache-1.052/blib/lib/Make/Cache.pm line 215
%Error: Command Failed /usr/home/cpan/pit/rel/perl-5.12.1/bin/perl -Iblib/arch -Iblib/lib ../objcache --read --write g++ -DIGNORED test1.cpp -O1 -c -o test1.o, 6400, stopped at t/test_utils.pl line 36.
t/90_objcache.t ..
Dubious, test returned 25 (wstat 6400, 0x1900)
Failed 27/27 subtests
Can't store CODE items at ../../lib/Storable.pm (autosplit into ../../lib/auto/Storable/_store.al) line 264, at /usr/home/cpan/pit/rel/conf/perl-5.12.1/.cpanplus/5.12.1/build/Make-Cache-1.052/blib/lib/Make/Cache.pm line 215
%Error: Command Failed /usr/home/cpan/pit/rel/perl-5.12.1/bin/perl -Iblib/arch -Iblib/lib ../objcache --read --write --distcc g++ -DIGNORED test1.cpp -c -o test1.o, 6400, stopped at t/test_utils.pl line 36.
t/95_distcc.t ....
Dubious, test returned 25 (wstat 6400, 0x1900)
Failed 12/12 subtests
t/96_icecream.t .. ok
Can't store CODE items at ../../lib/Storable.pm (autosplit into ../../lib/auto/Storable/_store.al) line 264, at /usr/home/cpan/pit/rel/conf/perl-5.12.1/.cpanplus/5.12.1/build/Make-Cache-1.052/blib/lib/Make/Cache.pm line 215
%Error: Command Failed /usr/home/cpan/pit/rel/perl-5.12.1/bin/perl -Iblib/arch -Iblib/lib ../objcache --read --write --wrapper t/fake_purify g++ -DIGNORED test1.cpp -c -o test1.o, 6400, stopped at t/test_utils.pl line 36.
t/97_purify.t ....
Dubious, test returned 25 (wstat 6400, 0x1900)
Failed 12/12 subtests
Test Summary Report
-------------------
t/90_objcache.t (Wstat: 6400 Tests: 0 Failed: 0)
Non-zero exit status: 25
Parse errors: Bad plan. You planned 27 tests but ran 0.
t/95_distcc.t (Wstat: 6400 Tests: 0 Failed: 0)
Non-zero exit status: 25
Parse errors: Bad plan. You planned 12 tests but ran 0.
t/97_purify.t (Wstat: 6400 Tests: 0 Failed: 0)
Non-zero exit status: 25
Parse errors: Bad plan. You planned 12 tests but ran 0.
Files=11, Tests=71, 4 wallclock secs ( 0.11 usr 0.13 sys + 2.48 cusr 0.71 csys = 3.43 CPU)
Result: FAIL
Failed 3/11 test programs. 0/71 subtests failed.
*** Error code 25
Stop in /usr/home/cpan/pit/rel/conf/perl-5.12.1/.cpanplus/5.12.1/build/Make-Cache-1.052.
[MSG] [Sat May 29 07:13:12 2010] DEFAULT 'proceed_on_test_failure' HANDLER RETURNING 'sub return value'
PREREQUISITES:
Here is a list of prerequisites you specified and versions we
managed to load:
Module Name Have Want
BSD::Resource 1.2904 1
Digest::MD5 2.39 1
Pod::Usage 1.36 1.34
Storable 2.22 1
Perl module toolchain versions installed:
Module Name Have
CPANPLUS 0.9004
CPANPLUS::Dist::Build 0.46
Cwd 3.31
ExtUtils::CBuilder 0.2703
ExtUtils::Command 1.16
ExtUtils::Install 1.55
ExtUtils::MakeMaker 6.56
ExtUtils::Manifest 1.58
ExtUtils::ParseXS 2.2205
File::Spec 3.31
Module::Build 0.3607
Test::Harness 3.21
Test::More 0.94
version 0.82
******************************** NOTE ********************************
The comments above are created mechanically, possibly without manual
checking by the sender. As there are many people performing automatic
tests on each upload to CPAN, it is likely that you will receive
identical messages about the same problem.
If you believe that the message is mistaken, please reply to the first
one with correction and/or additional informations, and do not take
it personally. We appreciate your patience. :)
**********************************************************************
Additional comments:
This report was machine-generated by CPANPLUS::Dist::YACSmoke 0.56.
Powered by minismokebox version 0.26
------------------------------
ENVIRONMENT AND OTHER CONTEXT
------------------------------
Environment variables:
AUTOMATED_TESTING = 1
PATH = /sbin:/bin:/usr/sbin:/usr/bin:/usr/games:/usr/local/sbin:/usr/local/bin:/home/cpan/bin
PERL5LIB = :/usr/home/cpan/pit/rel/conf/perl-5.12.1/.cpanplus/5.12.1/build/BSD-Resource-1.2904/blib/lib:/usr/home/cpan/pit/rel/conf/perl-5.12.1/.cpanplus/5.12.1/build/BSD-Resource-1.2904/blib/arch:/usr/home/cpan/pit/rel/conf/perl-5.12.1/.cpanplus/5.12.1/build/Make-Cache-1.052/blib/lib:/usr/home/cpan/pit/rel/conf/perl-5.12.1/.cpanplus/5.12.1/build/Make-Cache-1.052/blib/arch
PERL5_CPANPLUS_IS_RUNNING = 50571
PERL5_CPANPLUS_IS_VERSION = 0.9004
PERL5_MINISMOKEBOX = 0.26
PERL5_YACSMOKE_BASE = /usr/home/cpan/pit/rel/conf/perl-5.12.1/
PERL_EXTUTILS_AUTOINSTALL = --defaultdeps
PERL_MM_USE_DEFAULT = 1
SHELL = /usr/local/bin/bash
TERM = screen
Perl special variables (and OS-specific diagnostics, for MSWin32):
Perl: $^X = /usr/home/cpan/pit/rel/perl-5.12.1/bin/perl
UID: $< = 1003
EUID: $> = 1003
GID: $( = 1003 1003 1003
EGID: $) = 1003 1003 1003
-------------------------------
--
Summary of my perl5 (revision 5 version 12 subversion 1) configuration:
Platform:
osname=freebsd, osvers=7.2-release, archname=i386-freebsd-thread-multi-64int
uname='freebsd wintermute.staffordshire.gov.uk 7.2-release freebsd 7.2-release #0: fri may 1 08:49:13 utc 2009 root@walker.cse.buffalo.edu:usrobjusrsrcsysgeneric i386 '
config_args='-des -Dprefix=/usr/home/cpan/pit/rel/perl-5.12.1 -Dusethreads -Duse64bitint'
hint=recommended, useposix=true, d_sigaction=define
useithreads=define, usemultiplicity=define
useperlio=define, d_sfio=undef, uselargefiles=define, usesocks=undef
use64bitint=define, use64bitall=undef, uselongdouble=undef
usemymalloc=n, bincompat5005=undef
Compiler:
cc='cc', ccflags ='-DHAS_FPSETMASK -DHAS_FLOATINGPOINT_H -fno-strict-aliasing -pipe -fstack-protector -I/usr/local/include',
optimize='-O',
cppflags='-DHAS_FPSETMASK -DHAS_FLOATINGPOINT_H -fno-strict-aliasing -pipe -fstack-protector -I/usr/local/include'
ccversion='', gccversion='4.2.1 20070719 [FreeBSD]', gccosandvers=''
intsize=4, longsize=4, ptrsize=4, doublesize=8, byteorder=12345678
d_longlong=define, longlongsize=8, d_longdbl=define, longdblsize=12
ivtype='long long', ivsize=8, nvtype='double', nvsize=8, Off_t='off_t', lseeksize=8
alignbytes=4, prototype=define
Linker and Libraries:
ld='cc', ldflags ='-pthread -Wl,-E -fstack-protector -L/usr/local/lib'
libpth=/usr/lib /usr/local/lib
libs=-lgdbm -lm -lcrypt
perllibs=-lm -lcrypt
libc=, so=so, useshrplib=false, libperl=libperl.a
gnulibc_version=''
Dynamic Linking:
dlsrc=dl_dlopen.xs, dlext=so, d_dlsymun=undef, ccdlflags=' '
cccdlflags='-DPIC -fPIC', lddlflags='-shared -L/usr/local/lib -fstack-protector'
Characteristics of this binary (from libperl):
Compile-time options: MULTIPLICITY PERL_DONT_CREATE_GVSV
PERL_IMPLICIT_CONTEXT PERL_MALLOC_WRAP USE_64_BIT_INT
USE_ITHREADS USE_LARGE_FILES USE_PERLIO USE_PERL_ATOF
USE_REENTRANT_API
Built under freebsd
Compiled at May 21 2010 12:29:02
%ENV:
PERL5LIB=":/usr/home/cpan/pit/rel/conf/perl-5.12.1/.cpanplus/5.12.1/build/BSD-Resource-1.2904/blib/lib:/usr/home/cpan/pit/rel/conf/perl-5.12.1/.cpanplus/5.12.1/build/BSD-Resource-1.2904/blib/arch:/usr/home/cpan/pit/rel/conf/perl-5.12.1/.cpanplus/5.12.1/build/Make-Cache-1.052/blib/lib:/usr/home/cpan/pit/rel/conf/perl-5.12.1/.cpanplus/5.12.1/build/Make-Cache-1.052/blib/arch"
PERL5_CPANPLUS_IS_RUNNING="50571"
PERL5_CPANPLUS_IS_VERSION="0.9004"
PERL5_MINISMOKEBOX="0.26"
PERL5_YACSMOKE_BASE="/usr/home/cpan/pit/rel/conf/perl-5.12.1/"
PERL_EXTUTILS_AUTOINSTALL="--defaultdeps"
PERL_MM_USE_DEFAULT="1"
@INC:
/usr/home/cpan/pit/rel/conf/perl-5.12.1/.cpanplus/5.12.1/build/BSD-Resource-1.2904/blib/lib
/usr/home/cpan/pit/rel/conf/perl-5.12.1/.cpanplus/5.12.1/build/BSD-Resource-1.2904/blib/arch
/usr/home/cpan/pit/rel/conf/perl-5.12.1/.cpanplus/5.12.1/build/Make-Cache-1.052/blib/lib
/usr/home/cpan/pit/rel/conf/perl-5.12.1/.cpanplus/5.12.1/build/Make-Cache-1.052/blib/arch
/usr/home/cpan/pit/rel/perl-5.12.1/lib/site_perl/5.12.1/i386-freebsd-thread-multi-64int
/usr/home/cpan/pit/rel/perl-5.12.1/lib/site_perl/5.12.1
/usr/home/cpan/pit/rel/perl-5.12.1/lib/5.12.1/i386-freebsd-thread-multi-64int
/usr/home/cpan/pit/rel/perl-5.12.1/lib/5.12.1
.