Back
From: metabase:user:322078bc-2aae-11df-837a-5e0a49663a4f
Subject: FAIL HTML-Zoom-0.009005 v5.13.2 GNU/Linux
Date: 2011-05-14T22:48:17Z
This distribution has been tested as part of the CPAN Testers
project, supporting the Perl programming language. See
http://wiki.cpantesters.org/ for more information or email
questions to cpan-testers-discuss@perl.org
--
Dear FLORA,
This is a computer-generated error report created automatically by
CPANPLUS, version 0.9105. Testers personal comments may appear
at the end of this report.
Thank you for uploading your work to CPAN. However, it appears that
there were some problems testing your distribution.
TEST RESULTS:
Below is the error stack from stage 'make test':
[MSG] [Sat May 14 23:47:22 2011] Module 'HTML::Zoom' requires 'strictures' version '1' to be installed
[MSG] [Sat May 14 23:47:23 2011] Using cached file '/home/cpan/pit/thr/conf/perl-5.13.2/.cpanplus/authors/id/M/MS/MSTROUT/CHECKSUMS' on disk; ttl (3600s) is not exceeded
[MSG] [Sat May 14 23:47:23 2011] Checksum matches for 'strictures-1.002002.tar.gz'
[MSG] [Sat May 14 23:47:23 2011] Extracted 'strictures' to '/home/cpan/pit/thr/conf/perl-5.13.2/.cpanplus/5.13.2/build/strictures-1.002002'
[MSG] [Sat May 14 23:47:23 2011] CPANPLUS is prefering Build.PL
[MSG] [Sat May 14 23:47:23 2011] Checking if your kit is complete...
Looks good
Writing Makefile for strictures
[MSG] [Sat May 14 23:47:23 2011] DEFAULT 'filter_prereqs' HANDLER RETURNING 'sub return value'
[MSG] [Sat May 14 23:47:23 2011] Checking for previous PASS result for "strictures-1.002002"
[MSG] [Sat May 14 23:47:23 2011] Found previous PASS result for "strictures-1.002002" skipping tests.
[MSG] [Sat May 14 23:47:23 2011] cp lib/strictures.pm blib/lib/strictures.pm
Manifying blib/man3/strictures.3
[MSG] [Sat May 14 23:47:23 2011] Sending test report for 'strictures-1.002002'
[MSG] [Sat May 14 23:47:23 2011] Ok, not sending test report
[MSG] [Sat May 14 23:47:24 2011] cp lib/HTML/Zoom/TransformedStream.pm blib/lib/HTML/Zoom/TransformedStream.pm
cp lib/HTML/Zoom/Transform.pm blib/lib/HTML/Zoom/Transform.pm
cp lib/HTML/Zoom/FlattenedStream.pm blib/lib/HTML/Zoom/FlattenedStream.pm
cp lib/HTML/Zoom/SubObject.pm blib/lib/HTML/Zoom/SubObject.pm
cp lib/HTML/Zoom/FilterBuilder.pm blib/lib/HTML/Zoom/FilterBuilder.pm
cp lib/HTML/Zoom/ReadFH.pm blib/lib/HTML/Zoom/ReadFH.pm
cp lib/HTML/Zoom/MappedStream.pm blib/lib/HTML/Zoom/MappedStream.pm
cp lib/HTML/Zoom/CodeStream.pm blib/lib/HTML/Zoom/CodeStream.pm
cp lib/HTML/Zoom/StreamUtils.pm blib/lib/HTML/Zoom/StreamUtils.pm
cp lib/HTML/Zoom/ZConfig.pm blib/lib/HTML/Zoom/ZConfig.pm
cp lib/HTML/Zoom/Parser/BuiltIn.pm blib/lib/HTML/Zoom/Parser/BuiltIn.pm
cp lib/HTML/Zoom/StreamBase.pm blib/lib/HTML/Zoom/StreamBase.pm
cp lib/HTML/Zoom/MaybeDebug.pm blib/lib/HTML/Zoom/MaybeDebug.pm
cp lib/HTML/Zoom/ArrayStream.pm blib/lib/HTML/Zoom/ArrayStream.pm
cp lib/HTML/Zoom/TransformBuilder.pm blib/lib/HTML/Zoom/TransformBuilder.pm
cp lib/HTML/Zoom/Producer/BuiltIn.pm blib/lib/HTML/Zoom/Producer/BuiltIn.pm
cp lib/HTML/Zoom/SelectorParser.pm blib/lib/HTML/Zoom/SelectorParser.pm
cp lib/HTML/Zoom.pm blib/lib/HTML/Zoom.pm
cp lib/HTML/Zoom/FilterStream.pm blib/lib/HTML/Zoom/FilterStream.pm
cp lib/HTML/Zoom/FilterBuilder/Template.pm blib/lib/HTML/Zoom/FilterBuilder/Template.pm
Manifying blib/man3/HTML::Zoom::FilterBuilder.3
Manifying blib/man3/HTML::Zoom.3
[ERROR] [Sat May 14 23:47:24 2011] MAKE TEST failed: PERL_DL_NONLAZY=1 /home/cpan/pit/thr/perl-5.13.2/bin/perl5.13.2 "-MExtUtils::Command::MM" "-e" "test_harness(0, 'blib/lib', 'blib/arch')" t/*.t t/*/*.t
t/actions.t ........................... ok
(in cleanup) Use of uninitialized value $selector in concatenation (.) or string at /home/cpan/pit/thr/conf/perl-5.13.2/.cpanplus/5.13.2/build/HTML-Zoom-0.009005/blib/lib/HTML/Zoom.pm line 161.
(in cleanup) Use of uninitialized value $selector in concatenation (.) or string at /home/cpan/pit/thr/conf/perl-5.13.2/.cpanplus/5.13.2/build/HTML-Zoom-0.009005/blib/lib/HTML/Zoom.pm line 161.
(in cleanup) Use of uninitialized value $selector in concatenation (.) or string at /home/cpan/pit/thr/conf/perl-5.13.2/.cpanplus/5.13.2/build/HTML-Zoom-0.009005/blib/lib/HTML/Zoom.pm line 161.
# Looks like your test exited with 255 before it could output anything.
(in cleanup) Use of uninitialized value $selector in concatenation (.) or string at /home/cpan/pit/thr/conf/perl-5.13.2/.cpanplus/5.13.2/build/HTML-Zoom-0.009005/blib/lib/HTML/Zoom.pm line 161 during global destruction.
(in cleanup) Use of uninitialized value $selector in concatenation (.) or string at /home/cpan/pit/thr/conf/perl-5.13.2/.cpanplus/5.13.2/build/HTML-Zoom-0.009005/blib/lib/HTML/Zoom.pm line 161 during global destruction.
(in cleanup) Use of uninitialized value $selector in concatenation (.) or string at /home/cpan/pit/thr/conf/perl-5.13.2/.cpanplus/5.13.2/build/HTML-Zoom-0.009005/blib/lib/HTML/Zoom.pm line 161 during global destruction.
t/apply.t .............................
Dubious, test returned 255 (wstat 65280, 0xff00)
No subtests run
(in cleanup) Use of uninitialized value $selector in concatenation (.) or string at /home/cpan/pit/thr/conf/perl-5.13.2/.cpanplus/5.13.2/build/HTML-Zoom-0.009005/blib/lib/HTML/Zoom.pm line 161.
(in cleanup) Use of uninitialized value $selector in concatenation (.) or string at /home/cpan/pit/thr/conf/perl-5.13.2/.cpanplus/5.13.2/build/HTML-Zoom-0.009005/blib/lib/HTML/Zoom.pm line 161.
(in cleanup) Use of uninitialized value $selector in concatenation (.) or string at /home/cpan/pit/thr/conf/perl-5.13.2/.cpanplus/5.13.2/build/HTML-Zoom-0.009005/blib/lib/HTML/Zoom.pm line 161 during global destruction.
(in cleanup) Use of uninitialized value $selector in concatenation (.) or string at /home/cpan/pit/thr/conf/perl-5.13.2/.cpanplus/5.13.2/build/HTML-Zoom-0.009005/blib/lib/HTML/Zoom.pm line 161 during global destruction.
t/balance.t ...........................
Dubious, test returned 255 (wstat 65280, 0xff00)
No subtests run
t/bugs/repeat_replace_on_empty_tag.t .. skipped: TODO test
(in cleanup) Use of uninitialized value $selector in concatenation (.) or string at /home/cpan/pit/thr/conf/perl-5.13.2/.cpanplus/5.13.2/build/HTML-Zoom-0.009005/blib/lib/HTML/Zoom.pm line 161.
(in cleanup) Use of uninitialized value $selector in concatenation (.) or string at /home/cpan/pit/thr/conf/perl-5.13.2/.cpanplus/5.13.2/build/HTML-Zoom-0.009005/blib/lib/HTML/Zoom.pm line 161.
# Looks like your test exited with 255 before it could output anything.
(in cleanup) Use of uninitialized value $selector in concatenation (.) or string at /home/cpan/pit/thr/conf/perl-5.13.2/.cpanplus/5.13.2/build/HTML-Zoom-0.009005/blib/lib/HTML/Zoom.pm line 161 during global destruction.
(in cleanup) Use of uninitialized value $selector in concatenation (.) or string at /home/cpan/pit/thr/conf/perl-5.13.2/.cpanplus/5.13.2/build/HTML-Zoom-0.009005/blib/lib/HTML/Zoom.pm line 161 during global destruction.
t/doctype.t ...........................
Dubious, test returned 255 (wstat 65280, 0xff00)
No subtests run
(in cleanup) Use of uninitialized value $selector in concatenation (.) or string at /home/cpan/pit/thr/conf/perl-5.13.2/.cpanplus/5.13.2/build/HTML-Zoom-0.009005/blib/lib/HTML/Zoom.pm line 161.
(in cleanup) Use of uninitialized value $selector in concatenation (.) or string at /home/cpan/pit/thr/conf/perl-5.13.2/.cpanplus/5.13.2/build/HTML-Zoom-0.009005/blib/lib/HTML/Zoom.pm line 161.
# Tests were run but no plan was declared and done_testing() was not seen.
(in cleanup) Use of uninitialized value $selector in concatenation (.) or string at /home/cpan/pit/thr/conf/perl-5.13.2/.cpanplus/5.13.2/build/HTML-Zoom-0.009005/blib/lib/HTML/Zoom.pm line 161 during global destruction.
(in cleanup) Can't call method "can" on an undefined value at /home/cpan/pit/thr/conf/perl-5.13.2/.cpanplus/5.13.2/build/HTML-Zoom-0.009005/blib/lib/HTML/Zoom.pm line 158 during global destruction.
t/dwim-autoload.t .....................
Dubious, test returned 255 (wstat 65280, 0xff00)
All 1 subtests passed
(in cleanup) Use of uninitialized value $selector in concatenation (.) or string at /home/cpan/pit/thr/conf/perl-5.13.2/.cpanplus/5.13.2/build/HTML-Zoom-0.009005/blib/lib/HTML/Zoom.pm line 161.
(in cleanup) Use of uninitialized value $selector in concatenation (.) or string at /home/cpan/pit/thr/conf/perl-5.13.2/.cpanplus/5.13.2/build/HTML-Zoom-0.009005/blib/lib/HTML/Zoom.pm line 161.
(in cleanup) Use of uninitialized value $selector in concatenation (.) or string at /home/cpan/pit/thr/conf/perl-5.13.2/.cpanplus/5.13.2/build/HTML-Zoom-0.009005/blib/lib/HTML/Zoom.pm line 161 during global destruction.
(in cleanup) Can't call method "can" on an undefined value at /home/cpan/pit/thr/conf/perl-5.13.2/.cpanplus/5.13.2/build/HTML-Zoom-0.009005/blib/lib/HTML/Zoom.pm line 158 during global destruction.
t/flush.t .............................
Dubious, test returned 255 (wstat 65280, 0xff00)
No subtests run
(in cleanup) Use of uninitialized value $selector in concatenation (.) or string at /home/cpan/pit/thr/conf/perl-5.13.2/.cpanplus/5.13.2/build/HTML-Zoom-0.009005/blib/lib/HTML/Zoom.pm line 161.
(in cleanup) Use of uninitialized value $selector in concatenation (.) or string at /home/cpan/pit/thr/conf/perl-5.13.2/.cpanplus/5.13.2/build/HTML-Zoom-0.009005/blib/lib/HTML/Zoom.pm line 161.
(in cleanup) Use of uninitialized value $selector in concatenation (.) or string at /home/cpan/pit/thr/conf/perl-5.13.2/.cpanplus/5.13.2/build/HTML-Zoom-0.009005/blib/lib/HTML/Zoom.pm line 161.
t/forms.t ............................. ok
(in cleanup) Use of uninitialized value $selector in concatenation (.) or string at /home/cpan/pit/thr/conf/perl-5.13.2/.cpanplus/5.13.2/build/HTML-Zoom-0.009005/blib/lib/HTML/Zoom.pm line 161.
(in cleanup) Use of uninitialized value $selector in concatenation (.) or string at /home/cpan/pit/thr/conf/perl-5.13.2/.cpanplus/5.13.2/build/HTML-Zoom-0.009005/blib/lib/HTML/Zoom.pm line 161.
(in cleanup) Use of uninitialized value $selector in concatenation (.) or string at /home/cpan/pit/thr/conf/perl-5.13.2/.cpanplus/5.13.2/build/HTML-Zoom-0.009005/blib/lib/HTML/Zoom.pm line 161.
(in cleanup) Use of uninitialized value $selector in concatenation (.) or string at /home/cpan/pit/thr/conf/perl-5.13.2/.cpanplus/5.13.2/build/HTML-Zoom-0.009005/blib/lib/HTML/Zoom.pm line 161 during global destruction.
(in cleanup) Use of uninitialized value $selector in concatenation (.) or string at /home/cpan/pit/thr/conf/perl-5.13.2/.cpanplus/5.13.2/build/HTML-Zoom-0.009005/blib/lib/HTML/Zoom.pm line 161 during global destruction.
(in cleanup) Can't call method "can" on an undefined value at /home/cpan/pit/thr/conf/perl-5.13.2/.cpanplus/5.13.2/build/HTML-Zoom-0.009005/blib/lib/HTML/Zoom.pm line 158 during global destruction.
t/parser_weirdness.t ..................
Dubious, test returned 255 (wstat 65280, 0xff00)
No subtests run
(in cleanup) Use of uninitialized value $selector in concatenation (.) or string at /home/cpan/pit/thr/conf/perl-5.13.2/.cpanplus/5.13.2/build/HTML-Zoom-0.009005/blib/lib/HTML/Zoom.pm line 161.
(in cleanup) Use of uninitialized value $selector in concatenation (.) or string at /home/cpan/pit/thr/conf/perl-5.13.2/.cpanplus/5.13.2/build/HTML-Zoom-0.009005/blib/lib/HTML/Zoom.pm line 161.
# Tests were run but no plan was declared and done_testing() was not seen.
(in cleanup) Use of uninitialized value $selector in concatenation (.) or string at /home/cpan/pit/thr/conf/perl-5.13.2/.cpanplus/5.13.2/build/HTML-Zoom-0.009005/blib/lib/HTML/Zoom.pm line 161 during global destruction.
(in cleanup) Can't call method "can" on an undefined value at /home/cpan/pit/thr/conf/perl-5.13.2/.cpanplus/5.13.2/build/HTML-Zoom-0.009005/blib/lib/HTML/Zoom.pm line 158 during global destruction.
t/repeat_bugfixes.t ...................
Dubious, test returned 255 (wstat 65280, 0xff00)
All 1 subtests passed
(in cleanup) Use of uninitialized value $selector in concatenation (.) or string at /home/cpan/pit/thr/conf/perl-5.13.2/.cpanplus/5.13.2/build/HTML-Zoom-0.009005/blib/lib/HTML/Zoom.pm line 161.
(in cleanup) Use of uninitialized value $selector in concatenation (.) or string at /home/cpan/pit/thr/conf/perl-5.13.2/.cpanplus/5.13.2/build/HTML-Zoom-0.009005/blib/lib/HTML/Zoom.pm line 161.
(in cleanup) Use of uninitialized value $selector in concatenation (.) or string at /home/cpan/pit/thr/conf/perl-5.13.2/.cpanplus/5.13.2/build/HTML-Zoom-0.009005/blib/lib/HTML/Zoom.pm line 161.
# Tests were run but no plan was declared and done_testing() was not seen.
(in cleanup) Use of uninitialized value $selector in concatenation (.) or string at /home/cpan/pit/thr/conf/perl-5.13.2/.cpanplus/5.13.2/build/HTML-Zoom-0.009005/blib/lib/HTML/Zoom.pm line 161 during global destruction.
(in cleanup) Use of uninitialized value $selector in concatenation (.) or string at /home/cpan/pit/thr/conf/perl-5.13.2/.cpanplus/5.13.2/build/HTML-Zoom-0.009005/blib/lib/HTML/Zoom.pm line 161 during global destruction.
(in cleanup) Use of uninitialized value $selector in concatenation (.) or string at /home/cpan/pit/thr/conf/perl-5.13.2/.cpanplus/5.13.2/build/HTML-Zoom-0.009005/blib/lib/HTML/Zoom.pm line 161 during global destruction.
t/selectors.t .........................
Dubious, test returned 255 (wstat 65280, 0xff00)
All 1 subtests passed
(in cleanup) Use of uninitialized value $selector in concatenation (.) or string at /home/cpan/pit/thr/conf/perl-5.13.2/.cpanplus/5.13.2/build/HTML-Zoom-0.009005/blib/lib/HTML/Zoom.pm line 161.
(in cleanup) Use of uninitialized value $selector in concatenation (.) or string at /home/cpan/pit/thr/conf/perl-5.13.2/.cpanplus/5.13.2/build/HTML-Zoom-0.009005/blib/lib/HTML/Zoom.pm line 161.
(in cleanup) Use of uninitialized value $selector in concatenation (.) or string at /home/cpan/pit/thr/conf/perl-5.13.2/.cpanplus/5.13.2/build/HTML-Zoom-0.009005/blib/lib/HTML/Zoom.pm line 161.
t/span.t .............................. ok
(in cleanup) Use of uninitialized value $selector in concatenation (.) or string at /home/cpan/pit/thr/conf/perl-5.13.2/.cpanplus/5.13.2/build/HTML-Zoom-0.009005/blib/lib/HTML/Zoom.pm line 161.
(in cleanup) Use of uninitialized value $selector in concatenation (.) or string at /home/cpan/pit/thr/conf/perl-5.13.2/.cpanplus/5.13.2/build/HTML-Zoom-0.009005/blib/lib/HTML/Zoom.pm line 161.
# Looks like your test exited with 255 before it could output anything.
(in cleanup) Use of uninitialized value $selector in concatenation (.) or string at /home/cpan/pit/thr/conf/perl-5.13.2/.cpanplus/5.13.2/build/HTML-Zoom-0.009005/blib/lib/HTML/Zoom.pm line 161 during global destruction.
(in cleanup) Use of uninitialized value $selector in concatenation (.) or string at /home/cpan/pit/thr/conf/perl-5.13.2/.cpanplus/5.13.2/build/HTML-Zoom-0.009005/blib/lib/HTML/Zoom.pm line 161 during global destruction.
t/synopsis/filterbuilder.t ............
Dubious, test returned 255 (wstat 65280, 0xff00)
No subtests run
(in cleanup) Use of uninitialized value $selector in concatenation (.) or string at /home/cpan/pit/thr/conf/perl-5.13.2/.cpanplus/5.13.2/build/HTML-Zoom-0.009005/blib/lib/HTML/Zoom.pm line 161.
(in cleanup) Use of uninitialized value $selector in concatenation (.) or string at /home/cpan/pit/thr/conf/perl-5.13.2/.cpanplus/5.13.2/build/HTML-Zoom-0.009005/blib/lib/HTML/Zoom.pm line 161.
(in cleanup) Use of uninitialized value $selector in concatenation (.) or string at /home/cpan/pit/thr/conf/perl-5.13.2/.cpanplus/5.13.2/build/HTML-Zoom-0.009005/blib/lib/HTML/Zoom.pm line 161.
(in cleanup) Use of uninitialized value $selector in concatenation (.) or string at /home/cpan/pit/thr/conf/perl-5.13.2/.cpanplus/5.13.2/build/HTML-Zoom-0.009005/blib/lib/HTML/Zoom.pm line 161.
# Looks like your test exited with 255 before it could output anything.
(in cleanup) Use of uninitialized value $selector in concatenation (.) or string at /home/cpan/pit/thr/conf/perl-5.13.2/.cpanplus/5.13.2/build/HTML-Zoom-0.009005/blib/lib/HTML/Zoom.pm line 161 during global destruction.
(in cleanup) Use of uninitialized value $selector in concatenation (.) or string at /home/cpan/pit/thr/conf/perl-5.13.2/.cpanplus/5.13.2/build/HTML-Zoom-0.009005/blib/lib/HTML/Zoom.pm line 161 during global destruction.
(in cleanup) Use of uninitialized value $selector in concatenation (.) or string at /home/cpan/pit/thr/conf/perl-5.13.2/.cpanplus/5.13.2/build/HTML-Zoom-0.009005/blib/lib/HTML/Zoom.pm line 161 during global destruction.
(in cleanup) Use of uninitialized value $selector in concatenation (.) or string at /home/cpan/pit/thr/conf/perl-5.13.2/.cpanplus/5.13.2/build/HTML-Zoom-0.009005/blib/lib/HTML/Zoom.pm line 161 during global destruction.
t/synopsis/zoom.t .....................
Dubious, test returned 255 (wstat 65280, 0xff00)
No subtests run
t/todo-repeat.t ....................... skipped: Totally doesn't work yet
Test Summary Report
-------------------
t/apply.t (Wstat: 65280 Tests: 0 Failed: 0)
Non-zero exit status: 255
Parse errors: No plan found in TAP output
t/balance.t (Wstat: 65280 Tests: 0 Failed: 0)
Non-zero exit status: 255
Parse errors: No plan found in TAP output
t/doctype.t (Wstat: 65280 Tests: 0 Failed: 0)
Non-zero exit status: 255
Parse errors: No plan found in TAP output
t/dwim-autoload.t (Wstat: 65280 Tests: 1 Failed: 0)
Non-zero exit status: 255
Parse errors: No plan found in TAP output
t/flush.t (Wstat: 65280 Tests: 0 Failed: 0)
Non-zero exit status: 255
Parse errors: No plan found in TAP output
t/parser_weirdness.t (Wstat: 65280 Tests: 0 Failed: 0)
Non-zero exit status: 255
Parse errors: No plan found in TAP output
t/repeat_bugfixes.t (Wstat: 65280 Tests: 1 Failed: 0)
Non-zero exit status: 255
Parse errors: No plan found in TAP output
t/selectors.t (Wstat: 65280 Tests: 1 Failed: 0)
Non-zero exit status: 255
Parse errors: No plan found in TAP output
t/synopsis/filterbuilder.t (Wstat: 65280 Tests: 0 Failed: 0)
Non-zero exit status: 255
Parse errors: No plan found in TAP output
t/synopsis/zoom.t (Wstat: 65280 Tests: 0 Failed: 0)
Non-zero exit status: 255
Parse errors: No plan found in TAP output
Files=15, Tests=30, 0 wallclock secs ( 0.05 usr 0.02 sys + 0.44 cusr 0.04 csys = 0.55 CPU)
Result: FAIL
Failed 10/15 test programs. 0/30 subtests failed.
make: *** [test_dynamic] Error 255
[MSG] [Sat May 14 23:47:24 2011] DEFAULT 'proceed_on_test_failure' HANDLER RETURNING 'sub return value'
PREREQUISITES:
Here is a list of prerequisites you specified and versions we
managed to load:
Module Name Have Want
Test::More 0.98 0.88
strictures 1.002002 1
Perl module toolchain versions installed:
Module Name Have
CPANPLUS 0.9105
CPANPLUS::Dist::Build 0.56
Cwd 3.33
ExtUtils::CBuilder 0.280202
ExtUtils::Command 1.16
ExtUtils::Install 1.55
ExtUtils::MakeMaker 6.5601
ExtUtils::Manifest 1.58
ExtUtils::ParseXS 2.2206
File::Spec 3.33
Module::Build 0.3800
Test::Harness 3.23
Test::More 0.98
version 0.88
******************************** NOTE ********************************
The comments above are created mechanically, possibly without manual
checking by the sender. As there are many people performing automatic
tests on each upload to CPAN, it is likely that you will receive
identical messages about the same problem.
If you believe that the message is mistaken, please reply to the first
one with correction and/or additional informations, and do not take
it personally. We appreciate your patience. :)
**********************************************************************
Additional comments:
This report was machine-generated by CPANPLUS::Dist::YACSmoke 0.62.
Powered by minismokebox version 0.44
------------------------------
ENVIRONMENT AND OTHER CONTEXT
------------------------------
Environment variables:
AUTOMATED_TESTING = 1
LANG = en_US
LC_COLLATE = C
PATH = /usr/local/bin:/usr/bin:/bin:/usr/games:/usr/lib64/java/bin:/usr/lib64/qt/bin:/usr/share/texmf/bin:.
PERL5LIB = :/home/cpan/pit/thr/conf/perl-5.13.2/.cpanplus/5.13.2/build/strictures-1.002002/blib/lib:/home/cpan/pit/thr/conf/perl-5.13.2/.cpanplus/5.13.2/build/strictures-1.002002/blib/arch:/home/cpan/pit/thr/conf/perl-5.13.2/.cpanplus/5.13.2/build/HTML-Zoom-0.009005/blib/lib:/home/cpan/pit/thr/conf/perl-5.13.2/.cpanplus/5.13.2/build/HTML-Zoom-0.009005/blib/arch
PERL5_CPANPLUS_IS_RUNNING = 30078
PERL5_CPANPLUS_IS_VERSION = 0.9105
PERL5_MINISMOKEBOX = 0.44
PERL5_YACSMOKE_BASE = /home/cpan/pit/thr/conf/perl-5.13.2
PERL_EXTUTILS_AUTOINSTALL = --defaultdeps
PERL_MM_USE_DEFAULT = 1
SHELL = /bin/bash
TERM = screen
Perl special variables (and OS-specific diagnostics, for MSWin32):
Perl: $^X = /home/cpan/pit/thr/perl-5.13.2/bin/perl5.13.2
UID: $< = 1001
EUID: $> = 1001
GID: $( = 100 100
EGID: $) = 100 100
-------------------------------
--
Summary of my perl5 (revision 5 version 13 subversion 2) configuration:
Platform:
osname=linux, osvers=2.6.33.4, archname=x86_64-linux-thread-multi
uname='linux slack64 2.6.33.4 #3 smp wed may 12 23:13:09 cdt 2010 x86_64 intel(r) xeon(r) cpu e5520 @ 2.27ghz genuineintel gnulinux '
config_args='-des -Dprefix=/home/cpan/pit/thr/perl-5.13.2 -Dusethreads -Dusedevel'
hint=recommended, useposix=true, d_sigaction=define
useithreads=define, usemultiplicity=define
useperlio=define, d_sfio=undef, uselargefiles=define, usesocks=undef
use64bitint=define, use64bitall=define, uselongdouble=undef
usemymalloc=n, bincompat5005=undef
Compiler:
cc='cc', ccflags ='-D_REENTRANT -D_GNU_SOURCE -fno-strict-aliasing -pipe -fstack-protector -I/usr/local/include -D_LARGEFILE_SOURCE -D_FILE_OFFSET_BITS=64',
optimize='-O2',
cppflags='-D_REENTRANT -D_GNU_SOURCE -fno-strict-aliasing -pipe -fstack-protector -I/usr/local/include'
ccversion='', gccversion='4.4.4', gccosandvers=''
intsize=4, longsize=8, ptrsize=8, doublesize=8, byteorder=12345678
d_longlong=define, longlongsize=8, d_longdbl=define, longdblsize=16
ivtype='long', ivsize=8, nvtype='double', nvsize=8, Off_t='off_t', lseeksize=8
alignbytes=8, prototype=define
Linker and Libraries:
ld='cc', ldflags =' -fstack-protector -L/usr/local/lib'
libpth=/usr/local/lib /lib /usr/lib /lib64 /usr/lib64 /usr/local/lib64
libs=-lnsl -lgdbm -ldb -ldl -lm -lcrypt -lutil -lpthread -lc
perllibs=-lnsl -ldl -lm -lcrypt -lutil -lpthread -lc
libc=, so=so, useshrplib=false, libperl=libperl.a
gnulibc_version='2.11.1'
Dynamic Linking:
dlsrc=dl_dlopen.xs, dlext=so, d_dlsymun=undef, ccdlflags='-Wl,-E'
cccdlflags='-fPIC', lddlflags='-shared -O2 -L/usr/local/lib -fstack-protector'
Characteristics of this binary (from libperl):
Compile-time options: MULTIPLICITY PERL_DONT_CREATE_GVSV
PERL_IMPLICIT_CONTEXT PERL_MALLOC_WRAP PERL_USE_DEVEL
USE_64_BIT_ALL USE_64_BIT_INT USE_ITHREADS
USE_LARGE_FILES USE_PERLIO USE_PERL_ATOF
USE_REENTRANT_API
Built under linux
Compiled at Feb 18 2011 11:54:55
%ENV:
PERL5LIB=":/home/cpan/pit/thr/conf/perl-5.13.2/.cpanplus/5.13.2/build/strictures-1.002002/blib/lib:/home/cpan/pit/thr/conf/perl-5.13.2/.cpanplus/5.13.2/build/strictures-1.002002/blib/arch:/home/cpan/pit/thr/conf/perl-5.13.2/.cpanplus/5.13.2/build/HTML-Zoom-0.009005/blib/lib:/home/cpan/pit/thr/conf/perl-5.13.2/.cpanplus/5.13.2/build/HTML-Zoom-0.009005/blib/arch"
PERL5_CPANPLUS_IS_RUNNING="30078"
PERL5_CPANPLUS_IS_VERSION="0.9105"
PERL5_MINISMOKEBOX="0.44"
PERL5_YACSMOKE_BASE="/home/cpan/pit/thr/conf/perl-5.13.2"
PERL_EXTUTILS_AUTOINSTALL="--defaultdeps"
PERL_MM_USE_DEFAULT="1"
@INC:
/home/cpan/pit/thr/conf/perl-5.13.2/.cpanplus/5.13.2/build/strictures-1.002002/blib/lib
/home/cpan/pit/thr/conf/perl-5.13.2/.cpanplus/5.13.2/build/strictures-1.002002/blib/arch
/home/cpan/pit/thr/conf/perl-5.13.2/.cpanplus/5.13.2/build/HTML-Zoom-0.009005/blib/lib
/home/cpan/pit/thr/conf/perl-5.13.2/.cpanplus/5.13.2/build/HTML-Zoom-0.009005/blib/arch
/home/cpan/pit/thr/perl-5.13.2/lib/site_perl/5.13.2/x86_64-linux-thread-multi
/home/cpan/pit/thr/perl-5.13.2/lib/site_perl/5.13.2
/home/cpan/pit/thr/perl-5.13.2/lib/5.13.2/x86_64-linux-thread-multi
/home/cpan/pit/thr/perl-5.13.2/lib/5.13.2
.