Report for Make-Cache-1.052

Back
From: metabase:user:aa2f4906-a28e-11e0-92e0-7574012c00e7
Subject: FAIL Make-Cache-1.052 v5.15.0 FreeBSD
Date: 2011-11-26T09:37:29Z

This distribution has been tested as part of the CPAN Testers
project, supporting the Perl programming language.  See
http://wiki.cpantesters.org/ for more information or email
questions to cpan-testers-discuss@perl.org


--
Dear Wilson Snyder,

This is a computer-generated report for Make-Cache-1.052
on perl 5.15.0, created by CPAN-Reporter-1.2002.

Thank you for uploading your work to CPAN.  However, there was a problem
testing your distribution.

If you think this report is invalid, please consult the CPAN Testers Wiki
for suggestions on how to avoid getting FAIL reports for missing library
or binary dependencies, unsupported operating systems, and so on:

http://wiki.cpantesters.org/wiki/CPANAuthorNotes

Sections of this report:

    * Tester comments
    * Program output
    * Prerequisites
    * Environment and other context

------------------------------
TESTER COMMENTS
------------------------------

Additional comments from tester:

this report is from an automated smoke testing program
and was not reviewed by a human for accuracy

------------------------------
PROGRAM OUTPUT
------------------------------

Output from '/usr/bin/make test':

PERL_DL_NONLAZY=1 /home/sean/perl5/perlbrew/perls/perl-5.15.0/bin/perl5.15.0 "-MExtUtils::Command::MM" "-e" "test_harness(0, 'blib/lib', 'blib/arch')" t/*.t
t/00_pod.t ....... ok
t/01_manifest.t .. ok
t/02_help.t ...... ok
t/10_runtime.t ... ok
t/20_hash.t ...... ok
t/40_cache.t ..... ok
-Info: A warning on the next line is expected, we're testing that...
objcache: -Info: Ignoring cache: Can't cp /usr/home/sean/.cpan/build/Make-Cache-1.052-pBSE4n/test_dir/cache/db/db247b699d1521912a68a4f2ccd2fe88/13259fa5ad235890e39bbae835086bc3.t0 test1.o: No such file or directory
t/50_gcc.t ....... ok
Can't store CODE items at /home/sean/perl5/perlbrew/perls/perl-5.15.0/lib/5.15.0/i386-freebsd/Storable.pm line 256, at /usr/home/sean/.cpan/build/Make-Cache-1.052-pBSE4n/blib/lib/Make/Cache.pm line 215
%Error: Command Failed /home/sean/perl5/perlbrew/perls/perl-5.15.0/bin/perl5.15.0 -Iblib/arch -Iblib/lib ../objcache --read --write g++ -DIGNORED test1.cpp -O1 -c -o test1.o, 6400, stopped at t/test_utils.pl line 36.
t/90_objcache.t .. 
Dubious, test returned 25 (wstat 6400, 0x1900)
Failed 27/27 subtests 
Can't store CODE items at /home/sean/perl5/perlbrew/perls/perl-5.15.0/lib/5.15.0/i386-freebsd/Storable.pm line 256, at /usr/home/sean/.cpan/build/Make-Cache-1.052-pBSE4n/blib/lib/Make/Cache.pm line 215
%Error: Command Failed /home/sean/perl5/perlbrew/perls/perl-5.15.0/bin/perl5.15.0 -Iblib/arch -Iblib/lib ../objcache --read --write --distcc g++ -DIGNORED test1.cpp -c -o test1.o, 6400, stopped at t/test_utils.pl line 36.
t/95_distcc.t .... 
Dubious, test returned 25 (wstat 6400, 0x1900)
Failed 12/12 subtests 
t/96_icecream.t .. ok
Can't store CODE items at /home/sean/perl5/perlbrew/perls/perl-5.15.0/lib/5.15.0/i386-freebsd/Storable.pm line 256, at /usr/home/sean/.cpan/build/Make-Cache-1.052-pBSE4n/blib/lib/Make/Cache.pm line 215
%Error: Command Failed /home/sean/perl5/perlbrew/perls/perl-5.15.0/bin/perl5.15.0 -Iblib/arch -Iblib/lib ../objcache --read --write --wrapper t/fake_purify g++ -DIGNORED test1.cpp -c -o test1.o, 6400, stopped at t/test_utils.pl line 36.
t/97_purify.t .... 
Dubious, test returned 25 (wstat 6400, 0x1900)
Failed 12/12 subtests 

Test Summary Report
-------------------
t/90_objcache.t (Wstat: 6400 Tests: 0 Failed: 0)
  Non-zero exit status: 25
  Parse errors: Bad plan.  You planned 27 tests but ran 0.
t/95_distcc.t  (Wstat: 6400 Tests: 0 Failed: 0)
  Non-zero exit status: 25
  Parse errors: Bad plan.  You planned 12 tests but ran 0.
t/97_purify.t  (Wstat: 6400 Tests: 0 Failed: 0)
  Non-zero exit status: 25
  Parse errors: Bad plan.  You planned 12 tests but ran 0.
Files=11, Tests=71, 14 wallclock secs ( 0.51 usr  0.19 sys + 10.39 cusr  2.36 csys = 13.45 CPU)
Result: FAIL
Failed 3/11 test programs. 0/71 subtests failed.
*** Error code 25

Stop in /usr/home/sean/.cpan/build/Make-Cache-1.052-pBSE4n.

------------------------------
PREREQUISITES
------------------------------

Prerequisite modules loaded:

requires:

    Module              Need Have   
    ------------------- ---- -------
    BSD::Resource       1    1.2904 
    Digest::MD5         1    2.51   
    Pod::Usage          1.34 1.36   
    Storable            1    2.28   

build_requires:

    Module              Need Have   
    ------------------- ---- -------
    ExtUtils::MakeMaker 0    6.57_05


------------------------------
ENVIRONMENT AND OTHER CONTEXT
------------------------------

Environment variables:

    AUTOMATED_TESTING = 1
    PATH = /home/sean/perl5/perlbrew/bin:/home/sean/perl5/perlbrew/perls/perl-5.15.0/bin:/sbin:/bin:/usr/sbin:/usr/bin:/usr/games:/usr/local/sbin:/usr/local/bin:/home/sean/bin
    PATH_WITHOUT_PERLBREW = /sbin:/bin:/usr/sbin:/usr/bin:/usr/games:/usr/local/sbin:/usr/local/bin:/home/sean/bin
    PERL5LIB = /home/sean/.cpan/build/BSD-Resource-1.2904-yDaTYI/blib/arch:/home/sean/.cpan/build/BSD-Resource-1.2904-yDaTYI/blib/lib
    PERL5OPT = 
    PERL5_CPANPLUS_IS_RUNNING = 4112
    PERL5_CPAN_IS_RUNNING = 4112
    PERL5_CPAN_IS_RUNNING_IN_RECURSION = 59198,4112
    PERLBREW_HOME = /home/sean/.perlbrew
    PERLBREW_PATH = /home/sean/perl5/perlbrew/bin:/home/sean/perl5/perlbrew/perls/perl-5.15.0/bin
    PERLBREW_PERL = perl-5.15.0
    PERLBREW_ROOT = /home/sean/perl5/perlbrew
    PERLBREW_VERSION = 0.25
    PERL_CR_SMOKER_CURRENT = Make-Cache-1.052
    PERL_EXTUTILS_AUTOINSTALL = --defaultdeps
    PERL_MM_USE_DEFAULT = 1
    SHELL = /usr/local/bin/bash
    TERM = screen

Perl special variables (and OS-specific diagnostics, for MSWin32):

    $^X = /home/sean/perl5/perlbrew/perls/perl-5.15.0/bin/perl5.15.0
    $UID/$EUID = 1001 / 1001
    $GID = 1001 1001 0
    $EGID = 1001 1001 0

Perl module toolchain versions installed:

    Module              Have    
    ------------------- --------
    CPAN                1.9800  
    CPAN::Meta          2.110930
    Cwd                 3.36    
    ExtUtils::CBuilder  0.280204
    ExtUtils::Command   1.17    
    ExtUtils::Install   1.56    
    ExtUtils::MakeMaker 6.57_05 
    ExtUtils::Manifest  1.58    
    ExtUtils::ParseXS   2.2210  
    File::Spec          3.33    
    JSON                2.53    
    JSON::PP            2.27200 
    Module::Build       0.3800  
    Module::Signature   n/a     
    Parse::CPAN::Meta   1.4401  
    Test::Harness       3.23    
    Test::More          0.98    
    YAML                0.73    
    YAML::Syck          n/a     
    version             0.88    


--

Summary of my perl5 (revision 5 version 15 subversion 0) configuration:
   
  Platform:
    osname=freebsd, osvers=8.2-release, archname=i386-freebsd
    uname='freebsd muso.wowway.com 8.2-release freebsd 8.2-release #0: fri feb 18 02:24:46 utc 2011 root@almeida.cse.buffalo.edu:usrobjusrsrcsysgeneric i386 '
    config_args='-de -Dprefix=/home/sean/perl5/perlbrew/perls/perl-5.15.0 -Dusedevel'
    hint=recommended, useposix=true, d_sigaction=define
    useithreads=undef, usemultiplicity=undef
    useperlio=define, d_sfio=undef, uselargefiles=define, usesocks=undef
    use64bitint=undef, use64bitall=undef, uselongdouble=undef
    usemymalloc=n, bincompat5005=undef
  Compiler:
    cc='cc', ccflags ='-DHAS_FPSETMASK -DHAS_FLOATINGPOINT_H -fno-strict-aliasing -pipe -fstack-protector -I/usr/local/include',
    optimize='-O',
    cppflags='-DHAS_FPSETMASK -DHAS_FLOATINGPOINT_H -fno-strict-aliasing -pipe -fstack-protector -I/usr/local/include'
    ccversion='', gccversion='4.2.1 20070719  [FreeBSD]', gccosandvers=''
    intsize=4, longsize=4, ptrsize=4, doublesize=8, byteorder=1234
    d_longlong=define, longlongsize=8, d_longdbl=define, longdblsize=12
    ivtype='long', ivsize=4, nvtype='double', nvsize=8, Off_t='off_t', lseeksize=8
    alignbytes=4, prototype=define
  Linker and Libraries:
    ld='cc', ldflags ='-Wl,-E  -fstack-protector -L/usr/local/lib'
    libpth=/usr/lib /usr/local/lib
    libs=-lgdbm -lm -lcrypt -lutil -lc
    perllibs=-lm -lcrypt -lutil -lc
    libc=, so=so, useshrplib=false, libperl=libperl.a
    gnulibc_version=''
  Dynamic Linking:
    dlsrc=dl_dlopen.xs, dlext=so, d_dlsymun=undef, ccdlflags=' '
    cccdlflags='-DPIC -fPIC', lddlflags='-shared  -L/usr/local/lib -fstack-protector'


Characteristics of this binary (from libperl): 
  Compile-time options: PERL_DONT_CREATE_GVSV PERL_MALLOC_WRAP
                        PERL_PRESERVE_IVUV PERL_USE_DEVEL USE_LARGE_FILES
                        USE_LOCALE USE_LOCALE_COLLATE USE_LOCALE_CTYPE
                        USE_LOCALE_NUMERIC USE_PERLIO USE_PERL_ATOF
  Built under freebsd
  Compiled at Jul  7 2011 21:18:11
  %ENV:
    PERL5LIB="/home/sean/.cpan/build/BSD-Resource-1.2904-yDaTYI/blib/arch:/home/sean/.cpan/build/BSD-Resource-1.2904-yDaTYI/blib/lib"
    PERL5OPT=""
    PERL5_CPANPLUS_IS_RUNNING="4112"
    PERL5_CPAN_IS_RUNNING="4112"
    PERL5_CPAN_IS_RUNNING_IN_RECURSION="59198,4112"
    PERLBREW_HOME="/home/sean/.perlbrew"
    PERLBREW_PATH="/home/sean/perl5/perlbrew/bin:/home/sean/perl5/perlbrew/perls/perl-5.15.0/bin"
    PERLBREW_PERL="perl-5.15.0"
    PERLBREW_ROOT="/home/sean/perl5/perlbrew"
    PERLBREW_VERSION="0.25"
    PERL_CR_SMOKER_CURRENT="Make-Cache-1.052"
    PERL_EXTUTILS_AUTOINSTALL="--defaultdeps"
    PERL_MM_USE_DEFAULT="1"
  @INC:
    /home/sean/.cpan/build/BSD-Resource-1.2904-yDaTYI/blib/arch
    /home/sean/.cpan/build/BSD-Resource-1.2904-yDaTYI/blib/lib
    /home/sean/perl5/perlbrew/perls/perl-5.15.0/lib/site_perl/5.15.0/i386-freebsd
    /home/sean/perl5/perlbrew/perls/perl-5.15.0/lib/site_perl/5.15.0
    /home/sean/perl5/perlbrew/perls/perl-5.15.0/lib/5.15.0/i386-freebsd
    /home/sean/perl5/perlbrew/perls/perl-5.15.0/lib/5.15.0
    .