Back
From: metabase:user:30ae4450-2aae-11df-837a-5e0a49663a4f
Subject: FAIL Music-Tag-0.4103 v5.16.1
Date: 2013-10-29T15:18:36Z
This distribution has been tested as part of the CPAN Testers
project, supporting the Perl programming language. See
http://wiki.cpantesters.org/ for more information or email
questions to cpan-testers-discuss@perl.org
--
Dear Edward J. Allen III,
This is a computer-generated report for Music-Tag-0.4103
on perl 5.16.1, created by CPAN-Reporter-1.2010_01.
Thank you for uploading your work to CPAN. However, there was a problem
testing your distribution.
If you think this report is invalid, please consult the CPAN Testers Wiki
for suggestions on how to avoid getting FAIL reports for missing library
or binary dependencies, unsupported operating systems, and so on:
http://wiki.cpantesters.org/wiki/CPANAuthorNotes
Sections of this report:
* Tester comments
* Program output
* Prerequisites
* Environment and other context
------------------------------
TESTER COMMENTS
------------------------------
Additional comments from tester:
this report is from an automated smoke testing program
and was not reviewed by a human for accuracy
------------------------------
PROGRAM OUTPUT
------------------------------
Output from 'C:\strawberry5161\c\bin\dmake.exe test':
C:\strawberry5161\perl\bin\perl.exe "-MExtUtils::Command::MM" "-e" "test_harness(0, 'blib\lib', 'blib\arch')" t/*.t
Use of uninitialized value $ENV{"HOME"} in concatenation (.) or string at C:\strawberry5161\cpan\build\Music-Tag-0.4103-0MPEBo\blib\lib/Music/Tag.pm line 1057.
t/1-general.t ........ ok
Use of uninitialized value $ENV{"HOME"} in concatenation (.) or string at C:\strawberry5161\cpan\build\Music-Tag-0.4103-0MPEBo\blib\lib/Music/Tag.pm line 1057.
t/2-options.t ........ ok
Use of uninitialized value $ENV{"HOME"} in concatenation (.) or string at C:\strawberry5161\cpan\build\Music-Tag-0.4103-0MPEBo\blib\lib/Music/Tag.pm line 1057.
Music::Tag::Auto Sorry, I can't find a plugin for C:\strawberry5161\cpan\build\Music-Tag-0.4103-0MPEBo\t\fake.music at C:\strawberry5161\cpan\build\Music-Tag-0.4103-0MPEBo\blib\lib/Music/Tag.pm line 146.
t/3-auto.t ........... ok
Use of uninitialized value $ENV{"HOME"} in concatenation (.) or string at C:\strawberry5161\cpan\build\Music-Tag-0.4103-0MPEBo\blib\lib/Music/Tag.pm line 1057.
t/5-generic.t ........ ok
Use of uninitialized value $ENV{"HOME"} in concatenation (.) or string at C:\strawberry5161\cpan\build\Music-Tag-0.4103-0MPEBo\blib\lib/Music/Tag.pm line 1057.
t/6-unaccent.t ....... ok
# Failed test 'POD test for blib/lib/Music/Tag.pm'
# at C:/strawberry5161/perl/site/lib/Test/Pod.pm line 186.
# blib/lib/Music/Tag.pm (2085): Non-ASCII character seen before =encoding in '©'. Assuming UTF-8
# Failed test 'POD test for blib/lib/Music/Tag/Auto.pm'
# at C:/strawberry5161/perl/site/lib/Test/Pod.pm line 186.
# blib/lib/Music/Tag/Auto.pm (175): Non-ASCII character seen before =encoding in '©'. Assuming UTF-8
# Failed test 'POD test for blib/lib/Music/Tag/Generic.pm'
# at C:/strawberry5161/perl/site/lib/Test/Pod.pm line 186.
# blib/lib/Music/Tag/Generic.pm (364): Non-ASCII character seen before =encoding in '©'. Assuming UTF-8
# Failed test 'POD test for blib/lib/Music/Tag/Option.pm'
# at C:/strawberry5161/perl/site/lib/Test/Pod.pm line 186.
# blib/lib/Music/Tag/Option.pm (131): Non-ASCII character seen before =encoding in '©'. Assuming UTF-8
# Failed test 'POD test for blib/lib/Music/Tag/Test.pm'
# at C:/strawberry5161/perl/site/lib/Test/Pod.pm line 186.
# blib/lib/Music/Tag/Test.pm (328): Non-ASCII character seen before =encoding in '©'. Assuming UTF-8
# Looks like you failed 5 tests of 7.
t/97-pod.t ...........
Dubious, test returned 5 (wstat 1280, 0x500)
Failed 5/7 subtests
Use of uninitialized value $ENV{"HOME"} in concatenation (.) or string at C:\strawberry5161\cpan\build\Music-Tag-0.4103-0MPEBo\blib\lib/Music/Tag.pm line 1057.
t/98-pod-coverage.t .. ok
Test Summary Report
-------------------
t/97-pod.t (Wstat: 1280 Tests: 7 Failed: 5)
Failed tests: 1-5
Non-zero exit status: 5
Files=7, Tests=251, 8 wallclock secs ( 0.01 usr + 0.09 sys = 0.10 CPU)
Result: FAIL
Failed 1/7 test programs. 5/251 subtests failed.
dmake.exe: Error code 255, while making 'test_dynamic'
------------------------------
PREREQUISITES
------------------------------
Prerequisite modules loaded:
requires:
Module Need Have
------------------- ------ --------
Config::Options 0.07 0.08
Data::Dumper 2 2.135_06
DateTimeX::Easy 0.088 0.089
Digest::SHA1 2.11 2.13
Encode 2.12 2.55
File::Copy 2 2.23
File::Slurp 1 9999.19
File::Spec 3.24 3.40
File::stat 1 1.05
IO::Dir 1 1.10
IO::File 1.13 1.16
Locale::Country 2.07 3.22
Readonly 1 1.03
Scalar::Util 1.21 1.32
Test::More 0.1 0.98
Time::Local 1.1901 1.2300
build_requires:
Module Need Have
------------------- ------ --------
ExtUtils::MakeMaker 0 6.63_02
configure_requires:
Module Need Have
------------------- ------ --------
ExtUtils::MakeMaker 0 6.63_02
------------------------------
ENVIRONMENT AND OTHER CONTEXT
------------------------------
Environment variables:
AUTOMATED_TESTING = 1
COMSPEC = C:\WINDOWS\system32\cmd.exe
NUMBER_OF_PROCESSORS = 1
PATH = C:\Program Files\Far Manager\;C:\WINDOWS\system32;C:\WINDOWS;C:\WINDOWS\System32\Wbem;C:\strawberry5161\c\bin;C:\strawberry5161\perl\site\bin;C:\strawberry5161\perl\bin
PERL5LIB = C:\strawberry5161\cpan\build\Config-Options-0.08-jtKzWk/blib/arch;C:\strawberry5161\cpan\build\Config-Options-0.08-jtKzWk/blib/lib
PERL5OPT =
PERL5_CPANPLUS_IS_RUNNING = 156
PERL5_CPAN_IS_RUNNING = 156
PERL5_CPAN_IS_RUNNING_IN_RECURSION = 1420,156
PERL_CR_SMOKER_CURRENT = Music-Tag-0.4103
PERL_EXTUTILS_AUTOINSTALL = --defaultdeps
PERL_MM_USE_DEFAULT = 1
PROCESSOR_IDENTIFIER = x86 Family 16 Model 5 Stepping 3, AuthenticAMD
TEMP = C:\DOCUME~1\c\LOCALS~1\Temp
TERM = dumb
Perl special variables (and OS-specific diagnostics, for MSWin32):
$^X = C:\strawberry5161\perl\bin\perl.exe
$UID/$EUID = 0 / 0
$GID = 0
$EGID = 0
Win32::GetOSName = WinXP/.Net
Win32::GetOSVersion = Service Pack 3, 5, 1, 2600, 2, 3, 0, 256, 1
Win32::FsType = NTFS
Win32::IsAdminUser = 1
Perl module toolchain versions installed:
Module Have
------------------- --------
CPAN 2.00
CPAN::Meta 2.132661
Cwd 3.40
ExtUtils::CBuilder 0.280206
ExtUtils::Command 1.17
ExtUtils::Install 1.58
ExtUtils::MakeMaker 6.63_02
ExtUtils::Manifest 1.61
ExtUtils::ParseXS 3.16
File::Spec 3.40
JSON 2.59
JSON::PP 2.27200
Module::Build 0.4007
Module::Signature 0.68
Parse::CPAN::Meta 1.4404
Test::Harness 3.29
Test::More 0.98
YAML 0.84
YAML::Syck 1.27
version 0.9904
--
Summary of my perl5 (revision 5 version 16 subversion 1) configuration:
Platform:
osname=MSWin32, osvers=4.0, archname=MSWin32-x86-multi-thread
uname='Win32 strawberry-perl 5.16.1.1 #1 Thu Aug 9 09:54:46 2012 i386'
config_args='undef'
hint=recommended, useposix=true, d_sigaction=undef
useithreads=define, usemultiplicity=define
useperlio=define, d_sfio=undef, uselargefiles=define, usesocks=undef
use64bitint=undef, use64bitall=undef, uselongdouble=undef
usemymalloc=n, bincompat5005=undef
Compiler:
cc='gcc', ccflags =' -s -O2 -DWIN32 -DPERL_TEXTMODE_SCRIPTS -DPERL_IMPLICIT_CONTEXT -DPERL_IMPLICIT_SYS -fno-strict-aliasing -mms-bitfields',
optimize='-s -O2',
cppflags='-DWIN32'
ccversion='', gccversion='4.6.3', gccosandvers=''
intsize=4, longsize=4, ptrsize=4, doublesize=8, byteorder=1234
d_longlong=undef, longlongsize=8, d_longdbl=define, longdblsize=12
ivtype='long', ivsize=4, nvtype='double', nvsize=8, Off_t='long long', lseeksize=8
alignbytes=8, prototype=define
Linker and Libraries:
ld='g++', ldflags ='-s -L"C:\strawberry5161\perl\lib\CORE" -L"C:\strawberry5161\c\lib"'
libpth=C:\strawberry5161\c\lib C:\strawberry5161\c\i686-w64-mingw32\lib
libs=-lmoldname -lkernel32 -luser32 -lgdi32 -lwinspool -lcomdlg32 -ladvapi32 -lshell32 -lole32 -loleaut32 -lnetapi32 -luuid -lws2_32 -lmpr -lwinmm -lversion -lodbc32 -lodbccp32 -lcomctl32
perllibs=-lmoldname -lkernel32 -luser32 -lgdi32 -lwinspool -lcomdlg32 -ladvapi32 -lshell32 -lole32 -loleaut32 -lnetapi32 -luuid -lws2_32 -lmpr -lwinmm -lversion -lodbc32 -lodbccp32 -lcomctl32
libc=, so=dll, useshrplib=true, libperl=libperl516.a
gnulibc_version=''
Dynamic Linking:
dlsrc=dl_win32.xs, dlext=dll, d_dlsymun=undef, ccdlflags=' '
cccdlflags=' ', lddlflags='-mdll -s -L"C:\strawberry5161\perl\lib\CORE" -L"C:\strawberry5161\c\lib"'
Characteristics of this binary (from libperl):
Compile-time options: HAS_TIMES HAVE_INTERP_INTERN MULTIPLICITY
PERLIO_LAYERS PERL_DONT_CREATE_GVSV
PERL_IMPLICIT_CONTEXT PERL_IMPLICIT_SYS
PERL_MALLOC_WRAP PERL_PRESERVE_IVUV PL_OP_SLAB_ALLOC
USE_ITHREADS USE_LARGE_FILES USE_LOCALE
USE_LOCALE_COLLATE USE_LOCALE_CTYPE
USE_LOCALE_NUMERIC USE_PERLIO USE_PERL_ATOF
Built under MSWin32
Compiled at Aug 9 2012 10:03:09
%ENV:
PERL5LIB="C:\strawberry5161\cpan\build\Config-Options-0.08-jtKzWk/blib/arch;C:\strawberry5161\cpan\build\Config-Options-0.08-jtKzWk/blib/lib"
PERL5_CPANPLUS_IS_RUNNING="156"
PERL5_CPAN_IS_RUNNING="156"
PERL5_CPAN_IS_RUNNING_IN_RECURSION="1420,156"
PERL_CR_SMOKER_CURRENT="Music-Tag-0.4103"
PERL_EXTUTILS_AUTOINSTALL="--defaultdeps"
PERL_MM_USE_DEFAULT="1"
@INC:
C:\strawberry5161\cpan\build\Config-Options-0.08-jtKzWk/blib/arch
C:\strawberry5161\cpan\build\Config-Options-0.08-jtKzWk/blib/lib
C:/strawberry5161/perl/site/lib
C:/strawberry5161/perl/vendor/lib
C:/strawberry5161/perl/lib
.