IO-Socket-SSL v2.085 Perl 5 v5.16.0 cygwin-thread

Status
Fail
From
Peter John Acklam (PJACKLAM)
Dist
IO-Socket-SSL v2.085
Platform
Perl 5 v5.16.0 cygwin-thread
Date
2024-06-07 06:44:02
ID
40541a80-6c6f-1014-9b33-d11b5972d493
This distribution has been tested as part of the CPAN Testers
project, supporting the Perl programming language.  See
http://wiki.cpantesters.org/ for more information or email
questions to cpan-testers-discuss@perl.org


--
Dear Steffen Ullrich,

This is a computer-generated report for IO-Socket-SSL-2.085
on perl 5.16.0, created by CPAN-Reporter-1.2019.

Thank you for uploading your work to CPAN.  However, there was a problem
testing your distribution.

If you think this report is invalid, please consult the CPAN Testers Wiki
for suggestions on how to avoid getting FAIL reports for missing library
or binary dependencies, unsupported operating systems, and so on:

http://wiki.cpantesters.org/wiki/CPANAuthorNotes

Sections of this report:

    * Tester comments
    * Program output
    * Prerequisites
    * Environment and other context

------------------------------
TESTER COMMENTS
------------------------------

Additional comments from tester:

this report is from an automated smoke testing program
and was not reviewed by a human for accuracy

------------------------------
PROGRAM OUTPUT
------------------------------

Output from '/usr/bin/make test':

PERL_DL_NONLAZY=1 "/cygdrive/d/opt/perl5/cygwin_nt-10.0/3.4.5/x86_64/perl/5.16.0/x86_64-cygwin-thread/bin/perl5.16.0.exe" "-MExtUtils::Command::MM" "-MTest::Harness" "-e" "undef *Test::Harness::Switches; test_harness(0, 'blib/lib', 'blib/arch')" t/*.t t/external/*.t

#   Failed test 'loaded'
#   at t/01loadmodule.t line 8.
# openssl version compiled=0x1010113f linked=0x1010113f -- OpenSSL 1.1.1s  1 Nov 2022
# Net::SSLeay version=1.94

#   Failed test 'IO::Socket::SSL::DEBUG 1'
#   at t/01loadmodule.t line 20.
#          got: undef
#     expected: '1'

#   Failed test 'Net::SSLeay::trace 1'
#   at t/01loadmodule.t line 21.
#          got: '0'
#     expected: '1'
# Looks like you failed 3 tests of 3.
t/01loadmodule.t .................. 
Dubious, test returned 3 (wstat 768, 0x300)
Failed 3/3 subtests 
"EWOULDBLOCK" is not exported by the Errno module
 "EAGAIN" is not exported by the Errno module
 "ETIMEDOUT" is not exported by the Errno module
 "EINTR" is not exported by the Errno module
 "EPIPE" is not exported by the Errno module
Can't continue after import errors at /cygdrive/d/opt/perl5/cygwin_nt-10.0/3.4.5/x86_64/cpan/5.16.0/x86_64-cygwin-thread/build/IO-Socket-SSL-2.085-0/blib/lib/IO/Socket/SSL.pm line 22.
BEGIN failed--compilation aborted at /cygdrive/d/opt/perl5/cygwin_nt-10.0/3.4.5/x86_64/cpan/5.16.0/x86_64-cygwin-thread/build/IO-Socket-SSL-2.085-0/blib/lib/IO/Socket/SSL.pm line 22.
Compilation failed in require at t/acceptSSL-timeout.t line 4.
BEGIN failed--compilation aborted at t/acceptSSL-timeout.t line 4.
t/acceptSSL-timeout.t ............. 
Dubious, test returned 255 (wstat 65280, 0xff00)
No subtests run 
"EWOULDBLOCK" is not exported by the Errno module
 "EAGAIN" is not exported by the Errno module
 "ETIMEDOUT" is not exported by the Errno module
 "EINTR" is not exported by the Errno module
 "EPIPE" is not exported by the Errno module
Can't continue after import errors at /cygdrive/d/opt/perl5/cygwin_nt-10.0/3.4.5/x86_64/cpan/5.16.0/x86_64-cygwin-thread/build/IO-Socket-SSL-2.085-0/blib/lib/IO/Socket/SSL.pm line 22.
BEGIN failed--compilation aborted at /cygdrive/d/opt/perl5/cygwin_nt-10.0/3.4.5/x86_64/cpan/5.16.0/x86_64-cygwin-thread/build/IO-Socket-SSL-2.085-0/blib/lib/IO/Socket/SSL.pm line 22.
Compilation failed in require at t/alpn.t line 9.
BEGIN failed--compilation aborted at t/alpn.t line 9.
t/alpn.t .......................... 
Dubious, test returned 255 (wstat 65280, 0xff00)
No subtests run 
"EWOULDBLOCK" is not exported by the Errno module
 "EAGAIN" is not exported by the Errno module
 "ETIMEDOUT" is not exported by the Errno module
 "EINTR" is not exported by the Errno module
 "EPIPE" is not exported by the Errno module
Can't continue after import errors at /cygdrive/d/opt/perl5/cygwin_nt-10.0/3.4.5/x86_64/cpan/5.16.0/x86_64-cygwin-thread/build/IO-Socket-SSL-2.085-0/blib/lib/IO/Socket/SSL.pm line 22.
BEGIN failed--compilation aborted at /cygdrive/d/opt/perl5/cygwin_nt-10.0/3.4.5/x86_64/cpan/5.16.0/x86_64-cygwin-thread/build/IO-Socket-SSL-2.085-0/blib/lib/IO/Socket/SSL.pm line 22.
Compilation failed in require at t/auto_verify_hostname.t line 7.
BEGIN failed--compilation aborted at t/auto_verify_hostname.t line 7.
t/auto_verify_hostname.t .......... 
Dubious, test returned 255 (wstat 65280, 0xff00)
No subtests run 
"EWOULDBLOCK" is not exported by the Errno module
 "EAGAIN" is not exported by the Errno module
 "ETIMEDOUT" is not exported by the Errno module
 "EINTR" is not exported by the Errno module
 "EPIPE" is not exported by the Errno module
Can't continue after import errors at /cygdrive/d/opt/perl5/cygwin_nt-10.0/3.4.5/x86_64/cpan/5.16.0/x86_64-cygwin-thread/build/IO-Socket-SSL-2.085-0/blib/lib/IO/Socket/SSL.pm line 22.
BEGIN failed--compilation aborted at /cygdrive/d/opt/perl5/cygwin_nt-10.0/3.4.5/x86_64/cpan/5.16.0/x86_64-cygwin-thread/build/IO-Socket-SSL-2.085-0/blib/lib/IO/Socket/SSL.pm line 22.
Compilation failed in require at t/cert_formats.t line 4.
BEGIN failed--compilation aborted at t/cert_formats.t line 4.
t/cert_formats.t .................. 
Dubious, test returned 255 (wstat 65280, 0xff00)
No subtests run 
"EWOULDBLOCK" is not exported by the Errno module
 "EAGAIN" is not exported by the Errno module
 "ETIMEDOUT" is not exported by the Errno module
 "EINTR" is not exported by the Errno module
 "EPIPE" is not exported by the Errno module
Can't continue after import errors at /cygdrive/d/opt/perl5/cygwin_nt-10.0/3.4.5/x86_64/cpan/5.16.0/x86_64-cygwin-thread/build/IO-Socket-SSL-2.085-0/blib/lib/IO/Socket/SSL.pm line 22.
BEGIN failed--compilation aborted at /cygdrive/d/opt/perl5/cygwin_nt-10.0/3.4.5/x86_64/cpan/5.16.0/x86_64-cygwin-thread/build/IO-Socket-SSL-2.085-0/blib/lib/IO/Socket/SSL.pm line 22.
Compilation failed in require at t/cert_no_file.t line 18.
BEGIN failed--compilation aborted at t/cert_no_file.t line 18.
t/cert_no_file.t .................. 
Dubious, test returned 255 (wstat 65280, 0xff00)
No subtests run 
"EWOULDBLOCK" is not exported by the Errno module
 "EAGAIN" is not exported by the Errno module
 "ETIMEDOUT" is not exported by the Errno module
 "EINTR" is not exported by the Errno module
 "EPIPE" is not exported by the Errno module
Can't continue after import errors at /cygdrive/d/opt/perl5/cygwin_nt-10.0/3.4.5/x86_64/cpan/5.16.0/x86_64-cygwin-thread/build/IO-Socket-SSL-2.085-0/blib/lib/IO/Socket/SSL.pm line 22.
BEGIN failed--compilation aborted at /cygdrive/d/opt/perl5/cygwin_nt-10.0/3.4.5/x86_64/cpan/5.16.0/x86_64-cygwin-thread/build/IO-Socket-SSL-2.085-0/blib/lib/IO/Socket/SSL.pm line 22.
Compilation failed in require at t/compatibility.t line 7.
BEGIN failed--compilation aborted at t/compatibility.t line 7.
t/compatibility.t ................. 
Dubious, test returned 255 (wstat 65280, 0xff00)
No subtests run 
"EWOULDBLOCK" is not exported by the Errno module
 "EAGAIN" is not exported by the Errno module
 "ETIMEDOUT" is not exported by the Errno module
 "EINTR" is not exported by the Errno module
 "EPIPE" is not exported by the Errno module
Can't continue after import errors at /cygdrive/d/opt/perl5/cygwin_nt-10.0/3.4.5/x86_64/cpan/5.16.0/x86_64-cygwin-thread/build/IO-Socket-SSL-2.085-0/blib/lib/IO/Socket/SSL.pm line 22.
BEGIN failed--compilation aborted at /cygdrive/d/opt/perl5/cygwin_nt-10.0/3.4.5/x86_64/cpan/5.16.0/x86_64-cygwin-thread/build/IO-Socket-SSL-2.085-0/blib/lib/IO/Socket/SSL.pm line 22.
Compilation failed in require at t/connectSSL-timeout.t line 3.
BEGIN failed--compilation aborted at t/connectSSL-timeout.t line 3.
t/connectSSL-timeout.t ............ 
Dubious, test returned 255 (wstat 65280, 0xff00)
No subtests run 
"EWOULDBLOCK" is not exported by the Errno module
 "EAGAIN" is not exported by the Errno module
 "ETIMEDOUT" is not exported by the Errno module
 "EINTR" is not exported by the Errno module
 "EPIPE" is not exported by the Errno module
Can't continue after import errors at /cygdrive/d/opt/perl5/cygwin_nt-10.0/3.4.5/x86_64/cpan/5.16.0/x86_64-cygwin-thread/build/IO-Socket-SSL-2.085-0/blib/lib/IO/Socket/SSL.pm line 22.
BEGIN failed--compilation aborted at /cygdrive/d/opt/perl5/cygwin_nt-10.0/3.4.5/x86_64/cpan/5.16.0/x86_64-cygwin-thread/build/IO-Socket-SSL-2.085-0/blib/lib/IO/Socket/SSL.pm line 22.
Compilation failed in require at t/core.t line 9.
BEGIN failed--compilation aborted at t/core.t line 9.
t/core.t .......................... 
Dubious, test returned 255 (wstat 65280, 0xff00)
No subtests run 
"EWOULDBLOCK" is not exported by the Errno module
 "EAGAIN" is not exported by the Errno module
 "ETIMEDOUT" is not exported by the Errno module
 "EINTR" is not exported by the Errno module
 "EPIPE" is not exported by the Errno module
Can't continue after import errors at /cygdrive/d/opt/perl5/cygwin_nt-10.0/3.4.5/x86_64/cpan/5.16.0/x86_64-cygwin-thread/build/IO-Socket-SSL-2.085-0/blib/lib/IO/Socket/SSL.pm line 22.
BEGIN failed--compilation aborted at /cygdrive/d/opt/perl5/cygwin_nt-10.0/3.4.5/x86_64/cpan/5.16.0/x86_64-cygwin-thread/build/IO-Socket-SSL-2.085-0/blib/lib/IO/Socket/SSL.pm line 22.
Compilation failed in require at t/dhe.t line 11.
BEGIN failed--compilation aborted at t/dhe.t line 11.
t/dhe.t ........................... 
Dubious, test returned 255 (wstat 65280, 0xff00)
No subtests run 
"EWOULDBLOCK" is not exported by the Errno module
 "EAGAIN" is not exported by the Errno module
 "ETIMEDOUT" is not exported by the Errno module
 "EINTR" is not exported by the Errno module
 "EPIPE" is not exported by the Errno module
Can't continue after import errors at /cygdrive/d/opt/perl5/cygwin_nt-10.0/3.4.5/x86_64/cpan/5.16.0/x86_64-cygwin-thread/build/IO-Socket-SSL-2.085-0/blib/lib/IO/Socket/SSL.pm line 22.
BEGIN failed--compilation aborted at /cygdrive/d/opt/perl5/cygwin_nt-10.0/3.4.5/x86_64/cpan/5.16.0/x86_64-cygwin-thread/build/IO-Socket-SSL-2.085-0/blib/lib/IO/Socket/SSL.pm line 22.
Compilation failed in require at t/ecdhe.t line 9.
BEGIN failed--compilation aborted at t/ecdhe.t line 9.
t/ecdhe.t ......................... 
Dubious, test returned 255 (wstat 65280, 0xff00)
No subtests run 
"EWOULDBLOCK" is not exported by the Errno module
 "EAGAIN" is not exported by the Errno module
 "ETIMEDOUT" is not exported by the Errno module
 "EINTR" is not exported by the Errno module
 "EPIPE" is not exported by the Errno module
Can't continue after import errors at /cygdrive/d/opt/perl5/cygwin_nt-10.0/3.4.5/x86_64/cpan/5.16.0/x86_64-cygwin-thread/build/IO-Socket-SSL-2.085-0/blib/lib/IO/Socket/SSL.pm line 22.
BEGIN failed--compilation aborted at /cygdrive/d/opt/perl5/cygwin_nt-10.0/3.4.5/x86_64/cpan/5.16.0/x86_64-cygwin-thread/build/IO-Socket-SSL-2.085-0/blib/lib/IO/Socket/SSL.pm line 22.
Compilation failed in require at t/external/ocsp.t line 6.
BEGIN failed--compilation aborted at t/external/ocsp.t line 6.
t/external/ocsp.t ................. 
Dubious, test returned 255 (wstat 65280, 0xff00)
No subtests run 
"EWOULDBLOCK" is not exported by the Errno module
 "EAGAIN" is not exported by the Errno module
 "ETIMEDOUT" is not exported by the Errno module
 "EINTR" is not exported by the Errno module
 "EPIPE" is not exported by the Errno module
Can't continue after import errors at /cygdrive/d/opt/perl5/cygwin_nt-10.0/3.4.5/x86_64/cpan/5.16.0/x86_64-cygwin-thread/build/IO-Socket-SSL-2.085-0/blib/lib/IO/Socket/SSL.pm line 22.
BEGIN failed--compilation aborted at /cygdrive/d/opt/perl5/cygwin_nt-10.0/3.4.5/x86_64/cpan/5.16.0/x86_64-cygwin-thread/build/IO-Socket-SSL-2.085-0/blib/lib/IO/Socket/SSL.pm line 22.
Compilation failed in require at t/external/usable_ca.t line 4.
BEGIN failed--compilation aborted at t/external/usable_ca.t line 4.
t/external/usable_ca.t ............ 
Dubious, test returned 255 (wstat 65280, 0xff00)
No subtests run 
"EWOULDBLOCK" is not exported by the Errno module
 "EAGAIN" is not exported by the Errno module
 "ETIMEDOUT" is not exported by the Errno module
 "EINTR" is not exported by the Errno module
 "EPIPE" is not exported by the Errno module
Can't continue after import errors at /cygdrive/d/opt/perl5/cygwin_nt-10.0/3.4.5/x86_64/cpan/5.16.0/x86_64-cygwin-thread/build/IO-Socket-SSL-2.085-0/blib/lib/IO/Socket/SSL.pm line 22.
BEGIN failed--compilation aborted at /cygdrive/d/opt/perl5/cygwin_nt-10.0/3.4.5/x86_64/cpan/5.16.0/x86_64-cygwin-thread/build/IO-Socket-SSL-2.085-0/blib/lib/IO/Socket/SSL.pm line 22.
Compilation failed in require at t/io-socket-inet6.t line 16.
BEGIN failed--compilation aborted at t/io-socket-inet6.t line 16.
t/io-socket-inet6.t ............... 
Dubious, test returned 255 (wstat 65280, 0xff00)
No subtests run 
"EWOULDBLOCK" is not exported by the Errno module
 "EAGAIN" is not exported by the Errno module
 "ETIMEDOUT" is not exported by the Errno module
 "EINTR" is not exported by the Errno module
 "EPIPE" is not exported by the Errno module
Can't continue after import errors at /cygdrive/d/opt/perl5/cygwin_nt-10.0/3.4.5/x86_64/cpan/5.16.0/x86_64-cygwin-thread/build/IO-Socket-SSL-2.085-0/blib/lib/IO/Socket/SSL.pm line 22.
BEGIN failed--compilation aborted at /cygdrive/d/opt/perl5/cygwin_nt-10.0/3.4.5/x86_64/cpan/5.16.0/x86_64-cygwin-thread/build/IO-Socket-SSL-2.085-0/blib/lib/IO/Socket/SSL.pm line 22.
Compilation failed in require at t/io-socket-ip.t line 12.
BEGIN failed--compilation aborted at t/io-socket-ip.t line 12.
t/io-socket-ip.t .................. 
Dubious, test returned 255 (wstat 65280, 0xff00)
No subtests run 
"EWOULDBLOCK" is not exported by the Errno module
 "EAGAIN" is not exported by the Errno module
 "ETIMEDOUT" is not exported by the Errno module
 "EINTR" is not exported by the Errno module
 "EPIPE" is not exported by the Errno module
Can't continue after import errors at /cygdrive/d/opt/perl5/cygwin_nt-10.0/3.4.5/x86_64/cpan/5.16.0/x86_64-cygwin-thread/build/IO-Socket-SSL-2.085-0/blib/lib/IO/Socket/SSL.pm line 22.
BEGIN failed--compilation aborted at /cygdrive/d/opt/perl5/cygwin_nt-10.0/3.4.5/x86_64/cpan/5.16.0/x86_64-cygwin-thread/build/IO-Socket-SSL-2.085-0/blib/lib/IO/Socket/SSL.pm line 22.
Compilation failed in require at t/memleak_bad_handshake.t line 9.
BEGIN failed--compilation aborted at t/memleak_bad_handshake.t line 9.
t/memleak_bad_handshake.t ......... 
Dubious, test returned 255 (wstat 65280, 0xff00)
No subtests run 
"EWOULDBLOCK" is not exported by the Errno module
 "EAGAIN" is not exported by the Errno module
 "ETIMEDOUT" is not exported by the Errno module
 "EINTR" is not exported by the Errno module
 "EPIPE" is not exported by the Errno module
Can't continue after import errors at /cygdrive/d/opt/perl5/cygwin_nt-10.0/3.4.5/x86_64/cpan/5.16.0/x86_64-cygwin-thread/build/IO-Socket-SSL-2.085-0/blib/lib/IO/Socket/SSL.pm line 22.
BEGIN failed--compilation aborted at /cygdrive/d/opt/perl5/cygwin_nt-10.0/3.4.5/x86_64/cpan/5.16.0/x86_64-cygwin-thread/build/IO-Socket-SSL-2.085-0/blib/lib/IO/Socket/SSL.pm line 22.
Compilation failed in require at t/mitm.t line 7.
BEGIN failed--compilation aborted at t/mitm.t line 7.
t/mitm.t .......................... 
Dubious, test returned 255 (wstat 65280, 0xff00)
No subtests run 
"EWOULDBLOCK" is not exported by the Errno module
 "EAGAIN" is not exported by the Errno module
 "ETIMEDOUT" is not exported by the Errno module
 "EINTR" is not exported by the Errno module
 "EPIPE" is not exported by the Errno module
Can't continue after import errors at /cygdrive/d/opt/perl5/cygwin_nt-10.0/3.4.5/x86_64/cpan/5.16.0/x86_64-cygwin-thread/build/IO-Socket-SSL-2.085-0/blib/lib/IO/Socket/SSL.pm line 22.
BEGIN failed--compilation aborted at /cygdrive/d/opt/perl5/cygwin_nt-10.0/3.4.5/x86_64/cpan/5.16.0/x86_64-cygwin-thread/build/IO-Socket-SSL-2.085-0/blib/lib/IO/Socket/SSL.pm line 22.
Compilation failed in require at t/multiple-cert-rsa-ecc.t line 7.
BEGIN failed--compilation aborted at t/multiple-cert-rsa-ecc.t line 7.
t/multiple-cert-rsa-ecc.t ......... 
Dubious, test returned 255 (wstat 65280, 0xff00)
No subtests run 
"EWOULDBLOCK" is not exported by the Errno module
 "EAGAIN" is not exported by the Errno module
 "ETIMEDOUT" is not exported by the Errno module
 "EINTR" is not exported by the Errno module
 "EPIPE" is not exported by the Errno module
Can't continue after import errors at /cygdrive/d/opt/perl5/cygwin_nt-10.0/3.4.5/x86_64/cpan/5.16.0/x86_64-cygwin-thread/build/IO-Socket-SSL-2.085-0/blib/lib/IO/Socket/SSL.pm line 22.
BEGIN failed--compilation aborted at /cygdrive/d/opt/perl5/cygwin_nt-10.0/3.4.5/x86_64/cpan/5.16.0/x86_64-cygwin-thread/build/IO-Socket-SSL-2.085-0/blib/lib/IO/Socket/SSL.pm line 22.
Compilation failed in require at t/nonblock.t line 10.
BEGIN failed--compilation aborted at t/nonblock.t line 10.
t/nonblock.t ...................... 
Dubious, test returned 255 (wstat 65280, 0xff00)
No subtests run 
"EWOULDBLOCK" is not exported by the Errno module
 "EAGAIN" is not exported by the Errno module
 "ETIMEDOUT" is not exported by the Errno module
 "EINTR" is not exported by the Errno module
 "EPIPE" is not exported by the Errno module
Can't continue after import errors at /cygdrive/d/opt/perl5/cygwin_nt-10.0/3.4.5/x86_64/cpan/5.16.0/x86_64-cygwin-thread/build/IO-Socket-SSL-2.085-0/blib/lib/IO/Socket/SSL.pm line 22.
BEGIN failed--compilation aborted at /cygdrive/d/opt/perl5/cygwin_nt-10.0/3.4.5/x86_64/cpan/5.16.0/x86_64-cygwin-thread/build/IO-Socket-SSL-2.085-0/blib/lib/IO/Socket/SSL.pm line 22.
Compilation failed in require at t/npn.t line 9.
BEGIN failed--compilation aborted at t/npn.t line 9.
t/npn.t ........................... 
Dubious, test returned 255 (wstat 65280, 0xff00)
No subtests run 
"EWOULDBLOCK" is not exported by the Errno module
 "EAGAIN" is not exported by the Errno module
 "ETIMEDOUT" is not exported by the Errno module
 "EINTR" is not exported by the Errno module
 "EPIPE" is not exported by the Errno module
Can't continue after import errors at /cygdrive/d/opt/perl5/cygwin_nt-10.0/3.4.5/x86_64/cpan/5.16.0/x86_64-cygwin-thread/build/IO-Socket-SSL-2.085-0/blib/lib/IO/Socket/SSL.pm line 22.
BEGIN failed--compilation aborted at /cygdrive/d/opt/perl5/cygwin_nt-10.0/3.4.5/x86_64/cpan/5.16.0/x86_64-cygwin-thread/build/IO-Socket-SSL-2.085-0/blib/lib/IO/Socket/SSL.pm line 22.
Compilation failed in require at t/plain_upgrade_downgrade.t line 4.
BEGIN failed--compilation aborted at t/plain_upgrade_downgrade.t line 4.
t/plain_upgrade_downgrade.t ....... 
Dubious, test returned 255 (wstat 65280, 0xff00)
No subtests run 
"EWOULDBLOCK" is not exported by the Errno module
 "EAGAIN" is not exported by the Errno module
 "ETIMEDOUT" is not exported by the Errno module
 "EINTR" is not exported by the Errno module
 "EPIPE" is not exported by the Errno module
Can't continue after import errors at /cygdrive/d/opt/perl5/cygwin_nt-10.0/3.4.5/x86_64/cpan/5.16.0/x86_64-cygwin-thread/build/IO-Socket-SSL-2.085-0/blib/lib/IO/Socket/SSL.pm line 22.
BEGIN failed--compilation aborted at /cygdrive/d/opt/perl5/cygwin_nt-10.0/3.4.5/x86_64/cpan/5.16.0/x86_64-cygwin-thread/build/IO-Socket-SSL-2.085-0/blib/lib/IO/Socket/SSL.pm line 22.
Compilation failed in require at t/protocol_version.t line 7.
BEGIN failed--compilation aborted at t/protocol_version.t line 7.
t/protocol_version.t .............. 
Dubious, test returned 255 (wstat 65280, 0xff00)
No subtests run 
t/public_suffix_lib_encode_idn.t .. ok
t/public_suffix_lib_libidn.t ...... ok
t/public_suffix_lib_uri.t ......... ok
"EWOULDBLOCK" is not exported by the Errno module
 "EAGAIN" is not exported by the Errno module
 "ETIMEDOUT" is not exported by the Errno module
 "EINTR" is not exported by the Errno module
 "EPIPE" is not exported by the Errno module
Can't continue after import errors at /cygdrive/d/opt/perl5/cygwin_nt-10.0/3.4.5/x86_64/cpan/5.16.0/x86_64-cygwin-thread/build/IO-Socket-SSL-2.085-0/blib/lib/IO/Socket/SSL.pm line 22.
BEGIN failed--compilation aborted at /cygdrive/d/opt/perl5/cygwin_nt-10.0/3.4.5/x86_64/cpan/5.16.0/x86_64-cygwin-thread/build/IO-Socket-SSL-2.085-0/blib/lib/IO/Socket/SSL.pm line 22.
Compilation failed in require at t/public_suffix_ssl.t line 3.
BEGIN failed--compilation aborted at t/public_suffix_ssl.t line 3.
t/public_suffix_ssl.t ............. 
Dubious, test returned 255 (wstat 65280, 0xff00)
No subtests run 
"EWOULDBLOCK" is not exported by the Errno module
 "EAGAIN" is not exported by the Errno module
 "ETIMEDOUT" is not exported by the Errno module
 "EINTR" is not exported by the Errno module
 "EPIPE" is not exported by the Errno module
Can't continue after import errors at /cygdrive/d/opt/perl5/cygwin_nt-10.0/3.4.5/x86_64/cpan/5.16.0/x86_64-cygwin-thread/build/IO-Socket-SSL-2.085-0/blib/lib/IO/Socket/SSL.pm line 22.
BEGIN failed--compilation aborted at /cygdrive/d/opt/perl5/cygwin_nt-10.0/3.4.5/x86_64/cpan/5.16.0/x86_64-cygwin-thread/build/IO-Socket-SSL-2.085-0/blib/lib/IO/Socket/SSL.pm line 22.
Compilation failed in require at t/readline.t line 18.
BEGIN failed--compilation aborted at t/readline.t line 18.
t/readline.t ...................... 
Dubious, test returned 255 (wstat 65280, 0xff00)
No subtests run 
"EWOULDBLOCK" is not exported by the Errno module
 "EAGAIN" is not exported by the Errno module
 "ETIMEDOUT" is not exported by the Errno module
 "EINTR" is not exported by the Errno module
 "EPIPE" is not exported by the Errno module
Can't continue after import errors at /cygdrive/d/opt/perl5/cygwin_nt-10.0/3.4.5/x86_64/cpan/5.16.0/x86_64-cygwin-thread/build/IO-Socket-SSL-2.085-0/blib/lib/IO/Socket/SSL.pm line 22.
BEGIN failed--compilation aborted at /cygdrive/d/opt/perl5/cygwin_nt-10.0/3.4.5/x86_64/cpan/5.16.0/x86_64-cygwin-thread/build/IO-Socket-SSL-2.085-0/blib/lib/IO/Socket/SSL.pm line 22.
Compilation failed in require at t/session_cache.t line 7.
BEGIN failed--compilation aborted at t/session_cache.t line 7.
t/session_cache.t ................. 
Dubious, test returned 255 (wstat 65280, 0xff00)
No subtests run 
"EWOULDBLOCK" is not exported by the Errno module
 "EAGAIN" is not exported by the Errno module
 "ETIMEDOUT" is not exported by the Errno module
 "EINTR" is not exported by the Errno module
 "EPIPE" is not exported by the Errno module
Can't continue after import errors at /cygdrive/d/opt/perl5/cygwin_nt-10.0/3.4.5/x86_64/cpan/5.16.0/x86_64-cygwin-thread/build/IO-Socket-SSL-2.085-0/blib/lib/IO/Socket/SSL.pm line 22.
BEGIN failed--compilation aborted at /cygdrive/d/opt/perl5/cygwin_nt-10.0/3.4.5/x86_64/cpan/5.16.0/x86_64-cygwin-thread/build/IO-Socket-SSL-2.085-0/blib/lib/IO/Socket/SSL.pm line 22.
Compilation failed in require at t/session_ticket.t line 3.
BEGIN failed--compilation aborted at t/session_ticket.t line 3.
t/session_ticket.t ................ 
Dubious, test returned 255 (wstat 65280, 0xff00)
No subtests run 
"EWOULDBLOCK" is not exported by the Errno module
 "EAGAIN" is not exported by the Errno module
 "ETIMEDOUT" is not exported by the Errno module
 "EINTR" is not exported by the Errno module
 "EPIPE" is not exported by the Errno module
Can't continue after import errors at /cygdrive/d/opt/perl5/cygwin_nt-10.0/3.4.5/x86_64/cpan/5.16.0/x86_64-cygwin-thread/build/IO-Socket-SSL-2.085-0/blib/lib/IO/Socket/SSL.pm line 22.
BEGIN failed--compilation aborted at /cygdrive/d/opt/perl5/cygwin_nt-10.0/3.4.5/x86_64/cpan/5.16.0/x86_64-cygwin-thread/build/IO-Socket-SSL-2.085-0/blib/lib/IO/Socket/SSL.pm line 22.
Compilation failed in require at t/sessions.t line 11.
BEGIN failed--compilation aborted at t/sessions.t line 11.
t/sessions.t ...................... 
Dubious, test returned 255 (wstat 65280, 0xff00)
No subtests run 
"EWOULDBLOCK" is not exported by the Errno module
 "EAGAIN" is not exported by the Errno module
 "ETIMEDOUT" is not exported by the Errno module
 "EINTR" is not exported by the Errno module
 "EPIPE" is not exported by the Errno module
Can't continue after import errors at /cygdrive/d/opt/perl5/cygwin_nt-10.0/3.4.5/x86_64/cpan/5.16.0/x86_64-cygwin-thread/build/IO-Socket-SSL-2.085-0/blib/lib/IO/Socket/SSL.pm line 22.
BEGIN failed--compilation aborted at /cygdrive/d/opt/perl5/cygwin_nt-10.0/3.4.5/x86_64/cpan/5.16.0/x86_64-cygwin-thread/build/IO-Socket-SSL-2.085-0/blib/lib/IO/Socket/SSL.pm line 22.
Compilation failed in require at t/set_curves.t line 7.
BEGIN failed--compilation aborted at t/set_curves.t line 7.
t/set_curves.t .................... 
Dubious, test returned 255 (wstat 65280, 0xff00)
No subtests run 
"EWOULDBLOCK" is not exported by the Errno module
 "EAGAIN" is not exported by the Errno module
 "ETIMEDOUT" is not exported by the Errno module
 "EINTR" is not exported by the Errno module
 "EPIPE" is not exported by the Errno module
Can't continue after import errors at /cygdrive/d/opt/perl5/cygwin_nt-10.0/3.4.5/x86_64/cpan/5.16.0/x86_64-cygwin-thread/build/IO-Socket-SSL-2.085-0/blib/lib/IO/Socket/SSL.pm line 22.
BEGIN failed--compilation aborted at /cygdrive/d/opt/perl5/cygwin_nt-10.0/3.4.5/x86_64/cpan/5.16.0/x86_64-cygwin-thread/build/IO-Socket-SSL-2.085-0/blib/lib/IO/Socket/SSL.pm line 22.
Compilation failed in require at t/signal-readline.t line 7.
BEGIN failed--compilation aborted at t/signal-readline.t line 7.
t/signal-readline.t ............... 
Dubious, test returned 255 (wstat 65280, 0xff00)
No subtests run 
"EWOULDBLOCK" is not exported by the Errno module
 "EAGAIN" is not exported by the Errno module
 "ETIMEDOUT" is not exported by the Errno module
 "EINTR" is not exported by the Errno module
 "EPIPE" is not exported by the Errno module
Can't continue after import errors at /cygdrive/d/opt/perl5/cygwin_nt-10.0/3.4.5/x86_64/cpan/5.16.0/x86_64-cygwin-thread/build/IO-Socket-SSL-2.085-0/blib/lib/IO/Socket/SSL.pm line 22.
BEGIN failed--compilation aborted at /cygdrive/d/opt/perl5/cygwin_nt-10.0/3.4.5/x86_64/cpan/5.16.0/x86_64-cygwin-thread/build/IO-Socket-SSL-2.085-0/blib/lib/IO/Socket/SSL.pm line 22.
Compilation failed in require at t/sni.t line 7.
BEGIN failed--compilation aborted at t/sni.t line 7.
t/sni.t ........................... 
Dubious, test returned 255 (wstat 65280, 0xff00)
No subtests run 
"EWOULDBLOCK" is not exported by the Errno module
 "EAGAIN" is not exported by the Errno module
 "ETIMEDOUT" is not exported by the Errno module
 "EINTR" is not exported by the Errno module
 "EPIPE" is not exported by the Errno module
Can't continue after import errors at /cygdrive/d/opt/perl5/cygwin_nt-10.0/3.4.5/x86_64/cpan/5.16.0/x86_64-cygwin-thread/build/IO-Socket-SSL-2.085-0/blib/lib/IO/Socket/SSL.pm line 22.
BEGIN failed--compilation aborted at /cygdrive/d/opt/perl5/cygwin_nt-10.0/3.4.5/x86_64/cpan/5.16.0/x86_64-cygwin-thread/build/IO-Socket-SSL-2.085-0/blib/lib/IO/Socket/SSL.pm line 22.
Compilation failed in require at t/sni_verify.t line 7.
BEGIN failed--compilation aborted at t/sni_verify.t line 7.
t/sni_verify.t .................... 
Dubious, test returned 255 (wstat 65280, 0xff00)
No subtests run 
"EWOULDBLOCK" is not exported by the Errno module
 "EAGAIN" is not exported by the Errno module
 "ETIMEDOUT" is not exported by the Errno module
 "EINTR" is not exported by the Errno module
 "EPIPE" is not exported by the Errno module
Can't continue after import errors at /cygdrive/d/opt/perl5/cygwin_nt-10.0/3.4.5/x86_64/cpan/5.16.0/x86_64-cygwin-thread/build/IO-Socket-SSL-2.085-0/blib/lib/IO/Socket/SSL.pm line 22.
BEGIN failed--compilation aborted at /cygdrive/d/opt/perl5/cygwin_nt-10.0/3.4.5/x86_64/cpan/5.16.0/x86_64-cygwin-thread/build/IO-Socket-SSL-2.085-0/blib/lib/IO/Socket/SSL.pm line 22.
Compilation failed in require at t/start-stopssl.t line 6.
BEGIN failed--compilation aborted at t/start-stopssl.t line 6.
t/start-stopssl.t ................. 
Dubious, test returned 255 (wstat 65280, 0xff00)
No subtests run 
"EWOULDBLOCK" is not exported by the Errno module
 "EAGAIN" is not exported by the Errno module
 "ETIMEDOUT" is not exported by the Errno module
 "EINTR" is not exported by the Errno module
 "EPIPE" is not exported by the Errno module
Can't continue after import errors at /cygdrive/d/opt/perl5/cygwin_nt-10.0/3.4.5/x86_64/cpan/5.16.0/x86_64-cygwin-thread/build/IO-Socket-SSL-2.085-0/blib/lib/IO/Socket/SSL.pm line 22.
BEGIN failed--compilation aborted at /cygdrive/d/opt/perl5/cygwin_nt-10.0/3.4.5/x86_64/cpan/5.16.0/x86_64-cygwin-thread/build/IO-Socket-SSL-2.085-0/blib/lib/IO/Socket/SSL.pm line 22.
Compilation failed in require at t/startssl-failed.t line 7.
BEGIN failed--compilation aborted at t/startssl-failed.t line 7.
t/startssl-failed.t ............... 
Dubious, test returned 255 (wstat 65280, 0xff00)
No subtests run 
"EWOULDBLOCK" is not exported by the Errno module
 "EAGAIN" is not exported by the Errno module
 "ETIMEDOUT" is not exported by the Errno module
 "EINTR" is not exported by the Errno module
 "EPIPE" is not exported by the Errno module
Can't continue after import errors at /cygdrive/d/opt/perl5/cygwin_nt-10.0/3.4.5/x86_64/cpan/5.16.0/x86_64-cygwin-thread/build/IO-Socket-SSL-2.085-0/blib/lib/IO/Socket/SSL.pm line 22.
BEGIN failed--compilation aborted at /cygdrive/d/opt/perl5/cygwin_nt-10.0/3.4.5/x86_64/cpan/5.16.0/x86_64-cygwin-thread/build/IO-Socket-SSL-2.085-0/blib/lib/IO/Socket/SSL.pm line 22.
Compilation failed in require at t/startssl.t line 7.
BEGIN failed--compilation aborted at t/startssl.t line 7.
t/startssl.t ...................... 
Dubious, test returned 255 (wstat 65280, 0xff00)
No subtests run 
"EWOULDBLOCK" is not exported by the Errno module
 "EAGAIN" is not exported by the Errno module
 "ETIMEDOUT" is not exported by the Errno module
 "EINTR" is not exported by the Errno module
 "EPIPE" is not exported by the Errno module
Can't continue after import errors at /cygdrive/d/opt/perl5/cygwin_nt-10.0/3.4.5/x86_64/cpan/5.16.0/x86_64-cygwin-thread/build/IO-Socket-SSL-2.085-0/blib/lib/IO/Socket/SSL.pm line 22.
BEGIN failed--compilation aborted at /cygdrive/d/opt/perl5/cygwin_nt-10.0/3.4.5/x86_64/cpan/5.16.0/x86_64-cygwin-thread/build/IO-Socket-SSL-2.085-0/blib/lib/IO/Socket/SSL.pm line 22.
Compilation failed in require at t/sysread_write.t line 13.
BEGIN failed--compilation aborted at t/sysread_write.t line 13.
t/sysread_write.t ................. 
Dubious, test returned 255 (wstat 65280, 0xff00)
No subtests run 
"EWOULDBLOCK" is not exported by the Errno module
 "EAGAIN" is not exported by the Errno module
 "ETIMEDOUT" is not exported by the Errno module
 "EINTR" is not exported by the Errno module
 "EPIPE" is not exported by the Errno module
Can't continue after import errors at /cygdrive/d/opt/perl5/cygwin_nt-10.0/3.4.5/x86_64/cpan/5.16.0/x86_64-cygwin-thread/build/IO-Socket-SSL-2.085-0/blib/lib/IO/Socket/SSL.pm line 22.
BEGIN failed--compilation aborted at /cygdrive/d/opt/perl5/cygwin_nt-10.0/3.4.5/x86_64/cpan/5.16.0/x86_64-cygwin-thread/build/IO-Socket-SSL-2.085-0/blib/lib/IO/Socket/SSL.pm line 22.
Compilation failed in require at t/verify_fingerprint.t line 4.
BEGIN failed--compilation aborted at t/verify_fingerprint.t line 4.
t/verify_fingerprint.t ............ 
Dubious, test returned 255 (wstat 65280, 0xff00)
No subtests run 
"EWOULDBLOCK" is not exported by the Errno module
 "EAGAIN" is not exported by the Errno module
 "ETIMEDOUT" is not exported by the Errno module
 "EINTR" is not exported by the Errno module
 "EPIPE" is not exported by the Errno module
Can't continue after import errors at /cygdrive/d/opt/perl5/cygwin_nt-10.0/3.4.5/x86_64/cpan/5.16.0/x86_64-cygwin-thread/build/IO-Socket-SSL-2.085-0/blib/lib/IO/Socket/SSL.pm line 22.
BEGIN failed--compilation aborted at /cygdrive/d/opt/perl5/cygwin_nt-10.0/3.4.5/x86_64/cpan/5.16.0/x86_64-cygwin-thread/build/IO-Socket-SSL-2.085-0/blib/lib/IO/Socket/SSL.pm line 22.
Compilation failed in require at t/verify_hostname.t line 7.
BEGIN failed--compilation aborted at t/verify_hostname.t line 7.
t/verify_hostname.t ............... 
Dubious, test returned 255 (wstat 65280, 0xff00)
No subtests run 
"EWOULDBLOCK" is not exported by the Errno module
 "EAGAIN" is not exported by the Errno module
 "ETIMEDOUT" is not exported by the Errno module
 "EINTR" is not exported by the Errno module
 "EPIPE" is not exported by the Errno module
Can't continue after import errors at /cygdrive/d/opt/perl5/cygwin_nt-10.0/3.4.5/x86_64/cpan/5.16.0/x86_64-cygwin-thread/build/IO-Socket-SSL-2.085-0/blib/lib/IO/Socket/SSL.pm line 22.
BEGIN failed--compilation aborted at /cygdrive/d/opt/perl5/cygwin_nt-10.0/3.4.5/x86_64/cpan/5.16.0/x86_64-cygwin-thread/build/IO-Socket-SSL-2.085-0/blib/lib/IO/Socket/SSL.pm line 22.
Compilation failed in require at t/verify_hostname_standalone.t line 4.
BEGIN failed--compilation aborted at t/verify_hostname_standalone.t line 4.
t/verify_hostname_standalone.t .... 
Dubious, test returned 255 (wstat 65280, 0xff00)
No subtests run 
"EWOULDBLOCK" is not exported by the Errno module
 "EAGAIN" is not exported by the Errno module
 "ETIMEDOUT" is not exported by the Errno module
 "EINTR" is not exported by the Errno module
 "EPIPE" is not exported by the Errno module
Can't continue after import errors at /cygdrive/d/opt/perl5/cygwin_nt-10.0/3.4.5/x86_64/cpan/5.16.0/x86_64-cygwin-thread/build/IO-Socket-SSL-2.085-0/blib/lib/IO/Socket/SSL.pm line 22.
BEGIN failed--compilation aborted at /cygdrive/d/opt/perl5/cygwin_nt-10.0/3.4.5/x86_64/cpan/5.16.0/x86_64-cygwin-thread/build/IO-Socket-SSL-2.085-0/blib/lib/IO/Socket/SSL.pm line 22.
Compilation failed in require at t/verify_partial_chain.t line 7.
BEGIN failed--compilation aborted at t/verify_partial_chain.t line 7.
t/verify_partial_chain.t .......... 
Dubious, test returned 255 (wstat 65280, 0xff00)
No subtests run 

Test Summary Report
-------------------
t/01loadmodule.t                (Wstat: 768 (exited 3) Tests: 3 Failed: 3)
  Failed tests:  1-3
  Non-zero exit status: 3
t/acceptSSL-timeout.t           (Wstat: 65280 (exited 255) Tests: 0 Failed: 0)
  Non-zero exit status: 255
  Parse errors: No plan found in TAP output
t/alpn.t                        (Wstat: 65280 (exited 255) Tests: 0 Failed: 0)
  Non-zero exit status: 255
  Parse errors: No plan found in TAP output
t/auto_verify_hostname.t        (Wstat: 65280 (exited 255) Tests: 0 Failed: 0)
  Non-zero exit status: 255
  Parse errors: No plan found in TAP output
t/cert_formats.t                (Wstat: 65280 (exited 255) Tests: 0 Failed: 0)
  Non-zero exit status: 255
  Parse errors: No plan found in TAP output
t/cert_no_file.t                (Wstat: 65280 (exited 255) Tests: 0 Failed: 0)
  Non-zero exit status: 255
  Parse errors: No plan found in TAP output
t/compatibility.t               (Wstat: 65280 (exited 255) Tests: 0 Failed: 0)
  Non-zero exit status: 255
  Parse errors: No plan found in TAP output
t/connectSSL-timeout.t          (Wstat: 65280 (exited 255) Tests: 0 Failed: 0)
  Non-zero exit status: 255
  Parse errors: No plan found in TAP output
t/core.t                        (Wstat: 65280 (exited 255) Tests: 0 Failed: 0)
  Non-zero exit status: 255
  Parse errors: No plan found in TAP output
t/dhe.t                         (Wstat: 65280 (exited 255) Tests: 0 Failed: 0)
  Non-zero exit status: 255
  Parse errors: No plan found in TAP output
t/ecdhe.t                       (Wstat: 65280 (exited 255) Tests: 0 Failed: 0)
  Non-zero exit status: 255
  Parse errors: No plan found in TAP output
t/external/ocsp.t               (Wstat: 65280 (exited 255) Tests: 0 Failed: 0)
  Non-zero exit status: 255
  Parse errors: No plan found in TAP output
t/external/usable_ca.t          (Wstat: 65280 (exited 255) Tests: 0 Failed: 0)
  Non-zero exit status: 255
  Parse errors: No plan found in TAP output
t/io-socket-inet6.t             (Wstat: 65280 (exited 255) Tests: 0 Failed: 0)
  Non-zero exit status: 255
  Parse errors: No plan found in TAP output
t/io-socket-ip.t                (Wstat: 65280 (exited 255) Tests: 0 Failed: 0)
  Non-zero exit status: 255
  Parse errors: No plan found in TAP output
t/memleak_bad_handshake.t       (Wstat: 65280 (exited 255) Tests: 0 Failed: 0)
  Non-zero exit status: 255
  Parse errors: No plan found in TAP output
t/mitm.t                        (Wstat: 65280 (exited 255) Tests: 0 Failed: 0)
  Non-zero exit status: 255
  Parse errors: No plan found in TAP output
t/multiple-cert-rsa-ecc.t       (Wstat: 65280 (exited 255) Tests: 0 Failed: 0)
  Non-zero exit status: 255
  Parse errors: No plan found in TAP output
t/nonblock.t                    (Wstat: 65280 (exited 255) Tests: 0 Failed: 0)
  Non-zero exit status: 255
  Parse errors: No plan found in TAP output
t/npn.t                         (Wstat: 65280 (exited 255) Tests: 0 Failed: 0)
  Non-zero exit status: 255
  Parse errors: No plan found in TAP output
t/plain_upgrade_downgrade.t     (Wstat: 65280 (exited 255) Tests: 0 Failed: 0)
  Non-zero exit status: 255
  Parse errors: No plan found in TAP output
t/protocol_version.t            (Wstat: 65280 (exited 255) Tests: 0 Failed: 0)
  Non-zero exit status: 255
  Parse errors: No plan found in TAP output
t/public_suffix_ssl.t           (Wstat: 65280 (exited 255) Tests: 0 Failed: 0)
  Non-zero exit status: 255
  Parse errors: No plan found in TAP output
t/readline.t                    (Wstat: 65280 (exited 255) Tests: 0 Failed: 0)
  Non-zero exit status: 255
  Parse errors: No plan found in TAP output
t/session_cache.t               (Wstat: 65280 (exited 255) Tests: 0 Failed: 0)
  Non-zero exit status: 255
  Parse errors: No plan found in TAP output
t/session_ticket.t              (Wstat: 65280 (exited 255) Tests: 0 Failed: 0)
  Non-zero exit status: 255
  Parse errors: No plan found in TAP output
t/sessions.t                    (Wstat: 65280 (exited 255) Tests: 0 Failed: 0)
  Non-zero exit status: 255
  Parse errors: No plan found in TAP output
t/set_curves.t                  (Wstat: 65280 (exited 255) Tests: 0 Failed: 0)
  Non-zero exit status: 255
  Parse errors: No plan found in TAP output
t/signal-readline.t             (Wstat: 65280 (exited 255) Tests: 0 Failed: 0)
  Non-zero exit status: 255
  Parse errors: No plan found in TAP output
t/sni.t                         (Wstat: 65280 (exited 255) Tests: 0 Failed: 0)
  Non-zero exit status: 255
  Parse errors: No plan found in TAP output
t/sni_verify.t                  (Wstat: 65280 (exited 255) Tests: 0 Failed: 0)
  Non-zero exit status: 255
  Parse errors: No plan found in TAP output
t/start-stopssl.t               (Wstat: 65280 (exited 255) Tests: 0 Failed: 0)
  Non-zero exit status: 255
  Parse errors: No plan found in TAP output
t/startssl-failed.t             (Wstat: 65280 (exited 255) Tests: 0 Failed: 0)
  Non-zero exit status: 255
  Parse errors: No plan found in TAP output
t/startssl.t                    (Wstat: 65280 (exited 255) Tests: 0 Failed: 0)
  Non-zero exit status: 255
  Parse errors: No plan found in TAP output
t/sysread_write.t               (Wstat: 65280 (exited 255) Tests: 0 Failed: 0)
  Non-zero exit status: 255
  Parse errors: No plan found in TAP output
t/verify_fingerprint.t          (Wstat: 65280 (exited 255) Tests: 0 Failed: 0)
  Non-zero exit status: 255
  Parse errors: No plan found in TAP output
t/verify_hostname.t             (Wstat: 65280 (exited 255) Tests: 0 Failed: 0)
  Non-zero exit status: 255
  Parse errors: No plan found in TAP output
t/verify_hostname_standalone.t  (Wstat: 65280 (exited 255) Tests: 0 Failed: 0)
  Non-zero exit status: 255
  Parse errors: No plan found in TAP output
t/verify_partial_chain.t        (Wstat: 65280 (exited 255) Tests: 0 Failed: 0)
  Non-zero exit status: 255
  Parse errors: No plan found in TAP output
Files=42, Tests=240, 40 wallclock secs ( 0.27 usr  0.39 sys +  5.37 cusr 31.66 csys = 37.68 CPU)
Result: FAIL
Failed 39/42 test programs. 3/240 subtests failed.
make: *** [Makefile:882: test_dynamic] Error 255

------------------------------
PREREQUISITES
------------------------------

Prerequisite modules loaded:

requires:

    Module              Need Have    
    ------------------- ---- --------
    Mozilla::CA         0    20240313
    Net::SSLeay         1.46 1.94    
    Scalar::Util        0    1.63    

build_requires:

    Module              Need Have    
    ------------------- ---- --------
    ExtUtils::MakeMaker 0    7.70    

configure_requires:

    Module              Need Have    
    ------------------- ---- --------
    ExtUtils::MakeMaker 0    7.70    
    Net::SSLeay         1.46 1.94    


------------------------------
ENVIRONMENT AND OTHER CONTEXT
------------------------------

Environment variables:

    AUTOMATED_TESTING = 1
    COMSPEC = C:\WINDOWS\system32\cmd.exe
    NUMBER_OF_PROCESSORS = 8
    PATH = /opt/perl5/cygwin_nt-10.0/3.4.5/x86_64/perl/5.16.0/x86_64-cygwin-thread/bin:/opt/perl5/cygwin_nt-10.0/3.4.5/x86_64/perl/5.16.0/x86_64-cygwin-thread/local/bin:/usr/lib/lapack:/usr/local/bin:/usr/bin:/bin
    PERL5LIB = /opt/perl5/cygwin_nt-10.0/3.4.5/x86_64/perl/5.16.0/x86_64-cygwin-thread/local/lib/perl5:/opt/perl5/cygwin_nt-10.0/3.4.5/x86_64/perl/5.16.0/x86_64-cygwin-thread/local/lib/site_perl:/opt/perl5/cygwin_nt-10.0/3.4.5/x86_64/perl/5.16.0/x86_64-cygwin-thread/local/lib
    PERL5OPT = 
    PERL5_CPANPLUS_IS_RUNNING = 8906
    PERL5_CPAN_IS_RUNNING = 8906
    PERL_CANARY_STABILITY_NOPROMPT = 1
    PERL_CPAN_REPORTER_CONFIG = /cygdrive/d/home/peter/.cpanreporter/config-cygwin-rigel.ini
    PERL_EXTUTILS_AUTOINSTALL = 1
    PERL_MB_OPT = --install_base /opt/perl5/cygwin_nt-10.0/3.4.5/x86_64/perl/5.16.0/x86_64-cygwin-thread/local
    PERL_MM_OPT = INSTALL_BASE=/opt/perl5/cygwin_nt-10.0/3.4.5/x86_64/perl/5.16.0/x86_64-cygwin-thread/local
    PERL_MM_USE_DEFAULT = 1
    PERL_TEST_CRITIC = 1
    PERL_TEST_CRITIC = 1
    PERL_TEST_POD = 1
    PERL_TEST_POD = 1
    PERL_USE_UNSAFE_INC = 1
    POD_TESTING = 1
    POD_TESTS = 1
    PROCESSOR_IDENTIFIER = Intel64 Family 6 Model 42 Stepping 7, GenuineIntel
    SHELL = /bin/bash
    TEMP = /tmp
    TERM = xterm

Perl special variables (and OS-specific diagnostics, for MSWin32):

    $^X = /cygdrive/d/opt/perl5/cygwin_nt-10.0/3.4.5/x86_64/perl/5.16.0/x86_64-cygwin-thread/bin/perl5.16.0
    $UID/$EUID = 197609 / 197609
    $GID = 197609 401408 545 4 66049 11 15 68380 113 4095 66048 262180
    $EGID = 197609 401408 545 4 66049 11 15 68380 113 4095 66048 262180

Perl module toolchain versions installed:

    Module              Have    
    ------------------- --------
    CPAN                2.36    
    CPAN::Meta          2.150010
    Cwd                 3.39_02 
    ExtUtils::CBuilder  0.280206
    ExtUtils::Command   7.70    
    ExtUtils::Install   2.06    
    ExtUtils::MakeMaker 7.70    
    ExtUtils::Manifest  1.70    
    ExtUtils::ParseXS   3.51    
    File::Spec          3.39_02 
    JSON                n/a     
    JSON::PP            4.16    
    Module::Build       0.4234  
    Module::Signature   n/a     
    Parse::CPAN::Meta   2.150010
    Test2               1.302199
    Test::Harness       3.48    
    Test::More          1.302199
    YAML                1.31    
    YAML::Syck          n/a     
    version             0.99    


--

Summary of my perl5 (revision 5 version 16 subversion 0) configuration:
   
  Platform:
    osname=cygwin, osvers=3.4.5-1.x86_64, archname=cygwin-thread
    uname='cygwin_nt-10.0-19045 rigel 3.4.5-1.x86_64 2023-01-19 19:09 utc x86_64 cygwin '
    config_args='-de -Dmksymlinks -Uinc_version_list -Uinstallusrbinperl -Dusethreads -Uusemultiplicity -Dusequadmath -Uloclibpth -Dlibpth=/usr/lib /usr/lib/gcc/x86_64-pc-cygwin/11 -Dprefix=/opt/perl5/cygwin_nt-10.0/3.4.5/x86_64/perl/5.16.0/x86_64-cygwin-thread -Darchname=x86_64-cygwin-thread'
    hint=recommended, useposix=true, d_sigaction=define
    useithreads=define, usemultiplicity=undef
    useperlio=define, d_sfio=undef, uselargefiles=define, usesocks=undef
    use64bitint=define, use64bitall=define, uselongdouble=undef
    usemymalloc=n, bincompat5005=undef
  Compiler:
    cc='gcc', ccflags ='-U__STRICT_ANSI__ -D_GNU_SOURCE -fpcc-struct-return -pipe -fstack-protector',
    optimize='-O3',
    cppflags='-U__STRICT_ANSI__ -D_GNU_SOURCE -fpcc-struct-return -pipe -fstack-protector -D__GNUC__'
    ccversion='', gccversion='11.3.0', gccosandvers=''
    intsize=4, longsize=8, ptrsize=8, doublesize=8, byteorder=12345678
    d_longlong=define, longlongsize=8, d_longdbl=define, longdblsize=16
    ivtype='long', ivsize=8, nvtype='double', nvsize=8, Off_t='off_t', lseeksize=8
    alignbytes=8, prototype=define
  Linker and Libraries:
    ld='g++', ldflags =' -Wl,--enable-auto-import -Wl,--export-all-symbols -Wl,--enable-auto-image-base -fstack-protector'
    libpth=/usr/lib /usr/lib/gcc/x86_64-pc-cygwin/11
    libs=-ldl
    perllibs=-ldl
    libc=/usr/lib/libcygwin.a, so=dll, useshrplib=true, libperl=cygperl5_16_0.dll
    gnulibc_version=''
  Dynamic Linking:
    dlsrc=dl_dlopen.xs, dlext=dll, d_dlsymun=undef, ccdlflags=' '
    cccdlflags=' ', lddlflags=' --shared  -Wl,--enable-auto-import -Wl,--export-all-symbols -Wl,--enable-auto-image-base -fstack-protector'


Characteristics of this binary (from libperl): 
  Compile-time options: HAS_TIMES MULTIPLICITY PERLIO_LAYERS
                        PERL_DONT_CREATE_GVSV PERL_IMPLICIT_CONTEXT
                        PERL_PRESERVE_IVUV USE_64_BIT_ALL USE_64_BIT_INT
                        USE_ITHREADS USE_LARGE_FILES USE_LOCALE
                        USE_LOCALE_COLLATE USE_LOCALE_CTYPE
                        USE_LOCALE_NUMERIC USE_PERLIO USE_PERL_ATOF
                        USE_REENTRANT_API
  Built under cygwin
  Compiled at May 15 2024 18:02:26
  %ENV:
    PERL5LIB="/opt/perl5/cygwin_nt-10.0/3.4.5/x86_64/perl/5.16.0/x86_64-cygwin-thread/local/lib/perl5:/opt/perl5/cygwin_nt-10.0/3.4.5/x86_64/perl/5.16.0/x86_64-cygwin-thread/local/lib/site_perl:/opt/perl5/cygwin_nt-10.0/3.4.5/x86_64/perl/5.16.0/x86_64-cygwin-thread/local/lib"
    PERL5OPT=""
    PERL5_CPANPLUS_IS_RUNNING="8906"
    PERL5_CPAN_IS_RUNNING="8906"
    PERL_CANARY_STABILITY_NOPROMPT="1"
    PERL_CPAN_REPORTER_CONFIG="/cygdrive/d/home/peter/.cpanreporter/config-cygwin-rigel.ini"
    PERL_EXTUTILS_AUTOINSTALL="1"
    PERL_MB_OPT="--install_base /opt/perl5/cygwin_nt-10.0/3.4.5/x86_64/perl/5.16.0/x86_64-cygwin-thread/local"
    PERL_MM_OPT="INSTALL_BASE=/opt/perl5/cygwin_nt-10.0/3.4.5/x86_64/perl/5.16.0/x86_64-cygwin-thread/local"
    PERL_MM_USE_DEFAULT="1"
    PERL_TEST_CRITIC="1"
    PERL_TEST_POD="1"
    PERL_USE_UNSAFE_INC="1"
  @INC:
    /opt/perl5/cygwin_nt-10.0/3.4.5/x86_64/perl/5.16.0/x86_64-cygwin-thread/local/lib/perl5/cygwin-thread
    /opt/perl5/cygwin_nt-10.0/3.4.5/x86_64/perl/5.16.0/x86_64-cygwin-thread/local/lib/perl5
    /opt/perl5/cygwin_nt-10.0/3.4.5/x86_64/perl/5.16.0/x86_64-cygwin-thread/local/lib/site_perl
    /opt/perl5/cygwin_nt-10.0/3.4.5/x86_64/perl/5.16.0/x86_64-cygwin-thread/local/lib
    /opt/perl5/cygwin_nt-10.0/3.4.5/x86_64/perl/5.16.0/x86_64-cygwin-thread/lib/site_perl/5.16.0/cygwin-thread
    /opt/perl5/cygwin_nt-10.0/3.4.5/x86_64/perl/5.16.0/x86_64-cygwin-thread/lib/site_perl/5.16.0
    /opt/perl5/cygwin_nt-10.0/3.4.5/x86_64/perl/5.16.0/x86_64-cygwin-thread/lib/5.16.0/cygwin-thread
    /opt/perl5/cygwin_nt-10.0/3.4.5/x86_64/perl/5.16.0/x86_64-cygwin-thread/lib/5.16.0
    .