XML-LibXML v2.0210 Perl 5 v5.28.3 arm64-freebsd

Status
Fail
From
Slaven Rezić
Dist
XML-LibXML v2.0210
Platform
Perl 5 v5.28.3 arm64-freebsd
Date
2025-04-17 05:10:15
ID
3f9ba4ba-1b4a-11f0-9a68-bbe96d8775ea
This distribution has been tested as part of the CPAN Testers
project, supporting the Perl programming language.  See
http://wiki.cpantesters.org/ for more information or email
questions to cpan-testers-discuss@perl.org


--
Dear Shlomi Fish,

This is a computer-generated report for XML-LibXML-2.0210
on perl 5.28.3, created by CPAN-Reporter-1.2019.

Thank you for uploading your work to CPAN.  However, there was a problem
testing your distribution.

If you think this report is invalid, please consult the CPAN Testers Wiki
for suggestions on how to avoid getting FAIL reports for missing library
or binary dependencies, unsupported operating systems, and so on:

http://wiki.cpantesters.org/wiki/CPANAuthorNotes

Sections of this report:

    * Tester comments
    * Program output
    * Prerequisites
    * Environment and other context

------------------------------
TESTER COMMENTS
------------------------------

Additional comments from tester:

none provided

------------------------------
PROGRAM OUTPUT
------------------------------

Output from '/usr/bin/make test':

"/usr/perl5.28.3/bin/perl" -MExtUtils::Command::MM -e 'cp_nonempty' -- LibXML.bs blib/arch/auto/XML/LibXML/LibXML.bs 644
PERL_DL_NONLAZY=1 "/usr/perl5.28.3/bin/perl" "-MExtUtils::Command::MM" "-MTest::Harness" "-e" "undef *Test::Harness::Switches; test_harness(0, 'blib/lib', 'blib/arch')" t/*.t
# 
# Versions for all modules listed in MYMETA.json (including optional ones):
# 
# === Configure Requires ===
# 
#     Module               Want     Have
#     -------------------- ---- --------
#     Alien::Base::Wrapper  any     2.83
#     Alien::Libxml2       0.14     0.20
#     Config                any 5.028003
#     ExtUtils::MakeMaker   any     7.70
# 
# === Build Requires ===
# 
#     Module              Want Have
#     ------------------- ---- ----
#     ExtUtils::MakeMaker  any 7.70
# 
# === Test Requires ===
# 
#     Module       Want     Have
#     ------------ ---- --------
#     Config        any 5.028003
#     Errno         any     1.29
#     IO::File      any     1.55
#     IO::Handle    any     1.55
#     POSIX         any     1.84
#     Scalar::Util  any     1.68
#     Test::More    any 1.302209
#     locale        any     1.09
#     utf8          any     1.21
# 
# === Runtime Requires ===
# 
#     Module                    Want  Have
#     ------------------------- ---- -----
#     Carp                       any  1.50
#     DynaLoader                 any  1.45
#     Encode                     any  3.21
#     Exporter                  5.57  5.78
#     IO::Handle                 any  1.55
#     Scalar::Util               any  1.68
#     Tie::Hash                  any  1.05
#     XML::NamespaceSupport     1.07  1.12
#     XML::SAX                  0.11  1.02
#     XML::SAX::Base             any  1.09
#     XML::SAX::DocumentLocator  any undef
#     XML::SAX::Exception        any  1.09
#     base                       any  2.27
#     constant                   any  1.33
#     overload                   any  1.30
#     parent                     any 0.242
#     strict                     any  1.11
#     vars                       any  1.04
#     warnings                   any  1.42
# 
t/00-report-prereqs.t .............................. ok
# 
# 
# Compiled against libxml2 version: 21401
# Running libxml2 version:          21401
# 
t/01basic.t ........................................ ok

#   Failed test 'error parsing <!DOCTYPE X SYSTEM "example/ext_ent.dtd">
# <X>&foo;</X>
# '
#   at t/02parse.t line 887.
#          got: ''
#     expected: anything else
# Looks like you failed 1 test of 533.
t/02parse.t ........................................ 
Dubious, test returned 1 (wstat 256, 0x100)
Failed 1/533 subtests 
t/03doc.t .......................................... ok
t/04node.t ......................................... ok
t/05text.t ......................................... ok
t/06elements.t ..................................... ok
t/07dtd.t .......................................... ok

#   Failed test ' TODO : Add test name'
#   at t/08findnodes.t line 126.
#          got: '3'
#     expected: '2'
# Looks like you failed 1 test of 45.
t/08findnodes.t .................................... 
Dubious, test returned 1 (wstat 256, 0x100)
Failed 1/45 subtests 
t/09xpath.t ........................................ ok
t/10ns.t ........................................... ok
t/11memory.t ....................................... skipped: These tests are for authors only!
t/12html.t ......................................... ok
t/13dtd.t .......................................... ok
t/14sax.t .......................................... ok
t/15nodelist.t ..................................... ok

#   Failed test 'Node serialise works.'
#   at t/16docnodes.t line 63.
#          got: '<test contents="ä"/>'
#     expected: '<test contents="&#xE4;"/>'
# Looks like you failed 1 test of 11.
t/16docnodes.t ..................................... 
Dubious, test returned 1 (wstat 256, 0x100)
Failed 1/11 subtests 
t/17callbacks.t .................................... ok
t/18docfree.t ...................................... ok

#   Failed test 'Parser error.'
#   at t/19die_on_invalid_utf8_rt_58848.t line 19.
#                   'example/thedieline.rss:26: I/O error : Invalid bytes in character encoding
# .com%2fblog%2f2010%2f06%2fginja-d-%25c3%25b3bidos.html&amp;t=Ginja+d%26%2339%3b+
#                                                                                 ^
# example/thedieline.rss:26: parser error : Entity 'ldquo' not defined
# log%2f2010%2f06%2fginja-d-%25c3%25b3bidos.html&amp;t=Ginja+d%26%2339%3b+�&ldquo;
#                                                                                   ^
# example/thedieline.rss:26: parser error : Entity 'ldquo' not defined
# 2f2010%2f06%2fginja-d-%25c3%25b3bidos.html&amp;title=Ginja+d%26%2339%3b+�&ldquo;
#                                                                                   ^
# example/thedieline.rss:26: parser error : Entity 'ldquo' not defined
# 2f2010%2f06%2fginja-d-%25c3%25b3bidos.html&amp;title=Ginja+d%26%2339%3b+�&ldquo;
#                                                                                   ^
# example/thedieline.rss:26: parser error : Entity 'ldquo' not defined
# log%2f2010%2f06%2fginja-d-%25c3%25b3bidos.html&amp;t=Ginja+d%26%2339%3b+�&ldquo;
#                                                                                   ^
# example/thedieline.rss:26: parser error : Entity 'ldquo' not defined
# 2f2010%2f06%2fginja-d-%25c3%25b3bidos.html&amp;title=Ginja+d%26%2339%3b+�&ldquo;
#                                                                                   ^
# example/thedieline.rss:26: parser error : Entity 'ldquo' not defined
# 2f2010%2f06%2fginja-d-%25c3%25b3bidos.html&amp;title=Ginja+d%26%2339%3b+�&ldquo;
#                                                                                   ^
# example/thedieline.rss:26: parser error : Entity 'ldquo' not defined
# This&quot; href=&quot;http://twitter.com/home?status=Ginja+d%26%2339%3b+�&ldquo;
#                                                                                   ^
# '
#     doesn't match '(?^:parser error : Input is not proper UTF-8)'
# Looks like you failed 1 test of 1.
t/19die_on_invalid_utf8_rt_58848.t ................. 
Dubious, test returned 1 (wstat 256, 0x100)
Failed 1/1 subtests 
t/19encoding.t ..................................... ok
t/20extras.t ....................................... ok
t/21catalog.t ...................................... ok
t/23rawfunctions.t ................................. ok
t/24c14n.t ......................................... ok

#   Failed test 'RNG from file location with external import and no_network => 1 throws an exception.'
#   at t/25relaxng.t line 135.
#                   'I/O error : failed to load "http://example.com/xml.rng": Attempt to load network entity
# test/relaxng/net.rng:3: Relax-NG parser error : xmlRelaxNG: could not load http://example.com/xml.rng
# test/relaxng/net.rng:3: Relax-NG parser error : Failed to load include http://example.com/xml.rng
# '
#     doesn't match '(?^:I/O error : Attempt to load network entity)'

#   Failed test 'RNG from buffer with external import and no_network => 1 throws an exception.'
#   at t/25relaxng.t line 155.
#                   'I/O error : failed to load "http://example.com/xml.rng": Attempt to load network entity
# in_memory_buffer:3: Relax-NG parser error : xmlRelaxNG: could not load http://example.com/xml.rng
# in_memory_buffer:3: Relax-NG parser error : Failed to load include http://example.com/xml.rng
# '
#     doesn't match '(?^:I/O error : Attempt to load network entity)'
# Looks like you failed 2 tests of 17.
t/25relaxng.t ...................................... 
Dubious, test returned 2 (wstat 512, 0x200)
Failed 2/17 subtests 

#   Failed test 'Schema from file location with external import and no_network => 1 throws an exception.'
#   at t/26schema.t line 120.
#                   'I/O error : failed to load "http://example.com/xml.xsd": Attempt to load network entity
# '
#     doesn't match '(?^:I/O error : Attempt to load network entity)'

#   Failed test 'Schema from buffer with external import and no_network => 1 throws an exception.'
#   at t/26schema.t line 132.
#                   'I/O error : failed to load "http://example.com/xml.xsd": Attempt to load network entity
# '
#     doesn't match '(?^:I/O error : Attempt to load network entity)'
# Looks like you failed 2 tests of 12.
t/26schema.t ....................................... 
Dubious, test returned 2 (wstat 512, 0x200)
Failed 2/12 subtests 
t/27new_callbacks_simple.t ......................... ok
t/28new_callbacks_multiple.t ....................... ok
t/29id.t ........................................... ok
t/30keep_blanks.t .................................. ok
t/30xpathcontext.t ................................. ok
t/31xpc_functions.t ................................ ok
t/32xpc_variables.t ................................ ok
t/35huge_mode.t .................................... ok
t/40reader.t ....................................... ok
t/40reader_mem_error.t ............................. ok
t/41xinclude.t ..................................... ok
t/42common.t ....................................... ok
t/43options.t ...................................... ok
t/44extent.t ....................................... ok
t/45regex.t ........................................ ok
t/46err_column.t ................................... ok
t/47load_xml_callbacks.t ........................... ok
t/48_gh_pr63_detect_undef_values.t ................. ok
t/48_memleak_rt_83744.t ............................ ok
t/48_reader_undef_warning_on_empty_str_rt106830.t .. ok
t/48_removeChild_crashes_rt_80395.t ................ ok
t/48_replaceNode_DTD_nodes_rT_80521.t .............. ok
t/48_RH5_double_free_rt83779.t ..................... ok
t/48_rt123379_setNamespace.t ....................... ok
t/48_rt55000.t ..................................... ok
t/48_rt93429_recover_2_in_html_parsing.t ........... ok
t/48_SAX_Builder_rt_91433.t ........................ ok
t/48importing_nodes_IDs_rt_69520.t ................. ok

#   Failed test 'warning emitted'
#   at t/49_load_html.t line 65.
#                   ''
#     doesn't match '(?^:htmlParseEntityRef:)'
# Looks like you failed 1 test of 3.
t/49_load_html.t ................................... 
Dubious, test returned 1 (wstat 256, 0x100)
Failed 1/3 subtests 
t/49callbacks_returning_undef.t .................... ok
t/49global_extent.t ................................ ok
t/50devel.t ........................................ ok
t/51_parse_html_string_rt87089.t ................... ok
Can't call method "_prev" without a package or object reference at t/60error_prev_chain.t line 38.
# Looks like your test exited with 255 before it could output anything.
t/60error_prev_chain.t ............................. 
Dubious, test returned 255 (wstat 65280, 0xff00)
Failed 1/1 subtests 
t/60struct_error.t ................................. ok
t/61error.t ........................................ ok
t/62overload.t ..................................... ok
t/71overloads.t .................................... ok
t/72destruction.t .................................. ok
t/80registryleak.t ................................. ok
t/90shared_clone_failed_rt_91800.t ................. skipped: no ithreads in this Perl
t/90stack.t ........................................ ok
t/90threads.t ...................................... skipped: no ithreads in this Perl
t/91unique_key.t ................................... ok
t/cpan-changes.t ................................... skipped: These tests are for authors only!
t/namespace-magic-scalar-rt144415.t ................ ok
t/pod-files-presence.t ............................. skipped: only for AUTHORS
t/pod.t ............................................ skipped: These tests are for authors only!
t/release-kwalitee.t ............................... skipped: These tests are for authors only!
t/style-trailing-space.t ........................... skipped: These tests are for authors only!

Test Summary Report
-------------------
t/02parse.t                                      (Wstat: 256 (exited 1) Tests: 533 Failed: 1)
  Failed test:  511
  Non-zero exit status: 1
t/08findnodes.t                                  (Wstat: 256 (exited 1) Tests: 45 Failed: 1)
  Failed test:  14
  Non-zero exit status: 1
t/16docnodes.t                                   (Wstat: 256 (exited 1) Tests: 11 Failed: 1)
  Failed test:  10
  Non-zero exit status: 1
t/19die_on_invalid_utf8_rt_58848.t               (Wstat: 256 (exited 1) Tests: 1 Failed: 1)
  Failed test:  1
  Non-zero exit status: 1
t/25relaxng.t                                    (Wstat: 512 (exited 2) Tests: 17 Failed: 2)
  Failed tests:  14, 16
  Non-zero exit status: 2
t/26schema.t                                     (Wstat: 512 (exited 2) Tests: 12 Failed: 2)
  Failed tests:  9, 11
  Non-zero exit status: 2
t/49_load_html.t                                 (Wstat: 256 (exited 1) Tests: 3 Failed: 1)
  Failed test:  2
  Non-zero exit status: 1
t/60error_prev_chain.t                           (Wstat: 65280 (exited 255) Tests: 0 Failed: 0)
  Non-zero exit status: 255
  Parse errors: Bad plan.  You planned 1 tests but ran 0.
Files=77, Tests=2546,  7 wallclock secs ( 0.38 usr  0.20 sys +  5.15 cusr  0.98 csys =  6.71 CPU)
Result: FAIL
Failed 8/77 test programs. 9/2546 subtests failed.
*** Error code 255

Stop.
make: stopped in /home/cpansand/.cpan/build/2025041620/XML-LibXML-2.0210-8

------------------------------
PREREQUISITES
------------------------------

Prerequisite modules loaded:

requires:

    Module                    Need     Have    
    ------------------------- -------- --------
    base                      0        2.27    
    Carp                      0        1.50    
    constant                  0        1.33    
    DynaLoader                0        1.45    
    Encode                    0        3.21    
    Exporter                  5.57     5.78    
    IO::Handle                0        1.55    
    overload                  0        1.30    
    parent                    0        0.242   
    perl                      5.008001 5.028003
    Scalar::Util              0        1.68    
    strict                    0        1.11    
    Tie::Hash                 0        1.05    
    vars                      0        1.04    
    warnings                  0        1.42    
    XML::NamespaceSupport     1.07     1.12    
    XML::SAX                  0.11     1.02    
    XML::SAX::Base            0        1.09    
    XML::SAX::DocumentLocator 0        0       
    XML::SAX::Exception       0        1.09    

build_requires:

    Module                    Need     Have    
    ------------------------- -------- --------
    Config                    0        5.028003
    Errno                     0        1.29    
    ExtUtils::MakeMaker       0        7.70    
    IO::File                  0        1.55    
    IO::Handle                0        1.55    
    locale                    0        1.09    
    POSIX                     0        1.84    
    Scalar::Util              0        1.68    
    Test::More                0        1.302209
    utf8                      0        1.21    

configure_requires:

    Module                    Need     Have    
    ------------------------- -------- --------
    Alien::Base::Wrapper      0        2.83    
    Alien::Libxml2            0.14     0.20    
    Config                    0        5.028003
    ExtUtils::MakeMaker       0        7.70    


------------------------------
ENVIRONMENT AND OTHER CONTEXT
------------------------------

Environment variables:

    LANG = C.UTF-8
    PATH = /usr/local/bin:/usr/bin:/bin:/usr/local/sbin:/usr/sbin:/sbin:/home/cpansand/bin/freebsd14.1:/home/cpansand/bin/sh:/home/cpansand/bin:/usr/games:/home/cpansand/devel:/home/eserte/src/srezic-misc/scripts
    PERL5LIB = /home/cpansand/.cpan/build/2025041620/Alien-Libxml2-0.20-2/blib/arch:/home/cpansand/.cpan/build/2025041620/Alien-Libxml2-0.20-2/blib/lib
    PERL5OPT = 
    PERL5_CPANPLUS_IS_RUNNING = 79002
    PERL5_CPAN_IS_RUNNING = 79002
    PERL5_CPAN_IS_RUNNING_IN_RECURSION = 67883,79002
    PERLDOC = -MPod::Perldoc::ToTextOverstrike
    PERL_BATCH = yes
    PERL_CANARY_STABILITY_NOPROMPT = 1
    PERL_CPAN_REPORTER_CONFIG = /var/tmp/cpansmoker-1023/2025041620/cpanreporter_000_config.ini
    PERL_EXTUTILS_AUTOINSTALL = --defaultdeps
    PERL_USE_UNSAFE_INC = 1
    SHELL = /usr/local/bin/zsh
    TERM = screen
    TMPDIR = /var/tmp/cpansmoker-1023/2025041620

Perl special variables (and OS-specific diagnostics, for MSWin32):

    $^X = /usr/perl5.28.3/bin/perl
    $UID/$EUID = 1023 / 1023
    $GID = 1023 1023
    $EGID = 1023 1023

Perl module toolchain versions installed:

    Module              Have    
    ------------------- --------
    CPAN                2.20    
    CPAN::Meta          2.150010
    Cwd                 3.75    
    ExtUtils::CBuilder  0.280236
    ExtUtils::Command   7.70    
    ExtUtils::Install   2.22    
    ExtUtils::MakeMaker 7.70    
    ExtUtils::Manifest  1.75    
    ExtUtils::ParseXS   3.51    
    File::Spec          3.75    
    JSON                4.10    
    JSON::PP            4.16    
    Module::Build       0.4234  
    Module::Signature   n/a     
    Parse::CPAN::Meta   2.150010
    Test2               1.302209
    Test::Harness       3.50    
    Test::More          1.302209
    YAML                1.31    
    YAML::Syck          1.34    
    version             0.9923  


--

Summary of my perl5 (revision 5 version 28 subversion 3) configuration:
   
  Platform:
    osname=freebsd
    osvers=14.1-stable
    archname=arm64-freebsd
    uname='freebsd cloud9.bbbike.org 14.1-stable freebsd 14.1-stable stable14-n268041-bb7b7b0eb7cf generic arm64 '
    config_args='-ds -e -Dprefix=/usr/perl5.28.3 -Dcf_email=srezic@cpan.org -Doptimize=-O2 -pipe'
    hint=recommended
    useposix=true
    d_sigaction=define
    useithreads=undef
    usemultiplicity=undef
    use64bitint=define
    use64bitall=define
    uselongdouble=undef
    usemymalloc=n
    default_inc_excludes_dot=define
    bincompat5005=undef
  Compiler:
    cc='cc'
    ccflags ='-DHAS_FPSETMASK -DHAS_FLOATINGPOINT_H -fno-strict-aliasing -pipe -fstack-protector-strong -I/usr/local/include'
    optimize='-O2 -pipe'
    cppflags='-DHAS_FPSETMASK -DHAS_FLOATINGPOINT_H -fno-strict-aliasing -pipe -fstack-protector-strong -I/usr/local/include'
    ccversion=''
    gccversion='FreeBSD Clang 18.1.6 (https://github.com/llvm/llvm-project.git llvmorg-18.1.6-0-g1118c2e05e67)'
    gccosandvers=''
    intsize=4
    longsize=8
    ptrsize=8
    doublesize=8
    byteorder=12345678
    doublekind=3
    d_longlong=define
    longlongsize=8
    d_longdbl=define
    longdblsize=16
    longdblkind=1
    ivtype='long'
    ivsize=8
    nvtype='double'
    nvsize=8
    Off_t='off_t'
    lseeksize=8
    alignbytes=8
    prototype=define
  Linker and Libraries:
    ld='cc'
    ldflags ='-Wl,-E  -fstack-protector-strong -L/usr/local/lib'
    libpth=/usr/lib /usr/local/lib /usr/lib/clang/18/lib /usr/lib
    libs=-lpthread -lgdbm -ldl -lm -lcrypt -lutil -lc
    perllibs=-lpthread -ldl -lm -lcrypt -lutil -lc
    libc=
    so=so
    useshrplib=false
    libperl=libperl.a
    gnulibc_version=''
  Dynamic Linking:
    dlsrc=dl_dlopen.xs
    dlext=so
    d_dlsymun=undef
    ccdlflags=' '
    cccdlflags='-DPIC -fPIC'
    lddlflags='-shared  -L/usr/local/lib -fstack-protector-strong'


Characteristics of this binary (from libperl): 
  Compile-time options:
    HAS_TIMES
    PERLIO_LAYERS
    PERL_COPY_ON_WRITE
    PERL_DONT_CREATE_GVSV
    PERL_MALLOC_WRAP
    PERL_OP_PARENT
    PERL_PRESERVE_IVUV
    USE_64_BIT_ALL
    USE_64_BIT_INT
    USE_LARGE_FILES
    USE_LOCALE
    USE_LOCALE_COLLATE
    USE_LOCALE_CTYPE
    USE_LOCALE_NUMERIC
    USE_LOCALE_TIME
    USE_PERLIO
    USE_PERL_ATOF
  Locally applied patches:
    Devel::PatchPerl 2.08
  Built under freebsd
  Compiled at Jun 30 2024 07:39:37
  %ENV:
    PERL5LIB="/home/cpansand/.cpan/build/2025041620/Alien-Libxml2-0.20-2/blib/arch:/home/cpansand/.cpan/build/2025041620/Alien-Libxml2-0.20-2/blib/lib"
    PERL5OPT=""
    PERL5_CPANPLUS_IS_RUNNING="79002"
    PERL5_CPAN_IS_RUNNING="79002"
    PERL5_CPAN_IS_RUNNING_IN_RECURSION="67883,79002"
    PERLDOC="-MPod::Perldoc::ToTextOverstrike"
    PERL_BATCH="yes"
    PERL_CANARY_STABILITY_NOPROMPT="1"
    PERL_CPAN_REPORTER_CONFIG="/var/tmp/cpansmoker-1023/2025041620/cpanreporter_000_config.ini"
    PERL_EXTUTILS_AUTOINSTALL="--defaultdeps"
    PERL_USE_UNSAFE_INC="1"
  @INC:
    /home/cpansand/.cpan/build/2025041620/Alien-Libxml2-0.20-2/blib/arch
    /home/cpansand/.cpan/build/2025041620/Alien-Libxml2-0.20-2/blib/lib
    /usr/perl5.28.3/lib/site_perl/5.28.3/arm64-freebsd
    /usr/perl5.28.3/lib/site_perl/5.28.3
    /usr/perl5.28.3/lib/5.28.3/arm64-freebsd
    /usr/perl5.28.3/lib/5.28.3
    .