Back
From: metabase:user:30ae4450-2aae-11df-837a-5e0a49663a4f
Subject: FAIL GOBO-0.03 v5.16.3
Date: 2014-04-15T22:29:16Z
This distribution has been tested as part of the CPAN Testers
project, supporting the Perl programming language. See
http://wiki.cpantesters.org/ for more information or email
questions to cpan-testers-discuss@perl.org
--
Dear Chris Mungall,
This is a computer-generated report for GOBO-0.03
on perl 5.16.3, created by CPAN-Reporter-1.2010_01.
Thank you for uploading your work to CPAN. However, there was a problem
testing your distribution.
If you think this report is invalid, please consult the CPAN Testers Wiki
for suggestions on how to avoid getting FAIL reports for missing library
or binary dependencies, unsupported operating systems, and so on:
http://wiki.cpantesters.org/wiki/CPANAuthorNotes
Sections of this report:
* Tester comments
* Program output
* Prerequisites
* Environment and other context
------------------------------
TESTER COMMENTS
------------------------------
Additional comments from tester:
this report is from an automated smoke testing program
and was not reviewed by a human for accuracy
------------------------------
PROGRAM OUTPUT
------------------------------
Output from 'C:\strawberry163\c\bin\dmake.exe test':
C:\strawberry163\perl\bin\perl.exe "-MExtUtils::Command::MM" "-e" "test_harness(0, 'blib\lib', 'blib\arch')" t/*.t
You cannot coerce an attribute (source) unless its type (GOBO::Node) has a coercion at C:\strawberry163\perl\site\lib\Moose\Exception.pm line 37
Moose::Exception::_build_trace('Moose::Exception::CannotCoerceAttributeWhichHasNoCoercion=HASH(0x17d2364)') called at reader Moose::Exception::trace (defined at C:\strawberry163\perl\site\lib\Moose\Exception.pm line 9) line 7
Moose::Exception::trace('Moose::Exception::CannotCoerceAttributeWhichHasNoCoercion=HASH(0x17d2364)') called at C:\strawberry163\perl\site\lib\Moose\Exception.pm line 49
Moose::Exception::BUILD('Moose::Exception::CannotCoerceAttributeWhichHasNoCoercion=HASH(0x17d2364)', 'HASH(0x17bc29c)') called at C:\strawberry163\perl\site\lib\Class\MOP\Method.pm line 128
Class::MOP::Method::execute('Moose::Meta::Method=HASH(0x17dbc0c)', 'Moose::Exception::CannotCoerceAttributeWhichHasNoCoercion=HASH(0x17d2364)', 'HASH(0x17bc29c)') called at C:\strawberry163\perl\site\lib\Moose\Object.pm line 56
Moose::Object::BUILDALL('Moose::Exception::CannotCoerceAttributeWhichHasNoCoercion=HASH(0x17d2364)', 'HASH(0x17bc29c)') called at C:\strawberry163\perl\site\lib\Moose\Meta\Class.pm line 282
Moose::Meta::Class::new_object('Moose::Meta::Class=HASH(0x17d2a24)', 'HASH(0x17bc29c)') called at C:\strawberry163\perl\site\lib\Moose\Object.pm line 27
Moose::Object::new('Moose::Exception::CannotCoerceAttributeWhichHasNoCoercion', 'attribute_name', 'source', 'type_name', 'GOBO::Node', 'params', 'HASH(0xf4849c)') called at C:\strawberry163\perl\site\lib\Moose\Util.pm line 51
Moose::Util::throw_exception('CannotCoerceAttributeWhichHasNoCoercion', 'attribute_name', 'source', 'type_name', 'GOBO::Node', 'params', 'HASH(0xf4849c)') called at C:\strawberry163\perl\site\lib\Moose\Meta\Attribute.pm line 393
Moose::Meta::Attribute::_process_coerce_option('Moose::Meta::Attribute', 'source', 'HASH(0xf4849c)') called at C:\strawberry163\perl\site\lib\Moose\Meta\Attribute.pm line 262
Moose::Meta::Attribute::_process_options('Moose::Meta::Attribute', 'source', 'HASH(0xf4849c)') called at C:\strawberry163\perl\site\lib\Moose\Meta\Attribute.pm line 53
Moose::Meta::Attribute::new('Moose::Meta::Attribute', 'source', 'coerce', 1, 'isa', 'GOBO::Node', 'definition_context', 'HASH(0x174c3b4)', 'is', 'rw') called at C:\strawberry163\perl\site\lib\Moose\Meta\Attribute.pm line 101
Moose::Meta::Attribute::interpolate_class_and_new('Moose::Meta::Attribute', 'source', 'coerce', 1, 'isa', 'GOBO::Node', 'definition_context', 'HASH(0x174c3b4)', 'is', 'rw') called at C:\strawberry163\perl\site\lib\Moose\Meta\Role\Attribute.pm line 92
Moose::Meta::Role::Attribute::attribute_for_class('Moose::Meta::Role::Attribute=HASH(0x17cf9dc)') called at C:\strawberry163\perl\site\lib\Moose\Meta\Role\Application\ToClass.pm line 130
Moose::Meta::Role::Application::ToClass::apply_attributes('Moose::Meta::Role::Application::ToClass=HASH(0x1370174)', 'Moose::Meta::Role=HASH(0x17bcb1c)', 'Moose::Meta::Class=HASH(0x135eb54)') called at C:\strawberry163\perl\site\lib\Moose\Meta\Role\Application.pm line 57
Moose::Meta::Role::Application::apply('Moose::Meta::Role::Application::ToClass=HASH(0x1370174)', 'Moose::Meta::Role=HASH(0x17bcb1c)', 'Moose::Meta::Class=HASH(0x135eb54)') called at C:\strawberry163\perl\site\lib\Moose\Meta\Role\Application\ToClass.pm line 35
Moose::Meta::Role::Application::ToClass::apply('Moose::Meta::Role::Application::ToClass=HASH(0x1370174)', 'Moose::Meta::Role=HASH(0x17bcb1c)', 'Moose::Meta::Class=HASH(0x135eb54)', 'HASH(0x1315e6c)') called at C:\strawberry163\perl\site\lib\Moose\Meta\Role.pm line 474
Moose::Meta::Role::apply('Moose::Meta::Role=HASH(0x17bcb1c)', 'Moose::Meta::Class=HASH(0x135eb54)') called at C:\strawberry163\perl\site\lib\Moose\Util.pm line 166
Moose::Util::_apply_all_roles('Moose::Meta::Class=HASH(0x135eb54)', undef, 'GOBO::Attributed') called at C:\strawberry163\perl\site\lib\Moose\Util.pm line 108
Moose::Util::apply_all_roles('Moose::Meta::Class=HASH(0x135eb54)', 'GOBO::Attributed') called at C:\strawberry163\perl\site\lib\Moose.pm line 60
Moose::with('Moose::Meta::Class=HASH(0x135eb54)', 'GOBO::Attributed') called at C:\strawberry163\perl\site\lib\Moose\Exporter.pm line 405
Moose::with('GOBO::Attributed') called at C:\strawberry163\cpan\build\GOBO-0.03-Je5HPd\blib\lib\GOBO\Synonym.pm line 17
require GOBO/Synonym.pm at C:\strawberry163\cpan\build\GOBO-0.03-Je5HPd\blib\lib\GOBO\Labeled.pm line 23
GOBO::Labeled::BEGIN at C:\strawberry163\cpan\build\GOBO-0.03-Je5HPd\blib\lib\GOBO\Synonym.pm line 0
eval {...} at C:\strawberry163\cpan\build\GOBO-0.03-Je5HPd\blib\lib\GOBO\Synonym.pm line 0
require GOBO/Labeled.pm at C:\strawberry163\perl\site\lib\Module\Runtime.pm line 317
Module::Runtime::require_module('GOBO::Labeled') called at C:\strawberry163\perl\site\lib\Module\Runtime.pm line 348
Module::Runtime::use_module('GOBO::Labeled') called at C:\strawberry163\perl\site\lib\Moose\Util.pm line 141
Moose::Util::_apply_all_roles('Moose::Meta::Class=HASH(0x12fb6c4)', undef, 'GOBO::Labeled') called at C:\strawberry163\perl\site\lib\Moose\Util.pm line 108
Moose::Util::apply_all_roles('Moose::Meta::Class=HASH(0x12fb6c4)', 'GOBO::Labeled') called at C:\strawberry163\perl\site\lib\Moose.pm line 60
Moose::with('Moose::Meta::Class=HASH(0x12fb6c4)', 'GOBO::Labeled') called at C:\strawberry163\perl\site\lib\Moose\Exporter.pm line 405
Moose::with('GOBO::Labeled') called at C:\strawberry163\cpan\build\GOBO-0.03-Je5HPd\blib\lib\GOBO\Node.pm line 6
require GOBO/Node.pm at C:\strawberry163\perl\site\lib\Module\Runtime.pm line 317
Module::Runtime::require_module('GOBO::Node') called at C:\strawberry163\perl\site\lib\Module\Runtime.pm line 381
eval {...} at C:\strawberry163\perl\site\lib\Module\Runtime.pm line 381
Module::Runtime::use_package_optimistically('GOBO::Node') called at C:\strawberry163\perl\site\lib\Moose\Util.pm line 343
Moose::Util::_load_user_class('GOBO::Node', undef) called at C:\strawberry163\perl\site\lib\Moose\Meta\Class.pm line 561
Moose::Meta::Class::superclasses(undef, 'GOBO::Node') called at C:\strawberry163\perl\site\lib\Moose.pm line 56
Moose::extends('Moose::Meta::Class=HASH(0x12eb354)', 'GOBO::Node') called at C:\strawberry163\perl\site\lib\Moose\Exporter.pm line 405
Moose::extends('GOBO::Node') called at C:\strawberry163\cpan\build\GOBO-0.03-Je5HPd\blib\lib\GOBO\Evidence.pm line 4
require GOBO/Evidence.pm at C:\strawberry163\cpan\build\GOBO-0.03-Je5HPd\blib\lib\GOBO\Annotation.pm line 5
GOBO::Annotation::BEGIN at C:\strawberry163\cpan\build\GOBO-0.03-Je5HPd\blib\lib\GOBO\Synonym.pm line 0
eval {...} at C:\strawberry163\cpan\build\GOBO-0.03-Je5HPd\blib\lib\GOBO\Synonym.pm line 0
require GOBO/Annotation.pm at C:\strawberry163\cpan\build\GOBO-0.03-Je5HPd\blib\lib\GOBO\Graph.pm line 55
GOBO::Graph::BEGIN at C:\strawberry163\cpan\build\GOBO-0.03-Je5HPd\blib\lib\GOBO\Synonym.pm line 0
eval {...} at C:\strawberry163\cpan\build\GOBO-0.03-Je5HPd\blib\lib\GOBO\Synonym.pm line 0
require GOBO/Graph.pm at t\analysis_test.t line 4
main::BEGIN at C:\strawberry163\cpan\build\GOBO-0.03-Je5HPd\blib\lib\GOBO\Synonym.pm line 0
eval {...} at C:\strawberry163\cpan\build\GOBO-0.03-Je5HPd\blib\lib\GOBO\Synonym.pm line 0
Compilation failed in require at C:\strawberry163\cpan\build\GOBO-0.03-Je5HPd\blib\lib/GOBO/Labeled.pm line 23.
BEGIN failed--compilation aborted at C:\strawberry163\cpan\build\GOBO-0.03-Je5HPd\blib\lib/GOBO/Labeled.pm line 23.
Compilation failed in require at C:/strawberry163/perl/site/lib/Module/Runtime.pm line 317.
Compilation failed in require at C:/strawberry163/perl/site/lib/Module/Runtime.pm line 317.
Compilation failed in require at C:\strawberry163\cpan\build\GOBO-0.03-Je5HPd\blib\lib/GOBO/Annotation.pm line 5.
BEGIN failed--compilation aborted at C:\strawberry163\cpan\build\GOBO-0.03-Je5HPd\blib\lib/GOBO/Annotation.pm line 5.
Compilation failed in require at C:\strawberry163\cpan\build\GOBO-0.03-Je5HPd\blib\lib/GOBO/Graph.pm line 55.
BEGIN failed--compilation aborted at C:\strawberry163\cpan\build\GOBO-0.03-Je5HPd\blib\lib/GOBO/Graph.pm line 55.
Compilation failed in require at t/analysis_test.t line 4.
BEGIN failed--compilation aborted at t/analysis_test.t line 4.
t/analysis_test.t ............
Dubious, test returned 255 (wstat 65280, 0xff00)
No subtests run
You cannot coerce an attribute (source) unless its type (GOBO::Node) has a coercion at C:\strawberry163\perl\site\lib\Moose\Exception.pm line 37
Moose::Exception::_build_trace('Moose::Exception::CannotCoerceAttributeWhichHasNoCoercion=HASH(0x17d43c4)') called at reader Moose::Exception::trace (defined at C:\strawberry163\perl\site\lib\Moose\Exception.pm line 9) line 7
Moose::Exception::trace('Moose::Exception::CannotCoerceAttributeWhichHasNoCoercion=HASH(0x17d43c4)') called at C:\strawberry163\perl\site\lib\Moose\Exception.pm line 49
Moose::Exception::BUILD('Moose::Exception::CannotCoerceAttributeWhichHasNoCoercion=HASH(0x17d43c4)', 'HASH(0x137e944)') called at C:\strawberry163\perl\site\lib\Class\MOP\Method.pm line 128
Class::MOP::Method::execute('Moose::Meta::Method=HASH(0x17dc654)', 'Moose::Exception::CannotCoerceAttributeWhichHasNoCoercion=HASH(0x17d43c4)', 'HASH(0x137e944)') called at C:\strawberry163\perl\site\lib\Moose\Object.pm line 56
Moose::Object::BUILDALL('Moose::Exception::CannotCoerceAttributeWhichHasNoCoercion=HASH(0x17d43c4)', 'HASH(0x137e944)') called at C:\strawberry163\perl\site\lib\Moose\Meta\Class.pm line 282
Moose::Meta::Class::new_object('Moose::Meta::Class=HASH(0x17d5854)', 'HASH(0x137e944)') called at C:\strawberry163\perl\site\lib\Moose\Object.pm line 27
Moose::Object::new('Moose::Exception::CannotCoerceAttributeWhichHasNoCoercion', 'attribute_name', 'source', 'type_name', 'GOBO::Node', 'params', 'HASH(0xf486bc)') called at C:\strawberry163\perl\site\lib\Moose\Util.pm line 51
Moose::Util::throw_exception('CannotCoerceAttributeWhichHasNoCoercion', 'attribute_name', 'source', 'type_name', 'GOBO::Node', 'params', 'HASH(0xf486bc)') called at C:\strawberry163\perl\site\lib\Moose\Meta\Attribute.pm line 393
Moose::Meta::Attribute::_process_coerce_option('Moose::Meta::Attribute', 'source', 'HASH(0xf486bc)') called at C:\strawberry163\perl\site\lib\Moose\Meta\Attribute.pm line 262
Moose::Meta::Attribute::_process_options('Moose::Meta::Attribute', 'source', 'HASH(0xf486bc)') called at C:\strawberry163\perl\site\lib\Moose\Meta\Attribute.pm line 53
Moose::Meta::Attribute::new('Moose::Meta::Attribute', 'source', 'coerce', 1, 'isa', 'GOBO::Node', 'definition_context', 'HASH(0x174a924)', 'is', 'rw') called at C:\strawberry163\perl\site\lib\Moose\Meta\Attribute.pm line 101
Moose::Meta::Attribute::interpolate_class_and_new('Moose::Meta::Attribute', 'source', 'coerce', 1, 'isa', 'GOBO::Node', 'definition_context', 'HASH(0x174a924)', 'is', 'rw') called at C:\strawberry163\perl\site\lib\Moose\Meta\Role\Attribute.pm line 92
Moose::Meta::Role::Attribute::attribute_for_class('Moose::Meta::Role::Attribute=HASH(0x137c5e4)') called at C:\strawberry163\perl\site\lib\Moose\Meta\Role\Application\ToClass.pm line 130
Moose::Meta::Role::Application::ToClass::apply_attributes('Moose::Meta::Role::Application::ToClass=HASH(0x136cae4)', 'Moose::Meta::Role=HASH(0x17c076c)', 'Moose::Meta::Class=HASH(0x1367234)') called at C:\strawberry163\perl\site\lib\Moose\Meta\Role\Application.pm line 57
Moose::Meta::Role::Application::apply('Moose::Meta::Role::Application::ToClass=HASH(0x136cae4)', 'Moose::Meta::Role=HASH(0x17c076c)', 'Moose::Meta::Class=HASH(0x1367234)') called at C:\strawberry163\perl\site\lib\Moose\Meta\Role\Application\ToClass.pm line 35
Moose::Meta::Role::Application::ToClass::apply('Moose::Meta::Role::Application::ToClass=HASH(0x136cae4)', 'Moose::Meta::Role=HASH(0x17c076c)', 'Moose::Meta::Class=HASH(0x1367234)', 'HASH(0x1333b14)') called at C:\strawberry163\perl\site\lib\Moose\Meta\Role.pm line 474
Moose::Meta::Role::apply('Moose::Meta::Role=HASH(0x17c076c)', 'Moose::Meta::Class=HASH(0x1367234)') called at C:\strawberry163\perl\site\lib\Moose\Util.pm line 166
Moose::Util::_apply_all_roles('Moose::Meta::Class=HASH(0x1367234)', undef, 'GOBO::Attributed') called at C:\strawberry163\perl\site\lib\Moose\Util.pm line 108
Moose::Util::apply_all_roles('Moose::Meta::Class=HASH(0x1367234)', 'GOBO::Attributed') called at C:\strawberry163\perl\site\lib\Moose.pm line 60
Moose::with('Moose::Meta::Class=HASH(0x1367234)', 'GOBO::Attributed') called at C:\strawberry163\perl\site\lib\Moose\Exporter.pm line 405
Moose::with('GOBO::Attributed') called at C:\strawberry163\cpan\build\GOBO-0.03-Je5HPd\blib\lib\GOBO\Synonym.pm line 17
require GOBO/Synonym.pm at C:\strawberry163\cpan\build\GOBO-0.03-Je5HPd\blib\lib\GOBO\Labeled.pm line 23
GOBO::Labeled::BEGIN at C:\strawberry163\cpan\build\GOBO-0.03-Je5HPd\blib\lib\GOBO\Synonym.pm line 0
eval {...} at C:\strawberry163\cpan\build\GOBO-0.03-Je5HPd\blib\lib\GOBO\Synonym.pm line 0
require GOBO/Labeled.pm at C:\strawberry163\perl\site\lib\Module\Runtime.pm line 317
Module::Runtime::require_module('GOBO::Labeled') called at C:\strawberry163\perl\site\lib\Module\Runtime.pm line 348
Module::Runtime::use_module('GOBO::Labeled') called at C:\strawberry163\perl\site\lib\Moose\Util.pm line 141
Moose::Util::_apply_all_roles('Moose::Meta::Class=HASH(0x12f2fb4)', undef, 'GOBO::Labeled') called at C:\strawberry163\perl\site\lib\Moose\Util.pm line 108
Moose::Util::apply_all_roles('Moose::Meta::Class=HASH(0x12f2fb4)', 'GOBO::Labeled') called at C:\strawberry163\perl\site\lib\Moose.pm line 60
Moose::with('Moose::Meta::Class=HASH(0x12f2fb4)', 'GOBO::Labeled') called at C:\strawberry163\perl\site\lib\Moose\Exporter.pm line 405
Moose::with('GOBO::Labeled') called at C:\strawberry163\cpan\build\GOBO-0.03-Je5HPd\blib\lib\GOBO\Node.pm line 6
require GOBO/Node.pm at C:\strawberry163\cpan\build\GOBO-0.03-Je5HPd\blib\lib\GOBO\Statement.pm line 7
GOBO::Statement::BEGIN at C:\strawberry163\cpan\build\GOBO-0.03-Je5HPd\blib\lib\GOBO\Synonym.pm line 0
eval {...} at C:\strawberry163\cpan\build\GOBO-0.03-Je5HPd\blib\lib\GOBO\Synonym.pm line 0
require GOBO/Statement.pm at C:\strawberry163\cpan\build\GOBO-0.03-Je5HPd\blib\lib\GOBO\ClassExpression\RelationalExpression.pm line 5
GOBO::ClassExpression::RelationalExpression::BEGIN at C:\strawberry163\cpan\build\GOBO-0.03-Je5HPd\blib\lib\GOBO\Synonym.pm line 0
eval {...} at C:\strawberry163\cpan\build\GOBO-0.03-Je5HPd\blib\lib\GOBO\Synonym.pm line 0
require GOBO/ClassExpression/RelationalExpression.pm at C:\strawberry163\cpan\build\GOBO-0.03-Je5HPd\blib\lib\GOBO\ClassExpression.pm line 80
GOBO::ClassExpression::BEGIN at C:\strawberry163\cpan\build\GOBO-0.03-Je5HPd\blib\lib\GOBO\Synonym.pm line 0
eval {...} at C:\strawberry163\cpan\build\GOBO-0.03-Je5HPd\blib\lib\GOBO\Synonym.pm line 0
require GOBO/ClassExpression.pm at t\classexpr.t line 3
main::BEGIN at C:\strawberry163\cpan\build\GOBO-0.03-Je5HPd\blib\lib\GOBO\Synonym.pm line 0
eval {...} at C:\strawberry163\cpan\build\GOBO-0.03-Je5HPd\blib\lib\GOBO\Synonym.pm line 0
Compilation failed in require at C:\strawberry163\cpan\build\GOBO-0.03-Je5HPd\blib\lib/GOBO/Labeled.pm line 23.
BEGIN failed--compilation aborted at C:\strawberry163\cpan\build\GOBO-0.03-Je5HPd\blib\lib/GOBO/Labeled.pm line 23.
Compilation failed in require at C:/strawberry163/perl/site/lib/Module/Runtime.pm line 317.
Compilation failed in require at C:\strawberry163\cpan\build\GOBO-0.03-Je5HPd\blib\lib/GOBO/Statement.pm line 7.
BEGIN failed--compilation aborted at C:\strawberry163\cpan\build\GOBO-0.03-Je5HPd\blib\lib/GOBO/Statement.pm line 7.
Compilation failed in require at C:\strawberry163\cpan\build\GOBO-0.03-Je5HPd\blib\lib/GOBO/ClassExpression/RelationalExpression.pm line 5.
BEGIN failed--compilation aborted at C:\strawberry163\cpan\build\GOBO-0.03-Je5HPd\blib\lib/GOBO/ClassExpression/RelationalExpression.pm line 5.
Compilation failed in require at C:\strawberry163\cpan\build\GOBO-0.03-Je5HPd\blib\lib/GOBO/ClassExpression.pm line 80.
BEGIN failed--compilation aborted at C:\strawberry163\cpan\build\GOBO-0.03-Je5HPd\blib\lib/GOBO/ClassExpression.pm line 80.
Compilation failed in require at t/classexpr.t line 3.
BEGIN failed--compilation aborted at t/classexpr.t line 3.
t/classexpr.t ................
Dubious, test returned 255 (wstat 65280, 0xff00)
No subtests run
You cannot coerce an attribute (source) unless its type (GOBO::Node) has a coercion at C:\strawberry163\perl\site\lib\Moose\Exception.pm line 37
Moose::Exception::_build_trace('Moose::Exception::CannotCoerceAttributeWhichHasNoCoercion=HASH(0x17d2f24)') called at reader Moose::Exception::trace (defined at C:\strawberry163\perl\site\lib\Moose\Exception.pm line 9) line 7
Moose::Exception::trace('Moose::Exception::CannotCoerceAttributeWhichHasNoCoercion=HASH(0x17d2f24)') called at C:\strawberry163\perl\site\lib\Moose\Exception.pm line 49
Moose::Exception::BUILD('Moose::Exception::CannotCoerceAttributeWhichHasNoCoercion=HASH(0x17d2f24)', 'HASH(0x17be29c)') called at C:\strawberry163\perl\site\lib\Class\MOP\Method.pm line 128
Class::MOP::Method::execute('Moose::Meta::Method=HASH(0x17dc814)', 'Moose::Exception::CannotCoerceAttributeWhichHasNoCoercion=HASH(0x17d2f24)', 'HASH(0x17be29c)') called at C:\strawberry163\perl\site\lib\Moose\Object.pm line 56
Moose::Object::BUILDALL('Moose::Exception::CannotCoerceAttributeWhichHasNoCoercion=HASH(0x17d2f24)', 'HASH(0x17be29c)') called at C:\strawberry163\perl\site\lib\Moose\Meta\Class.pm line 282
Moose::Meta::Class::new_object('Moose::Meta::Class=HASH(0x17d35e4)', 'HASH(0x17be29c)') called at C:\strawberry163\perl\site\lib\Moose\Object.pm line 27
Moose::Object::new('Moose::Exception::CannotCoerceAttributeWhichHasNoCoercion', 'attribute_name', 'source', 'type_name', 'GOBO::Node', 'params', 'HASH(0xf4849c)') called at C:\strawberry163\perl\site\lib\Moose\Util.pm line 51
Moose::Util::throw_exception('CannotCoerceAttributeWhichHasNoCoercion', 'attribute_name', 'source', 'type_name', 'GOBO::Node', 'params', 'HASH(0xf4849c)') called at C:\strawberry163\perl\site\lib\Moose\Meta\Attribute.pm line 393
Moose::Meta::Attribute::_process_coerce_option('Moose::Meta::Attribute', 'source', 'HASH(0xf4849c)') called at C:\strawberry163\perl\site\lib\Moose\Meta\Attribute.pm line 262
Moose::Meta::Attribute::_process_options('Moose::Meta::Attribute', 'source', 'HASH(0xf4849c)') called at C:\strawberry163\perl\site\lib\Moose\Meta\Attribute.pm line 53
Moose::Meta::Attribute::new('Moose::Meta::Attribute', 'source', 'coerce', 1, 'isa', 'GOBO::Node', 'definition_context', 'HASH(0x174cfdc)', 'is', 'rw') called at C:\strawberry163\perl\site\lib\Moose\Meta\Attribute.pm line 101
Moose::Meta::Attribute::interpolate_class_and_new('Moose::Meta::Attribute', 'source', 'coerce', 1, 'isa', 'GOBO::Node', 'definition_context', 'HASH(0x174cfdc)', 'is', 'rw') called at C:\strawberry163\perl\site\lib\Moose\Meta\Role\Attribute.pm line 92
Moose::Meta::Role::Attribute::attribute_for_class('Moose::Meta::Role::Attribute=HASH(0x17d05d4)') called at C:\strawberry163\perl\site\lib\Moose\Meta\Role\Application\ToClass.pm line 130
Moose::Meta::Role::Application::ToClass::apply_attributes('Moose::Meta::Role::Application::ToClass=HASH(0x13704e4)', 'Moose::Meta::Role=HASH(0x17beb1c)', 'Moose::Meta::Class=HASH(0x135f7d4)') called at C:\strawberry163\perl\site\lib\Moose\Meta\Role\Application.pm line 57
Moose::Meta::Role::Application::apply('Moose::Meta::Role::Application::ToClass=HASH(0x13704e4)', 'Moose::Meta::Role=HASH(0x17beb1c)', 'Moose::Meta::Class=HASH(0x135f7d4)') called at C:\strawberry163\perl\site\lib\Moose\Meta\Role\Application\ToClass.pm line 35
Moose::Meta::Role::Application::ToClass::apply('Moose::Meta::Role::Application::ToClass=HASH(0x13704e4)', 'Moose::Meta::Role=HASH(0x17beb1c)', 'Moose::Meta::Class=HASH(0x135f7d4)', 'HASH(0x1316c9c)') called at C:\strawberry163\perl\site\lib\Moose\Meta\Role.pm line 474
Moose::Meta::Role::apply('Moose::Meta::Role=HASH(0x17beb1c)', 'Moose::Meta::Class=HASH(0x135f7d4)') called at C:\strawberry163\perl\site\lib\Moose\Util.pm line 166
Moose::Util::_apply_all_roles('Moose::Meta::Class=HASH(0x135f7d4)', undef, 'GOBO::Attributed') called at C:\strawberry163\perl\site\lib\Moose\Util.pm line 108
Moose::Util::apply_all_roles('Moose::Meta::Class=HASH(0x135f7d4)', 'GOBO::Attributed') called at C:\strawberry163\perl\site\lib\Moose.pm line 60
Moose::with('Moose::Meta::Class=HASH(0x135f7d4)', 'GOBO::Attributed') called at C:\strawberry163\perl\site\lib\Moose\Exporter.pm line 405
Moose::with('GOBO::Attributed') called at C:\strawberry163\cpan\build\GOBO-0.03-Je5HPd\blib\lib\GOBO\Synonym.pm line 17
require GOBO/Synonym.pm at C:\strawberry163\cpan\build\GOBO-0.03-Je5HPd\blib\lib\GOBO\Labeled.pm line 23
GOBO::Labeled::BEGIN at C:\strawberry163\cpan\build\GOBO-0.03-Je5HPd\blib\lib\GOBO\Synonym.pm line 0
eval {...} at C:\strawberry163\cpan\build\GOBO-0.03-Je5HPd\blib\lib\GOBO\Synonym.pm line 0
require GOBO/Labeled.pm at C:\strawberry163\perl\site\lib\Module\Runtime.pm line 317
Module::Runtime::require_module('GOBO::Labeled') called at C:\strawberry163\perl\site\lib\Module\Runtime.pm line 348
Module::Runtime::use_module('GOBO::Labeled') called at C:\strawberry163\perl\site\lib\Moose\Util.pm line 141
Moose::Util::_apply_all_roles('Moose::Meta::Class=HASH(0x12fc624)', undef, 'GOBO::Labeled') called at C:\strawberry163\perl\site\lib\Moose\Util.pm line 108
Moose::Util::apply_all_roles('Moose::Meta::Class=HASH(0x12fc624)', 'GOBO::Labeled') called at C:\strawberry163\perl\site\lib\Moose.pm line 60
Moose::with('Moose::Meta::Class=HASH(0x12fc624)', 'GOBO::Labeled') called at C:\strawberry163\perl\site\lib\Moose\Exporter.pm line 405
Moose::with('GOBO::Labeled') called at C:\strawberry163\cpan\build\GOBO-0.03-Je5HPd\blib\lib\GOBO\Node.pm line 6
require GOBO/Node.pm at C:\strawberry163\perl\site\lib\Module\Runtime.pm line 317
Module::Runtime::require_module('GOBO::Node') called at C:\strawberry163\perl\site\lib\Module\Runtime.pm line 381
eval {...} at C:\strawberry163\perl\site\lib\Module\Runtime.pm line 381
Module::Runtime::use_package_optimistically('GOBO::Node') called at C:\strawberry163\perl\site\lib\Moose\Util.pm line 343
Moose::Util::_load_user_class('GOBO::Node', undef) called at C:\strawberry163\perl\site\lib\Moose\Meta\Class.pm line 561
Moose::Meta::Class::superclasses(undef, 'GOBO::Node') called at C:\strawberry163\perl\site\lib\Moose.pm line 56
Moose::extends('Moose::Meta::Class=HASH(0x12ec334)', 'GOBO::Node') called at C:\strawberry163\perl\site\lib\Moose\Exporter.pm line 405
Moose::extends('GOBO::Node') called at C:\strawberry163\cpan\build\GOBO-0.03-Je5HPd\blib\lib\GOBO\Evidence.pm line 4
require GOBO/Evidence.pm at C:\strawberry163\cpan\build\GOBO-0.03-Je5HPd\blib\lib\GOBO\Annotation.pm line 5
GOBO::Annotation::BEGIN at C:\strawberry163\cpan\build\GOBO-0.03-Je5HPd\blib\lib\GOBO\Synonym.pm line 0
eval {...} at C:\strawberry163\cpan\build\GOBO-0.03-Je5HPd\blib\lib\GOBO\Synonym.pm line 0
require GOBO/Annotation.pm at C:\strawberry163\cpan\build\GOBO-0.03-Je5HPd\blib\lib\GOBO\Graph.pm line 55
GOBO::Graph::BEGIN at C:\strawberry163\cpan\build\GOBO-0.03-Je5HPd\blib\lib\GOBO\Synonym.pm line 0
eval {...} at C:\strawberry163\cpan\build\GOBO-0.03-Je5HPd\blib\lib\GOBO\Synonym.pm line 0
require GOBO/Graph.pm at t\dbconnect.t line 4
main::BEGIN at C:\strawberry163\cpan\build\GOBO-0.03-Je5HPd\blib\lib\GOBO\Synonym.pm line 0
eval {...} at C:\strawberry163\cpan\build\GOBO-0.03-Je5HPd\blib\lib\GOBO\Synonym.pm line 0
Compilation failed in require at C:\strawberry163\cpan\build\GOBO-0.03-Je5HPd\blib\lib/GOBO/Labeled.pm line 23.
BEGIN failed--compilation aborted at C:\strawberry163\cpan\build\GOBO-0.03-Je5HPd\blib\lib/GOBO/Labeled.pm line 23.
Compilation failed in require at C:/strawberry163/perl/site/lib/Module/Runtime.pm line 317.
Compilation failed in require at C:/strawberry163/perl/site/lib/Module/Runtime.pm line 317.
Compilation failed in require at C:\strawberry163\cpan\build\GOBO-0.03-Je5HPd\blib\lib/GOBO/Annotation.pm line 5.
BEGIN failed--compilation aborted at C:\strawberry163\cpan\build\GOBO-0.03-Je5HPd\blib\lib/GOBO/Annotation.pm line 5.
Compilation failed in require at C:\strawberry163\cpan\build\GOBO-0.03-Je5HPd\blib\lib/GOBO/Graph.pm line 55.
BEGIN failed--compilation aborted at C:\strawberry163\cpan\build\GOBO-0.03-Je5HPd\blib\lib/GOBO/Graph.pm line 55.
Compilation failed in require at t/dbconnect.t line 4.
BEGIN failed--compilation aborted at t/dbconnect.t line 4.
t/dbconnect.t ................
Dubious, test returned 255 (wstat 65280, 0xff00)
No subtests run
You cannot coerce an attribute (source) unless its type (GOBO::Node) has a coercion at C:\strawberry163\perl\site\lib\Moose\Exception.pm line 37
Moose::Exception::_build_trace('Moose::Exception::CannotCoerceAttributeWhichHasNoCoercion=HASH(0x17d31b4)') called at reader Moose::Exception::trace (defined at C:\strawberry163\perl\site\lib\Moose\Exception.pm line 9) line 7
Moose::Exception::trace('Moose::Exception::CannotCoerceAttributeWhichHasNoCoercion=HASH(0x17d31b4)') called at C:\strawberry163\perl\site\lib\Moose\Exception.pm line 49
Moose::Exception::BUILD('Moose::Exception::CannotCoerceAttributeWhichHasNoCoercion=HASH(0x17d31b4)', 'HASH(0x17bd29c)') called at C:\strawberry163\perl\site\lib\Class\MOP\Method.pm line 128
Class::MOP::Method::execute('Moose::Meta::Method=HASH(0x17dca5c)', 'Moose::Exception::CannotCoerceAttributeWhichHasNoCoercion=HASH(0x17d31b4)', 'HASH(0x17bd29c)') called at C:\strawberry163\perl\site\lib\Moose\Object.pm line 56
Moose::Object::BUILDALL('Moose::Exception::CannotCoerceAttributeWhichHasNoCoercion=HASH(0x17d31b4)', 'HASH(0x17bd29c)') called at C:\strawberry163\perl\site\lib\Moose\Meta\Class.pm line 282
Moose::Meta::Class::new_object('Moose::Meta::Class=HASH(0x17d3874)', 'HASH(0x17bd29c)') called at C:\strawberry163\perl\site\lib\Moose\Object.pm line 27
Moose::Object::new('Moose::Exception::CannotCoerceAttributeWhichHasNoCoercion', 'attribute_name', 'source', 'type_name', 'GOBO::Node', 'params', 'HASH(0xf483fc)') called at C:\strawberry163\perl\site\lib\Moose\Util.pm line 51
Moose::Util::throw_exception('CannotCoerceAttributeWhichHasNoCoercion', 'attribute_name', 'source', 'type_name', 'GOBO::Node', 'params', 'HASH(0xf483fc)') called at C:\strawberry163\perl\site\lib\Moose\Meta\Attribute.pm line 393
Moose::Meta::Attribute::_process_coerce_option('Moose::Meta::Attribute', 'source', 'HASH(0xf483fc)') called at C:\strawberry163\perl\site\lib\Moose\Meta\Attribute.pm line 262
Moose::Meta::Attribute::_process_options('Moose::Meta::Attribute', 'source', 'HASH(0xf483fc)') called at C:\strawberry163\perl\site\lib\Moose\Meta\Attribute.pm line 53
Moose::Meta::Attribute::new('Moose::Meta::Attribute', 'source', 'coerce', 1, 'isa', 'GOBO::Node', 'definition_context', 'HASH(0x174d1d4)', 'is', 'rw') called at C:\strawberry163\perl\site\lib\Moose\Meta\Attribute.pm line 101
Moose::Meta::Attribute::interpolate_class_and_new('Moose::Meta::Attribute', 'source', 'coerce', 1, 'isa', 'GOBO::Node', 'definition_context', 'HASH(0x174d1d4)', 'is', 'rw') called at C:\strawberry163\perl\site\lib\Moose\Meta\Role\Attribute.pm line 92
Moose::Meta::Role::Attribute::attribute_for_class('Moose::Meta::Role::Attribute=HASH(0x17d082c)') called at C:\strawberry163\perl\site\lib\Moose\Meta\Role\Application\ToClass.pm line 130
Moose::Meta::Role::Application::ToClass::apply_attributes('Moose::Meta::Role::Application::ToClass=HASH(0x137116c)', 'Moose::Meta::Role=HASH(0x17bdb1c)', 'Moose::Meta::Class=HASH(0x135f74c)') called at C:\strawberry163\perl\site\lib\Moose\Meta\Role\Application.pm line 57
Moose::Meta::Role::Application::apply('Moose::Meta::Role::Application::ToClass=HASH(0x137116c)', 'Moose::Meta::Role=HASH(0x17bdb1c)', 'Moose::Meta::Class=HASH(0x135f74c)') called at C:\strawberry163\perl\site\lib\Moose\Meta\Role\Application\ToClass.pm line 35
Moose::Meta::Role::Application::ToClass::apply('Moose::Meta::Role::Application::ToClass=HASH(0x137116c)', 'Moose::Meta::Role=HASH(0x17bdb1c)', 'Moose::Meta::Class=HASH(0x135f74c)', 'HASH(0x1317bf4)') called at C:\strawberry163\perl\site\lib\Moose\Meta\Role.pm line 474
Moose::Meta::Role::apply('Moose::Meta::Role=HASH(0x17bdb1c)', 'Moose::Meta::Class=HASH(0x135f74c)') called at C:\strawberry163\perl\site\lib\Moose\Util.pm line 166
Moose::Util::_apply_all_roles('Moose::Meta::Class=HASH(0x135f74c)', undef, 'GOBO::Attributed') called at C:\strawberry163\perl\site\lib\Moose\Util.pm line 108
Moose::Util::apply_all_roles('Moose::Meta::Class=HASH(0x135f74c)', 'GOBO::Attributed') called at C:\strawberry163\perl\site\lib\Moose.pm line 60
Moose::with('Moose::Meta::Class=HASH(0x135f74c)', 'GOBO::Attributed') called at C:\strawberry163\perl\site\lib\Moose\Exporter.pm line 405
Moose::with('GOBO::Attributed') called at C:\strawberry163\cpan\build\GOBO-0.03-Je5HPd\blib\lib\GOBO\Synonym.pm line 17
require GOBO/Synonym.pm at C:\strawberry163\cpan\build\GOBO-0.03-Je5HPd\blib\lib\GOBO\Labeled.pm line 23
GOBO::Labeled::BEGIN at C:\strawberry163\cpan\build\GOBO-0.03-Je5HPd\blib\lib\GOBO\Synonym.pm line 0
eval {...} at C:\strawberry163\cpan\build\GOBO-0.03-Je5HPd\blib\lib\GOBO\Synonym.pm line 0
require GOBO/Labeled.pm at C:\strawberry163\perl\site\lib\Module\Runtime.pm line 317
Module::Runtime::require_module('GOBO::Labeled') called at C:\strawberry163\perl\site\lib\Module\Runtime.pm line 348
Module::Runtime::use_module('GOBO::Labeled') called at C:\strawberry163\perl\site\lib\Moose\Util.pm line 141
Moose::Util::_apply_all_roles('Moose::Meta::Class=HASH(0x12fc46c)', undef, 'GOBO::Labeled') called at C:\strawberry163\perl\site\lib\Moose\Util.pm line 108
Moose::Util::apply_all_roles('Moose::Meta::Class=HASH(0x12fc46c)', 'GOBO::Labeled') called at C:\strawberry163\perl\site\lib\Moose.pm line 60
Moose::with('Moose::Meta::Class=HASH(0x12fc46c)', 'GOBO::Labeled') called at C:\strawberry163\perl\site\lib\Moose\Exporter.pm line 405
Moose::with('GOBO::Labeled') called at C:\strawberry163\cpan\build\GOBO-0.03-Je5HPd\blib\lib\GOBO\Node.pm line 6
require GOBO/Node.pm at C:\strawberry163\perl\site\lib\Module\Runtime.pm line 317
Module::Runtime::require_module('GOBO::Node') called at C:\strawberry163\perl\site\lib\Module\Runtime.pm line 381
eval {...} at C:\strawberry163\perl\site\lib\Module\Runtime.pm line 381
Module::Runtime::use_package_optimistically('GOBO::Node') called at C:\strawberry163\perl\site\lib\Moose\Util.pm line 343
Moose::Util::_load_user_class('GOBO::Node', undef) called at C:\strawberry163\perl\site\lib\Moose\Meta\Class.pm line 561
Moose::Meta::Class::superclasses(undef, 'GOBO::Node') called at C:\strawberry163\perl\site\lib\Moose.pm line 56
Moose::extends('Moose::Meta::Class=HASH(0x12ec344)', 'GOBO::Node') called at C:\strawberry163\perl\site\lib\Moose\Exporter.pm line 405
Moose::extends('GOBO::Node') called at C:\strawberry163\cpan\build\GOBO-0.03-Je5HPd\blib\lib\GOBO\Evidence.pm line 4
require GOBO/Evidence.pm at C:\strawberry163\cpan\build\GOBO-0.03-Je5HPd\blib\lib\GOBO\Annotation.pm line 5
GOBO::Annotation::BEGIN at C:\strawberry163\cpan\build\GOBO-0.03-Je5HPd\blib\lib\GOBO\Synonym.pm line 0
eval {...} at C:\strawberry163\cpan\build\GOBO-0.03-Je5HPd\blib\lib\GOBO\Synonym.pm line 0
require GOBO/Annotation.pm at C:\strawberry163\cpan\build\GOBO-0.03-Je5HPd\blib\lib\GOBO\Graph.pm line 55
GOBO::Graph::BEGIN at C:\strawberry163\cpan\build\GOBO-0.03-Je5HPd\blib\lib\GOBO\Synonym.pm line 0
eval {...} at C:\strawberry163\cpan\build\GOBO-0.03-Je5HPd\blib\lib\GOBO\Synonym.pm line 0
require GOBO/Graph.pm at t\gaf_inference_test.t line 4
main::BEGIN at C:\strawberry163\cpan\build\GOBO-0.03-Je5HPd\blib\lib\GOBO\Synonym.pm line 0
eval {...} at C:\strawberry163\cpan\build\GOBO-0.03-Je5HPd\blib\lib\GOBO\Synonym.pm line 0
Compilation failed in require at C:\strawberry163\cpan\build\GOBO-0.03-Je5HPd\blib\lib/GOBO/Labeled.pm line 23.
BEGIN failed--compilation aborted at C:\strawberry163\cpan\build\GOBO-0.03-Je5HPd\blib\lib/GOBO/Labeled.pm line 23.
Compilation failed in require at C:/strawberry163/perl/site/lib/Module/Runtime.pm line 317.
Compilation failed in require at C:/strawberry163/perl/site/lib/Module/Runtime.pm line 317.
Compilation failed in require at C:\strawberry163\cpan\build\GOBO-0.03-Je5HPd\blib\lib/GOBO/Annotation.pm line 5.
BEGIN failed--compilation aborted at C:\strawberry163\cpan\build\GOBO-0.03-Je5HPd\blib\lib/GOBO/Annotation.pm line 5.
Compilation failed in require at C:\strawberry163\cpan\build\GOBO-0.03-Je5HPd\blib\lib/GOBO/Graph.pm line 55.
BEGIN failed--compilation aborted at C:\strawberry163\cpan\build\GOBO-0.03-Je5HPd\blib\lib/GOBO/Graph.pm line 55.
Compilation failed in require at t/gaf_inference_test.t line 4.
BEGIN failed--compilation aborted at t/gaf_inference_test.t line 4.
t/gaf_inference_test.t .......
Dubious, test returned 255 (wstat 65280, 0xff00)
No subtests run
You cannot coerce an attribute (source) unless its type (GOBO::Node) has a coercion at C:\strawberry163\perl\site\lib\Moose\Exception.pm line 37
Moose::Exception::_build_trace('Moose::Exception::CannotCoerceAttributeWhichHasNoCoercion=HASH(0x17d25fc)') called at reader Moose::Exception::trace (defined at C:\strawberry163\perl\site\lib\Moose\Exception.pm line 9) line 7
Moose::Exception::trace('Moose::Exception::CannotCoerceAttributeWhichHasNoCoercion=HASH(0x17d25fc)') called at C:\strawberry163\perl\site\lib\Moose\Exception.pm line 49
Moose::Exception::BUILD('Moose::Exception::CannotCoerceAttributeWhichHasNoCoercion=HASH(0x17d25fc)', 'HASH(0x17bc29c)') called at C:\strawberry163\perl\site\lib\Class\MOP\Method.pm line 128
Class::MOP::Method::execute('Moose::Meta::Method=HASH(0x17dbea4)', 'Moose::Exception::CannotCoerceAttributeWhichHasNoCoercion=HASH(0x17d25fc)', 'HASH(0x17bc29c)') called at C:\strawberry163\perl\site\lib\Moose\Object.pm line 56
Moose::Object::BUILDALL('Moose::Exception::CannotCoerceAttributeWhichHasNoCoercion=HASH(0x17d25fc)', 'HASH(0x17bc29c)') called at C:\strawberry163\perl\site\lib\Moose\Meta\Class.pm line 282
Moose::Meta::Class::new_object('Moose::Meta::Class=HASH(0x17d2cbc)', 'HASH(0x17bc29c)') called at C:\strawberry163\perl\site\lib\Moose\Object.pm line 27
Moose::Object::new('Moose::Exception::CannotCoerceAttributeWhichHasNoCoercion', 'attribute_name', 'source', 'type_name', 'GOBO::Node', 'params', 'HASH(0xf48174)') called at C:\strawberry163\perl\site\lib\Moose\Util.pm line 51
Moose::Util::throw_exception('CannotCoerceAttributeWhichHasNoCoercion', 'attribute_name', 'source', 'type_name', 'GOBO::Node', 'params', 'HASH(0xf48174)') called at C:\strawberry163\perl\site\lib\Moose\Meta\Attribute.pm line 393
Moose::Meta::Attribute::_process_coerce_option('Moose::Meta::Attribute', 'source', 'HASH(0xf48174)') called at C:\strawberry163\perl\site\lib\Moose\Meta\Attribute.pm line 262
Moose::Meta::Attribute::_process_options('Moose::Meta::Attribute', 'source', 'HASH(0xf48174)') called at C:\strawberry163\perl\site\lib\Moose\Meta\Attribute.pm line 53
Moose::Meta::Attribute::new('Moose::Meta::Attribute', 'source', 'coerce', 1, 'isa', 'GOBO::Node', 'definition_context', 'HASH(0x174c72c)', 'is', 'rw') called at C:\strawberry163\perl\site\lib\Moose\Meta\Attribute.pm line 101
Moose::Meta::Attribute::interpolate_class_and_new('Moose::Meta::Attribute', 'source', 'coerce', 1, 'isa', 'GOBO::Node', 'definition_context', 'HASH(0x174c72c)', 'is', 'rw') called at C:\strawberry163\perl\site\lib\Moose\Meta\Role\Attribute.pm line 92
Moose::Meta::Role::Attribute::attribute_for_class('Moose::Meta::Role::Attribute=HASH(0x17cfc8c)') called at C:\strawberry163\perl\site\lib\Moose\Meta\Role\Application\ToClass.pm line 130
Moose::Meta::Role::Application::ToClass::apply_attributes('Moose::Meta::Role::Application::ToClass=HASH(0x1370374)', 'Moose::Meta::Role=HASH(0x17bcb1c)', 'Moose::Meta::Class=HASH(0x135f6ec)') called at C:\strawberry163\perl\site\lib\Moose\Meta\Role\Application.pm line 57
Moose::Meta::Role::Application::apply('Moose::Meta::Role::Application::ToClass=HASH(0x1370374)', 'Moose::Meta::Role=HASH(0x17bcb1c)', 'Moose::Meta::Class=HASH(0x135f6ec)') called at C:\strawberry163\perl\site\lib\Moose\Meta\Role\Application\ToClass.pm line 35
Moose::Meta::Role::Application::ToClass::apply('Moose::Meta::Role::Application::ToClass=HASH(0x1370374)', 'Moose::Meta::Role=HASH(0x17bcb1c)', 'Moose::Meta::Class=HASH(0x135f6ec)', 'HASH(0x13160d4)') called at C:\strawberry163\perl\site\lib\Moose\Meta\Role.pm line 474
Moose::Meta::Role::apply('Moose::Meta::Role=HASH(0x17bcb1c)', 'Moose::Meta::Class=HASH(0x135f6ec)') called at C:\strawberry163\perl\site\lib\Moose\Util.pm line 166
Moose::Util::_apply_all_roles('Moose::Meta::Class=HASH(0x135f6ec)', undef, 'GOBO::Attributed') called at C:\strawberry163\perl\site\lib\Moose\Util.pm line 108
Moose::Util::apply_all_roles('Moose::Meta::Class=HASH(0x135f6ec)', 'GOBO::Attributed') called at C:\strawberry163\perl\site\lib\Moose.pm line 60
Moose::with('Moose::Meta::Class=HASH(0x135f6ec)', 'GOBO::Attributed') called at C:\strawberry163\perl\site\lib\Moose\Exporter.pm line 405
Moose::with('GOBO::Attributed') called at C:\strawberry163\cpan\build\GOBO-0.03-Je5HPd\blib\lib\GOBO\Synonym.pm line 17
require GOBO/Synonym.pm at C:\strawberry163\cpan\build\GOBO-0.03-Je5HPd\blib\lib\GOBO\Labeled.pm line 23
GOBO::Labeled::BEGIN at C:\strawberry163\cpan\build\GOBO-0.03-Je5HPd\blib\lib\GOBO\Synonym.pm line 0
eval {...} at C:\strawberry163\cpan\build\GOBO-0.03-Je5HPd\blib\lib\GOBO\Synonym.pm line 0
require GOBO/Labeled.pm at C:\strawberry163\perl\site\lib\Module\Runtime.pm line 317
Module::Runtime::require_module('GOBO::Labeled') called at C:\strawberry163\perl\site\lib\Module\Runtime.pm line 348
Module::Runtime::use_module('GOBO::Labeled') called at C:\strawberry163\perl\site\lib\Moose\Util.pm line 141
Moose::Util::_apply_all_roles('Moose::Meta::Class=HASH(0x12fc18c)', undef, 'GOBO::Labeled') called at C:\strawberry163\perl\site\lib\Moose\Util.pm line 108
Moose::Util::apply_all_roles('Moose::Meta::Class=HASH(0x12fc18c)', 'GOBO::Labeled') called at C:\strawberry163\perl\site\lib\Moose.pm line 60
Moose::with('Moose::Meta::Class=HASH(0x12fc18c)', 'GOBO::Labeled') called at C:\strawberry163\perl\site\lib\Moose\Exporter.pm line 405
Moose::with('GOBO::Labeled') called at C:\strawberry163\cpan\build\GOBO-0.03-Je5HPd\blib\lib\GOBO\Node.pm line 6
require GOBO/Node.pm at C:\strawberry163\perl\site\lib\Module\Runtime.pm line 317
Module::Runtime::require_module('GOBO::Node') called at C:\strawberry163\perl\site\lib\Module\Runtime.pm line 381
eval {...} at C:\strawberry163\perl\site\lib\Module\Runtime.pm line 381
Module::Runtime::use_package_optimistically('GOBO::Node') called at C:\strawberry163\perl\site\lib\Moose\Util.pm line 343
Moose::Util::_load_user_class('GOBO::Node', undef) called at C:\strawberry163\perl\site\lib\Moose\Meta\Class.pm line 561
Moose::Meta::Class::superclasses(undef, 'GOBO::Node') called at C:\strawberry163\perl\site\lib\Moose.pm line 56
Moose::extends('Moose::Meta::Class=HASH(0x12eb54c)', 'GOBO::Node') called at C:\strawberry163\perl\site\lib\Moose\Exporter.pm line 405
Moose::extends('GOBO::Node') called at C:\strawberry163\cpan\build\GOBO-0.03-Je5HPd\blib\lib\GOBO\Evidence.pm line 4
require GOBO/Evidence.pm at C:\strawberry163\cpan\build\GOBO-0.03-Je5HPd\blib\lib\GOBO\Annotation.pm line 5
GOBO::Annotation::BEGIN at C:\strawberry163\cpan\build\GOBO-0.03-Je5HPd\blib\lib\GOBO\Synonym.pm line 0
eval {...} at C:\strawberry163\cpan\build\GOBO-0.03-Je5HPd\blib\lib\GOBO\Synonym.pm line 0
require GOBO/Annotation.pm at C:\strawberry163\cpan\build\GOBO-0.03-Je5HPd\blib\lib\GOBO\Graph.pm line 55
GOBO::Graph::BEGIN at C:\strawberry163\cpan\build\GOBO-0.03-Je5HPd\blib\lib\GOBO\Synonym.pm line 0
eval {...} at C:\strawberry163\cpan\build\GOBO-0.03-Je5HPd\blib\lib\GOBO\Synonym.pm line 0
require GOBO/Graph.pm at t\gaftest.t line 3
main::BEGIN at C:\strawberry163\cpan\build\GOBO-0.03-Je5HPd\blib\lib\GOBO\Synonym.pm line 0
eval {...} at C:\strawberry163\cpan\build\GOBO-0.03-Je5HPd\blib\lib\GOBO\Synonym.pm line 0
Compilation failed in require at C:\strawberry163\cpan\build\GOBO-0.03-Je5HPd\blib\lib/GOBO/Labeled.pm line 23.
BEGIN failed--compilation aborted at C:\strawberry163\cpan\build\GOBO-0.03-Je5HPd\blib\lib/GOBO/Labeled.pm line 23.
Compilation failed in require at C:/strawberry163/perl/site/lib/Module/Runtime.pm line 317.
Compilation failed in require at C:/strawberry163/perl/site/lib/Module/Runtime.pm line 317.
Compilation failed in require at C:\strawberry163\cpan\build\GOBO-0.03-Je5HPd\blib\lib/GOBO/Annotation.pm line 5.
BEGIN failed--compilation aborted at C:\strawberry163\cpan\build\GOBO-0.03-Je5HPd\blib\lib/GOBO/Annotation.pm line 5.
Compilation failed in require at C:\strawberry163\cpan\build\GOBO-0.03-Je5HPd\blib\lib/GOBO/Graph.pm line 55.
BEGIN failed--compilation aborted at C:\strawberry163\cpan\build\GOBO-0.03-Je5HPd\blib\lib/GOBO/Graph.pm line 55.
Compilation failed in require at t/gaftest.t line 3.
BEGIN failed--compilation aborted at t/gaftest.t line 3.
t/gaftest.t ..................
Dubious, test returned 255 (wstat 65280, 0xff00)
No subtests run
You cannot coerce an attribute (source) unless its type (GOBO::Node) has a coercion at C:\strawberry163\perl\site\lib\Moose\Exception.pm line 37
Moose::Exception::_build_trace('Moose::Exception::CannotCoerceAttributeWhichHasNoCoercion=HASH(0x17d2a24)') called at reader Moose::Exception::trace (defined at C:\strawberry163\perl\site\lib\Moose\Exception.pm line 9) line 7
Moose::Exception::trace('Moose::Exception::CannotCoerceAttributeWhichHasNoCoercion=HASH(0x17d2a24)') called at C:\strawberry163\perl\site\lib\Moose\Exception.pm line 49
Moose::Exception::BUILD('Moose::Exception::CannotCoerceAttributeWhichHasNoCoercion=HASH(0x17d2a24)', 'HASH(0x17bc28c)') called at C:\strawberry163\perl\site\lib\Class\MOP\Method.pm line 128
Class::MOP::Method::execute('Moose::Meta::Method=HASH(0x17dc2f4)', 'Moose::Exception::CannotCoerceAttributeWhichHasNoCoercion=HASH(0x17d2a24)', 'HASH(0x17bc28c)') called at C:\strawberry163\perl\site\lib\Moose\Object.pm line 56
Moose::Object::BUILDALL('Moose::Exception::CannotCoerceAttributeWhichHasNoCoercion=HASH(0x17d2a24)', 'HASH(0x17bc28c)') called at C:\strawberry163\perl\site\lib\Moose\Meta\Class.pm line 282
Moose::Meta::Class::new_object('Moose::Meta::Class=HASH(0x17d30e4)', 'HASH(0x17bc28c)') called at C:\strawberry163\perl\site\lib\Moose\Object.pm line 27
Moose::Object::new('Moose::Exception::CannotCoerceAttributeWhichHasNoCoercion', 'attribute_name', 'source', 'type_name', 'GOBO::Node', 'params', 'HASH(0xf4880c)') called at C:\strawberry163\perl\site\lib\Moose\Util.pm line 51
Moose::Util::throw_exception('CannotCoerceAttributeWhichHasNoCoercion', 'attribute_name', 'source', 'type_name', 'GOBO::Node', 'params', 'HASH(0xf4880c)') called at C:\strawberry163\perl\site\lib\Moose\Meta\Attribute.pm line 393
Moose::Meta::Attribute::_process_coerce_option('Moose::Meta::Attribute', 'source', 'HASH(0xf4880c)') called at C:\strawberry163\perl\site\lib\Moose\Meta\Attribute.pm line 262
Moose::Meta::Attribute::_process_options('Moose::Meta::Attribute', 'source', 'HASH(0xf4880c)') called at C:\strawberry163\perl\site\lib\Moose\Meta\Attribute.pm line 53
Moose::Meta::Attribute::new('Moose::Meta::Attribute', 'source', 'coerce', 1, 'isa', 'GOBO::Node', 'definition_context', 'HASH(0x174cad4)', 'is', 'rw') called at C:\strawberry163\perl\site\lib\Moose\Meta\Attribute.pm line 101
Moose::Meta::Attribute::interpolate_class_and_new('Moose::Meta::Attribute', 'source', 'coerce', 1, 'isa', 'GOBO::Node', 'definition_context', 'HASH(0x174cad4)', 'is', 'rw') called at C:\strawberry163\perl\site\lib\Moose\Meta\Role\Attribute.pm line 92
Moose::Meta::Role::Attribute::attribute_for_class('Moose::Meta::Role::Attribute=HASH(0x17d00a4)') called at C:\strawberry163\perl\site\lib\Moose\Meta\Role\Application\ToClass.pm line 130
Moose::Meta::Role::Application::ToClass::apply_attributes('Moose::Meta::Role::Application::ToClass=HASH(0x1371184)', 'Moose::Meta::Role=HASH(0x17bcb0c)', 'Moose::Meta::Class=HASH(0x135f7b4)') called at C:\strawberry163\perl\site\lib\Moose\Meta\Role\Application.pm line 57
Moose::Meta::Role::Application::apply('Moose::Meta::Role::Application::ToClass=HASH(0x1371184)', 'Moose::Meta::Role=HASH(0x17bcb0c)', 'Moose::Meta::Class=HASH(0x135f7b4)') called at C:\strawberry163\perl\site\lib\Moose\Meta\Role\Application\ToClass.pm line 35
Moose::Meta::Role::Application::ToClass::apply('Moose::Meta::Role::Application::ToClass=HASH(0x1371184)', 'Moose::Meta::Role=HASH(0x17bcb0c)', 'Moose::Meta::Class=HASH(0x135f7b4)', 'HASH(0x131770c)') called at C:\strawberry163\perl\site\lib\Moose\Meta\Role.pm line 474
Moose::Meta::Role::apply('Moose::Meta::Role=HASH(0x17bcb0c)', 'Moose::Meta::Class=HASH(0x135f7b4)') called at C:\strawberry163\perl\site\lib\Moose\Util.pm line 166
Moose::Util::_apply_all_roles('Moose::Meta::Class=HASH(0x135f7b4)', undef, 'GOBO::Attributed') called at C:\strawberry163\perl\site\lib\Moose\Util.pm line 108
Moose::Util::apply_all_roles('Moose::Meta::Class=HASH(0x135f7b4)', 'GOBO::Attributed') called at C:\strawberry163\perl\site\lib\Moose.pm line 60
Moose::with('Moose::Meta::Class=HASH(0x135f7b4)', 'GOBO::Attributed') called at C:\strawberry163\perl\site\lib\Moose\Exporter.pm line 405
Moose::with('GOBO::Attributed') called at C:\strawberry163\cpan\build\GOBO-0.03-Je5HPd\blib\lib\GOBO\Synonym.pm line 17
require GOBO/Synonym.pm at C:\strawberry163\cpan\build\GOBO-0.03-Je5HPd\blib\lib\GOBO\Labeled.pm line 23
GOBO::Labeled::BEGIN at C:\strawberry163\cpan\build\GOBO-0.03-Je5HPd\blib\lib\GOBO\Synonym.pm line 0
eval {...} at C:\strawberry163\cpan\build\GOBO-0.03-Je5HPd\blib\lib\GOBO\Synonym.pm line 0
require GOBO/Labeled.pm at C:\strawberry163\perl\site\lib\Module\Runtime.pm line 317
Module::Runtime::require_module('GOBO::Labeled') called at C:\strawberry163\perl\site\lib\Module\Runtime.pm line 348
Module::Runtime::use_module('GOBO::Labeled') called at C:\strawberry163\perl\site\lib\Moose\Util.pm line 141
Moose::Util::_apply_all_roles('Moose::Meta::Class=HASH(0x12fc17c)', undef, 'GOBO::Labeled') called at C:\strawberry163\perl\site\lib\Moose\Util.pm line 108
Moose::Util::apply_all_roles('Moose::Meta::Class=HASH(0x12fc17c)', 'GOBO::Labeled') called at C:\strawberry163\perl\site\lib\Moose.pm line 60
Moose::with('Moose::Meta::Class=HASH(0x12fc17c)', 'GOBO::Labeled') called at C:\strawberry163\perl\site\lib\Moose\Exporter.pm line 405
Moose::with('GOBO::Labeled') called at C:\strawberry163\cpan\build\GOBO-0.03-Je5HPd\blib\lib\GOBO\Node.pm line 6
require GOBO/Node.pm at C:\strawberry163\perl\site\lib\Module\Runtime.pm line 317
Module::Runtime::require_module('GOBO::Node') called at C:\strawberry163\perl\site\lib\Module\Runtime.pm line 381
eval {...} at C:\strawberry163\perl\site\lib\Module\Runtime.pm line 381
Module::Runtime::use_package_optimistically('GOBO::Node') called at C:\strawberry163\perl\site\lib\Moose\Util.pm line 343
Moose::Util::_load_user_class('GOBO::Node', undef) called at C:\strawberry163\perl\site\lib\Moose\Meta\Class.pm line 561
Moose::Meta::Class::superclasses(undef, 'GOBO::Node') called at C:\strawberry163\perl\site\lib\Moose.pm line 56
Moose::extends('Moose::Meta::Class=HASH(0x12ebc24)', 'GOBO::Node') called at C:\strawberry163\perl\site\lib\Moose\Exporter.pm line 405
Moose::extends('GOBO::Node') called at C:\strawberry163\cpan\build\GOBO-0.03-Je5HPd\blib\lib\GOBO\Evidence.pm line 4
require GOBO/Evidence.pm at C:\strawberry163\cpan\build\GOBO-0.03-Je5HPd\blib\lib\GOBO\Annotation.pm line 5
GOBO::Annotation::BEGIN at C:\strawberry163\cpan\build\GOBO-0.03-Je5HPd\blib\lib\GOBO\Synonym.pm line 0
eval {...} at C:\strawberry163\cpan\build\GOBO-0.03-Je5HPd\blib\lib\GOBO\Synonym.pm line 0
require GOBO/Annotation.pm at C:\strawberry163\cpan\build\GOBO-0.03-Je5HPd\blib\lib\GOBO\Graph.pm line 55
GOBO::Graph::BEGIN at C:\strawberry163\cpan\build\GOBO-0.03-Je5HPd\blib\lib\GOBO\Synonym.pm line 0
eval {...} at C:\strawberry163\cpan\build\GOBO-0.03-Je5HPd\blib\lib\GOBO\Synonym.pm line 0
require GOBO/Graph.pm at t\gaftest_chunked.t line 3
main::BEGIN at C:\strawberry163\cpan\build\GOBO-0.03-Je5HPd\blib\lib\GOBO\Synonym.pm line 0
eval {...} at C:\strawberry163\cpan\build\GOBO-0.03-Je5HPd\blib\lib\GOBO\Synonym.pm line 0
Compilation failed in require at C:\strawberry163\cpan\build\GOBO-0.03-Je5HPd\blib\lib/GOBO/Labeled.pm line 23.
BEGIN failed--compilation aborted at C:\strawberry163\cpan\build\GOBO-0.03-Je5HPd\blib\lib/GOBO/Labeled.pm line 23.
Compilation failed in require at C:/strawberry163/perl/site/lib/Module/Runtime.pm line 317.
Compilation failed in require at C:/strawberry163/perl/site/lib/Module/Runtime.pm line 317.
Compilation failed in require at C:\strawberry163\cpan\build\GOBO-0.03-Je5HPd\blib\lib/GOBO/Annotation.pm line 5.
BEGIN failed--compilation aborted at C:\strawberry163\cpan\build\GOBO-0.03-Je5HPd\blib\lib/GOBO/Annotation.pm line 5.
Compilation failed in require at C:\strawberry163\cpan\build\GOBO-0.03-Je5HPd\blib\lib/GOBO/Graph.pm line 55.
BEGIN failed--compilation aborted at C:\strawberry163\cpan\build\GOBO-0.03-Je5HPd\blib\lib/GOBO/Graph.pm line 55.
Compilation failed in require at t/gaftest_chunked.t line 3.
BEGIN failed--compilation aborted at t/gaftest_chunked.t line 3.
t/gaftest_chunked.t ..........
Dubious, test returned 255 (wstat 65280, 0xff00)
No subtests run
You cannot coerce an attribute (source) unless its type (GOBO::Node) has a coercion at C:\strawberry163\perl\site\lib\Moose\Exception.pm line 37
Moose::Exception::_build_trace('Moose::Exception::CannotCoerceAttributeWhichHasNoCoercion=HASH(0x17d2ecc)') called at reader Moose::Exception::trace (defined at C:\strawberry163\perl\site\lib\Moose\Exception.pm line 9) line 7
Moose::Exception::trace('Moose::Exception::CannotCoerceAttributeWhichHasNoCoercion=HASH(0x17d2ecc)') called at C:\strawberry163\perl\site\lib\Moose\Exception.pm line 49
Moose::Exception::BUILD('Moose::Exception::CannotCoerceAttributeWhichHasNoCoercion=HASH(0x17d2ecc)', 'HASH(0x17bc77c)') called at C:\strawberry163\perl\site\lib\Class\MOP\Method.pm line 128
Class::MOP::Method::execute('Moose::Meta::Method=HASH(0x17dc76c)', 'Moose::Exception::CannotCoerceAttributeWhichHasNoCoercion=HASH(0x17d2ecc)', 'HASH(0x17bc77c)') called at C:\strawberry163\perl\site\lib\Moose\Object.pm line 56
Moose::Object::BUILDALL('Moose::Exception::CannotCoerceAttributeWhichHasNoCoercion=HASH(0x17d2ecc)', 'HASH(0x17bc77c)') called at C:\strawberry163\perl\site\lib\Moose\Meta\Class.pm line 282
Moose::Meta::Class::new_object('Moose::Meta::Class=HASH(0x17d358c)', 'HASH(0x17bc77c)') called at C:\strawberry163\perl\site\lib\Moose\Object.pm line 27
Moose::Object::new('Moose::Exception::CannotCoerceAttributeWhichHasNoCoercion', 'attribute_name', 'source', 'type_name', 'GOBO::Node', 'params', 'HASH(0xf480c4)') called at C:\strawberry163\perl\site\lib\Moose\Util.pm line 51
Moose::Util::throw_exception('CannotCoerceAttributeWhichHasNoCoercion', 'attribute_name', 'source', 'type_name', 'GOBO::Node', 'params', 'HASH(0xf480c4)') called at C:\strawberry163\perl\site\lib\Moose\Meta\Attribute.pm line 393
Moose::Meta::Attribute::_process_coerce_option('Moose::Meta::Attribute', 'source', 'HASH(0xf480c4)') called at C:\strawberry163\perl\site\lib\Moose\Meta\Attribute.pm line 262
Moose::Meta::Attribute::_process_options('Moose::Meta::Attribute', 'source', 'HASH(0xf480c4)') called at C:\strawberry163\perl\site\lib\Moose\Meta\Attribute.pm line 53
Moose::Meta::Attribute::new('Moose::Meta::Attribute', 'source', 'coerce', 1, 'isa', 'GOBO::Node', 'definition_context', 'HASH(0x174cf9c)', 'is', 'rw') called at C:\strawberry163\perl\site\lib\Moose\Meta\Attribute.pm line 101
Moose::Meta::Attribute::interpolate_class_and_new('Moose::Meta::Attribute', 'source', 'coerce', 1, 'isa', 'GOBO::Node', 'definition_context', 'HASH(0x174cf9c)', 'is', 'rw') called at C:\strawberry163\perl\site\lib\Moose\Meta\Role\Attribute.pm line 92
Moose::Meta::Role::Attribute::attribute_for_class('Moose::Meta::Role::Attribute=HASH(0x17d054c)') called at C:\strawberry163\perl\site\lib\Moose\Meta\Role\Application\ToClass.pm line 130
Moose::Meta::Role::Application::ToClass::apply_attributes('Moose::Meta::Role::Application::ToClass=HASH(0x137118c)', 'Moose::Meta::Role=HASH(0x17bcffc)', 'Moose::Meta::Class=HASH(0x135ff0c)') called at C:\strawberry163\perl\site\lib\Moose\Meta\Role\Application.pm line 57
Moose::Meta::Role::Application::apply('Moose::Meta::Role::Application::ToClass=HASH(0x137118c)', 'Moose::Meta::Role=HASH(0x17bcffc)', 'Moose::Meta::Class=HASH(0x135ff0c)') called at C:\strawberry163\perl\site\lib\Moose\Meta\Role\Application\ToClass.pm line 35
Moose::Meta::Role::Application::ToClass::apply('Moose::Meta::Role::Application::ToClass=HASH(0x137118c)', 'Moose::Meta::Role=HASH(0x17bcffc)', 'Moose::Meta::Class=HASH(0x135ff0c)', 'HASH(0x1317044)') called at C:\strawberry163\perl\site\lib\Moose\Meta\Role.pm line 474
Moose::Meta::Role::apply('Moose::Meta::Role=HASH(0x17bcffc)', 'Moose::Meta::Class=HASH(0x135ff0c)') called at C:\strawberry163\perl\site\lib\Moose\Util.pm line 166
Moose::Util::_apply_all_roles('Moose::Meta::Class=HASH(0x135ff0c)', undef, 'GOBO::Attributed') called at C:\strawberry163\perl\site\lib\Moose\Util.pm line 108
Moose::Util::apply_all_roles('Moose::Meta::Class=HASH(0x135ff0c)', 'GOBO::Attributed') called at C:\strawberry163\perl\site\lib\Moose.pm line 60
Moose::with('Moose::Meta::Class=HASH(0x135ff0c)', 'GOBO::Attributed') called at C:\strawberry163\perl\site\lib\Moose\Exporter.pm line 405
Moose::with('GOBO::Attributed') called at C:\strawberry163\cpan\build\GOBO-0.03-Je5HPd\blib\lib\GOBO\Synonym.pm line 17
require GOBO/Synonym.pm at C:\strawberry163\cpan\build\GOBO-0.03-Je5HPd\blib\lib\GOBO\Labeled.pm line 23
GOBO::Labeled::BEGIN at C:\strawberry163\cpan\build\GOBO-0.03-Je5HPd\blib\lib\GOBO\Synonym.pm line 0
eval {...} at C:\strawberry163\cpan\build\GOBO-0.03-Je5HPd\blib\lib\GOBO\Synonym.pm line 0
require GOBO/Labeled.pm at C:\strawberry163\perl\site\lib\Module\Runtime.pm line 317
Module::Runtime::require_module('GOBO::Labeled') called at C:\strawberry163\perl\site\lib\Module\Runtime.pm line 348
Module::Runtime::use_module('GOBO::Labeled') called at C:\strawberry163\perl\site\lib\Moose\Util.pm line 141
Moose::Util::_apply_all_roles('Moose::Meta::Class=HASH(0x12fd18c)', undef, 'GOBO::Labeled') called at C:\strawberry163\perl\site\lib\Moose\Util.pm line 108
Moose::Util::apply_all_roles('Moose::Meta::Class=HASH(0x12fd18c)', 'GOBO::Labeled') called at C:\strawberry163\perl\site\lib\Moose.pm line 60
Moose::with('Moose::Meta::Class=HASH(0x12fd18c)', 'GOBO::Labeled') called at C:\strawberry163\perl\site\lib\Moose\Exporter.pm line 405
Moose::with('GOBO::Labeled') called at C:\strawberry163\cpan\build\GOBO-0.03-Je5HPd\blib\lib\GOBO\Node.pm line 6
require GOBO/Node.pm at C:\strawberry163\perl\site\lib\Module\Runtime.pm line 317
Module::Runtime::require_module('GOBO::Node') called at C:\strawberry163\perl\site\lib\Module\Runtime.pm line 381
eval {...} at C:\strawberry163\perl\site\lib\Module\Runtime.pm line 381
Module::Runtime::use_package_optimistically('GOBO::Node') called at C:\strawberry163\perl\site\lib\Moose\Util.pm line 343
Moose::Util::_load_user_class('GOBO::Node', undef) called at C:\strawberry163\perl\site\lib\Moose\Meta\Class.pm line 561
Moose::Meta::Class::superclasses(undef, 'GOBO::Node') called at C:\strawberry163\perl\site\lib\Moose.pm line 56
Moose::extends('Moose::Meta::Class=HASH(0x12ec4d4)', 'GOBO::Node') called at C:\strawberry163\perl\site\lib\Moose\Exporter.pm line 405
Moose::extends('GOBO::Node') called at C:\strawberry163\cpan\build\GOBO-0.03-Je5HPd\blib\lib\GOBO\Evidence.pm line 4
require GOBO/Evidence.pm at C:\strawberry163\cpan\build\GOBO-0.03-Je5HPd\blib\lib\GOBO\Annotation.pm line 5
GOBO::Annotation::BEGIN at C:\strawberry163\cpan\build\GOBO-0.03-Je5HPd\blib\lib\GOBO\Synonym.pm line 0
eval {...} at C:\strawberry163\cpan\build\GOBO-0.03-Je5HPd\blib\lib\GOBO\Synonym.pm line 0
require GOBO/Annotation.pm at C:\strawberry163\cpan\build\GOBO-0.03-Je5HPd\blib\lib\GOBO\Graph.pm line 55
GOBO::Graph::BEGIN at C:\strawberry163\cpan\build\GOBO-0.03-Je5HPd\blib\lib\GOBO\Synonym.pm line 0
eval {...} at C:\strawberry163\cpan\build\GOBO-0.03-Je5HPd\blib\lib\GOBO\Synonym.pm line 0
require GOBO/Graph.pm at t\gaftest_chunked_gzipped.t line 3
main::BEGIN at C:\strawberry163\cpan\build\GOBO-0.03-Je5HPd\blib\lib\GOBO\Synonym.pm line 0
eval {...} at C:\strawberry163\cpan\build\GOBO-0.03-Je5HPd\blib\lib\GOBO\Synonym.pm line 0
Compilation failed in require at C:\strawberry163\cpan\build\GOBO-0.03-Je5HPd\blib\lib/GOBO/Labeled.pm line 23.
BEGIN failed--compilation aborted at C:\strawberry163\cpan\build\GOBO-0.03-Je5HPd\blib\lib/GOBO/Labeled.pm line 23.
Compilation failed in require at C:/strawberry163/perl/site/lib/Module/Runtime.pm line 317.
Compilation failed in require at C:/strawberry163/perl/site/lib/Module/Runtime.pm line 317.
Compilation failed in require at C:\strawberry163\cpan\build\GOBO-0.03-Je5HPd\blib\lib/GOBO/Annotation.pm line 5.
BEGIN failed--compilation aborted at C:\strawberry163\cpan\build\GOBO-0.03-Je5HPd\blib\lib/GOBO/Annotation.pm line 5.
Compilation failed in require at C:\strawberry163\cpan\build\GOBO-0.03-Je5HPd\blib\lib/GOBO/Graph.pm line 55.
BEGIN failed--compilation aborted at C:\strawberry163\cpan\build\GOBO-0.03-Je5HPd\blib\lib/GOBO/Graph.pm line 55.
Compilation failed in require at t/gaftest_chunked_gzipped.t line 3.
BEGIN failed--compilation aborted at t/gaftest_chunked_gzipped.t line 3.
t/gaftest_chunked_gzipped.t ..
Dubious, test returned 255 (wstat 65280, 0xff00)
No subtests run
You cannot coerce an attribute (source) unless its type (GOBO::Node) has a coercion at C:\strawberry163\perl\site\lib\Moose\Exception.pm line 37
Moose::Exception::_build_trace('Moose::Exception::CannotCoerceAttributeWhichHasNoCoercion=HASH(0x19085a4)') called at reader Moose::Exception::trace (defined at C:\strawberry163\perl\site\lib\Moose\Exception.pm line 9) line 7
Moose::Exception::trace('Moose::Exception::CannotCoerceAttributeWhichHasNoCoercion=HASH(0x19085a4)') called at C:\strawberry163\perl\site\lib\Moose\Exception.pm line 49
Moose::Exception::BUILD('Moose::Exception::CannotCoerceAttributeWhichHasNoCoercion=HASH(0x19085a4)', 'HASH(0x18eee34)') called at C:\strawberry163\perl\site\lib\Class\MOP\Method.pm line 128
Class::MOP::Method::execute('Moose::Meta::Method=HASH(0x190ee0c)', 'Moose::Exception::CannotCoerceAttributeWhichHasNoCoercion=HASH(0x19085a4)', 'HASH(0x18eee34)') called at C:\strawberry163\perl\site\lib\Moose\Object.pm line 56
Moose::Object::BUILDALL('Moose::Exception::CannotCoerceAttributeWhichHasNoCoercion=HASH(0x19085a4)', 'HASH(0x18eee34)') called at C:\strawberry163\perl\site\lib\Moose\Meta\Class.pm line 282
Moose::Meta::Class::new_object('Moose::Meta::Class=HASH(0x1908c64)', 'HASH(0x18eee34)') called at C:\strawberry163\perl\site\lib\Moose\Object.pm line 27
Moose::Object::new('Moose::Exception::CannotCoerceAttributeWhichHasNoCoercion', 'attribute_name', 'source', 'type_name', 'GOBO::Node', 'params', 'HASH(0x104e8bc)') called at C:\strawberry163\perl\site\lib\Moose\Util.pm line 51
Moose::Util::throw_exception('CannotCoerceAttributeWhichHasNoCoercion', 'attribute_name', 'source', 'type_name', 'GOBO::Node', 'params', 'HASH(0x104e8bc)') called at C:\strawberry163\perl\site\lib\Moose\Meta\Attribute.pm line 393
Moose::Meta::Attribute::_process_coerce_option('Moose::Meta::Attribute', 'source', 'HASH(0x104e8bc)') called at C:\strawberry163\perl\site\lib\Moose\Meta\Attribute.pm line 262
Moose::Meta::Attribute::_process_options('Moose::Meta::Attribute', 'source', 'HASH(0x104e8bc)') called at C:\strawberry163\perl\site\lib\Moose\Meta\Attribute.pm line 53
Moose::Meta::Attribute::new('Moose::Meta::Attribute', 'source', 'coerce', 1, 'isa', 'GOBO::Node', 'definition_context', 'HASH(0x185ddac)', 'is', 'rw') called at C:\strawberry163\perl\site\lib\Moose\Meta\Attribute.pm line 101
Moose::Meta::Attribute::interpolate_class_and_new('Moose::Meta::Attribute', 'source', 'coerce', 1, 'isa', 'GOBO::Node', 'definition_context', 'HASH(0x185ddac)', 'is', 'rw') called at C:\strawberry163\perl\site\lib\Moose\Meta\Role\Attribute.pm line 92
Moose::Meta::Role::Attribute::attribute_for_class('Moose::Meta::Role::Attribute=HASH(0x19070a4)') called at C:\strawberry163\perl\site\lib\Moose\Meta\Role\Application\ToClass.pm line 130
Moose::Meta::Role::Application::ToClass::apply_attributes('Moose::Meta::Role::Application::ToClass=HASH(0x147e2ac)', 'Moose::Meta::Role=HASH(0x18ef6b4)', 'Moose::Meta::Class=HASH(0x1470464)') called at C:\strawberry163\perl\site\lib\Moose\Meta\Role\Application.pm line 57
Moose::Meta::Role::Application::apply('Moose::Meta::Role::Application::ToClass=HASH(0x147e2ac)', 'Moose::Meta::Role=HASH(0x18ef6b4)', 'Moose::Meta::Class=HASH(0x1470464)') called at C:\strawberry163\perl\site\lib\Moose\Meta\Role\Application\ToClass.pm line 35
Moose::Meta::Role::Application::ToClass::apply('Moose::Meta::Role::Application::ToClass=HASH(0x147e2ac)', 'Moose::Meta::Role=HASH(0x18ef6b4)', 'Moose::Meta::Class=HASH(0x1470464)', 'HASH(0x142a3e4)') called at C:\strawberry163\perl\site\lib\Moose\Meta\Role.pm line 474
Moose::Meta::Role::apply('Moose::Meta::Role=HASH(0x18ef6b4)', 'Moose::Meta::Class=HASH(0x1470464)') called at C:\strawberry163\perl\site\lib\Moose\Util.pm line 166
Moose::Util::_apply_all_roles('Moose::Meta::Class=HASH(0x1470464)', undef, 'GOBO::Attributed') called at C:\strawberry163\perl\site\lib\Moose\Util.pm line 108
Moose::Util::apply_all_roles('Moose::Meta::Class=HASH(0x1470464)', 'GOBO::Attributed') called at C:\strawberry163\perl\site\lib\Moose.pm line 60
Moose::with('Moose::Meta::Class=HASH(0x1470464)', 'GOBO::Attributed') called at C:\strawberry163\perl\site\lib\Moose\Exporter.pm line 405
Moose::with('GOBO::Attributed') called at C:\strawberry163\cpan\build\GOBO-0.03-Je5HPd\blib\lib\GOBO\Synonym.pm line 17
require GOBO/Synonym.pm at C:\strawberry163\cpan\build\GOBO-0.03-Je5HPd\blib\lib\GOBO\Labeled.pm line 23
GOBO::Labeled::BEGIN at C:\strawberry163\cpan\build\GOBO-0.03-Je5HPd\blib\lib\GOBO\Synonym.pm line 0
eval {...} at C:\strawberry163\cpan\build\GOBO-0.03-Je5HPd\blib\lib\GOBO\Synonym.pm line 0
require GOBO/Labeled.pm at C:\strawberry163\perl\site\lib\Module\Runtime.pm line 317
Module::Runtime::require_module('GOBO::Labeled') called at C:\strawberry163\perl\site\lib\Module\Runtime.pm line 348
Module::Runtime::use_module('GOBO::Labeled') called at C:\strawberry163\perl\site\lib\Moose\Util.pm line 141
Moose::Util::_apply_all_roles('Moose::Meta::Class=HASH(0x140f524)', undef, 'GOBO::Labeled') called at C:\strawberry163\perl\site\lib\Moose\Util.pm line 108
Moose::Util::apply_all_roles('Moose::Meta::Class=HASH(0x140f524)', 'GOBO::Labeled') called at C:\strawberry163\perl\site\lib\Moose.pm line 60
Moose::with('Moose::Meta::Class=HASH(0x140f524)', 'GOBO::Labeled') called at C:\strawberry163\perl\site\lib\Moose\Exporter.pm line 405
Moose::with('GOBO::Labeled') called at C:\strawberry163\cpan\build\GOBO-0.03-Je5HPd\blib\lib\GOBO\Node.pm line 6
require GOBO/Node.pm at C:\strawberry163\perl\site\lib\Module\Runtime.pm line 317
Module::Runtime::require_module('GOBO::Node') called at C:\strawberry163\perl\site\lib\Module\Runtime.pm line 381
eval {...} at C:\strawberry163\perl\site\lib\Module\Runtime.pm line 381
Module::Runtime::use_package_optimistically('GOBO::Node') called at C:\strawberry163\perl\site\lib\Moose\Util.pm line 343
Moose::Util::_load_user_class('GOBO::Node', undef) called at C:\strawberry163\perl\site\lib\Moose\Meta\Class.pm line 561
Moose::Meta::Class::superclasses(undef, 'GOBO::Node') called at C:\strawberry163\perl\site\lib\Moose.pm line 56
Moose::extends('Moose::Meta::Class=HASH(0x13fd6f4)', 'GOBO::Node') called at C:\strawberry163\perl\site\lib\Moose\Exporter.pm line 405
Moose::extends('GOBO::Node') called at C:\strawberry163\cpan\build\GOBO-0.03-Je5HPd\blib\lib\GOBO\Evidence.pm line 4
require GOBO/Evidence.pm at C:\strawberry163\cpan\build\GOBO-0.03-Je5HPd\blib\lib\GOBO\Annotation.pm line 5
GOBO::Annotation::BEGIN at C:\strawberry163\cpan\build\GOBO-0.03-Je5HPd\blib\lib\GOBO\Synonym.pm line 0
eval {...} at C:\strawberry163\cpan\build\GOBO-0.03-Je5HPd\blib\lib\GOBO\Synonym.pm line 0
require GOBO/Annotation.pm at C:\strawberry163\cpan\build\GOBO-0.03-Je5HPd\blib\lib\GOBO\Graph.pm line 55
GOBO::Graph::BEGIN at C:\strawberry163\cpan\build\GOBO-0.03-Je5HPd\blib\lib\GOBO\Synonym.pm line 0
eval {...} at C:\strawberry163\cpan\build\GOBO-0.03-Je5HPd\blib\lib\GOBO\Synonym.pm line 0
require GOBO/Graph.pm at t\graph_creation.t line 11
main::BEGIN at C:\strawberry163\cpan\build\GOBO-0.03-Je5HPd\blib\lib\GOBO\Synonym.pm line 0
eval {...} at C:\strawberry163\cpan\build\GOBO-0.03-Je5HPd\blib\lib\GOBO\Synonym.pm line 0
Compilation failed in require at C:\strawberry163\cpan\build\GOBO-0.03-Je5HPd\blib\lib/GOBO/Labeled.pm line 23.
BEGIN failed--compilation aborted at C:\strawberry163\cpan\build\GOBO-0.03-Je5HPd\blib\lib/GOBO/Labeled.pm line 23.
Compilation failed in require at C:/strawberry163/perl/site/lib/Module/Runtime.pm line 317.
Compilation failed in require at C:/strawberry163/perl/site/lib/Module/Runtime.pm line 317.
Compilation failed in require at C:\strawberry163\cpan\build\GOBO-0.03-Je5HPd\blib\lib/GOBO/Annotation.pm line 5.
BEGIN failed--compilation aborted at C:\strawberry163\cpan\build\GOBO-0.03-Je5HPd\blib\lib/GOBO/Annotation.pm line 5.
Compilation failed in require at C:\strawberry163\cpan\build\GOBO-0.03-Je5HPd\blib\lib/GOBO/Graph.pm line 55.
BEGIN failed--compilation aborted at C:\strawberry163\cpan\build\GOBO-0.03-Je5HPd\blib\lib/GOBO/Graph.pm line 55.
Compilation failed in require at t/graph_creation.t line 11.
BEGIN failed--compilation aborted at t/graph_creation.t line 11.
t/graph_creation.t ...........
Dubious, test returned 255 (wstat 65280, 0xff00)
No subtests run
You cannot coerce an attribute (source) unless its type (GOBO::Node) has a coercion at C:\strawberry163\perl\site\lib\Moose\Exception.pm line 37
Moose::Exception::_build_trace('Moose::Exception::CannotCoerceAttributeWhichHasNoCoercion=HASH(0x17d2904)') called at reader Moose::Exception::trace (defined at C:\strawberry163\perl\site\lib\Moose\Exception.pm line 9) line 7
Moose::Exception::trace('Moose::Exception::CannotCoerceAttributeWhichHasNoCoercion=HASH(0x17d2904)') called at C:\strawberry163\perl\site\lib\Moose\Exception.pm line 49
Moose::Exception::BUILD('Moose::Exception::CannotCoerceAttributeWhichHasNoCoercion=HASH(0x17d2904)', 'HASH(0x17be29c)') called at C:\strawberry163\perl\site\lib\Class\MOP\Method.pm line 128
Class::MOP::Method::execute('Moose::Meta::Method=HASH(0x17dc1a4)', 'Moose::Exception::CannotCoerceAttributeWhichHasNoCoercion=HASH(0x17d2904)', 'HASH(0x17be29c)') called at C:\strawberry163\perl\site\lib\Moose\Object.pm line 56
Moose::Object::BUILDALL('Moose::Exception::CannotCoerceAttributeWhichHasNoCoercion=HASH(0x17d2904)', 'HASH(0x17be29c)') called at C:\strawberry163\perl\site\lib\Moose\Meta\Class.pm line 282
Moose::Meta::Class::new_object('Moose::Meta::Class=HASH(0x17d2fc4)', 'HASH(0x17be29c)') called at C:\strawberry163\perl\site\lib\Moose\Object.pm line 27
Moose::Object::new('Moose::Exception::CannotCoerceAttributeWhichHasNoCoercion', 'attribute_name', 'source', 'type_name', 'GOBO::Node', 'params', 'HASH(0xf489dc)') called at C:\strawberry163\perl\site\lib\Moose\Util.pm line 51
Moose::Util::throw_exception('CannotCoerceAttributeWhichHasNoCoercion', 'attribute_name', 'source', 'type_name', 'GOBO::Node', 'params', 'HASH(0xf489dc)') called at C:\strawberry163\perl\site\lib\Moose\Meta\Attribute.pm line 393
Moose::Meta::Attribute::_process_coerce_option('Moose::Meta::Attribute', 'source', 'HASH(0xf489dc)') called at C:\strawberry163\perl\site\lib\Moose\Meta\Attribute.pm line 262
Moose::Meta::Attribute::_process_options('Moose::Meta::Attribute', 'source', 'HASH(0xf489dc)') called at C:\strawberry163\perl\site\lib\Moose\Meta\Attribute.pm line 53
Moose::Meta::Attribute::new('Moose::Meta::Attribute', 'source', 'coerce', 1, 'isa', 'GOBO::Node', 'definition_context', 'HASH(0x174c99c)', 'is', 'rw') called at C:\strawberry163\perl\site\lib\Moose\Meta\Attribute.pm line 101
Moose::Meta::Attribute::interpolate_class_and_new('Moose::Meta::Attribute', 'source', 'coerce', 1, 'isa', 'GOBO::Node', 'definition_context', 'HASH(0x174c99c)', 'is', 'rw') called at C:\strawberry163\perl\site\lib\Moose\Meta\Role\Attribute.pm line 92
Moose::Meta::Role::Attribute::attribute_for_class('Moose::Meta::Role::Attribute=HASH(0x17cff84)') called at C:\strawberry163\perl\site\lib\Moose\Meta\Role\Application\ToClass.pm line 130
Moose::Meta::Role::Application::ToClass::apply_attributes('Moose::Meta::Role::Application::ToClass=HASH(0x1370374)', 'Moose::Meta::Role=HASH(0x17beb1c)', 'Moose::Meta::Class=HASH(0x135f6ec)') called at C:\strawberry163\perl\site\lib\Moose\Meta\Role\Application.pm line 57
Moose::Meta::Role::Application::apply('Moose::Meta::Role::Application::ToClass=HASH(0x1370374)', 'Moose::Meta::Role=HASH(0x17beb1c)', 'Moose::Meta::Class=HASH(0x135f6ec)') called at C:\strawberry163\perl\site\lib\Moose\Meta\Role\Application\ToClass.pm line 35
Moose::Meta::Role::Application::ToClass::apply('Moose::Meta::Role::Application::ToClass=HASH(0x1370374)', 'Moose::Meta::Role=HASH(0x17beb1c)', 'Moose::Meta::Class=HASH(0x135f6ec)', 'HASH(0x13160fc)') called at C:\strawberry163\perl\site\lib\Moose\Meta\Role.pm line 474
Moose::Meta::Role::apply('Moose::Meta::Role=HASH(0x17beb1c)', 'Moose::Meta::Class=HASH(0x135f6ec)') called at C:\strawberry163\perl\site\lib\Moose\Util.pm line 166
Moose::Util::_apply_all_roles('Moose::Meta::Class=HASH(0x135f6ec)', undef, 'GOBO::Attributed') called at C:\strawberry163\perl\site\lib\Moose\Util.pm line 108
Moose::Util::apply_all_roles('Moose::Meta::Class=HASH(0x135f6ec)', 'GOBO::Attributed') called at C:\strawberry163\perl\site\lib\Moose.pm line 60
Moose::with('Moose::Meta::Class=HASH(0x135f6ec)', 'GOBO::Attributed') called at C:\strawberry163\perl\site\lib\Moose\Exporter.pm line 405
Moose::with('GOBO::Attributed') called at C:\strawberry163\cpan\build\GOBO-0.03-Je5HPd\blib\lib\GOBO\Synonym.pm line 17
require GOBO/Synonym.pm at C:\strawberry163\cpan\build\GOBO-0.03-Je5HPd\blib\lib\GOBO\Labeled.pm line 23
GOBO::Labeled::BEGIN at C:\strawberry163\cpan\build\GOBO-0.03-Je5HPd\blib\lib\GOBO\Synonym.pm line 0
eval {...} at C:\strawberry163\cpan\build\GOBO-0.03-Je5HPd\blib\lib\GOBO\Synonym.pm line 0
require GOBO/Labeled.pm at C:\strawberry163\perl\site\lib\Module\Runtime.pm line 317
Module::Runtime::require_module('GOBO::Labeled') called at C:\strawberry163\perl\site\lib\Module\Runtime.pm line 348
Module::Runtime::use_module('GOBO::Labeled') called at C:\strawberry163\perl\site\lib\Moose\Util.pm line 141
Moose::Util::_apply_all_roles('Moose::Meta::Class=HASH(0x12fc174)', undef, 'GOBO::Labeled') called at C:\strawberry163\perl\site\lib\Moose\Util.pm line 108
Moose::Util::apply_all_roles('Moose::Meta::Class=HASH(0x12fc174)', 'GOBO::Labeled') called at C:\strawberry163\perl\site\lib\Moose.pm line 60
Moose::with('Moose::Meta::Class=HASH(0x12fc174)', 'GOBO::Labeled') called at C:\strawberry163\perl\site\lib\Moose\Exporter.pm line 405
Moose::with('GOBO::Labeled') called at C:\strawberry163\cpan\build\GOBO-0.03-Je5HPd\blib\lib\GOBO\Node.pm line 6
require GOBO/Node.pm at C:\strawberry163\perl\site\lib\Module\Runtime.pm line 317
Module::Runtime::require_module('GOBO::Node') called at C:\strawberry163\perl\site\lib\Module\Runtime.pm line 381
eval {...} at C:\strawberry163\perl\site\lib\Module\Runtime.pm line 381
Module::Runtime::use_package_optimistically('GOBO::Node') called at C:\strawberry163\perl\site\lib\Moose\Util.pm line 343
Moose::Util::_load_user_class('GOBO::Node', undef) called at C:\strawberry163\perl\site\lib\Moose\Meta\Class.pm line 561
Moose::Meta::Class::superclasses(undef, 'GOBO::Node') called at C:\strawberry163\perl\site\lib\Moose.pm line 56
Moose::extends('Moose::Meta::Class=HASH(0x12eb52c)', 'GOBO::Node') called at C:\strawberry163\perl\site\lib\Moose\Exporter.pm line 405
Moose::extends('GOBO::Node') called at C:\strawberry163\cpan\build\GOBO-0.03-Je5HPd\blib\lib\GOBO\Evidence.pm line 4
require GOBO/Evidence.pm at C:\strawberry163\cpan\build\GOBO-0.03-Je5HPd\blib\lib\GOBO\Annotation.pm line 5
GOBO::Annotation::BEGIN at C:\strawberry163\cpan\build\GOBO-0.03-Je5HPd\blib\lib\GOBO\Synonym.pm line 0
eval {...} at C:\strawberry163\cpan\build\GOBO-0.03-Je5HPd\blib\lib\GOBO\Synonym.pm line 0
require GOBO/Annotation.pm at C:\strawberry163\cpan\build\GOBO-0.03-Je5HPd\blib\lib\GOBO\Graph.pm line 55
GOBO::Graph::BEGIN at C:\strawberry163\cpan\build\GOBO-0.03-Je5HPd\blib\lib\GOBO\Synonym.pm line 0
eval {...} at C:\strawberry163\cpan\build\GOBO-0.03-Je5HPd\blib\lib\GOBO\Synonym.pm line 0
require GOBO/Graph.pm at t\inference_engine_test.t line 4
main::BEGIN at C:\strawberry163\cpan\build\GOBO-0.03-Je5HPd\blib\lib\GOBO\Synonym.pm line 0
eval {...} at C:\strawberry163\cpan\build\GOBO-0.03-Je5HPd\blib\lib\GOBO\Synonym.pm line 0
Compilation failed in require at C:\strawberry163\cpan\build\GOBO-0.03-Je5HPd\blib\lib/GOBO/Labeled.pm line 23.
BEGIN failed--compilation aborted at C:\strawberry163\cpan\build\GOBO-0.03-Je5HPd\blib\lib/GOBO/Labeled.pm line 23.
Compilation failed in require at C:/strawberry163/perl/site/lib/Module/Runtime.pm line 317.
Compilation failed in require at C:/strawberry163/perl/site/lib/Module/Runtime.pm line 317.
Compilation failed in require at C:\strawberry163\cpan\build\GOBO-0.03-Je5HPd\blib\lib/GOBO/Annotation.pm line 5.
BEGIN failed--compilation aborted at C:\strawberry163\cpan\build\GOBO-0.03-Je5HPd\blib\lib/GOBO/Annotation.pm line 5.
Compilation failed in require at C:\strawberry163\cpan\build\GOBO-0.03-Je5HPd\blib\lib/GOBO/Graph.pm line 55.
BEGIN failed--compilation aborted at C:\strawberry163\cpan\build\GOBO-0.03-Je5HPd\blib\lib/GOBO/Graph.pm line 55.
Compilation failed in require at t/inference_engine_test.t line 4.
BEGIN failed--compilation aborted at t/inference_engine_test.t line 4.
t/inference_engine_test.t ....
Dubious, test returned 255 (wstat 65280, 0xff00)
No subtests run
You cannot coerce an attribute (source) unless its type (GOBO::Node) has a coercion at C:\strawberry163\perl\site\lib\Moose\Exception.pm line 37
Moose::Exception::_build_trace('Moose::Exception::CannotCoerceAttributeWhichHasNoCoercion=HASH(0x17d300c)') called at reader Moose::Exception::trace (defined at C:\strawberry163\perl\site\lib\Moose\Exception.pm line 9) line 7
Moose::Exception::trace('Moose::Exception::CannotCoerceAttributeWhichHasNoCoercion=HASH(0x17d300c)') called at C:\strawberry163\perl\site\lib\Moose\Exception.pm line 49
Moose::Exception::BUILD('Moose::Exception::CannotCoerceAttributeWhichHasNoCoercion=HASH(0x17d300c)', 'HASH(0x17be29c)') called at C:\strawberry163\perl\site\lib\Class\MOP\Method.pm line 128
Class::MOP::Method::execute('Moose::Meta::Method=HASH(0x17dc8fc)', 'Moose::Exception::CannotCoerceAttributeWhichHasNoCoercion=HASH(0x17d300c)', 'HASH(0x17be29c)') called at C:\strawberry163\perl\site\lib\Moose\Object.pm line 56
Moose::Object::BUILDALL('Moose::Exception::CannotCoerceAttributeWhichHasNoCoercion=HASH(0x17d300c)', 'HASH(0x17be29c)') called at C:\strawberry163\perl\site\lib\Moose\Meta\Class.pm line 282
Moose::Meta::Class::new_object('Moose::Meta::Class=HASH(0x17d36cc)', 'HASH(0x17be29c)') called at C:\strawberry163\perl\site\lib\Moose\Object.pm line 27
Moose::Object::new('Moose::Exception::CannotCoerceAttributeWhichHasNoCoercion', 'attribute_name', 'source', 'type_name', 'GOBO::Node', 'params', 'HASH(0xf486f4)') called at C:\strawberry163\perl\site\lib\Moose\Util.pm line 51
Moose::Util::throw_exception('CannotCoerceAttributeWhichHasNoCoercion', 'attribute_name', 'source', 'type_name', 'GOBO::Node', 'params', 'HASH(0xf486f4)') called at C:\strawberry163\perl\site\lib\Moose\Meta\Attribute.pm line 393
Moose::Meta::Attribute::_process_coerce_option('Moose::Meta::Attribute', 'source', 'HASH(0xf486f4)') called at C:\strawberry163\perl\site\lib\Moose\Meta\Attribute.pm line 262
Moose::Meta::Attribute::_process_options('Moose::Meta::Attribute', 'source', 'HASH(0xf486f4)') called at C:\strawberry163\perl\site\lib\Moose\Meta\Attribute.pm line 53
Moose::Meta::Attribute::new('Moose::Meta::Attribute', 'source', 'coerce', 1, 'isa', 'GOBO::Node', 'definition_context', 'HASH(0x174d0b4)', 'is', 'rw') called at C:\strawberry163\perl\site\lib\Moose\Meta\Attribute.pm line 101
Moose::Meta::Attribute::interpolate_class_and_new('Moose::Meta::Attribute', 'source', 'coerce', 1, 'isa', 'GOBO::Node', 'definition_context', 'HASH(0x174d0b4)', 'is', 'rw') called at C:\strawberry163\perl\site\lib\Moose\Meta\Role\Attribute.pm line 92
Moose::Meta::Role::Attribute::attribute_for_class('Moose::Meta::Role::Attribute=HASH(0x17d0684)') called at C:\strawberry163\perl\site\lib\Moose\Meta\Role\Application\ToClass.pm line 130
Moose::Meta::Role::Application::ToClass::apply_attributes('Moose::Meta::Role::Application::ToClass=HASH(0x1371184)', 'Moose::Meta::Role=HASH(0x17beb1c)', 'Moose::Meta::Class=HASH(0x135fb9c)') called at C:\strawberry163\perl\site\lib\Moose\Meta\Role\Application.pm line 57
Moose::Meta::Role::Application::apply('Moose::Meta::Role::Application::ToClass=HASH(0x1371184)', 'Moose::Meta::Role=HASH(0x17beb1c)', 'Moose::Meta::Class=HASH(0x135fb9c)') called at C:\strawberry163\perl\site\lib\Moose\Meta\Role\Application\ToClass.pm line 35
Moose::Meta::Role::Application::ToClass::apply('Moose::Meta::Role::Application::ToClass=HASH(0x1371184)', 'Moose::Meta::Role=HASH(0x17beb1c)', 'Moose::Meta::Class=HASH(0x135fb9c)', 'HASH(0x13176bc)') called at C:\strawberry163\perl\site\lib\Moose\Meta\Role.pm line 474
Moose::Meta::Role::apply('Moose::Meta::Role=HASH(0x17beb1c)', 'Moose::Meta::Class=HASH(0x135fb9c)') called at C:\strawberry163\perl\site\lib\Moose\Util.pm line 166
Moose::Util::_apply_all_roles('Moose::Meta::Class=HASH(0x135fb9c)', undef, 'GOBO::Attributed') called at C:\strawberry163\perl\site\lib\Moose\Util.pm line 108
Moose::Util::apply_all_roles('Moose::Meta::Class=HASH(0x135fb9c)', 'GOBO::Attributed') called at C:\strawberry163\perl\site\lib\Moose.pm line 60
Moose::with('Moose::Meta::Class=HASH(0x135fb9c)', 'GOBO::Attributed') called at C:\strawberry163\perl\site\lib\Moose\Exporter.pm line 405
Moose::with('GOBO::Attributed') called at C:\strawberry163\cpan\build\GOBO-0.03-Je5HPd\blib\lib\GOBO\Synonym.pm line 17
require GOBO/Synonym.pm at C:\strawberry163\cpan\build\GOBO-0.03-Je5HPd\blib\lib\GOBO\Labeled.pm line 23
GOBO::Labeled::BEGIN at C:\strawberry163\cpan\build\GOBO-0.03-Je5HPd\blib\lib\GOBO\Synonym.pm line 0
eval {...} at C:\strawberry163\cpan\build\GOBO-0.03-Je5HPd\blib\lib\GOBO\Synonym.pm line 0
require GOBO/Labeled.pm at C:\strawberry163\perl\site\lib\Module\Runtime.pm line 317
Module::Runtime::require_module('GOBO::Labeled') called at C:\strawberry163\perl\site\lib\Module\Runtime.pm line 348
Module::Runtime::use_module('GOBO::Labeled') called at C:\strawberry163\perl\site\lib\Moose\Util.pm line 141
Moose::Util::_apply_all_roles('Moose::Meta::Class=HASH(0x12fc18c)', undef, 'GOBO::Labeled') called at C:\strawberry163\perl\site\lib\Moose\Util.pm line 108
Moose::Util::apply_all_roles('Moose::Meta::Class=HASH(0x12fc18c)', 'GOBO::Labeled') called at C:\strawberry163\perl\site\lib\Moose.pm line 60
Moose::with('Moose::Meta::Class=HASH(0x12fc18c)', 'GOBO::Labeled') called at C:\strawberry163\perl\site\lib\Moose\Exporter.pm line 405
Moose::with('GOBO::Labeled') called at C:\strawberry163\cpan\build\GOBO-0.03-Je5HPd\blib\lib\GOBO\Node.pm line 6
require GOBO/Node.pm at C:\strawberry163\perl\site\lib\Module\Runtime.pm line 317
Module::Runtime::require_module('GOBO::Node') called at C:\strawberry163\perl\site\lib\Module\Runtime.pm line 381
eval {...} at C:\strawberry163\perl\site\lib\Module\Runtime.pm line 381
Module::Runtime::use_package_optimistically('GOBO::Node') called at C:\strawberry163\perl\site\lib\Moose\Util.pm line 343
Moose::Util::_load_user_class('GOBO::Node', undef) called at C:\strawberry163\perl\site\lib\Moose\Meta\Class.pm line 561
Moose::Meta::Class::superclasses(undef, 'GOBO::Node') called at C:\strawberry163\perl\site\lib\Moose.pm line 56
Moose::extends('Moose::Meta::Class=HASH(0x12ebcd4)', 'GOBO::Node') called at C:\strawberry163\perl\site\lib\Moose\Exporter.pm line 405
Moose::extends('GOBO::Node') called at C:\strawberry163\cpan\build\GOBO-0.03-Je5HPd\blib\lib\GOBO\Evidence.pm line 4
require GOBO/Evidence.pm at C:\strawberry163\cpan\build\GOBO-0.03-Je5HPd\blib\lib\GOBO\Annotation.pm line 5
GOBO::Annotation::BEGIN at C:\strawberry163\cpan\build\GOBO-0.03-Je5HPd\blib\lib\GOBO\Synonym.pm line 0
eval {...} at C:\strawberry163\cpan\build\GOBO-0.03-Je5HPd\blib\lib\GOBO\Synonym.pm line 0
require GOBO/Annotation.pm at C:\strawberry163\cpan\build\GOBO-0.03-Je5HPd\blib\lib\GOBO\Graph.pm line 55
GOBO::Graph::BEGIN at C:\strawberry163\cpan\build\GOBO-0.03-Je5HPd\blib\lib\GOBO\Synonym.pm line 0
eval {...} at C:\strawberry163\cpan\build\GOBO-0.03-Je5HPd\blib\lib\GOBO\Synonym.pm line 0
require GOBO/Graph.pm at t\logical_definition_test.t line 4
main::BEGIN at C:\strawberry163\cpan\build\GOBO-0.03-Je5HPd\blib\lib\GOBO\Synonym.pm line 0
eval {...} at C:\strawberry163\cpan\build\GOBO-0.03-Je5HPd\blib\lib\GOBO\Synonym.pm line 0
Compilation failed in require at C:\strawberry163\cpan\build\GOBO-0.03-Je5HPd\blib\lib/GOBO/Labeled.pm line 23.
BEGIN failed--compilation aborted at C:\strawberry163\cpan\build\GOBO-0.03-Je5HPd\blib\lib/GOBO/Labeled.pm line 23.
Compilation failed in require at C:/strawberry163/perl/site/lib/Module/Runtime.pm line 317.
Compilation failed in require at C:/strawberry163/perl/site/lib/Module/Runtime.pm line 317.
Compilation failed in require at C:\strawberry163\cpan\build\GOBO-0.03-Je5HPd\blib\lib/GOBO/Annotation.pm line 5.
BEGIN failed--compilation aborted at C:\strawberry163\cpan\build\GOBO-0.03-Je5HPd\blib\lib/GOBO/Annotation.pm line 5.
Compilation failed in require at C:\strawberry163\cpan\build\GOBO-0.03-Je5HPd\blib\lib/GOBO/Graph.pm line 55.
BEGIN failed--compilation aborted at C:\strawberry163\cpan\build\GOBO-0.03-Je5HPd\blib\lib/GOBO/Graph.pm line 55.
Compilation failed in require at t/logical_definition_test.t line 4.
BEGIN failed--compilation aborted at t/logical_definition_test.t line 4.
t/logical_definition_test.t ..
Dubious, test returned 255 (wstat 65280, 0xff00)
No subtests run
You cannot coerce an attribute (source) unless its type (GOBO::Node) has a coercion at C:\strawberry163\perl\site\lib\Moose\Exception.pm line 37
Moose::Exception::_build_trace('Moose::Exception::CannotCoerceAttributeWhichHasNoCoercion=HASH(0x1818f7c)') called at reader Moose::Exception::trace (defined at C:\strawberry163\perl\site\lib\Moose\Exception.pm line 9) line 7
Moose::Exception::trace('Moose::Exception::CannotCoerceAttributeWhichHasNoCoercion=HASH(0x1818f7c)') called at C:\strawberry163\perl\site\lib\Moose\Exception.pm line 49
Moose::Exception::BUILD('Moose::Exception::CannotCoerceAttributeWhichHasNoCoercion=HASH(0x1818f7c)', 'HASH(0x18014e4)') called at C:\strawberry163\perl\site\lib\Class\MOP\Method.pm line 128
Class::MOP::Method::execute('Moose::Meta::Method=HASH(0x18218f4)', 'Moose::Exception::CannotCoerceAttributeWhichHasNoCoercion=HASH(0x1818f7c)', 'HASH(0x18014e4)') called at C:\strawberry163\perl\site\lib\Moose\Object.pm line 56
Moose::Object::BUILDALL('Moose::Exception::CannotCoerceAttributeWhichHasNoCoercion=HASH(0x1818f7c)', 'HASH(0x18014e4)') called at C:\strawberry163\perl\site\lib\Moose\Meta\Class.pm line 282
Moose::Meta::Class::new_object('Moose::Meta::Class=HASH(0x181963c)', 'HASH(0x18014e4)') called at C:\strawberry163\perl\site\lib\Moose\Object.pm line 27
Moose::Object::new('Moose::Exception::CannotCoerceAttributeWhichHasNoCoercion', 'attribute_name', 'source', 'type_name', 'GOBO::Node', 'params', 'HASH(0xf8ab94)') called at C:\strawberry163\perl\site\lib\Moose\Util.pm line 51
Moose::Util::throw_exception('CannotCoerceAttributeWhichHasNoCoercion', 'attribute_name', 'source', 'type_name', 'GOBO::Node', 'params', 'HASH(0xf8ab94)') called at C:\strawberry163\perl\site\lib\Moose\Meta\Attribute.pm line 393
Moose::Meta::Attribute::_process_coerce_option('Moose::Meta::Attribute', 'source', 'HASH(0xf8ab94)') called at C:\strawberry163\perl\site\lib\Moose\Meta\Attribute.pm line 262
Moose::Meta::Attribute::_process_options('Moose::Meta::Attribute', 'source', 'HASH(0xf8ab94)') called at C:\strawberry163\perl\site\lib\Moose\Meta\Attribute.pm line 53
Moose::Meta::Attribute::new('Moose::Meta::Attribute', 'source', 'coerce', 1, 'isa', 'GOBO::Node', 'definition_context', 'HASH(0x178ab24)', 'is', 'rw') called at C:\strawberry163\perl\site\lib\Moose\Meta\Attribute.pm line 101
Moose::Meta::Attribute::interpolate_class_and_new('Moose::Meta::Attribute', 'source', 'coerce', 1, 'isa', 'GOBO::Node', 'definition_context', 'HASH(0x178ab24)', 'is', 'rw') called at C:\strawberry163\perl\site\lib\Moose\Meta\Role\Attribute.pm line 92
Moose::Meta::Role::Attribute::attribute_for_class('Moose::Meta::Role::Attribute=HASH(0x18166ec)') called at C:\strawberry163\perl\site\lib\Moose\Meta\Role\Application\ToClass.pm line 130
Moose::Meta::Role::Application::ToClass::apply_attributes('Moose::Meta::Role::Application::ToClass=HASH(0x13b503c)', 'Moose::Meta::Role=HASH(0x1801d64)', 'Moose::Meta::Class=HASH(0x13a32ec)') called at C:\strawberry163\perl\site\lib\Moose\Meta\Role\Application.pm line 57
Moose::Meta::Role::Application::apply('Moose::Meta::Role::Application::ToClass=HASH(0x13b503c)', 'Moose::Meta::Role=HASH(0x1801d64)', 'Moose::Meta::Class=HASH(0x13a32ec)') called at C:\strawberry163\perl\site\lib\Moose\Meta\Role\Application\ToClass.pm line 35
Moose::Meta::Role::Application::ToClass::apply('Moose::Meta::Role::Application::ToClass=HASH(0x13b503c)', 'Moose::Meta::Role=HASH(0x1801d64)', 'Moose::Meta::Class=HASH(0x13a32ec)', 'HASH(0x135b81c)') called at C:\strawberry163\perl\site\lib\Moose\Meta\Role.pm line 474
Moose::Meta::Role::apply('Moose::Meta::Role=HASH(0x1801d64)', 'Moose::Meta::Class=HASH(0x13a32ec)') called at C:\strawberry163\perl\site\lib\Moose\Util.pm line 166
Moose::Util::_apply_all_roles('Moose::Meta::Class=HASH(0x13a32ec)', undef, 'GOBO::Attributed') called at C:\strawberry163\perl\site\lib\Moose\Util.pm line 108
Moose::Util::apply_all_roles('Moose::Meta::Class=HASH(0x13a32ec)', 'GOBO::Attributed') called at C:\strawberry163\perl\site\lib\Moose.pm line 60
Moose::with('Moose::Meta::Class=HASH(0x13a32ec)', 'GOBO::Attributed') called at C:\strawberry163\perl\site\lib\Moose\Exporter.pm line 405
Moose::with('GOBO::Attributed') called at C:\strawberry163\cpan\build\GOBO-0.03-Je5HPd\blib\lib\GOBO\Synonym.pm line 17
require GOBO/Synonym.pm at C:\strawberry163\cpan\build\GOBO-0.03-Je5HPd\blib\lib\GOBO\Labeled.pm line 23
GOBO::Labeled::BEGIN at C:\strawberry163\cpan\build\GOBO-0.03-Je5HPd\blib\lib\GOBO\Synonym.pm line 0
eval {...} at C:\strawberry163\cpan\build\GOBO-0.03-Je5HPd\blib\lib\GOBO\Synonym.pm line 0
require GOBO/Labeled.pm at C:\strawberry163\perl\site\lib\Module\Runtime.pm line 317
Module::Runtime::require_module('GOBO::Labeled') called at C:\strawberry163\perl\site\lib\Module\Runtime.pm line 348
Module::Runtime::use_module('GOBO::Labeled') called at C:\strawberry163\perl\site\lib\Moose\Util.pm line 141
Moose::Util::_apply_all_roles('Moose::Meta::Class=HASH(0x13430bc)', undef, 'GOBO::Labeled') called at C:\strawberry163\perl\site\lib\Moose\Util.pm line 108
Moose::Util::apply_all_roles('Moose::Meta::Class=HASH(0x13430bc)', 'GOBO::Labeled') called at C:\strawberry163\perl\site\lib\Moose.pm line 60
Moose::with('Moose::Meta::Class=HASH(0x13430bc)', 'GOBO::Labeled') called at C:\strawberry163\perl\site\lib\Moose\Exporter.pm line 405
Moose::with('GOBO::Labeled') called at C:\strawberry163\cpan\build\GOBO-0.03-Je5HPd\blib\lib\GOBO\Node.pm line 6
require GOBO/Node.pm at C:\strawberry163\perl\site\lib\Module\Runtime.pm line 317
Module::Runtime::require_module('GOBO::Node') called at C:\strawberry163\perl\site\lib\Module\Runtime.pm line 381
eval {...} at C:\strawberry163\perl\site\lib\Module\Runtime.pm line 381
Module::Runtime::use_package_optimistically('GOBO::Node') called at C:\strawberry163\perl\site\lib\Moose\Util.pm line 343
Moose::Util::_load_user_class('GOBO::Node', undef) called at C:\strawberry163\perl\site\lib\Moose\Meta\Class.pm line 561
Moose::Meta::Class::superclasses(undef, 'GOBO::Node') called at C:\strawberry163\perl\site\lib\Moose.pm line 56
Moose::extends('Moose::Meta::Class=HASH(0x132ec24)', 'GOBO::Node') called at C:\strawberry163\perl\site\lib\Moose\Exporter.pm line 405
Moose::extends('GOBO::Node') called at C:\strawberry163\cpan\build\GOBO-0.03-Je5HPd\blib\lib\GOBO\Evidence.pm line 4
require GOBO/Evidence.pm at C:\strawberry163\cpan\build\GOBO-0.03-Je5HPd\blib\lib\GOBO\Annotation.pm line 5
GOBO::Annotation::BEGIN at C:\strawberry163\cpan\build\GOBO-0.03-Je5HPd\blib\lib\GOBO\Synonym.pm line 0
eval {...} at C:\strawberry163\cpan\build\GOBO-0.03-Je5HPd\blib\lib\GOBO\Synonym.pm line 0
require GOBO/Annotation.pm at C:\strawberry163\cpan\build\GOBO-0.03-Je5HPd\blib\lib\GOBO\Graph.pm line 55
GOBO::Graph::BEGIN at C:\strawberry163\cpan\build\GOBO-0.03-Je5HPd\blib\lib\GOBO\Synonym.pm line 0
eval {...} at C:\strawberry163\cpan\build\GOBO-0.03-Je5HPd\blib\lib\GOBO\Synonym.pm line 0
require GOBO/Graph.pm at t\node_removal.t line 8
main::BEGIN at C:\strawberry163\cpan\build\GOBO-0.03-Je5HPd\blib\lib\GOBO\Synonym.pm line 0
eval {...} at C:\strawberry163\cpan\build\GOBO-0.03-Je5HPd\blib\lib\GOBO\Synonym.pm line 0
Compilation failed in require at C:\strawberry163\cpan\build\GOBO-0.03-Je5HPd\blib\lib/GOBO/Labeled.pm line 23.
BEGIN failed--compilation aborted at C:\strawberry163\cpan\build\GOBO-0.03-Je5HPd\blib\lib/GOBO/Labeled.pm line 23.
Compilation failed in require at C:/strawberry163/perl/site/lib/Module/Runtime.pm line 317.
Compilation failed in require at C:/strawberry163/perl/site/lib/Module/Runtime.pm line 317.
Compilation failed in require at C:\strawberry163\cpan\build\GOBO-0.03-Je5HPd\blib\lib/GOBO/Annotation.pm line 5.
BEGIN failed--compilation aborted at C:\strawberry163\cpan\build\GOBO-0.03-Je5HPd\blib\lib/GOBO/Annotation.pm line 5.
Compilation failed in require at C:\strawberry163\cpan\build\GOBO-0.03-Je5HPd\blib\lib/GOBO/Graph.pm line 55.
BEGIN failed--compilation aborted at C:\strawberry163\cpan\build\GOBO-0.03-Je5HPd\blib\lib/GOBO/Graph.pm line 55.
Compilation failed in require at t/node_removal.t line 8.
BEGIN failed--compilation aborted at t/node_removal.t line 8.
t/node_removal.t .............
Dubious, test returned 255 (wstat 65280, 0xff00)
No subtests run
You cannot coerce an attribute (source) unless its type (GOBO::Node) has a coercion at C:\strawberry163\perl\site\lib\Moose\Exception.pm line 37
Moose::Exception::_build_trace('Moose::Exception::CannotCoerceAttributeWhichHasNoCoercion=HASH(0x17d24bc)') called at reader Moose::Exception::trace (defined at C:\strawberry163\perl\site\lib\Moose\Exception.pm line 9) line 7
Moose::Exception::trace('Moose::Exception::CannotCoerceAttributeWhichHasNoCoercion=HASH(0x17d24bc)') called at C:\strawberry163\perl\site\lib\Moose\Exception.pm line 49
Moose::Exception::BUILD('Moose::Exception::CannotCoerceAttributeWhichHasNoCoercion=HASH(0x17d24bc)', 'HASH(0x17bc29c)') called at C:\strawberry163\perl\site\lib\Class\MOP\Method.pm line 128
Class::MOP::Method::execute('Moose::Meta::Method=HASH(0x17dbd64)', 'Moose::Exception::CannotCoerceAttributeWhichHasNoCoercion=HASH(0x17d24bc)', 'HASH(0x17bc29c)') called at C:\strawberry163\perl\site\lib\Moose\Object.pm line 56
Moose::Object::BUILDALL('Moose::Exception::CannotCoerceAttributeWhichHasNoCoercion=HASH(0x17d24bc)', 'HASH(0x17bc29c)') called at C:\strawberry163\perl\site\lib\Moose\Meta\Class.pm line 282
Moose::Meta::Class::new_object('Moose::Meta::Class=HASH(0x17d2b7c)', 'HASH(0x17bc29c)') called at C:\strawberry163\perl\site\lib\Moose\Object.pm line 27
Moose::Object::new('Moose::Exception::CannotCoerceAttributeWhichHasNoCoercion', 'attribute_name', 'source', 'type_name', 'GOBO::Node', 'params', 'HASH(0xf484ac)') called at C:\strawberry163\perl\site\lib\Moose\Util.pm line 51
Moose::Util::throw_exception('CannotCoerceAttributeWhichHasNoCoercion', 'attribute_name', 'source', 'type_name', 'GOBO::Node', 'params', 'HASH(0xf484ac)') called at C:\strawberry163\perl\site\lib\Moose\Meta\Attribute.pm line 393
Moose::Meta::Attribute::_process_coerce_option('Moose::Meta::Attribute', 'source', 'HASH(0xf484ac)') called at C:\strawberry163\perl\site\lib\Moose\Meta\Attribute.pm line 262
Moose::Meta::Attribute::_process_options('Moose::Meta::Attribute', 'source', 'HASH(0xf484ac)') called at C:\strawberry163\perl\site\lib\Moose\Meta\Attribute.pm line 53
Moose::Meta::Attribute::new('Moose::Meta::Attribute', 'source', 'coerce', 1, 'isa', 'GOBO::Node', 'definition_context', 'HASH(0x174c4dc)', 'is', 'rw') called at C:\strawberry163\perl\site\lib\Moose\Meta\Attribute.pm line 101
Moose::Meta::Attribute::interpolate_class_and_new('Moose::Meta::Attribute', 'source', 'coerce', 1, 'isa', 'GOBO::Node', 'definition_context', 'HASH(0x174c4dc)', 'is', 'rw') called at C:\strawberry163\perl\site\lib\Moose\Meta\Role\Attribute.pm line 92
Moose::Meta::Role::Attribute::attribute_for_class('Moose::Meta::Role::Attribute=HASH(0x17cfb34)') called at C:\strawberry163\perl\site\lib\Moose\Meta\Role\Application\ToClass.pm line 130
Moose::Meta::Role::Application::ToClass::apply_attributes('Moose::Meta::Role::Application::ToClass=HASH(0x137118c)', 'Moose::Meta::Role=HASH(0x17bcb1c)', 'Moose::Meta::Class=HASH(0x135f874)') called at C:\strawberry163\perl\site\lib\Moose\Meta\Role\Application.pm line 57
Moose::Meta::Role::Application::apply('Moose::Meta::Role::Application::ToClass=HASH(0x137118c)', 'Moose::Meta::Role=HASH(0x17bcb1c)', 'Moose::Meta::Class=HASH(0x135f874)') called at C:\strawberry163\perl\site\lib\Moose\Meta\Role\Application\ToClass.pm line 35
Moose::Meta::Role::Application::ToClass::apply('Moose::Meta::Role::Application::ToClass=HASH(0x137118c)', 'Moose::Meta::Role=HASH(0x17bcb1c)', 'Moose::Meta::Class=HASH(0x135f874)', 'HASH(0x131600c)') called at C:\strawberry163\perl\site\lib\Moose\Meta\Role.pm line 474
Moose::Meta::Role::apply('Moose::Meta::Role=HASH(0x17bcb1c)', 'Moose::Meta::Class=HASH(0x135f874)') called at C:\strawberry163\perl\site\lib\Moose\Util.pm line 166
Moose::Util::_apply_all_roles('Moose::Meta::Class=HASH(0x135f874)', undef, 'GOBO::Attributed') called at C:\strawberry163\perl\site\lib\Moose\Util.pm line 108
Moose::Util::apply_all_roles('Moose::Meta::Class=HASH(0x135f874)', 'GOBO::Attributed') called at C:\strawberry163\perl\site\lib\Moose.pm line 60
Moose::with('Moose::Meta::Class=HASH(0x135f874)', 'GOBO::Attributed') called at C:\strawberry163\perl\site\lib\Moose\Exporter.pm line 405
Moose::with('GOBO::Attributed') called at C:\strawberry163\cpan\build\GOBO-0.03-Je5HPd\blib\lib\GOBO\Synonym.pm line 17
require GOBO/Synonym.pm at C:\strawberry163\cpan\build\GOBO-0.03-Je5HPd\blib\lib\GOBO\Labeled.pm line 23
GOBO::Labeled::BEGIN at C:\strawberry163\cpan\build\GOBO-0.03-Je5HPd\blib\lib\GOBO\Synonym.pm line 0
eval {...} at C:\strawberry163\cpan\build\GOBO-0.03-Je5HPd\blib\lib\GOBO\Synonym.pm line 0
require GOBO/Labeled.pm at C:\strawberry163\perl\site\lib\Module\Runtime.pm line 317
Module::Runtime::require_module('GOBO::Labeled') called at C:\strawberry163\perl\site\lib\Module\Runtime.pm line 348
Module::Runtime::use_module('GOBO::Labeled') called at C:\strawberry163\perl\site\lib\Moose\Util.pm line 141
Moose::Util::_apply_all_roles('Moose::Meta::Class=HASH(0x12fc18c)', undef, 'GOBO::Labeled') called at C:\strawberry163\perl\site\lib\Moose\Util.pm line 108
Moose::Util::apply_all_roles('Moose::Meta::Class=HASH(0x12fc18c)', 'GOBO::Labeled') called at C:\strawberry163\perl\site\lib\Moose.pm line 60
Moose::with('Moose::Meta::Class=HASH(0x12fc18c)', 'GOBO::Labeled') called at C:\strawberry163\perl\site\lib\Moose\Exporter.pm line 405
Moose::with('GOBO::Labeled') called at C:\strawberry163\cpan\build\GOBO-0.03-Je5HPd\blib\lib\GOBO\Node.pm line 6
require GOBO/Node.pm at C:\strawberry163\perl\site\lib\Module\Runtime.pm line 317
Module::Runtime::require_module('GOBO::Node') called at C:\strawberry163\perl\site\lib\Module\Runtime.pm line 381
eval {...} at C:\strawberry163\perl\site\lib\Module\Runtime.pm line 381
Module::Runtime::use_package_optimistically('GOBO::Node') called at C:\strawberry163\perl\site\lib\Moose\Util.pm line 343
Moose::Util::_load_user_class('GOBO::Node', undef) called at C:\strawberry163\perl\site\lib\Moose\Meta\Class.pm line 561
Moose::Meta::Class::superclasses(undef, 'GOBO::Node') called at C:\strawberry163\perl\site\lib\Moose.pm line 56
Moose::extends('Moose::Meta::Class=HASH(0x12eb514)', 'GOBO::Node') called at C:\strawberry163\perl\site\lib\Moose\Exporter.pm line 405
Moose::extends('GOBO::Node') called at C:\strawberry163\cpan\build\GOBO-0.03-Je5HPd\blib\lib\GOBO\Evidence.pm line 4
require GOBO/Evidence.pm at C:\strawberry163\cpan\build\GOBO-0.03-Je5HPd\blib\lib\GOBO\Annotation.pm line 5
GOBO::Annotation::BEGIN at C:\strawberry163\cpan\build\GOBO-0.03-Je5HPd\blib\lib\GOBO\Synonym.pm line 0
eval {...} at C:\strawberry163\cpan\build\GOBO-0.03-Je5HPd\blib\lib\GOBO\Synonym.pm line 0
require GOBO/Annotation.pm at C:\strawberry163\cpan\build\GOBO-0.03-Je5HPd\blib\lib\GOBO\Graph.pm line 55
GOBO::Graph::BEGIN at C:\strawberry163\cpan\build\GOBO-0.03-Je5HPd\blib\lib\GOBO\Synonym.pm line 0
eval {...} at C:\strawberry163\cpan\build\GOBO-0.03-Je5HPd\blib\lib\GOBO\Synonym.pm line 0
require GOBO/Graph.pm at t\oboparsertest.t line 6
main::BEGIN at C:\strawberry163\cpan\build\GOBO-0.03-Je5HPd\blib\lib\GOBO\Synonym.pm line 0
eval {...} at C:\strawberry163\cpan\build\GOBO-0.03-Je5HPd\blib\lib\GOBO\Synonym.pm line 0
Compilation failed in require at C:\strawberry163\cpan\build\GOBO-0.03-Je5HPd\blib\lib/GOBO/Labeled.pm line 23.
BEGIN failed--compilation aborted at C:\strawberry163\cpan\build\GOBO-0.03-Je5HPd\blib\lib/GOBO/Labeled.pm line 23.
Compilation failed in require at C:/strawberry163/perl/site/lib/Module/Runtime.pm line 317.
Compilation failed in require at C:/strawberry163/perl/site/lib/Module/Runtime.pm line 317.
Compilation failed in require at C:\strawberry163\cpan\build\GOBO-0.03-Je5HPd\blib\lib/GOBO/Annotation.pm line 5.
BEGIN failed--compilation aborted at C:\strawberry163\cpan\build\GOBO-0.03-Je5HPd\blib\lib/GOBO/Annotation.pm line 5.
Compilation failed in require at C:\strawberry163\cpan\build\GOBO-0.03-Je5HPd\blib\lib/GOBO/Graph.pm line 55.
BEGIN failed--compilation aborted at C:\strawberry163\cpan\build\GOBO-0.03-Je5HPd\blib\lib/GOBO/Graph.pm line 55.
Compilation failed in require at t/oboparsertest.t line 6.
BEGIN failed--compilation aborted at t/oboparsertest.t line 6.
t/oboparsertest.t ............
Dubious, test returned 255 (wstat 65280, 0xff00)
No subtests run
Subroutine main::ok redefined at t/parsetest.t line 6.
Prototype mismatch: sub main::ok ($;$$) vs ($;$) at t/parsetest.t line 6.
Subroutine main::skip redefined at t/parsetest.t line 6.
Prototype mismatch: sub main::skip ($;$$$) vs none at t/parsetest.t line 6.
Subroutine main::plan redefined at t/parsetest.t line 6.
You cannot coerce an attribute (source) unless its type (GOBO::Node) has a coercion at C:\strawberry163\perl\site\lib\Moose\Exception.pm line 37
Moose::Exception::_build_trace('Moose::Exception::CannotCoerceAttributeWhichHasNoCoercion=HASH(0x18e0a0c)') called at reader Moose::Exception::trace (defined at C:\strawberry163\perl\site\lib\Moose\Exception.pm line 9) line 7
Moose::Exception::trace('Moose::Exception::CannotCoerceAttributeWhichHasNoCoercion=HASH(0x18e0a0c)') called at C:\strawberry163\perl\site\lib\Moose\Exception.pm line 49
Moose::Exception::BUILD('Moose::Exception::CannotCoerceAttributeWhichHasNoCoercion=HASH(0x18e0a0c)', 'HASH(0x18c96e4)') called at C:\strawberry163\perl\site\lib\Class\MOP\Method.pm line 128
Class::MOP::Method::execute('Moose::Meta::Method=HASH(0x18e923c)', 'Moose::Exception::CannotCoerceAttributeWhichHasNoCoercion=HASH(0x18e0a0c)', 'HASH(0x18c96e4)') called at C:\strawberry163\perl\site\lib\Moose\Object.pm line 56
Moose::Object::BUILDALL('Moose::Exception::CannotCoerceAttributeWhichHasNoCoercion=HASH(0x18e0a0c)', 'HASH(0x18c96e4)') called at C:\strawberry163\perl\site\lib\Moose\Meta\Class.pm line 282
Moose::Meta::Class::new_object('Moose::Meta::Class=HASH(0x18e10cc)', 'HASH(0x18c96e4)') called at C:\strawberry163\perl\site\lib\Moose\Object.pm line 27
Moose::Object::new('Moose::Exception::CannotCoerceAttributeWhichHasNoCoercion', 'attribute_name', 'source', 'type_name', 'GOBO::Node', 'params', 'HASH(0x1035e64)') called at C:\strawberry163\perl\site\lib\Moose\Util.pm line 51
Moose::Util::throw_exception('CannotCoerceAttributeWhichHasNoCoercion', 'attribute_name', 'source', 'type_name', 'GOBO::Node', 'params', 'HASH(0x1035e64)') called at C:\strawberry163\perl\site\lib\Moose\Meta\Attribute.pm line 393
Moose::Meta::Attribute::_process_coerce_option('Moose::Meta::Attribute', 'source', 'HASH(0x1035e64)') called at C:\strawberry163\perl\site\lib\Moose\Meta\Attribute.pm line 262
Moose::Meta::Attribute::_process_options('Moose::Meta::Attribute', 'source', 'HASH(0x1035e64)') called at C:\strawberry163\perl\site\lib\Moose\Meta\Attribute.pm line 53
Moose::Meta::Attribute::new('Moose::Meta::Attribute', 'source', 'coerce', 1, 'isa', 'GOBO::Node', 'definition_context', 'HASH(0x1837c64)', 'is', 'rw') called at C:\strawberry163\perl\site\lib\Moose\Meta\Attribute.pm line 101
Moose::Meta::Attribute::interpolate_class_and_new('Moose::Meta::Attribute', 'source', 'coerce', 1, 'isa', 'GOBO::Node', 'definition_context', 'HASH(0x1837c64)', 'is', 'rw') called at C:\strawberry163\perl\site\lib\Moose\Meta\Role\Attribute.pm line 92
Moose::Meta::Role::Attribute::attribute_for_class('Moose::Meta::Role::Attribute=HASH(0x18dc12c)') called at C:\strawberry163\perl\site\lib\Moose\Meta\Role\Application\ToClass.pm line 130
Moose::Meta::Role::Application::ToClass::apply_attributes('Moose::Meta::Role::Application::ToClass=HASH(0x145e134)', 'Moose::Meta::Role=HASH(0x18c9f64)', 'Moose::Meta::Class=HASH(0x144b9a4)') called at C:\strawberry163\perl\site\lib\Moose\Meta\Role\Application.pm line 57
Moose::Meta::Role::Application::apply('Moose::Meta::Role::Application::ToClass=HASH(0x145e134)', 'Moose::Meta::Role=HASH(0x18c9f64)', 'Moose::Meta::Class=HASH(0x144b9a4)') called at C:\strawberry163\perl\site\lib\Moose\Meta\Role\Application\ToClass.pm line 35
Moose::Meta::Role::Application::ToClass::apply('Moose::Meta::Role::Application::ToClass=HASH(0x145e134)', 'Moose::Meta::Role=HASH(0x18c9f64)', 'Moose::Meta::Class=HASH(0x144b9a4)', 'HASH(0x140325c)') called at C:\strawberry163\perl\site\lib\Moose\Meta\Role.pm line 474
Moose::Meta::Role::apply('Moose::Meta::Role=HASH(0x18c9f64)', 'Moose::Meta::Class=HASH(0x144b9a4)') called at C:\strawberry163\perl\site\lib\Moose\Util.pm line 166
Moose::Util::_apply_all_roles('Moose::Meta::Class=HASH(0x144b9a4)', undef, 'GOBO::Attributed') called at C:\strawberry163\perl\site\lib\Moose\Util.pm line 108
Moose::Util::apply_all_roles('Moose::Meta::Class=HASH(0x144b9a4)', 'GOBO::Attributed') called at C:\strawberry163\perl\site\lib\Moose.pm line 60
Moose::with('Moose::Meta::Class=HASH(0x144b9a4)', 'GOBO::Attributed') called at C:\strawberry163\perl\site\lib\Moose\Exporter.pm line 405
Moose::with('GOBO::Attributed') called at C:\strawberry163\cpan\build\GOBO-0.03-Je5HPd\blib\lib\GOBO\Synonym.pm line 17
require GOBO/Synonym.pm at C:\strawberry163\cpan\build\GOBO-0.03-Je5HPd\blib\lib\GOBO\Labeled.pm line 23
GOBO::Labeled::BEGIN at C:\strawberry163\cpan\build\GOBO-0.03-Je5HPd\blib\lib\GOBO\Synonym.pm line 0
eval {...} at C:\strawberry163\cpan\build\GOBO-0.03-Je5HPd\blib\lib\GOBO\Synonym.pm line 0
require GOBO/Labeled.pm at C:\strawberry163\perl\site\lib\Module\Runtime.pm line 317
Module::Runtime::require_module('GOBO::Labeled') called at C:\strawberry163\perl\site\lib\Module\Runtime.pm line 348
Module::Runtime::use_module('GOBO::Labeled') called at C:\strawberry163\perl\site\lib\Moose\Util.pm line 141
Moose::Util::_apply_all_roles('Moose::Meta::Class=HASH(0x13dfe84)', undef, 'GOBO::Labeled') called at C:\strawberry163\perl\site\lib\Moose\Util.pm line 108
Moose::Util::apply_all_roles('Moose::Meta::Class=HASH(0x13dfe84)', 'GOBO::Labeled') called at C:\strawberry163\perl\site\lib\Moose.pm line 60
Moose::with('Moose::Meta::Class=HASH(0x13dfe84)', 'GOBO::Labeled') called at C:\strawberry163\perl\site\lib\Moose\Exporter.pm line 405
Moose::with('GOBO::Labeled') called at C:\strawberry163\cpan\build\GOBO-0.03-Je5HPd\blib\lib\GOBO\Node.pm line 6
require GOBO/Node.pm at C:\strawberry163\cpan\build\GOBO-0.03-Je5HPd\blib\lib\GOBO\Parsers\GAFParser.pm line 7
GOBO::Parsers::GAFParser::BEGIN at C:\strawberry163\cpan\build\GOBO-0.03-Je5HPd\blib\lib\GOBO\Synonym.pm line 0
eval {...} at C:\strawberry163\cpan\build\GOBO-0.03-Je5HPd\blib\lib\GOBO\Synonym.pm line 0
require GOBO/Parsers/GAFParser.pm at t\parsetest.t line 10
main::BEGIN at C:\strawberry163\cpan\build\GOBO-0.03-Je5HPd\blib\lib\GOBO\Synonym.pm line 0
eval {...} at C:\strawberry163\cpan\build\GOBO-0.03-Je5HPd\blib\lib\GOBO\Synonym.pm line 0
Compilation failed in require at C:\strawberry163\cpan\build\GOBO-0.03-Je5HPd\blib\lib/GOBO/Labeled.pm line 23.
BEGIN failed--compilation aborted at C:\strawberry163\cpan\build\GOBO-0.03-Je5HPd\blib\lib/GOBO/Labeled.pm line 23.
Compilation failed in require at C:/strawberry163/perl/site/lib/Module/Runtime.pm line 317.
Compilation failed in require at C:\strawberry163\cpan\build\GOBO-0.03-Je5HPd\blib\lib/GOBO/Parsers/GAFParser.pm line 7.
BEGIN failed--compilation aborted at C:\strawberry163\cpan\build\GOBO-0.03-Je5HPd\blib\lib/GOBO/Parsers/GAFParser.pm line 7.
Compilation failed in require at t/parsetest.t line 10.
BEGIN failed--compilation aborted at t/parsetest.t line 10.
t/parsetest.t ................
Dubious, test returned 255 (wstat 65280, 0xff00)
No subtests run
You cannot coerce an attribute (source) unless its type (GOBO::Node) has a coercion at C:\strawberry163\perl\site\lib\Moose\Exception.pm line 37
Moose::Exception::_build_trace('Moose::Exception::CannotCoerceAttributeWhichHasNoCoercion=HASH(0x1867e84)') called at reader Moose::Exception::trace (defined at C:\strawberry163\perl\site\lib\Moose\Exception.pm line 9) line 7
Moose::Exception::trace('Moose::Exception::CannotCoerceAttributeWhichHasNoCoercion=HASH(0x1867e84)') called at C:\strawberry163\perl\site\lib\Moose\Exception.pm line 49
Moose::Exception::BUILD('Moose::Exception::CannotCoerceAttributeWhichHasNoCoercion=HASH(0x1867e84)', 'HASH(0x17e0c64)') called at C:\strawberry163\perl\site\lib\Class\MOP\Method.pm line 128
Class::MOP::Method::execute('Moose::Meta::Method=HASH(0x1870424)', 'Moose::Exception::CannotCoerceAttributeWhichHasNoCoercion=HASH(0x1867e84)', 'HASH(0x17e0c64)') called at C:\strawberry163\perl\site\lib\Moose\Object.pm line 56
Moose::Object::BUILDALL('Moose::Exception::CannotCoerceAttributeWhichHasNoCoercion=HASH(0x1867e84)', 'HASH(0x17e0c64)') called at C:\strawberry163\perl\site\lib\Moose\Meta\Class.pm line 282
Moose::Meta::Class::new_object('Moose::Meta::Class=HASH(0x186961c)', 'HASH(0x17e0c64)') called at C:\strawberry163\perl\site\lib\Moose\Object.pm line 27
Moose::Object::new('Moose::Exception::CannotCoerceAttributeWhichHasNoCoercion', 'attribute_name', 'source', 'type_name', 'GOBO::Node', 'params', 'HASH(0xfcd69c)') called at C:\strawberry163\perl\site\lib\Moose\Util.pm line 51
Moose::Util::throw_exception('CannotCoerceAttributeWhichHasNoCoercion', 'attribute_name', 'source', 'type_name', 'GOBO::Node', 'params', 'HASH(0xfcd69c)') called at C:\strawberry163\perl\site\lib\Moose\Meta\Attribute.pm line 393
Moose::Meta::Attribute::_process_coerce_option('Moose::Meta::Attribute', 'source', 'HASH(0xfcd69c)') called at C:\strawberry163\perl\site\lib\Moose\Meta\Attribute.pm line 262
Moose::Meta::Attribute::_process_options('Moose::Meta::Attribute', 'source', 'HASH(0xfcd69c)') called at C:\strawberry163\perl\site\lib\Moose\Meta\Attribute.pm line 53
Moose::Meta::Attribute::new('Moose::Meta::Attribute', 'source', 'coerce', 1, 'isa', 'GOBO::Node', 'definition_context', 'HASH(0x17de95c)', 'is', 'rw') called at C:\strawberry163\perl\site\lib\Moose\Meta\Attribute.pm line 101
Moose::Meta::Attribute::interpolate_class_and_new('Moose::Meta::Attribute', 'source', 'coerce', 1, 'isa', 'GOBO::Node', 'definition_context', 'HASH(0x17de95c)', 'is', 'rw') called at C:\strawberry163\perl\site\lib\Moose\Meta\Role\Attribute.pm line 92
Moose::Meta::Role::Attribute::attribute_for_class('Moose::Meta::Role::Attribute=HASH(0x1412404)') called at C:\strawberry163\perl\site\lib\Moose\Meta\Role\Application\ToClass.pm line 130
Moose::Meta::Role::Application::ToClass::apply_attributes('Moose::Meta::Role::Application::ToClass=HASH(0x1400e14)', 'Moose::Meta::Role=HASH(0x18543b4)', 'Moose::Meta::Class=HASH(0x13fa914)') called at C:\strawberry163\perl\site\lib\Moose\Meta\Role\Application.pm line 57
Moose::Meta::Role::Application::apply('Moose::Meta::Role::Application::ToClass=HASH(0x1400e14)', 'Moose::Meta::Role=HASH(0x18543b4)', 'Moose::Meta::Class=HASH(0x13fa914)') called at C:\strawberry163\perl\site\lib\Moose\Meta\Role\Application\ToClass.pm line 35
Moose::Meta::Role::Application::ToClass::apply('Moose::Meta::Role::Application::ToClass=HASH(0x1400e14)', 'Moose::Meta::Role=HASH(0x18543b4)', 'Moose::Meta::Class=HASH(0x13fa914)', 'HASH(0x13c824c)') called at C:\strawberry163\perl\site\lib\Moose\Meta\Role.pm line 474
Moose::Meta::Role::apply('Moose::Meta::Role=HASH(0x18543b4)', 'Moose::Meta::Class=HASH(0x13fa914)') called at C:\strawberry163\perl\site\lib\Moose\Util.pm line 166
Moose::Util::_apply_all_roles('Moose::Meta::Class=HASH(0x13fa914)', undef, 'GOBO::Attributed') called at C:\strawberry163\perl\site\lib\Moose\Util.pm line 108
Moose::Util::apply_all_roles('Moose::Meta::Class=HASH(0x13fa914)', 'GOBO::Attributed') called at C:\strawberry163\perl\site\lib\Moose.pm line 60
Moose::with('Moose::Meta::Class=HASH(0x13fa914)', 'GOBO::Attributed') called at C:\strawberry163\perl\site\lib\Moose\Exporter.pm line 405
Moose::with('GOBO::Attributed') called at C:\strawberry163\cpan\build\GOBO-0.03-Je5HPd\blib\lib\GOBO\Synonym.pm line 17
require GOBO/Synonym.pm at C:\strawberry163\cpan\build\GOBO-0.03-Je5HPd\blib\lib\GOBO\Labeled.pm line 23
GOBO::Labeled::BEGIN at C:\strawberry163\cpan\build\GOBO-0.03-Je5HPd\blib\lib\GOBO\Synonym.pm line 0
eval {...} at C:\strawberry163\cpan\build\GOBO-0.03-Je5HPd\blib\lib\GOBO\Synonym.pm line 0
require GOBO/Labeled.pm at C:\strawberry163\perl\site\lib\Module\Runtime.pm line 317
Module::Runtime::require_module('GOBO::Labeled') called at C:\strawberry163\perl\site\lib\Module\Runtime.pm line 348
Module::Runtime::use_module('GOBO::Labeled') called at C:\strawberry163\perl\site\lib\Moose\Util.pm line 141
Moose::Util::_apply_all_roles('Moose::Meta::Class=HASH(0x1392d04)', undef, 'GOBO::Labeled') called at C:\strawberry163\perl\site\lib\Moose\Util.pm line 108
Moose::Util::apply_all_roles('Moose::Meta::Class=HASH(0x1392d04)', 'GOBO::Labeled') called at C:\strawberry163\perl\site\lib\Moose.pm line 60
Moose::with('Moose::Meta::Class=HASH(0x1392d04)', 'GOBO::Labeled') called at C:\strawberry163\perl\site\lib\Moose\Exporter.pm line 405
Moose::with('GOBO::Labeled') called at C:\strawberry163\cpan\build\GOBO-0.03-Je5HPd\blib\lib\GOBO\Node.pm line 6
require GOBO/Node.pm at C:\strawberry163\perl\site\lib\Module\Runtime.pm line 317
Module::Runtime::require_module('GOBO::Node') called at C:\strawberry163\perl\site\lib\Module\Runtime.pm line 381
eval {...} at C:\strawberry163\perl\site\lib\Module\Runtime.pm line 381
Module::Runtime::use_package_optimistically('GOBO::Node') called at C:\strawberry163\perl\site\lib\Moose\Util.pm line 343
Moose::Util::_load_user_class('GOBO::Node', undef) called at C:\strawberry163\perl\site\lib\Moose\Meta\Class.pm line 561
Moose::Meta::Class::superclasses(undef, 'GOBO::Node') called at C:\strawberry163\perl\site\lib\Moose.pm line 56
Moose::extends('Moose::Meta::Class=HASH(0x1381144)', 'GOBO::Node') called at C:\strawberry163\perl\site\lib\Moose\Exporter.pm line 405
Moose::extends('GOBO::Node') called at C:\strawberry163\cpan\build\GOBO-0.03-Je5HPd\blib\lib\GOBO\Evidence.pm line 4
require GOBO/Evidence.pm at C:\strawberry163\cpan\build\GOBO-0.03-Je5HPd\blib\lib\GOBO\Annotation.pm line 5
GOBO::Annotation::BEGIN at C:\strawberry163\cpan\build\GOBO-0.03-Je5HPd\blib\lib\GOBO\Synonym.pm line 0
eval {...} at C:\strawberry163\cpan\build\GOBO-0.03-Je5HPd\blib\lib\GOBO\Synonym.pm line 0
require GOBO/Annotation.pm at C:\strawberry163\cpan\build\GOBO-0.03-Je5HPd\blib\lib\GOBO\Graph.pm line 55
GOBO::Graph::BEGIN at C:\strawberry163\cpan\build\GOBO-0.03-Je5HPd\blib\lib\GOBO\Synonym.pm line 0
eval {...} at C:\strawberry163\cpan\build\GOBO-0.03-Je5HPd\blib\lib\GOBO\Synonym.pm line 0
require GOBO/Graph.pm at t\relation_test.t line 3
main::BEGIN at C:\strawberry163\cpan\build\GOBO-0.03-Je5HPd\blib\lib\GOBO\Synonym.pm line 0
eval {...} at C:\strawberry163\cpan\build\GOBO-0.03-Je5HPd\blib\lib\GOBO\Synonym.pm line 0
Compilation failed in require at C:\strawberry163\cpan\build\GOBO-0.03-Je5HPd\blib\lib/GOBO/Labeled.pm line 23.
BEGIN failed--compilation aborted at C:\strawberry163\cpan\build\GOBO-0.03-Je5HPd\blib\lib/GOBO/Labeled.pm line 23.
Compilation failed in require at C:/strawberry163/perl/site/lib/Module/Runtime.pm line 317.
Compilation failed in require at C:/strawberry163/perl/site/lib/Module/Runtime.pm line 317.
Compilation failed in require at C:\strawberry163\cpan\build\GOBO-0.03-Je5HPd\blib\lib/GOBO/Annotation.pm line 5.
BEGIN failed--compilation aborted at C:\strawberry163\cpan\build\GOBO-0.03-Je5HPd\blib\lib/GOBO/Annotation.pm line 5.
Compilation failed in require at C:\strawberry163\cpan\build\GOBO-0.03-Je5HPd\blib\lib/GOBO/Graph.pm line 55.
BEGIN failed--compilation aborted at C:\strawberry163\cpan\build\GOBO-0.03-Je5HPd\blib\lib/GOBO/Graph.pm line 55.
Compilation failed in require at t/relation_test.t line 3.
BEGIN failed--compilation aborted at t/relation_test.t line 3.
t/relation_test.t ............
Dubious, test returned 255 (wstat 65280, 0xff00)
Failed 29/29 subtests
You cannot coerce an attribute (source) unless its type (GOBO::Node) has a coercion at C:\strawberry163\perl\site\lib\Moose\Exception.pm line 37
Moose::Exception::_build_trace('Moose::Exception::CannotCoerceAttributeWhichHasNoCoercion=HASH(0x17d212c)') called at reader Moose::Exception::trace (defined at C:\strawberry163\perl\site\lib\Moose\Exception.pm line 9) line 7
Moose::Exception::trace('Moose::Exception::CannotCoerceAttributeWhichHasNoCoercion=HASH(0x17d212c)') called at C:\strawberry163\perl\site\lib\Moose\Exception.pm line 49
Moose::Exception::BUILD('Moose::Exception::CannotCoerceAttributeWhichHasNoCoercion=HASH(0x17d212c)', 'HASH(0x17bc284)') called at C:\strawberry163\perl\site\lib\Class\MOP\Method.pm line 128
Class::MOP::Method::execute('Moose::Meta::Method=HASH(0x17db9f4)', 'Moose::Exception::CannotCoerceAttributeWhichHasNoCoercion=HASH(0x17d212c)', 'HASH(0x17bc284)') called at C:\strawberry163\perl\site\lib\Moose\Object.pm line 56
Moose::Object::BUILDALL('Moose::Exception::CannotCoerceAttributeWhichHasNoCoercion=HASH(0x17d212c)', 'HASH(0x17bc284)') called at C:\strawberry163\perl\site\lib\Moose\Meta\Class.pm line 282
Moose::Meta::Class::new_object('Moose::Meta::Class=HASH(0x17d27ec)', 'HASH(0x17bc284)') called at C:\strawberry163\perl\site\lib\Moose\Object.pm line 27
Moose::Object::new('Moose::Exception::CannotCoerceAttributeWhichHasNoCoercion', 'attribute_name', 'source', 'type_name', 'GOBO::Node', 'params', 'HASH(0xf4849c)') called at C:\strawberry163\perl\site\lib\Moose\Util.pm line 51
Moose::Util::throw_exception('CannotCoerceAttributeWhichHasNoCoercion', 'attribute_name', 'source', 'type_name', 'GOBO::Node', 'params', 'HASH(0xf4849c)') called at C:\strawberry163\perl\site\lib\Moose\Meta\Attribute.pm line 393
Moose::Meta::Attribute::_process_coerce_option('Moose::Meta::Attribute', 'source', 'HASH(0xf4849c)') called at C:\strawberry163\perl\site\lib\Moose\Meta\Attribute.pm line 262
Moose::Meta::Attribute::_process_options('Moose::Meta::Attribute', 'source', 'HASH(0xf4849c)') called at C:\strawberry163\perl\site\lib\Moose\Meta\Attribute.pm line 53
Moose::Meta::Attribute::new('Moose::Meta::Attribute', 'source', 'coerce', 1, 'isa', 'GOBO::Node', 'definition_context', 'HASH(0x174c294)', 'is', 'rw') called at C:\strawberry163\perl\site\lib\Moose\Meta\Attribute.pm line 101
Moose::Meta::Attribute::interpolate_class_and_new('Moose::Meta::Attribute', 'source', 'coerce', 1, 'isa', 'GOBO::Node', 'definition_context', 'HASH(0x174c294)', 'is', 'rw') called at C:\strawberry163\perl\site\lib\Moose\Meta\Role\Attribute.pm line 92
Moose::Meta::Role::Attribute::attribute_for_class('Moose::Meta::Role::Attribute=HASH(0x17cf7a4)') called at C:\strawberry163\perl\site\lib\Moose\Meta\Role\Application\ToClass.pm line 130
Moose::Meta::Role::Application::ToClass::apply_attributes('Moose::Meta::Role::Application::ToClass=HASH(0x1370174)', 'Moose::Meta::Role=HASH(0x17bcb04)', 'Moose::Meta::Class=HASH(0x135eb54)') called at C:\strawberry163\perl\site\lib\Moose\Meta\Role\Application.pm line 57
Moose::Meta::Role::Application::apply('Moose::Meta::Role::Application::ToClass=HASH(0x1370174)', 'Moose::Meta::Role=HASH(0x17bcb04)', 'Moose::Meta::Class=HASH(0x135eb54)') called at C:\strawberry163\perl\site\lib\Moose\Meta\Role\Application\ToClass.pm line 35
Moose::Meta::Role::Application::ToClass::apply('Moose::Meta::Role::Application::ToClass=HASH(0x1370174)', 'Moose::Meta::Role=HASH(0x17bcb04)', 'Moose::Meta::Class=HASH(0x135eb54)', 'HASH(0x1315e6c)') called at C:\strawberry163\perl\site\lib\Moose\Meta\Role.pm line 474
Moose::Meta::Role::apply('Moose::Meta::Role=HASH(0x17bcb04)', 'Moose::Meta::Class=HASH(0x135eb54)') called at C:\strawberry163\perl\site\lib\Moose\Util.pm line 166
Moose::Util::_apply_all_roles('Moose::Meta::Class=HASH(0x135eb54)', undef, 'GOBO::Attributed') called at C:\strawberry163\perl\site\lib\Moose\Util.pm line 108
Moose::Util::apply_all_roles('Moose::Meta::Class=HASH(0x135eb54)', 'GOBO::Attributed') called at C:\strawberry163\perl\site\lib\Moose.pm line 60
Moose::with('Moose::Meta::Class=HASH(0x135eb54)', 'GOBO::Attributed') called at C:\strawberry163\perl\site\lib\Moose\Exporter.pm line 405
Moose::with('GOBO::Attributed') called at C:\strawberry163\cpan\build\GOBO-0.03-Je5HPd\blib\lib\GOBO\Synonym.pm line 17
require GOBO/Synonym.pm at C:\strawberry163\cpan\build\GOBO-0.03-Je5HPd\blib\lib\GOBO\Labeled.pm line 23
GOBO::Labeled::BEGIN at C:\strawberry163\cpan\build\GOBO-0.03-Je5HPd\blib\lib\GOBO\Synonym.pm line 0
eval {...} at C:\strawberry163\cpan\build\GOBO-0.03-Je5HPd\blib\lib\GOBO\Synonym.pm line 0
require GOBO/Labeled.pm at C:\strawberry163\perl\site\lib\Module\Runtime.pm line 317
Module::Runtime::require_module('GOBO::Labeled') called at C:\strawberry163\perl\site\lib\Module\Runtime.pm line 348
Module::Runtime::use_module('GOBO::Labeled') called at C:\strawberry163\perl\site\lib\Moose\Util.pm line 141
Moose::Util::_apply_all_roles('Moose::Meta::Class=HASH(0x12fb81c)', undef, 'GOBO::Labeled') called at C:\strawberry163\perl\site\lib\Moose\Util.pm line 108
Moose::Util::apply_all_roles('Moose::Meta::Class=HASH(0x12fb81c)', 'GOBO::Labeled') called at C:\strawberry163\perl\site\lib\Moose.pm line 60
Moose::with('Moose::Meta::Class=HASH(0x12fb81c)', 'GOBO::Labeled') called at C:\strawberry163\perl\site\lib\Moose\Exporter.pm line 405
Moose::with('GOBO::Labeled') called at C:\strawberry163\cpan\build\GOBO-0.03-Je5HPd\blib\lib\GOBO\Node.pm line 6
require GOBO/Node.pm at C:\strawberry163\perl\site\lib\Module\Runtime.pm line 317
Module::Runtime::require_module('GOBO::Node') called at C:\strawberry163\perl\site\lib\Module\Runtime.pm line 381
eval {...} at C:\strawberry163\perl\site\lib\Module\Runtime.pm line 381
Module::Runtime::use_package_optimistically('GOBO::Node') called at C:\strawberry163\perl\site\lib\Moose\Util.pm line 343
Moose::Util::_load_user_class('GOBO::Node', undef) called at C:\strawberry163\perl\site\lib\Moose\Meta\Class.pm line 561
Moose::Meta::Class::superclasses(undef, 'GOBO::Node') called at C:\strawberry163\perl\site\lib\Moose.pm line 56
Moose::extends('Moose::Meta::Class=HASH(0x12eb40c)', 'GOBO::Node') called at C:\strawberry163\perl\site\lib\Moose\Exporter.pm line 405
Moose::extends('GOBO::Node') called at C:\strawberry163\cpan\build\GOBO-0.03-Je5HPd\blib\lib\GOBO\Evidence.pm line 4
require GOBO/Evidence.pm at C:\strawberry163\cpan\build\GOBO-0.03-Je5HPd\blib\lib\GOBO\Annotation.pm line 5
GOBO::Annotation::BEGIN at C:\strawberry163\cpan\build\GOBO-0.03-Je5HPd\blib\lib\GOBO\Synonym.pm line 0
eval {...} at C:\strawberry163\cpan\build\GOBO-0.03-Je5HPd\blib\lib\GOBO\Synonym.pm line 0
require GOBO/Annotation.pm at C:\strawberry163\cpan\build\GOBO-0.03-Je5HPd\blib\lib\GOBO\Graph.pm line 55
GOBO::Graph::BEGIN at C:\strawberry163\cpan\build\GOBO-0.03-Je5HPd\blib\lib\GOBO\Synonym.pm line 0
eval {...} at C:\strawberry163\cpan\build\GOBO-0.03-Je5HPd\blib\lib\GOBO\Synonym.pm line 0
require GOBO/Graph.pm at t\roundtrip.t line 6
main::BEGIN at C:\strawberry163\cpan\build\GOBO-0.03-Je5HPd\blib\lib\GOBO\Synonym.pm line 0
eval {...} at C:\strawberry163\cpan\build\GOBO-0.03-Je5HPd\blib\lib\GOBO\Synonym.pm line 0
Compilation failed in require at C:\strawberry163\cpan\build\GOBO-0.03-Je5HPd\blib\lib/GOBO/Labeled.pm line 23.
BEGIN failed--compilation aborted at C:\strawberry163\cpan\build\GOBO-0.03-Je5HPd\blib\lib/GOBO/Labeled.pm line 23.
Compilation failed in require at C:/strawberry163/perl/site/lib/Module/Runtime.pm line 317.
Compilation failed in require at C:/strawberry163/perl/site/lib/Module/Runtime.pm line 317.
Compilation failed in require at C:\strawberry163\cpan\build\GOBO-0.03-Je5HPd\blib\lib/GOBO/Annotation.pm line 5.
BEGIN failed--compilation aborted at C:\strawberry163\cpan\build\GOBO-0.03-Je5HPd\blib\lib/GOBO/Annotation.pm line 5.
Compilation failed in require at C:\strawberry163\cpan\build\GOBO-0.03-Je5HPd\blib\lib/GOBO/Graph.pm line 55.
BEGIN failed--compilation aborted at C:\strawberry163\cpan\build\GOBO-0.03-Je5HPd\blib\lib/GOBO/Graph.pm line 55.
Compilation failed in require at t/roundtrip.t line 6.
BEGIN failed--compilation aborted at t/roundtrip.t line 6.
t/roundtrip.t ................
Dubious, test returned 255 (wstat 65280, 0xff00)
No subtests run
You cannot coerce an attribute (source) unless its type (GOBO::Node) has a coercion at C:\strawberry163\perl\site\lib\Moose\Exception.pm line 37
Moose::Exception::_build_trace('Moose::Exception::CannotCoerceAttributeWhichHasNoCoercion=HASH(0x1843fcc)') called at reader Moose::Exception::trace (defined at C:\strawberry163\perl\site\lib\Moose\Exception.pm line 9) line 7
Moose::Exception::trace('Moose::Exception::CannotCoerceAttributeWhichHasNoCoercion=HASH(0x1843fcc)') called at C:\strawberry163\perl\site\lib\Moose\Exception.pm line 49
Moose::Exception::BUILD('Moose::Exception::CannotCoerceAttributeWhichHasNoCoercion=HASH(0x1843fcc)', 'HASH(0x182d534)') called at C:\strawberry163\perl\site\lib\Class\MOP\Method.pm line 128
Class::MOP::Method::execute('Moose::Meta::Method=HASH(0x184c91c)', 'Moose::Exception::CannotCoerceAttributeWhichHasNoCoercion=HASH(0x1843fcc)', 'HASH(0x182d534)') called at C:\strawberry163\perl\site\lib\Moose\Object.pm line 56
Moose::Object::BUILDALL('Moose::Exception::CannotCoerceAttributeWhichHasNoCoercion=HASH(0x1843fcc)', 'HASH(0x182d534)') called at C:\strawberry163\perl\site\lib\Moose\Meta\Class.pm line 282
Moose::Meta::Class::new_object('Moose::Meta::Class=HASH(0x184468c)', 'HASH(0x182d534)') called at C:\strawberry163\perl\site\lib\Moose\Object.pm line 27
Moose::Object::new('Moose::Exception::CannotCoerceAttributeWhichHasNoCoercion', 'attribute_name', 'source', 'type_name', 'GOBO::Node', 'params', 'HASH(0xfbb4ec)') called at C:\strawberry163\perl\site\lib\Moose\Util.pm line 51
Moose::Util::throw_exception('CannotCoerceAttributeWhichHasNoCoercion', 'attribute_name', 'source', 'type_name', 'GOBO::Node', 'params', 'HASH(0xfbb4ec)') called at C:\strawberry163\perl\site\lib\Moose\Meta\Attribute.pm line 393
Moose::Meta::Attribute::_process_coerce_option('Moose::Meta::Attribute', 'source', 'HASH(0xfbb4ec)') called at C:\strawberry163\perl\site\lib\Moose\Meta\Attribute.pm line 262
Moose::Meta::Attribute::_process_options('Moose::Meta::Attribute', 'source', 'HASH(0xfbb4ec)') called at C:\strawberry163\perl\site\lib\Moose\Meta\Attribute.pm line 53
Moose::Meta::Attribute::new('Moose::Meta::Attribute', 'source', 'coerce', 1, 'isa', 'GOBO::Node', 'definition_context', 'HASH(0x17b5a94)', 'is', 'rw') called at C:\strawberry163\perl\site\lib\Moose\Meta\Attribute.pm line 101
Moose::Meta::Attribute::interpolate_class_and_new('Moose::Meta::Attribute', 'source', 'coerce', 1, 'isa', 'GOBO::Node', 'definition_context', 'HASH(0x17b5a94)', 'is', 'rw') called at C:\strawberry163\perl\site\lib\Moose\Meta\Role\Attribute.pm line 92
Moose::Meta::Role::Attribute::attribute_for_class('Moose::Meta::Role::Attribute=HASH(0x18417bc)') called at C:\strawberry163\perl\site\lib\Moose\Meta\Role\Application\ToClass.pm line 130
Moose::Meta::Role::Application::ToClass::apply_attributes('Moose::Meta::Role::Application::ToClass=HASH(0x13e9714)', 'Moose::Meta::Role=HASH(0x182ddb4)', 'Moose::Meta::Class=HASH(0x13dfecc)') called at C:\strawberry163\perl\site\lib\Moose\Meta\Role\Application.pm line 57
Moose::Meta::Role::Application::apply('Moose::Meta::Role::Application::ToClass=HASH(0x13e9714)', 'Moose::Meta::Role=HASH(0x182ddb4)', 'Moose::Meta::Class=HASH(0x13dfecc)') called at C:\strawberry163\perl\site\lib\Moose\Meta\Role\Application\ToClass.pm line 35
Moose::Meta::Role::Application::ToClass::apply('Moose::Meta::Role::Application::ToClass=HASH(0x13e9714)', 'Moose::Meta::Role=HASH(0x182ddb4)', 'Moose::Meta::Class=HASH(0x13dfecc)', 'HASH(0x13b02cc)') called at C:\strawberry163\perl\site\lib\Moose\Meta\Role.pm line 474
Moose::Meta::Role::apply('Moose::Meta::Role=HASH(0x182ddb4)', 'Moose::Meta::Class=HASH(0x13dfecc)') called at C:\strawberry163\perl\site\lib\Moose\Util.pm line 166
Moose::Util::_apply_all_roles('Moose::Meta::Class=HASH(0x13dfecc)', undef, 'GOBO::Attributed') called at C:\strawberry163\perl\site\lib\Moose\Util.pm line 108
Moose::Util::apply_all_roles('Moose::Meta::Class=HASH(0x13dfecc)', 'GOBO::Attributed') called at C:\strawberry163\perl\site\lib\Moose.pm line 60
Moose::with('Moose::Meta::Class=HASH(0x13dfecc)', 'GOBO::Attributed') called at C:\strawberry163\perl\site\lib\Moose\Exporter.pm line 405
Moose::with('GOBO::Attributed') called at C:\strawberry163\cpan\build\GOBO-0.03-Je5HPd\blib\lib\GOBO\Synonym.pm line 17
require GOBO/Synonym.pm at C:\strawberry163\cpan\build\GOBO-0.03-Je5HPd\blib\lib\GOBO\Labeled.pm line 23
GOBO::Labeled::BEGIN at C:\strawberry163\cpan\build\GOBO-0.03-Je5HPd\blib\lib\GOBO\Synonym.pm line 0
eval {...} at C:\strawberry163\cpan\build\GOBO-0.03-Je5HPd\blib\lib\GOBO\Synonym.pm line 0
require GOBO/Labeled.pm at C:\strawberry163\perl\site\lib\Module\Runtime.pm line 317
Module::Runtime::require_module('GOBO::Labeled') called at C:\strawberry163\perl\site\lib\Module\Runtime.pm line 348
Module::Runtime::use_module('GOBO::Labeled') called at C:\strawberry163\perl\site\lib\Moose\Util.pm line 141
Moose::Util::_apply_all_roles('Moose::Meta::Class=HASH(0x137c1ec)', undef, 'GOBO::Labeled') called at C:\strawberry163\perl\site\lib\Moose\Util.pm line 108
Moose::Util::apply_all_roles('Moose::Meta::Class=HASH(0x137c1ec)', 'GOBO::Labeled') called at C:\strawberry163\perl\site\lib\Moose.pm line 60
Moose::with('Moose::Meta::Class=HASH(0x137c1ec)', 'GOBO::Labeled') called at C:\strawberry163\perl\site\lib\Moose\Exporter.pm line 405
Moose::with('GOBO::Labeled') called at C:\strawberry163\cpan\build\GOBO-0.03-Je5HPd\blib\lib\GOBO\Node.pm line 6
require GOBO/Node.pm at C:\strawberry163\perl\site\lib\Module\Runtime.pm line 317
Module::Runtime::require_module('GOBO::Node') called at C:\strawberry163\perl\site\lib\Module\Runtime.pm line 381
eval {...} at C:\strawberry163\perl\site\lib\Module\Runtime.pm line 381
Module::Runtime::use_package_optimistically('GOBO::Node') called at C:\strawberry163\perl\site\lib\Moose\Util.pm line 343
Moose::Util::_load_user_class('GOBO::Node', undef) called at C:\strawberry163\perl\site\lib\Moose\Meta\Class.pm line 561
Moose::Meta::Class::superclasses(undef, 'GOBO::Node') called at C:\strawberry163\perl\site\lib\Moose.pm line 56
Moose::extends('Moose::Meta::Class=HASH(0x13665fc)', 'GOBO::Node') called at C:\strawberry163\perl\site\lib\Moose\Exporter.pm line 405
Moose::extends('GOBO::Node') called at C:\strawberry163\cpan\build\GOBO-0.03-Je5HPd\blib\lib\GOBO\Evidence.pm line 4
require GOBO/Evidence.pm at C:\strawberry163\cpan\build\GOBO-0.03-Je5HPd\blib\lib\GOBO\Annotation.pm line 5
GOBO::Annotation::BEGIN at C:\strawberry163\cpan\build\GOBO-0.03-Je5HPd\blib\lib\GOBO\Synonym.pm line 0
eval {...} at C:\strawberry163\cpan\build\GOBO-0.03-Je5HPd\blib\lib\GOBO\Synonym.pm line 0
require GOBO/Annotation.pm at C:\strawberry163\cpan\build\GOBO-0.03-Je5HPd\blib\lib\GOBO\Graph.pm line 55
GOBO::Graph::BEGIN at C:\strawberry163\cpan\build\GOBO-0.03-Je5HPd\blib\lib\GOBO\Synonym.pm line 0
eval {...} at C:\strawberry163\cpan\build\GOBO-0.03-Je5HPd\blib\lib\GOBO\Synonym.pm line 0
require GOBO/Graph.pm at C:\strawberry163\cpan\build\GOBO-0.03-Je5HPd\blib\lib\GOBO\Parsers\OBOParser.pm line 7
GOBO::Parsers::OBOParser::BEGIN at C:\strawberry163\cpan\build\GOBO-0.03-Je5HPd\blib\lib\GOBO\Synonym.pm line 0
eval {...} at C:\strawberry163\cpan\build\GOBO-0.03-Je5HPd\blib\lib\GOBO\Synonym.pm line 0
require GOBO/Parsers/OBOParser.pm at t\slimmer_test.t line 9
main::BEGIN at C:\strawberry163\cpan\build\GOBO-0.03-Je5HPd\blib\lib\GOBO\Synonym.pm line 0
eval {...} at C:\strawberry163\cpan\build\GOBO-0.03-Je5HPd\blib\lib\GOBO\Synonym.pm line 0
Compilation failed in require at C:\strawberry163\cpan\build\GOBO-0.03-Je5HPd\blib\lib/GOBO/Labeled.pm line 23.
BEGIN failed--compilation aborted at C:\strawberry163\cpan\build\GOBO-0.03-Je5HPd\blib\lib/GOBO/Labeled.pm line 23.
Compilation failed in require at C:/strawberry163/perl/site/lib/Module/Runtime.pm line 317.
Compilation failed in require at C:/strawberry163/perl/site/lib/Module/Runtime.pm line 317.
Compilation failed in require at C:\strawberry163\cpan\build\GOBO-0.03-Je5HPd\blib\lib/GOBO/Annotation.pm line 5.
BEGIN failed--compilation aborted at C:\strawberry163\cpan\build\GOBO-0.03-Je5HPd\blib\lib/GOBO/Annotation.pm line 5.
Compilation failed in require at C:\strawberry163\cpan\build\GOBO-0.03-Je5HPd\blib\lib/GOBO/Graph.pm line 55.
BEGIN failed--compilation aborted at C:\strawberry163\cpan\build\GOBO-0.03-Je5HPd\blib\lib/GOBO/Graph.pm line 55.
Compilation failed in require at C:\strawberry163\cpan\build\GOBO-0.03-Je5HPd\blib\lib/GOBO/Parsers/OBOParser.pm line 7.
BEGIN failed--compilation aborted at C:\strawberry163\cpan\build\GOBO-0.03-Je5HPd\blib\lib/GOBO/Parsers/OBOParser.pm line 7.
Compilation failed in require at t/slimmer_test.t line 9.
BEGIN failed--compilation aborted at t/slimmer_test.t line 9.
t/slimmer_test.t .............
Dubious, test returned 255 (wstat 65280, 0xff00)
No subtests run
You cannot coerce an attribute (source) unless its type (GOBO::Node) has a coercion at C:\strawberry163\perl\site\lib\Moose\Exception.pm line 37
Moose::Exception::_build_trace('Moose::Exception::CannotCoerceAttributeWhichHasNoCoercion=HASH(0x17d344c)') called at reader Moose::Exception::trace (defined at C:\strawberry163\perl\site\lib\Moose\Exception.pm line 9) line 7
Moose::Exception::trace('Moose::Exception::CannotCoerceAttributeWhichHasNoCoercion=HASH(0x17d344c)') called at C:\strawberry163\perl\site\lib\Moose\Exception.pm line 49
Moose::Exception::BUILD('Moose::Exception::CannotCoerceAttributeWhichHasNoCoercion=HASH(0x17d344c)', 'HASH(0x17bd284)') called at C:\strawberry163\perl\site\lib\Class\MOP\Method.pm line 128
Class::MOP::Method::execute('Moose::Meta::Method=HASH(0x17dccec)', 'Moose::Exception::CannotCoerceAttributeWhichHasNoCoercion=HASH(0x17d344c)', 'HASH(0x17bd284)') called at C:\strawberry163\perl\site\lib\Moose\Object.pm line 56
Moose::Object::BUILDALL('Moose::Exception::CannotCoerceAttributeWhichHasNoCoercion=HASH(0x17d344c)', 'HASH(0x17bd284)') called at C:\strawberry163\perl\site\lib\Moose\Meta\Class.pm line 282
Moose::Meta::Class::new_object('Moose::Meta::Class=HASH(0x17d3b0c)', 'HASH(0x17bd284)') called at C:\strawberry163\perl\site\lib\Moose\Object.pm line 27
Moose::Object::new('Moose::Exception::CannotCoerceAttributeWhichHasNoCoercion', 'attribute_name', 'source', 'type_name', 'GOBO::Node', 'params', 'HASH(0xf484ac)') called at C:\strawberry163\perl\site\lib\Moose\Util.pm line 51
Moose::Util::throw_exception('CannotCoerceAttributeWhichHasNoCoercion', 'attribute_name', 'source', 'type_name', 'GOBO::Node', 'params', 'HASH(0xf484ac)') called at C:\strawberry163\perl\site\lib\Moose\Meta\Attribute.pm line 393
Moose::Meta::Attribute::_process_coerce_option('Moose::Meta::Attribute', 'source', 'HASH(0xf484ac)') called at C:\strawberry163\perl\site\lib\Moose\Meta\Attribute.pm line 262
Moose::Meta::Attribute::_process_options('Moose::Meta::Attribute', 'source', 'HASH(0xf484ac)') called at C:\strawberry163\perl\site\lib\Moose\Meta\Attribute.pm line 53
Moose::Meta::Attribute::new('Moose::Meta::Attribute', 'source', 'coerce', 1, 'isa', 'GOBO::Node', 'definition_context', 'HASH(0x174d604)', 'is', 'rw') called at C:\strawberry163\perl\site\lib\Moose\Meta\Attribute.pm line 101
Moose::Meta::Attribute::interpolate_class_and_new('Moose::Meta::Attribute', 'source', 'coerce', 1, 'isa', 'GOBO::Node', 'definition_context', 'HASH(0x174d604)', 'is', 'rw') called at C:\strawberry163\perl\site\lib\Moose\Meta\Role\Attribute.pm line 92
Moose::Meta::Role::Attribute::attribute_for_class('Moose::Meta::Role::Attribute=HASH(0x17d0adc)') called at C:\strawberry163\perl\site\lib\Moose\Meta\Role\Application\ToClass.pm line 130
Moose::Meta::Role::Application::ToClass::apply_attributes('Moose::Meta::Role::Application::ToClass=HASH(0x137219c)', 'Moose::Meta::Role=HASH(0x17bdb04)', 'Moose::Meta::Class=HASH(0x136077c)') called at C:\strawberry163\perl\site\lib\Moose\Meta\Role\Application.pm line 57
Moose::Meta::Role::Application::apply('Moose::Meta::Role::Application::ToClass=HASH(0x137219c)', 'Moose::Meta::Role=HASH(0x17bdb04)', 'Moose::Meta::Class=HASH(0x136077c)') called at C:\strawberry163\perl\site\lib\Moose\Meta\Role\Application\ToClass.pm line 35
Moose::Meta::Role::Application::ToClass::apply('Moose::Meta::Role::Application::ToClass=HASH(0x137219c)', 'Moose::Meta::Role=HASH(0x17bdb04)', 'Moose::Meta::Class=HASH(0x136077c)', 'HASH(0x1317a6c)') called at C:\strawberry163\perl\site\lib\Moose\Meta\Role.pm line 474
Moose::Meta::Role::apply('Moose::Meta::Role=HASH(0x17bdb04)', 'Moose::Meta::Class=HASH(0x136077c)') called at C:\strawberry163\perl\site\lib\Moose\Util.pm line 166
Moose::Util::_apply_all_roles('Moose::Meta::Class=HASH(0x136077c)', undef, 'GOBO::Attributed') called at C:\strawberry163\perl\site\lib\Moose\Util.pm line 108
Moose::Util::apply_all_roles('Moose::Meta::Class=HASH(0x136077c)', 'GOBO::Attributed') called at C:\strawberry163\perl\site\lib\Moose.pm line 60
Moose::with('Moose::Meta::Class=HASH(0x136077c)', 'GOBO::Attributed') called at C:\strawberry163\perl\site\lib\Moose\Exporter.pm line 405
Moose::with('GOBO::Attributed') called at C:\strawberry163\cpan\build\GOBO-0.03-Je5HPd\blib\lib\GOBO\Synonym.pm line 17
require GOBO/Synonym.pm at C:\strawberry163\cpan\build\GOBO-0.03-Je5HPd\blib\lib\GOBO\Labeled.pm line 23
GOBO::Labeled::BEGIN at C:\strawberry163\cpan\build\GOBO-0.03-Je5HPd\blib\lib\GOBO\Synonym.pm line 0
eval {...} at C:\strawberry163\cpan\build\GOBO-0.03-Je5HPd\blib\lib\GOBO\Synonym.pm line 0
require GOBO/Labeled.pm at C:\strawberry163\perl\site\lib\Module\Runtime.pm line 317
Module::Runtime::require_module('GOBO::Labeled') called at C:\strawberry163\perl\site\lib\Module\Runtime.pm line 348
Module::Runtime::use_module('GOBO::Labeled') called at C:\strawberry163\perl\site\lib\Moose\Util.pm line 141
Moose::Util::_apply_all_roles('Moose::Meta::Class=HASH(0x12fc3fc)', undef, 'GOBO::Labeled') called at C:\strawberry163\perl\site\lib\Moose\Util.pm line 108
Moose::Util::apply_all_roles('Moose::Meta::Class=HASH(0x12fc3fc)', 'GOBO::Labeled') called at C:\strawberry163\perl\site\lib\Moose.pm line 60
Moose::with('Moose::Meta::Class=HASH(0x12fc3fc)', 'GOBO::Labeled') called at C:\strawberry163\perl\site\lib\Moose\Exporter.pm line 405
Moose::with('GOBO::Labeled') called at C:\strawberry163\cpan\build\GOBO-0.03-Je5HPd\blib\lib\GOBO\Node.pm line 6
require GOBO/Node.pm at C:\strawberry163\perl\site\lib\Module\Runtime.pm line 317
Module::Runtime::require_module('GOBO::Node') called at C:\strawberry163\perl\site\lib\Module\Runtime.pm line 381
eval {...} at C:\strawberry163\perl\site\lib\Module\Runtime.pm line 381
Module::Runtime::use_package_optimistically('GOBO::Node') called at C:\strawberry163\perl\site\lib\Moose\Util.pm line 343
Moose::Util::_load_user_class('GOBO::Node', undef) called at C:\strawberry163\perl\site\lib\Moose\Meta\Class.pm line 561
Moose::Meta::Class::superclasses(undef, 'GOBO::Node') called at C:\strawberry163\perl\site\lib\Moose.pm line 56
Moose::extends('Moose::Meta::Class=HASH(0x12ec354)', 'GOBO::Node') called at C:\strawberry163\perl\site\lib\Moose\Exporter.pm line 405
Moose::extends('GOBO::Node') called at C:\strawberry163\cpan\build\GOBO-0.03-Je5HPd\blib\lib\GOBO\Evidence.pm line 4
require GOBO/Evidence.pm at C:\strawberry163\cpan\build\GOBO-0.03-Je5HPd\blib\lib\GOBO\Annotation.pm line 5
GOBO::Annotation::BEGIN at C:\strawberry163\cpan\build\GOBO-0.03-Je5HPd\blib\lib\GOBO\Synonym.pm line 0
eval {...} at C:\strawberry163\cpan\build\GOBO-0.03-Je5HPd\blib\lib\GOBO\Synonym.pm line 0
require GOBO/Annotation.pm at C:\strawberry163\cpan\build\GOBO-0.03-Je5HPd\blib\lib\GOBO\Graph.pm line 55
GOBO::Graph::BEGIN at C:\strawberry163\cpan\build\GOBO-0.03-Je5HPd\blib\lib\GOBO\Synonym.pm line 0
eval {...} at C:\strawberry163\cpan\build\GOBO-0.03-Je5HPd\blib\lib\GOBO\Synonym.pm line 0
require GOBO/Graph.pm at t\union_inference_test.t line 4
main::BEGIN at C:\strawberry163\cpan\build\GOBO-0.03-Je5HPd\blib\lib\GOBO\Synonym.pm line 0
eval {...} at C:\strawberry163\cpan\build\GOBO-0.03-Je5HPd\blib\lib\GOBO\Synonym.pm line 0
Compilation failed in require at C:\strawberry163\cpan\build\GOBO-0.03-Je5HPd\blib\lib/GOBO/Labeled.pm line 23.
BEGIN failed--compilation aborted at C:\strawberry163\cpan\build\GOBO-0.03-Je5HPd\blib\lib/GOBO/Labeled.pm line 23.
Compilation failed in require at C:/strawberry163/perl/site/lib/Module/Runtime.pm line 317.
Compilation failed in require at C:/strawberry163/perl/site/lib/Module/Runtime.pm line 317.
Compilation failed in require at C:\strawberry163\cpan\build\GOBO-0.03-Je5HPd\blib\lib/GOBO/Annotation.pm line 5.
BEGIN failed--compilation aborted at C:\strawberry163\cpan\build\GOBO-0.03-Je5HPd\blib\lib/GOBO/Annotation.pm line 5.
Compilation failed in require at C:\strawberry163\cpan\build\GOBO-0.03-Je5HPd\blib\lib/GOBO/Graph.pm line 55.
BEGIN failed--compilation aborted at C:\strawberry163\cpan\build\GOBO-0.03-Je5HPd\blib\lib/GOBO/Graph.pm line 55.
Compilation failed in require at t/union_inference_test.t line 4.
BEGIN failed--compilation aborted at t/union_inference_test.t line 4.
t/union_inference_test.t .....
Dubious, test returned 255 (wstat 65280, 0xff00)
No subtests run
Test Summary Report
-------------------
t/analysis_test.t (Wstat: 65280 Tests: 0 Failed: 0)
Non-zero exit status: 255
Parse errors: No plan found in TAP output
t/classexpr.t (Wstat: 65280 Tests: 0 Failed: 0)
Non-zero exit status: 255
Parse errors: No plan found in TAP output
t/dbconnect.t (Wstat: 65280 Tests: 0 Failed: 0)
Non-zero exit status: 255
Parse errors: No plan found in TAP output
t/gaf_inference_test.t (Wstat: 65280 Tests: 0 Failed: 0)
Non-zero exit status: 255
Parse errors: No plan found in TAP output
t/gaftest.t (Wstat: 65280 Tests: 0 Failed: 0)
Non-zero exit status: 255
Parse errors: No plan found in TAP output
t/gaftest_chunked.t (Wstat: 65280 Tests: 0 Failed: 0)
Non-zero exit status: 255
Parse errors: No plan found in TAP output
t/gaftest_chunked_gzipped.t (Wstat: 65280 Tests: 0 Failed: 0)
Non-zero exit status: 255
Parse errors: No plan found in TAP output
t/graph_creation.t (Wstat: 65280 Tests: 0 Failed: 0)
Non-zero exit status: 255
Parse errors: No plan found in TAP output
t/inference_engine_test.t (Wstat: 65280 Tests: 0 Failed: 0)
Non-zero exit status: 255
Parse errors: No plan found in TAP output
t/logical_definition_test.t (Wstat: 65280 Tests: 0 Failed: 0)
Non-zero exit status: 255
Parse errors: No plan found in TAP output
t/node_removal.t (Wstat: 65280 Tests: 0 Failed: 0)
Non-zero exit status: 255
Parse errors: No plan found in TAP output
t/oboparsertest.t (Wstat: 65280 Tests: 0 Failed: 0)
Non-zero exit status: 255
Parse errors: No plan found in TAP output
t/parsetest.t (Wstat: 65280 Tests: 0 Failed: 0)
Non-zero exit status: 255
Parse errors: No plan found in TAP output
t/relation_test.t (Wstat: 65280 Tests: 0 Failed: 0)
Non-zero exit status: 255
Parse errors: Bad plan. You planned 29 tests but ran 0.
t/roundtrip.t (Wstat: 65280 Tests: 0 Failed: 0)
Non-zero exit status: 255
Parse errors: No plan found in TAP output
t/slimmer_test.t (Wstat: 65280 Tests: 0 Failed: 0)
Non-zero exit status: 255
Parse errors: No plan found in TAP output
t/union_inference_test.t (Wstat: 65280 Tests: 0 Failed: 0)
Non-zero exit status: 255
Parse errors: No plan found in TAP output
Files=17, Tests=0, 18 wallclock secs ( 0.05 usr + 0.09 sys = 0.14 CPU)
Result: FAIL
Failed 17/17 test programs. 0/0 subtests failed.
dmake.exe: Error code 255, while making 'test_dynamic'
------------------------------
PREREQUISITES
------------------------------
Prerequisite modules loaded:
requires:
Module Need Have
------------------------- ---- ------
DateTime::Format::ISO8601 0 0.08
List::MoreUtils 0 0.33
Moose 0.81 2.1204
Test::Deep 0 0.110
build_requires:
Module Need Have
------------------------- ---- ------
ExtUtils::MakeMaker 0 6.64
configure_requires:
Module Need Have
------------------------- ---- ------
ExtUtils::MakeMaker 0 6.64
------------------------------
ENVIRONMENT AND OTHER CONTEXT
------------------------------
Environment variables:
AUTOMATED_TESTING = 1
COMSPEC = C:\WINDOWS\system32\cmd.exe
NUMBER_OF_PROCESSORS = 1
PATH = C:\Program Files\Far Manager\;C:\WINDOWS\system32;C:\WINDOWS;C:\WINDOWS\System32\Wbem;C:\strawberry163\c\bin;C:\strawberry163\perl\site\bin;C:\strawberry163\perl\bin
PERL5LIB =
PERL5OPT =
PERL5_CPANPLUS_IS_RUNNING = 964
PERL5_CPAN_IS_RUNNING = 964
PERL5_CPAN_IS_RUNNING_IN_RECURSION = 1000,964
PERL_CR_SMOKER_CURRENT = GOBO-0.03
PERL_EXTUTILS_AUTOINSTALL = --defaultdeps
PERL_MM_USE_DEFAULT = 1
PROCESSOR_IDENTIFIER = x86 Family 16 Model 5 Stepping 3, AuthenticAMD
TEMP = C:\DOCUME~1\c\LOCALS~1\Temp
TERM = dumb
Perl special variables (and OS-specific diagnostics, for MSWin32):
$^X = C:\strawberry163\perl\bin\perl.exe
$UID/$EUID = 0 / 0
$GID = 0
$EGID = 0
Win32::GetOSName = WinXP/.Net
Win32::GetOSVersion = Service Pack 3, 5, 1, 2600, 2, 3, 0, 256, 1
Win32::FsType = NTFS
Win32::IsAdminUser = 1
Perl module toolchain versions installed:
Module Have
------------------- --------
CPAN 2.00
CPAN::Meta 2.140640
Cwd 3.40
ExtUtils::CBuilder 0.280206
ExtUtils::Command 1.17
ExtUtils::Install 1.58
ExtUtils::MakeMaker 6.64
ExtUtils::Manifest 1.61
ExtUtils::ParseXS 3.24
File::Spec 3.40
JSON 2.90
JSON::PP 2.27203
Module::Build 0.4205
Module::Signature 0.70
Parse::CPAN::Meta 1.4414
Test::Harness 3.30
Test::More 1.001002
YAML 0.90
YAML::Syck 1.24
version 0.9902
--
Summary of my perl5 (revision 5 version 16 subversion 3) configuration:
Platform:
osname=MSWin32, osvers=4.0, archname=MSWin32-x86-multi-thread
uname='Win32 strawberry-perl 5.16.3.1 #1 Tue Mar 12 13:55:20 2013 i386'
config_args='undef'
hint=recommended, useposix=true, d_sigaction=undef
useithreads=define, usemultiplicity=define
useperlio=define, d_sfio=undef, uselargefiles=define, usesocks=undef
use64bitint=undef, use64bitall=undef, uselongdouble=undef
usemymalloc=n, bincompat5005=undef
Compiler:
cc='gcc', ccflags =' -s -O2 -DWIN32 -DPERL_TEXTMODE_SCRIPTS -DPERL_IMPLICIT_CONTEXT -DPERL_IMPLICIT_SYS -fno-strict-aliasing -mms-bitfields',
optimize='-s -O2',
cppflags='-DWIN32'
ccversion='', gccversion='4.6.3', gccosandvers=''
intsize=4, longsize=4, ptrsize=4, doublesize=8, byteorder=1234
d_longlong=undef, longlongsize=8, d_longdbl=define, longdblsize=12
ivtype='long', ivsize=4, nvtype='double', nvsize=8, Off_t='long long', lseeksize=8
alignbytes=8, prototype=define
Linker and Libraries:
ld='g++', ldflags ='-s -L"C:\strawberry163\perl\lib\CORE" -L"C:\strawberry163\c\lib"'
libpth=C:\strawberry163\c\lib C:\strawberry163\c\i686-w64-mingw32\lib
libs=-lmoldname -lkernel32 -luser32 -lgdi32 -lwinspool -lcomdlg32 -ladvapi32 -lshell32 -lole32 -loleaut32 -lnetapi32 -luuid -lws2_32 -lmpr -lwinmm -lversion -lodbc32 -lodbccp32 -lcomctl32
perllibs=-lmoldname -lkernel32 -luser32 -lgdi32 -lwinspool -lcomdlg32 -ladvapi32 -lshell32 -lole32 -loleaut32 -lnetapi32 -luuid -lws2_32 -lmpr -lwinmm -lversion -lodbc32 -lodbccp32 -lcomctl32
libc=, so=dll, useshrplib=true, libperl=libperl516.a
gnulibc_version=''
Dynamic Linking:
dlsrc=dl_win32.xs, dlext=dll, d_dlsymun=undef, ccdlflags=' '
cccdlflags=' ', lddlflags='-mdll -s -L"C:\strawberry163\perl\lib\CORE" -L"C:\strawberry163\c\lib"'
Characteristics of this binary (from libperl):
Compile-time options: HAS_TIMES HAVE_INTERP_INTERN MULTIPLICITY
PERLIO_LAYERS PERL_DONT_CREATE_GVSV
PERL_IMPLICIT_CONTEXT PERL_IMPLICIT_SYS
PERL_MALLOC_WRAP PERL_PRESERVE_IVUV PL_OP_SLAB_ALLOC
USE_ITHREADS USE_LARGE_FILES USE_LOCALE
USE_LOCALE_COLLATE USE_LOCALE_CTYPE
USE_LOCALE_NUMERIC USE_PERLIO USE_PERL_ATOF
Built under MSWin32
Compiled at Mar 12 2013 14:01:07
%ENV:
PERL5_CPANPLUS_IS_RUNNING="964"
PERL5_CPAN_IS_RUNNING="964"
PERL5_CPAN_IS_RUNNING_IN_RECURSION="1000,964"
PERL_CR_SMOKER_CURRENT="GOBO-0.03"
PERL_EXTUTILS_AUTOINSTALL="--defaultdeps"
PERL_MM_USE_DEFAULT="1"
@INC:
C:/strawberry163/perl/site/lib
C:/strawberry163/perl/vendor/lib
C:/strawberry163/perl/lib
.