CGI-Cache v1.4209 Perl 5 v5.8.9 x86_64-linux

Status
Fail
From
Slaven Rezić (SREZIC)
Dist
CGI-Cache v1.4209
Platform
Perl 5 v5.8.9 x86_64-linux
Date
2018-07-07 06:09:03
ID
3f529d22-81ac-11e8-ab91-fd87d1c819e4
This distribution has been tested as part of the CPAN Testers
project, supporting the Perl programming language.  See
http://wiki.cpantesters.org/ for more information or email
questions to cpan-testers-discuss@perl.org


--
Dear David Coppit,

This is a computer-generated report for CGI-Cache-1.4209
on perl 5.8.9, created by CPAN-Reporter-1.2018.

Thank you for uploading your work to CPAN.  However, there was a problem
testing your distribution.

If you think this report is invalid, please consult the CPAN Testers Wiki
for suggestions on how to avoid getting FAIL reports for missing library
or binary dependencies, unsupported operating systems, and so on:

http://wiki.cpantesters.org/wiki/CPANAuthorNotes

Sections of this report:

    * Tester comments
    * Program output
    * Prerequisites
    * Environment and other context

------------------------------
TESTER COMMENTS
------------------------------

Additional comments from tester:

none provided

------------------------------
PROGRAM OUTPUT
------------------------------

Output from '/usr/bin/make test':

PERL_DL_NONLAZY=1 "/bbbike/perl-5.8.9/bin/perl" "-MExtUtils::Command::MM" "-MTest::Harness" "-e" "undef *Test::Harness::Switches; test_harness(0, 'inc', 'blib/lib', 'blib/arch')" t/*.t
t/000_standard__compile.t ....... ok
t/000_standard__perl_critic.t ... skipped: Author test. Set $ENV{TEST_AUTHOR} to a true value to run.
t/000_standard__pod.t ........... ok
t/000_standard__pod_coverage.t .. ok
t/basic.t ....................... ok
Subroutine File::Slurp::O_CREAT redefined at /opt/perl-5.8.9/lib/site_perl/5.8.9/File/Slurp.pm line 84.
Subroutine File::Slurp::O_EXCL redefined at /opt/perl-5.8.9/lib/site_perl/5.8.9/File/Slurp.pm line 85.
t/buffer.t ...................... ok
Subroutine File::Slurp::O_CREAT redefined at /opt/perl-5.8.9/lib/site_perl/5.8.9/File/Slurp.pm line 84.
Subroutine File::Slurp::O_EXCL redefined at /opt/perl-5.8.9/lib/site_perl/5.8.9/File/Slurp.pm line 85.
t/cgi_carp.t .................... ok
Subroutine File::Slurp::O_CREAT redefined at /opt/perl-5.8.9/lib/site_perl/5.8.9/File/Slurp.pm line 84.
Subroutine File::Slurp::O_EXCL redefined at /opt/perl-5.8.9/lib/site_perl/5.8.9/File/Slurp.pm line 85.
t/disabled_ouput.t .............. ok
Subroutine File::Slurp::O_CREAT redefined at /opt/perl-5.8.9/lib/site_perl/5.8.9/File/Slurp.pm line 84.
Subroutine File::Slurp::O_EXCL redefined at /opt/perl-5.8.9/lib/site_perl/5.8.9/File/Slurp.pm line 85.
t/invalidate_cache_entry.t ...... ok
Subroutine File::Slurp::O_CREAT redefined at /opt/perl-5.8.9/lib/site_perl/5.8.9/File/Slurp.pm line 84.
Subroutine File::Slurp::O_EXCL redefined at /opt/perl-5.8.9/lib/site_perl/5.8.9/File/Slurp.pm line 85.
t/non-caching.t ................. ok
Subroutine File::Slurp::O_CREAT redefined at /opt/perl-5.8.9/lib/site_perl/5.8.9/File/Slurp.pm line 84.
Subroutine File::Slurp::O_EXCL redefined at /opt/perl-5.8.9/lib/site_perl/5.8.9/File/Slurp.pm line 85.
t/pause_continue.t .............. ok
Subroutine File::Slurp::O_CREAT redefined at /opt/perl-5.8.9/lib/site_perl/5.8.9/File/Slurp.pm line 84.
Subroutine File::Slurp::O_EXCL redefined at /opt/perl-5.8.9/lib/site_perl/5.8.9/File/Slurp.pm line 85.
t/stop.t ........................ ok
Subroutine File::Slurp::O_CREAT redefined at /opt/perl-5.8.9/lib/site_perl/5.8.9/File/Slurp.pm line 84.
Subroutine File::Slurp::O_EXCL redefined at /opt/perl-5.8.9/lib/site_perl/5.8.9/File/Slurp.pm line 85.

#   Failed test 'Output to non-STDOUT filehandle: Computing the right errors'
#   at t/user_specified_filehandle.t line 79.
#          got: 'Subroutine File::Slurp::O_CREAT redefined at /opt/perl-5.8.9/lib/site_perl/5.8.9/File/Slurp.pm line 84.
# Subroutine File::Slurp::O_EXCL redefined at /opt/perl-5.8.9/lib/site_perl/5.8.9/File/Slurp.pm line 85.
# '
#     expected: ''

#   Failed test 'Monitor non-STDOUT filehandle: Computing the right errors'
#   at t/user_specified_filehandle.t line 124.
#          got: 'Subroutine File::Slurp::O_CREAT redefined at /opt/perl-5.8.9/lib/site_perl/5.8.9/File/Slurp.pm line 84.
# Subroutine File::Slurp::O_EXCL redefined at /opt/perl-5.8.9/lib/site_perl/5.8.9/File/Slurp.pm line 85.
# '
#     expected: ''
# Looks like you failed 2 tests of 6.
t/user_specified_filehandle.t ... 
Dubious, test returned 2 (wstat 512, 0x200)
Failed 2/6 subtests 

Test Summary Report
-------------------
t/user_specified_filehandle.t (Wstat: 512 Tests: 6 Failed: 2)
  Failed tests:  2, 5
  Non-zero exit status: 2
Files=13, Tests=69,  6 wallclock secs ( 0.03 usr  0.05 sys +  1.05 cusr  0.44 csys =  1.57 CPU)
Result: FAIL
Failed 1/13 test programs. 2/69 subtests failed.
Makefile:781: recipe for target 'test_dynamic' failed
make: *** [test_dynamic] Error 2

------------------------------
PREREQUISITES
------------------------------

Prerequisite modules loaded:

requires:

    Module              Need  Have    
    ------------------- ----- --------
    Cache::Cache        0     1.08    
    File::Path          0     2.15    
    File::Spec          0     3.74    
    perl                5.005 5.008009
    Storable            0     2.51    
    Tie::Restore        0     0.11    

build_requires:

    Module              Need  Have    
    ------------------- ----- --------
    Error               0     0.17025 
    ExtUtils::MakeMaker 6.36  7.34    
    File::Slurp         0     9999.19 
    Test::Compile       0     v1.3.0  
    Test::More          0     1.302136
    UNIVERSAL::require  0     0.18    
    URI::Escape         0     3.31    

configure_requires:

    Module              Need  Have    
    ------------------- ----- --------
    ExtUtils::MakeMaker 6.36  7.34    
    URI::Escape         0     3.31    


------------------------------
ENVIRONMENT AND OTHER CONTEXT
------------------------------

Environment variables:

    LANG = C
    LC_ALL = de_DE.UTF-8
    PATH = /usr/local/bin:/usr/bin:/bin:/usr/local/sbin:/usr/sbin:/sbin:/home/cpansand/bin/linux-gnu:/home/cpansand/bin/sh:/home/cpansand/bin:/usr/games:/home/cpansand/devel:/home/eserte/src/srezic-misc/scripts
    PERL5LIB = /home/cpansand/.cpan/build/2018070703/Tie-Restore-0.11-17/blib/arch:/home/cpansand/.cpan/build/2018070703/Tie-Restore-0.11-17/blib/lib:/home/cpansand/.cpan/build/2018070703/Benchmark-Timer-0.7110-18/blib/arch:/home/cpansand/.cpan/build/2018070703/Benchmark-Timer-0.7110-18/blib/lib
    PERL5OPT = 
    PERL5_CPANPLUS_IS_RUNNING = 15323
    PERL5_CPAN_IS_RUNNING = 15323
    PERL5_CPAN_IS_RUNNING_IN_RECURSION = 14675,15323
    PERLDOC = -MPod::Perldoc::ToTextOverstrike
    PERL_BATCH = yes
    PERL_CANARY_STABILITY_NOPROMPT = 1
    PERL_CPAN_REPORTER_CONFIG = /var/tmp/cpansmoker-1023/2018070703/cpanreporter_000_config.ini
    PERL_EXTUTILS_AUTOINSTALL = --defaultdeps
    PERL_PARALLEL_SMOKER = yes
    PERL_USE_UNSAFE_INC = 1
    SHELL = /bin/zsh
    TERM = screen
    TMPDIR = /var/tmp/cpansmoker-1023/2018070703

Perl special variables (and OS-specific diagnostics, for MSWin32):

    $^X = /bbbike/perl-5.8.9/bin/perl
    $UID/$EUID = 1023 / 1023
    $GID = 1023 1023
    $EGID = 1023 1023

Perl module toolchain versions installed:

    Module              Have    
    ------------------- --------
    CPAN                2.16    
    CPAN::Meta          2.150010
    Cwd                 3.74    
    ExtUtils::CBuilder  0.280230
    ExtUtils::Command   7.34    
    ExtUtils::Install   2.12    
    ExtUtils::MakeMaker 7.34    
    ExtUtils::Manifest  1.71    
    ExtUtils::ParseXS   3.30    
    File::Spec          3.74    
    JSON                2.97001 
    JSON::PP            2.27400 
    Module::Build       0.4224  
    Module::Signature   0.81    
    Parse::CPAN::Meta   2.150010
    Test::Harness       3.42    
    Test::More          1.302136
    YAML                1.24    
    YAML::Syck          1.30    
    version             0.9916  


--

Summary of my perl5 (revision 5 version 8 subversion 9) configuration:
  Platform:
    osname=linux, osvers=3.16.0-4-amd64, archname=x86_64-linux
    uname='linux eserte 3.16.0-4-amd64 #1 smp debian 3.16.7-ckt25-2 (2016-04-08) x86_64 gnulinux '
    config_args='-ds -e -Dprefix=/opt/perl-5.8.9 -Dcf_email=srezic@cpan.org'
    hint=recommended, useposix=true, d_sigaction=define
    usethreads=undef use5005threads=undef useithreads=undef usemultiplicity=undef
    useperlio=define d_sfio=undef uselargefiles=define usesocks=undef
    use64bitint=define use64bitall=define uselongdouble=undef
    usemymalloc=n, bincompat5005=undef
  Compiler:
    cc='cc', ccflags ='-fno-strict-aliasing -pipe -I/usr/local/include -D_LARGEFILE_SOURCE -D_FILE_OFFSET_BITS=64',
    optimize='-O2',
    cppflags='-fno-strict-aliasing -pipe -I/usr/local/include'
    ccversion='', gccversion='4.9.2', gccosandvers=''
    intsize=4, longsize=8, ptrsize=8, doublesize=8, byteorder=12345678
    d_longlong=define, longlongsize=8, d_longdbl=define, longdblsize=16
    ivtype='long', ivsize=8, nvtype='double', nvsize=8, Off_t='off_t', lseeksize=8
    alignbytes=8, prototype=define
  Linker and Libraries:
    ld='cc', ldflags =' -L/usr/local/lib'
    libpth=/usr/local/lib /lib/x86_64-linux-gnu /lib/../lib /usr/lib/x86_64-linux-gnu /usr/lib/../lib /lib /usr/lib
    libs=-lnsl -ldl -lm -lcrypt -lutil -lc
    perllibs=-lnsl -ldl -lm -lcrypt -lutil -lc
    libc=libc-2.19.so, so=so, useshrplib=false, libperl=libperl.a
    gnulibc_version='2.19'
  Dynamic Linking:
    dlsrc=dl_dlopen.xs, dlext=so, d_dlsymun=undef, ccdlflags='-Wl,-E'
    cccdlflags='-fPIC', lddlflags='-shared -O2 -L/usr/local/lib'


Characteristics of this binary (from libperl): 
  Compile-time options: PERL_MALLOC_WRAP USE_64_BIT_ALL USE_64_BIT_INT
                        USE_FAST_STDIO USE_LARGE_FILES USE_PERLIO
  Locally applied patches:
	Devel::PatchPerl 1.42
  Built under linux
  Compiled at May  7 2016 09:05:30
  %ENV:
    PERL5LIB="/home/cpansand/.cpan/build/2018070703/Tie-Restore-0.11-17/blib/arch:/home/cpansand/.cpan/build/2018070703/Tie-Restore-0.11-17/blib/lib:/home/cpansand/.cpan/build/2018070703/Benchmark-Timer-0.7110-18/blib/arch:/home/cpansand/.cpan/build/2018070703/Benchmark-Timer-0.7110-18/blib/lib"
    PERL5OPT=""
    PERL5_CPANPLUS_IS_RUNNING="15323"
    PERL5_CPAN_IS_RUNNING="15323"
    PERL5_CPAN_IS_RUNNING_IN_RECURSION="14675,15323"
    PERLDOC="-MPod::Perldoc::ToTextOverstrike"
    PERL_BATCH="yes"
    PERL_CANARY_STABILITY_NOPROMPT="1"
    PERL_CPAN_REPORTER_CONFIG="/var/tmp/cpansmoker-1023/2018070703/cpanreporter_000_config.ini"
    PERL_EXTUTILS_AUTOINSTALL="--defaultdeps"
    PERL_PARALLEL_SMOKER="yes"
    PERL_USE_UNSAFE_INC="1"
  @INC:
    /home/cpansand/.cpan/build/2018070703/Tie-Restore-0.11-17/blib/arch
    /home/cpansand/.cpan/build/2018070703/Tie-Restore-0.11-17/blib/lib
    /home/cpansand/.cpan/build/2018070703/Benchmark-Timer-0.7110-18/blib/arch
    /home/cpansand/.cpan/build/2018070703/Benchmark-Timer-0.7110-18/blib/lib
    /opt/perl-5.8.9/lib/5.8.9/x86_64-linux
    /opt/perl-5.8.9/lib/5.8.9
    /opt/perl-5.8.9/lib/site_perl/5.8.9/x86_64-linux
    /opt/perl-5.8.9/lib/site_perl/5.8.9
    .