Report for FuzzyRecongiser-0.01

Back
From: metabase:user:e3434da8-b236-11df-85ca-0247c6d74bde
Subject: FAIL FuzzyRecongiser-0.01 v5.15.1 GNU/Linux
Date: 2011-09-09T21:25:31Z

This distribution has been tested as part of the CPAN Testers
project, supporting the Perl programming language.  See
http://wiki.cpantesters.org/ for more information or email
questions to cpan-testers-discuss@perl.org


--
Dear Emma Hastings,

This is a computer-generated report for FuzzyRecongiser-0.01
on perl 5.15.1, created by CPAN-Reporter-1.1902.

Thank you for uploading your work to CPAN.  However, there was a problem
testing your distribution.

If you think this report is invalid, please consult the CPAN Testers Wiki
for suggestions on how to avoid getting FAIL reports for missing library
or binary dependencies, unsupported operating systems, and so on:

http://wiki.cpantesters.org/wiki/CPANAuthorNotes

Sections of this report:

    * Tester comments
    * Program output
    * Prerequisites
    * Environment and other context

------------------------------
TESTER COMMENTS
------------------------------

Additional comments from tester:

this report is from an automated smoke testing program
and was not reviewed by a human for accuracy

------------------------------
PROGRAM OUTPUT
------------------------------

Output from './Build test':


#   Failed test 'use EBI::FGPT::FuzzyRecogniser;'
#   at t/00-load.t line 13.
#     Tried to use 'EBI::FGPT::FuzzyRecogniser'.
#     Error:  Can't locate GO/Parser.pm in @INC (@INC contains: C:\strawberry\perl\site\lib C:/Users/emma.EBI/Fuzzy/cpan-distribution/FuzzyRecogniser/lib /ebi/microarray/ma-subs/AE/subs/PERL_SCRIPTS/local/lib/perl5/ /ebi/microarray/ma-subs/AE/subs/PERL_SCRIPTS/local/lib64/perl5/ /ebi/microarray/ma-subs/AE/subs/PERL_SCRIPTS/local/lib/perl5/site_perl/ /ebi/microarray/ma-subs/AE/subs/PERL_SCRIPTS/local/lib64/perl5/site_perl/ /home/perl5151/.cpan/build/FuzzyRecongiser-0.01-dmFpni/blib/lib /home/perl5151/.cpan/build/FuzzyRecongiser-0.01-dmFpni/blib/arch /home/perl5151/.cpan/build/Log-Log4perl-1.33-MW1U3z/blib/arch /home/perl5151/.cpan/build/Log-Log4perl-1.33-MW1U3z/blib/lib /home/perl5151/testing/lib/site_perl/5.15.1/x86_64-linux-thread-multi /home/perl5151/testing/lib/site_perl/5.15.1 /home/perl5151/testing/lib/5.15.1/x86_64-linux-thread-multi /home/perl5151/testing/lib/5.15.1 .) at /home/perl5151/.cpan/build/FuzzyRecongiser-0.01-dmFpni/blib/lib/EBI/FGPT/FuzzyRecogniser.pm line 86.
# BEGIN failed--compilation aborted at /home/perl5151/.cpan/build/FuzzyRecongiser-0.01-dmFpni/blib/lib/EBI/FGPT/FuzzyRecogniser.pm line 86.
# Compilation failed in require at (eval 4) line 2.
# BEGIN failed--compilation aborted at (eval 4) line 2.
Use of uninitialized value $EBI::FGPT::FuzzyRecogniser::VERSION in concatenation (.) or string at t/00-load.t line 16.
# Testing EBI::FGPT::FuzzyRecogniser , Perl 5.015001, /home/perl5151/testing/bin/perl5.15.1
# Looks like you failed 1 test of 1.
t/00-load.t ........ 
Dubious, test returned 1 (wstat 256, 0x100)
Failed 1/1 subtests 
Can't locate GO/Parser.pm in @INC (@INC contains: C:\strawberry\perl\site\lib C:/Users/emma.EBI/Fuzzy/cpan-distribution/FuzzyRecogniser/lib /ebi/microarray/ma-subs/AE/subs/PERL_SCRIPTS/local/lib/perl5/ /ebi/microarray/ma-subs/AE/subs/PERL_SCRIPTS/local/lib64/perl5/ /ebi/microarray/ma-subs/AE/subs/PERL_SCRIPTS/local/lib/perl5/site_perl/ /ebi/microarray/ma-subs/AE/subs/PERL_SCRIPTS/local/lib64/perl5/site_perl/ /home/perl5151/.cpan/build/FuzzyRecongiser-0.01-dmFpni/blib/lib /home/perl5151/.cpan/build/FuzzyRecongiser-0.01-dmFpni/blib/arch /home/perl5151/.cpan/build/Log-Log4perl-1.33-MW1U3z/blib/arch /home/perl5151/.cpan/build/Log-Log4perl-1.33-MW1U3z/blib/lib /home/perl5151/testing/lib/site_perl/5.15.1/x86_64-linux-thread-multi /home/perl5151/testing/lib/site_perl/5.15.1 /home/perl5151/testing/lib/5.15.1/x86_64-linux-thread-multi /home/perl5151/testing/lib/5.15.1 .) at /home/perl5151/.cpan/build/FuzzyRecongiser-0.01-dmFpni/blib/lib/EBI/FGPT/FuzzyRecogniser.pm line 86.
BEGIN failed--compilation aborted at /home/perl5151/.cpan/build/FuzzyRecongiser-0.01-dmFpni/blib/lib/EBI/FGPT/FuzzyRecogniser.pm line 86.
Compilation failed in require at t/01-testobject.t line 13.
BEGIN failed--compilation aborted at t/01-testobject.t line 13.
# Looks like your test exited with 2 before it could output anything.
t/01-testobject.t .. 
Dubious, test returned 2 (wstat 512, 0x200)
Failed 2/2 subtests 
t/boilerplate.t .... ok
You tried to plan twice at t/pod-coverage.t line 27.
# Looks like your test exited with 255 before it could output anything.
t/pod-coverage.t ... 
Dubious, test returned 255 (wstat 65280, 0xff00)
Failed 1/1 subtests 
You tried to plan twice at t/pod.t line 20.
# Looks like your test exited with 25 before it could output anything.
t/pod.t ............ 
Dubious, test returned 25 (wstat 6400, 0x1900)
Failed 1/1 subtests 

Test Summary Report
-------------------
t/00-load.t      (Wstat: 256 Tests: 1 Failed: 1)
  Failed test:  1
  Non-zero exit status: 1
t/01-testobject.t (Wstat: 512 Tests: 0 Failed: 0)
  Non-zero exit status: 2
  Parse errors: Bad plan.  You planned 2 tests but ran 0.
t/boilerplate.t  (Wstat: 0 Tests: 3 Failed: 0)
  TODO passed:   3
t/pod-coverage.t (Wstat: 65280 Tests: 0 Failed: 0)
  Non-zero exit status: 255
  Parse errors: Bad plan.  You planned 1 tests but ran 0.
t/pod.t          (Wstat: 6400 Tests: 0 Failed: 0)
  Non-zero exit status: 25
  Parse errors: Bad plan.  You planned 1 tests but ran 0.
Files=5, Tests=4,  1 wallclock secs ( 0.03 usr  0.02 sys +  0.57 cusr  0.08 csys =  0.70 CPU)
Result: FAIL
Failed 4/5 test programs. 1/4 subtests failed.

------------------------------
PREREQUISITES
------------------------------

Prerequisite modules loaded:

requires:

    Module        Need Have  
    ------------- ---- ------
    List::Util    0    1.23  
    Log::Log4perl 0    1.33  
    Moose         0.89 2.0200
    XML::Parser   2.34 2.41  

build_requires:

    Module        Need Have  
    ------------- ---- ------
    File::Temp    0    0.22  
    Test::More    0    0.98  

configure_requires:

    Module        Need Have  
    ------------- ---- ------
    Module::Build 0.38 0.3800


------------------------------
ENVIRONMENT AND OTHER CONTEXT
------------------------------

Environment variables:

    AUTOMATED_TESTING = 1
    LANG = en_US.UTF-8
    LC_COLLATE = C
    LC_MONETARY = nl_NL.utf8
    PATH = /home/tester/perl5/perlbrew/bin:/home/tester/perl5/perlbrew/perls/perl-5.15.1/bin:/usr/lib64/qt-3.3/bin:/usr/lib64/ccache:/usr/local/bin:/bin:/usr/bin:/usr/local/sbin:/usr/sbin:/sbin:/home/tester/bin:/home/tester/bin
    PATH_WITHOUT_PERLBREW = /usr/lib64/qt-3.3/bin:/usr/lib64/ccache:/usr/local/bin:/bin:/usr/bin:/usr/local/sbin:/usr/sbin:/sbin:/home/tester/bin
    PERL5LIB = /home/perl5151/.cpan/build/Log-Log4perl-1.33-MW1U3z/blib/arch:/home/perl5151/.cpan/build/Log-Log4perl-1.33-MW1U3z/blib/lib
    PERL5OPT = 
    PERL5_CPANPLUS_IS_RUNNING = 31344
    PERL5_CPAN_IS_RUNNING = 31344
    PERL5_CPAN_IS_RUNNING_IN_RECURSION = 15130,31344
    PERLBREW_PATH = /home/tester/perl5/perlbrew/bin:/home/tester/perl5/perlbrew/perls/perl-5.15.1/bin
    PERLBREW_PERL = perl-5.15.1
    PERLBREW_ROOT = /home/tester/perl5/perlbrew
    PERLBREW_VERSION = 0.15
    PERL_CR_SMOKER_CURRENT = FuzzyRecongiser-0.01
    PERL_EXTUTILS_AUTOINSTALL = --defaultdeps
    PERL_MM_USE_DEFAULT = 1
    SHELL = /bin/bash
    TERM = screen

Perl special variables (and OS-specific diagnostics, for MSWin32):

    $^X = /home/perl5151/testing/bin/perl5.15.1
    $UID/$EUID = 511 / 511
    $GID = 511 511
    $EGID = 511 511

Perl module toolchain versions installed:

    Module              Have    
    ------------------- --------
    CPAN                1.9600  
    Cwd                 3.37    
    ExtUtils::CBuilder  0.280204
    ExtUtils::Command   1.17    
    ExtUtils::Install   1.56    
    ExtUtils::MakeMaker 6.58    
    ExtUtils::Manifest  1.58    
    ExtUtils::ParseXS   3.00_01 
    File::Spec          3.33    
    Module::Build       0.3800  
    Module::Signature   n/a     
    Test::Harness       3.23    
    Test::More          0.98    
    YAML                n/a     
    YAML::Syck          n/a     
    version             0.93    


--

Summary of my perl5 (revision 5 version 15 subversion 1) configuration:
   
  Platform:
    osname=linux, osvers=2.6.38.8-35.fc15.x86_64, archname=x86_64-linux-thread-multi
    uname='linux firenze.fritz.box 2.6.38.8-35.fc15.x86_64 #1 smp wed jul 6 13:58:54 utc 2011 x86_64 x86_64 x86_64 gnulinux '
    config_args='-Dprefix=/home/perl5151/testing -Dusethreads -Dusedevel -des'
    hint=recommended, useposix=true, d_sigaction=define
    useithreads=define, usemultiplicity=define
    useperlio=define, d_sfio=undef, uselargefiles=define, usesocks=undef
    use64bitint=define, use64bitall=define, uselongdouble=undef
    usemymalloc=n, bincompat5005=undef
  Compiler:
    cc='cc', ccflags ='-D_REENTRANT -D_GNU_SOURCE -fno-strict-aliasing -pipe -fstack-protector -I/usr/local/include -D_LARGEFILE_SOURCE -D_FILE_OFFSET_BITS=64',
    optimize='-O2',
    cppflags='-D_REENTRANT -D_GNU_SOURCE -fno-strict-aliasing -pipe -fstack-protector -I/usr/local/include'
    ccversion='', gccversion='4.6.0 20110530 (Red Hat 4.6.0-9)', gccosandvers=''
    intsize=4, longsize=8, ptrsize=8, doublesize=8, byteorder=12345678
    d_longlong=define, longlongsize=8, d_longdbl=define, longdblsize=16
    ivtype='long', ivsize=8, nvtype='double', nvsize=8, Off_t='off_t', lseeksize=8
    alignbytes=8, prototype=define
  Linker and Libraries:
    ld='cc', ldflags =' -fstack-protector -L/usr/local/lib'
    libpth=/usr/local/lib /lib/../lib64 /usr/lib/../lib64 /lib /usr/lib /lib64 /usr/lib64 /usr/local/lib64
    libs=-lnsl -lgdbm -ldb -ldl -lm -lcrypt -lutil -lpthread -lc -lgdbm_compat
    perllibs=-lnsl -ldl -lm -lcrypt -lutil -lpthread -lc
    libc=, so=so, useshrplib=false, libperl=libperl.a
    gnulibc_version='2.14'
  Dynamic Linking:
    dlsrc=dl_dlopen.xs, dlext=so, d_dlsymun=undef, ccdlflags='-Wl,-E'
    cccdlflags='-fPIC', lddlflags='-shared -O2 -L/usr/local/lib -fstack-protector'


Characteristics of this binary (from libperl): 
  Compile-time options: HAS_TIMES MULTIPLICITY PERLIO_LAYERS
                        PERL_DONT_CREATE_GVSV PERL_IMPLICIT_CONTEXT
                        PERL_MALLOC_WRAP PERL_PRESERVE_IVUV PERL_USE_DEVEL
                        USE_64_BIT_ALL USE_64_BIT_INT USE_ITHREADS
                        USE_LARGE_FILES USE_LOCALE USE_LOCALE_COLLATE
                        USE_LOCALE_CTYPE USE_LOCALE_NUMERIC USE_PERLIO
                        USE_PERL_ATOF USE_REENTRANT_API
  Built under linux
  Compiled at Jul 21 2011 08:33:44
  %ENV:
    PERL5LIB="/home/perl5151/.cpan/build/Log-Log4perl-1.33-MW1U3z/blib/arch:/home/perl5151/.cpan/build/Log-Log4perl-1.33-MW1U3z/blib/lib"
    PERL5OPT=""
    PERL5_CPANPLUS_IS_RUNNING="31344"
    PERL5_CPAN_IS_RUNNING="31344"
    PERL5_CPAN_IS_RUNNING_IN_RECURSION="15130,31344"
    PERLBREW_PATH="/home/tester/perl5/perlbrew/bin:/home/tester/perl5/perlbrew/perls/perl-5.15.1/bin"
    PERLBREW_PERL="perl-5.15.1"
    PERLBREW_ROOT="/home/tester/perl5/perlbrew"
    PERLBREW_VERSION="0.15"
    PERL_CR_SMOKER_CURRENT="FuzzyRecongiser-0.01"
    PERL_EXTUTILS_AUTOINSTALL="--defaultdeps"
    PERL_MM_USE_DEFAULT="1"
  @INC:
    /home/perl5151/.cpan/build/Log-Log4perl-1.33-MW1U3z/blib/arch
    /home/perl5151/.cpan/build/Log-Log4perl-1.33-MW1U3z/blib/lib
    /home/perl5151/testing/lib/site_perl/5.15.1/x86_64-linux-thread-multi
    /home/perl5151/testing/lib/site_perl/5.15.1
    /home/perl5151/testing/lib/5.15.1/x86_64-linux-thread-multi
    /home/perl5151/testing/lib/5.15.1
    .