Back
From: metabase:user:3198cbe2-2aae-11df-837a-5e0a49663a4f
Subject: FAIL String-Gsub-0.04 v5.12.3 GNU/Linux
Date: 2011-03-23T22:09:38Z
This distribution has been tested as part of the CPAN Testers
project, supporting the Perl programming language. See
http://wiki.cpantesters.org/ for more information or email
questions to cpan-testers-discuss@perl.org
--
Dear YAMASHINA Hio,
This is a computer-generated report for String-Gsub-0.04
on perl 5.12.3, created by CPAN-Reporter-1.1902.
Thank you for uploading your work to CPAN. However, there was a problem
testing your distribution.
If you think this report is invalid, please consult the CPAN Testers Wiki
for suggestions on how to avoid getting FAIL reports for missing library
or binary dependencies, unsupported operating systems, and so on:
http://wiki.cpantesters.org/wiki/CPANAuthorNotes
Sections of this report:
* Tester comments
* Program output
* Prerequisites
* Environment and other context
------------------------------
TESTER COMMENTS
------------------------------
Additional comments from tester:
this report is from an automated smoke testing program
and was not reviewed by a human for accuracy
------------------------------
PROGRAM OUTPUT
------------------------------
Output from '/usr/bin/make test':
PERL_DL_NONLAZY=1 /home/graham/perltest/perl5123ldth/perl/bin/perl "-MExtUtils::Command::MM" "-e" "test_harness(0, 'blib/lib', 'blib/arch')" t/*.t
# Testing String::Gsub 0.04, Perl 5.012003, /home/graham/perltest/perl5123ldth/perl/bin/perl
t/00-load.t ......... ok
t/boilerplate.t ..... ok
t/gsub-functions.t .. ok
# Failed test 'gsub result'
# at t/gsub.t line 17.
# An error occurred while using eq:
# ------------------------------------
# Operation "eq": no method found,
# left argument in overloaded package String::Gsub,
# right argument has no overloaded magic at (eval in cmp_ok) t/gsub.t line 17.
#
# ------------------------------------
# got: 'aBcaBc'
# expected: 'aBcaBc'
# Failed test 'gsub returns new object'
# at t/gsub.t line 18.
# An error occurred while using ne:
# ------------------------------------
# Operation "ne": no method found,
# left argument in overloaded package String::Gsub,
# right argument in overloaded package String::Gsub at (eval in cmp_ok) t/gsub.t line 18.
#
# ------------------------------------
# got: 'aBcaBc'
# expected: anything else
# Failed test 'gsub twice'
# at t/gsub.t line 20.
# An error occurred while using eq:
# ------------------------------------
# Operation "eq": no method found,
# left argument in overloaded package String::Gsub,
# right argument has no overloaded magic at (eval in cmp_ok) t/gsub.t line 20.
#
# ------------------------------------
# got: 'AbCAbC'
# expected: 'AbCAbC'
# Failed test 'gsub doesnt change original'
# at t/gsub.t line 21.
# An error occurred while using eq:
# ------------------------------------
# Operation "eq": no method found,
# left argument in overloaded package String::Gsub,
# right argument has no overloaded magic at (eval in cmp_ok) t/gsub.t line 21.
#
# ------------------------------------
# got: 'abcabc'
# expected: 'abcabc'
# Failed test 'gsubx result'
# at t/gsub.t line 28.
# An error occurred while using eq:
# ------------------------------------
# Operation "eq": no method found,
# left argument in overloaded package String::Gsub,
# right argument has no overloaded magic at (eval in cmp_ok) t/gsub.t line 28.
#
# ------------------------------------
# got: 'aBcaBc'
# expected: 'aBcaBc'
# Failed test 'gsubx returns itself'
# at t/gsub.t line 29.
# An error occurred while using eq:
# ------------------------------------
# Operation "eq": no method found,
# left argument in overloaded package String::Gsub,
# right argument in overloaded package String::Gsub at (eval in cmp_ok) t/gsub.t line 29.
#
# ------------------------------------
# got: 'aBcaBc'
# expected: 'aBcaBc'
# Failed test 'gsubx changes original'
# at t/gsub.t line 30.
# An error occurred while using eq:
# ------------------------------------
# Operation "eq": no method found,
# left argument in overloaded package String::Gsub,
# right argument has no overloaded magic at (eval in cmp_ok) t/gsub.t line 30.
#
# ------------------------------------
# got: 'aBcaBc'
# expected: 'aBcaBc'
# Failed test 'sub result'
# at t/gsub.t line 37.
# An error occurred while using eq:
# ------------------------------------
# Operation "eq": no method found,
# left argument in overloaded package String::Gsub,
# right argument has no overloaded magic at (eval in cmp_ok) t/gsub.t line 37.
#
# ------------------------------------
# got: 'aBcabc'
# expected: 'aBcabc'
# Failed test 'sub returns new object'
# at t/gsub.t line 38.
# An error occurred while using ne:
# ------------------------------------
# Operation "ne": no method found,
# left argument in overloaded package String::Gsub,
# right argument in overloaded package String::Gsub at (eval in cmp_ok) t/gsub.t line 38.
#
# ------------------------------------
# got: 'aBcabc'
# expected: anything else
# Failed test 'sub twice'
# at t/gsub.t line 40.
# An error occurred while using eq:
# ------------------------------------
# Operation "eq": no method found,
# left argument in overloaded package String::Gsub,
# right argument has no overloaded magic at (eval in cmp_ok) t/gsub.t line 40.
#
# ------------------------------------
# got: 'AbCabc'
# expected: 'AbCabc'
# Failed test 'sub doesnt change original'
# at t/gsub.t line 41.
# An error occurred while using eq:
# ------------------------------------
# Operation "eq": no method found,
# left argument in overloaded package String::Gsub,
# right argument has no overloaded magic at (eval in cmp_ok) t/gsub.t line 41.
#
# ------------------------------------
# got: 'abcabc'
# expected: 'abcabc'
# Failed test 'subx result'
# at t/gsub.t line 48.
# An error occurred while using eq:
# ------------------------------------
# Operation "eq": no method found,
# left argument in overloaded package String::Gsub,
# right argument has no overloaded magic at (eval in cmp_ok) t/gsub.t line 48.
#
# ------------------------------------
# got: 'aBcabc'
# expected: 'aBcabc'
# Failed test 'subx returns itself'
# at t/gsub.t line 49.
# An error occurred while using eq:
# ------------------------------------
# Operation "eq": no method found,
# left argument in overloaded package String::Gsub,
# right argument in overloaded package String::Gsub at (eval in cmp_ok) t/gsub.t line 49.
#
# ------------------------------------
# got: 'aBcabc'
# expected: 'aBcabc'
# Failed test 'subx changes original'
# at t/gsub.t line 50.
# An error occurred while using eq:
# ------------------------------------
# Operation "eq": no method found,
# left argument in overloaded package String::Gsub,
# right argument has no overloaded magic at (eval in cmp_ok) t/gsub.t line 50.
#
# ------------------------------------
# got: 'aBcabc'
# expected: 'aBcabc'
# 14 tests of 16 failed.
t/gsub.t ............
Dubious, test returned 14 (wstat 3584, 0xe00)
Failed 14/16 subtests
t/pod-coverage.t .... ok
t/pod.t ............. ok
# Failed test 'gsub result'
# at t/string-pattern.t line 21.
# An error occurred while using eq:
# ------------------------------------
# Operation "eq": no method found,
# left argument in overloaded package String::Gsub,
# right argument has no overloaded magic at (eval in cmp_ok) t/string-pattern.t line 21.
#
# ------------------------------------
# got: 'a(b)ca(b)c'
# expected: 'a(b)ca(b)c'
# Failed test 'gsub returns new object'
# at t/string-pattern.t line 22.
# An error occurred while using ne:
# ------------------------------------
# Operation "ne": no method found,
# left argument in overloaded package String::Gsub,
# right argument in overloaded package String::Gsub at (eval in cmp_ok) t/string-pattern.t line 22.
#
# ------------------------------------
# got: 'a(b)ca(b)c'
# expected: anything else
# Failed test 'gsub doesnt change original'
# at t/string-pattern.t line 23.
# An error occurred while using eq:
# ------------------------------------
# Operation "eq": no method found,
# left argument in overloaded package String::Gsub,
# right argument has no overloaded magic at (eval in cmp_ok) t/string-pattern.t line 23.
#
# ------------------------------------
# got: 'abcabc'
# expected: 'abcabc'
# Failed test 'gsubx result'
# at t/string-pattern.t line 30.
# An error occurred while using eq:
# ------------------------------------
# Operation "eq": no method found,
# left argument in overloaded package String::Gsub,
# right argument has no overloaded magic at (eval in cmp_ok) t/string-pattern.t line 30.
#
# ------------------------------------
# got: 'a(b)ca(b)c'
# expected: 'a(b)ca(b)c'
# Failed test 'gsubx returns itself'
# at t/string-pattern.t line 31.
# An error occurred while using eq:
# ------------------------------------
# Operation "eq": no method found,
# left argument in overloaded package String::Gsub,
# right argument in overloaded package String::Gsub at (eval in cmp_ok) t/string-pattern.t line 31.
#
# ------------------------------------
# got: 'a(b)ca(b)c'
# expected: 'a(b)ca(b)c'
# Failed test 'gsubx changes original'
# at t/string-pattern.t line 32.
# An error occurred while using eq:
# ------------------------------------
# Operation "eq": no method found,
# left argument in overloaded package String::Gsub,
# right argument has no overloaded magic at (eval in cmp_ok) t/string-pattern.t line 32.
#
# ------------------------------------
# got: 'a(b)ca(b)c'
# expected: 'a(b)ca(b)c'
# Failed test 'sub result'
# at t/string-pattern.t line 39.
# An error occurred while using eq:
# ------------------------------------
# Operation "eq": no method found,
# left argument in overloaded package String::Gsub,
# right argument has no overloaded magic at (eval in cmp_ok) t/string-pattern.t line 39.
#
# ------------------------------------
# got: 'a(b)cabc'
# expected: 'a(b)cabc'
# Failed test 'sub returns new object'
# at t/string-pattern.t line 40.
# An error occurred while using ne:
# ------------------------------------
# Operation "ne": no method found,
# left argument in overloaded package String::Gsub,
# right argument in overloaded package String::Gsub at (eval in cmp_ok) t/string-pattern.t line 40.
#
# ------------------------------------
# got: 'a(b)cabc'
# expected: anything else
# Failed test 'sub doesnt change original'
# at t/string-pattern.t line 41.
# An error occurred while using eq:
# ------------------------------------
# Operation "eq": no method found,
# left argument in overloaded package String::Gsub,
# right argument has no overloaded magic at (eval in cmp_ok) t/string-pattern.t line 41.
#
# ------------------------------------
# got: 'abcabc'
# expected: 'abcabc'
# Failed test 'subx result'
# at t/string-pattern.t line 48.
# An error occurred while using eq:
# ------------------------------------
# Operation "eq": no method found,
# left argument in overloaded package String::Gsub,
# right argument has no overloaded magic at (eval in cmp_ok) t/string-pattern.t line 48.
#
# ------------------------------------
# got: 'a(b)cabc'
# expected: 'a(b)cabc'
# Failed test 'subx returns itself'
# at t/string-pattern.t line 49.
# An error occurred while using eq:
# ------------------------------------
# Operation "eq": no method found,
# left argument in overloaded package String::Gsub,
# right argument in overloaded package String::Gsub at (eval in cmp_ok) t/string-pattern.t line 49.
#
# ------------------------------------
# got: 'a(b)cabc'
# expected: 'a(b)cabc'
# Failed test 'subx changes original'
# at t/string-pattern.t line 50.
# An error occurred while using eq:
# ------------------------------------
# Operation "eq": no method found,
# left argument in overloaded package String::Gsub,
# right argument has no overloaded magic at (eval in cmp_ok) t/string-pattern.t line 50.
#
# ------------------------------------
# got: 'a(b)cabc'
# expected: 'a(b)cabc'
# Failed test 'argument of match callback'
# at t/string-pattern.t line 57.
# An error occurred while using eq:
# ------------------------------------
# Operation "eq": no method found,
# left argument in overloaded package String::Gsub,
# right argument has no overloaded magic at (eval in cmp_ok) t/string-pattern.t line 57.
#
# ------------------------------------
# got: 'aBcaBc'
# expected: 'aBcaBc'
# Failed test 'gsub match value'
# at t/string-pattern.t line 64.
# An error occurred while using eq:
# ------------------------------------
# Operation "eq": no method found,
# left argument in overloaded package String::Gsub,
# right argument has no overloaded magic at (eval in cmp_ok) t/string-pattern.t line 64.
#
# ------------------------------------
# got: 'a(b)ca(b)c'
# expected: 'a(b)ca(b)c'
# Failed test 'gsub prematch value'
# at t/string-pattern.t line 68.
# An error occurred while using eq:
# ------------------------------------
# Operation "eq": no method found,
# left argument in overloaded package String::Gsub,
# right argument has no overloaded magic at (eval in cmp_ok) t/string-pattern.t line 68.
#
# ------------------------------------
# got: 'a(a)ca(abca)c'
# expected: 'a(a)ca(abca)c'
# Failed test 'gsub postmatch value'
# at t/string-pattern.t line 72.
# An error occurred while using eq:
# ------------------------------------
# Operation "eq": no method found,
# left argument in overloaded package String::Gsub,
# right argument has no overloaded magic at (eval in cmp_ok) t/string-pattern.t line 72.
#
# ------------------------------------
# got: 'a(cabc)ca(c)c'
# expected: 'a(cabc)ca(c)c'
# Failed test '. matches just `.''
# at t/string-pattern.t line 79.
# An error occurred while using eq:
# ------------------------------------
# Operation "eq": no method found,
# left argument in overloaded package String::Gsub,
# right argument has no overloaded magic at (eval in cmp_ok) t/string-pattern.t line 79.
#
# ------------------------------------
# got: 'abc(.)abc(.)'
# expected: 'abc(.)abc(.)'
# 17 tests of 17 failed.
t/string-pattern.t ..
Dubious, test returned 17 (wstat 4352, 0x1100)
Failed 17/17 subtests
Test Summary Report
-------------------
t/gsub.t (Wstat: 3584 Tests: 16 Failed: 14)
Failed tests: 1-2, 4-10, 12-16
Non-zero exit status: 14
t/string-pattern.t (Wstat: 4352 Tests: 17 Failed: 17)
Failed tests: 1-17
Non-zero exit status: 17
Files=7, Tests=58, 2 wallclock secs ( 0.19 usr 0.06 sys + 2.20 cusr 0.17 csys = 2.62 CPU)
Result: FAIL
Failed 2/7 test programs. 31/58 subtests failed.
make: *** [test_dynamic] Error 17
------------------------------
PREREQUISITES
------------------------------
Prerequisite modules loaded:
requires:
Module Need Have
---------- ---- -------
Exporter 0 5.63
Test::More 0 2.00_07
------------------------------
ENVIRONMENT AND OTHER CONTEXT
------------------------------
Environment variables:
AUTOMATED_TESTING = 1
LANG = C
PATH = /home/graham/perltest/perl5123ldth/perl/bin:/usr/local/bin:/usr/bin:/bin:/usr/local/sbin:/usr/sbin:/sbin:/opt/java/bin:/opt/java/db/bin:/opt/java/jre/bin:/opt/kde/bin:/usr/bin/perlbin/site:/usr/bin/perlbin/vendor:/usr/lib/perl5/core_perl/bin:/opt/qt/bin
PERL5LIB =
PERL5OPT =
PERL5_CPANPLUS_IS_RUNNING = 28912
PERL5_CPAN_IS_RUNNING = 28912
PERL5_CPAN_IS_RUNNING_IN_RECURSION = 3715,28912
PERL_CR_SMOKER_CURRENT = String-Gsub-0.04
PERL_EXTUTILS_AUTOINSTALL = --defaultdeps
PERL_MM_USE_DEFAULT = 1
SHELL = /bin/bash
TERM = xterm
Perl special variables (and OS-specific diagnostics, for MSWin32):
$^X = /home/graham/perltest/perl5123ldth/perl/bin/perl
$UID/$EUID = 1000 / 1000
$GID = 1000 7 10 91 92 93 95 98 100 108 1000 1001
$EGID = 1000 7 10 91 92 93 95 98 100 108 1000 1001
Perl module toolchain versions installed:
Module Have
------------------- --------
CPAN 1.9304
Cwd 3.33
ExtUtils::CBuilder 0.280202
ExtUtils::Command 1.17
ExtUtils::Install 1.55
ExtUtils::MakeMaker 6.56
ExtUtils::Manifest 1.58
ExtUtils::ParseXS 2.2206
File::Spec 3.33
Module::Build 0.3800
Module::Signature 0.66
Test::Harness 3.23
Test::More 2.00_07
YAML 0.72
YAML::Syck 1.17
version 0.88
--
Summary of my perl5 (revision 5 version 12 subversion 3) configuration:
Platform:
osname=linux, osvers=2.6.36-arch, archname=i686-linux-thread-multi-ld
uname='linux lorant 2.6.36-arch #1 smp preempt fri dec 10 20:01:53 utc 2010 i686 intel(r) pentium(r) 4 cpu 2.80ghz genuineintel gnulinux '
config_args=''
hint=recommended, useposix=true, d_sigaction=define
useithreads=define, usemultiplicity=define
useperlio=define, d_sfio=undef, uselargefiles=define, usesocks=undef
use64bitint=undef, use64bitall=undef, uselongdouble=define
usemymalloc=n, bincompat5005=undef
Compiler:
cc='cc', ccflags ='-D_REENTRANT -D_GNU_SOURCE -fno-strict-aliasing -pipe -fstack-protector -I/usr/local/include -D_LARGEFILE_SOURCE -D_FILE_OFFSET_BITS=64',
optimize='-O2',
cppflags='-D_REENTRANT -D_GNU_SOURCE -fno-strict-aliasing -pipe -fstack-protector -I/usr/local/include'
ccversion='', gccversion='4.5.2', gccosandvers=''
intsize=4, longsize=4, ptrsize=4, doublesize=8, byteorder=1234
d_longlong=define, longlongsize=8, d_longdbl=define, longdblsize=12
ivtype='long', ivsize=4, nvtype='long double', nvsize=12, Off_t='off_t', lseeksize=8
alignbytes=4, prototype=define
Linker and Libraries:
ld='cc', ldflags =' -fstack-protector -L/usr/local/lib'
libpth=/usr/local/lib /lib /usr/lib
libs=-lnsl -lgdbm -ldb -ldl -lm -lcrypt -lutil -lpthread -lc -lgdbm_compat
perllibs=-lnsl -ldl -lm -lcrypt -lutil -lpthread -lc
libc=/lib/libc-2.12.2.so, so=so, useshrplib=true, libperl=libperl.so
gnulibc_version='2.12.2'
Dynamic Linking:
dlsrc=dl_dlopen.xs, dlext=so, d_dlsymun=undef, ccdlflags='-Wl,-E -Wl,-rpath,/home/graham/perltest/perl5123ldth/perl/lib/5.12.3/i686-linux-thread-multi-ld/CORE'
cccdlflags='-fPIC', lddlflags='-shared -O2 -L/usr/local/lib -fstack-protector'
Characteristics of this binary (from libperl):
Compile-time options: MULTIPLICITY PERL_DONT_CREATE_GVSV
PERL_IMPLICIT_CONTEXT PERL_MALLOC_WRAP USE_ITHREADS
USE_LARGE_FILES USE_LONG_DOUBLE USE_PERLIO
USE_PERL_ATOF USE_REENTRANT_API
Built under linux
Compiled at Mar 14 2011 10:16:25
%ENV:
PERL5LIB=""
PERL5OPT=""
PERL5_CPANPLUS_IS_RUNNING="28912"
PERL5_CPAN_IS_RUNNING="28912"
PERL5_CPAN_IS_RUNNING_IN_RECURSION="3715,28912"
PERL_CR_SMOKER_CURRENT="String-Gsub-0.04"
PERL_EXTUTILS_AUTOINSTALL="--defaultdeps"
PERL_MM_USE_DEFAULT="1"
@INC:
/home/graham/perltest/perl5123ldth/perl/lib/site_perl/5.12.3/i686-linux-thread-multi-ld
/home/graham/perltest/perl5123ldth/perl/lib/site_perl/5.12.3
/home/graham/perltest/perl5123ldth/perl/lib/5.12.3/i686-linux-thread-multi-ld
/home/graham/perltest/perl5123ldth/perl/lib/5.12.3
.