Report for Async-Stream-0.02

Back
From: metabase:user:322078bc-2aae-11df-837a-5e0a49663a4f
Subject: FAIL Async-Stream-0.02 v5.8.9 GNU/Linux
Date: 2017-06-28T09:00:33Z

This distribution has been tested as part of the CPAN Testers
project, supporting the Perl programming language.  See
http://wiki.cpantesters.org/ for more information or email
questions to cpan-testers-discuss@perl.org


--

Dear KSYSOEV,

This is a computer-generated error report created automatically by
CPANPLUS, version 0.9168. Testers personal comments may appear
at the end of this report.


Thank you for uploading your work to CPAN.  However, it appears that
there were some problems testing your distribution.

TEST RESULTS:

Below is the error stack from stage 'make test':

PERL_DL_NONLAZY=1 "/home/cpan/pit/bare/perl-5.8.9/bin/perl" "-MExtUtils::Command::MM" "-MTest::Harness" "-e" "undef *Test::Harness::Switches; test_harness(0, 'blib/lib', 'blib/arch')" t/*.t
# Testing Async::Stream 0.02, Perl 5.008009, /home/cpan/pit/bare/perl-5.8.9/bin/perl
t/00-load.t ....... ok
# Testing Async::Stream 0.02, Perl 5.008009, /home/cpan/pit/bare/perl-5.8.9/bin/perl
t/10-item.t ....... ok
# Testing Async::Stream 0.01, Perl 5.008009, /home/cpan/pit/bare/perl-5.8.9/bin/perl
t/20-iterator.t ... ok
Deep recursion on subroutine "Async::Stream::Iterator::next" at /home/cpan/pit/bare/conf/perl-5.8.9/.cpanplus/5.8.9/build/MJ_GL2XddZ/Async-Stream-0.02/blib/lib/Async/Stream.pm line 150.
Deep recursion on subroutine "Async::Stream::Item::next" at /home/cpan/pit/bare/conf/perl-5.8.9/.cpanplus/5.8.9/build/MJ_GL2XddZ/Async-Stream-0.02/blib/lib/Async/Stream/Iterator.pm line 54.
Deep recursion on anonymous subroutine at /home/cpan/pit/bare/conf/perl-5.8.9/.cpanplus/5.8.9/build/MJ_GL2XddZ/Async-Stream-0.02/blib/lib/Async/Stream.pm line 146.
Deep recursion on anonymous subroutine at /home/cpan/pit/bare/conf/perl-5.8.9/.cpanplus/5.8.9/build/MJ_GL2XddZ/Async-Stream-0.02/blib/lib/Async/Stream/Iterator.pm line 71.
Deep recursion on anonymous subroutine at /home/cpan/pit/bare/conf/perl-5.8.9/.cpanplus/5.8.9/build/MJ_GL2XddZ/Async-Stream-0.02/blib/lib/Async/Stream.pm line 148.
Deep recursion on anonymous subroutine at /home/cpan/pit/bare/conf/perl-5.8.9/.cpanplus/5.8.9/build/MJ_GL2XddZ/Async-Stream-0.02/blib/lib/Async/Stream.pm line 565.
Deep recursion on anonymous subroutine at /home/cpan/pit/bare/conf/perl-5.8.9/.cpanplus/5.8.9/build/MJ_GL2XddZ/Async-Stream-0.02/blib/lib/Async/Stream/Item.pm line 89.
Deep recursion on anonymous subroutine at /home/cpan/pit/bare/conf/perl-5.8.9/.cpanplus/5.8.9/build/MJ_GL2XddZ/Async-Stream-0.02/blib/lib/Async/Stream/Iterator.pm line 50.
t/30-stream.t ..... 
Failed 9/33 subtests 
t/manifest.t ...... skipped: Author tests not required for installation
t/pod-coverage.t .. skipped: Author tests not required for installation
t/pod.t ........... skipped: Author tests not required for installation

Test Summary Report
-------------------
t/30-stream.t   (Wstat: 9 Tests: 24 Failed: 0)
  Non-zero wait status: 9
  Parse errors: Bad plan.  You planned 33 tests but ran 24.
Files=7, Tests=32, 17 wallclock secs ( 0.02 usr  0.01 sys + 14.82 cusr  1.12 csys = 15.97 CPU)
Result: FAIL
Failed 1/7 test programs. 0/32 subtests failed.
Makefile:853: recipe for target 'test_dynamic' failed
make: *** [test_dynamic] Error 255


PREREQUISITES:

Here is a list of prerequisites you specified and versions we
managed to load:

	  Module Name                        Have     Want
	  Test::More                     1.302085        0

Perl module toolchain versions installed:
	Module Name                        Have
	CPANPLUS                         0.9168
	CPANPLUS::Dist::Build              0.88
	Cwd                                3.62
	ExtUtils::CBuilder             0.280224
	ExtUtils::Command                  7.28
	ExtUtils::Install                  2.14
	ExtUtils::MakeMaker                7.28
	ExtUtils::Manifest                 1.70
	ExtUtils::ParseXS                  3.30
	File::Spec                         3.62
	Module::Build                    0.4224
	Pod::Parser                        1.35
	Pod::Simple                        3.32
	Test2                          1.302085
	Test::Harness                      3.39
	Test::More                     1.302085
	version                          0.9918

******************************** NOTE ********************************
The comments above are created mechanically, possibly without manual
checking by the sender.  As there are many people performing automatic
tests on each upload to CPAN, it is likely that you will receive
identical messages about the same problem.

If you believe that the message is mistaken, please reply to the first
one with correction and/or additional informations, and do not take
it personally.  We appreciate your patience. :)
**********************************************************************

Additional comments:


This report was machine-generated by CPANPLUS::Dist::YACSmoke 1.02.
Powered by minismokebox version 0.68

------------------------------
ENVIRONMENT AND OTHER CONTEXT
------------------------------

Environment variables:

    AUTOMATED_TESTING = 1
    LANG = en_GB.UTF-8
    LANGUAGE = en_GB:en
    NONINTERACTIVE_TESTING = 1
    PATH = /usr/local/sbin:/usr/local/bin:/usr/sbin:/usr/bin:/sbin:/bin:/usr/games:/usr/local/games:/snap/bin
    PERL5LIB = :/home/cpan/pit/bare/conf/perl-5.8.9/.cpanplus/5.8.9/build/MJ_GL2XddZ/Async-Stream-0.02/blib/lib:/home/cpan/pit/bare/conf/perl-5.8.9/.cpanplus/5.8.9/build/MJ_GL2XddZ/Async-Stream-0.02/blib/arch
    PERL5_CPANPLUS_IS_RUNNING = 2046
    PERL5_CPANPLUS_IS_VERSION = 0.9168
    PERL5_MINISMOKEBOX = 0.68
    PERL5_YACSMOKE_BASE = /home/cpan/pit/bare/conf/perl-5.8.9
    PERL_EXTUTILS_AUTOINSTALL = --defaultdeps
    PERL_MM_USE_DEFAULT = 1
    SHELL = /bin/bash
    TERM = screen

Perl special variables (and OS-specific diagnostics, for MSWin32):

    Perl: $^X = /home/cpan/pit/bare/perl-5.8.9/bin/perl
    UID:  $<  = 1001
    EUID: $>  = 1001
    GID:  $(  = 1001 1001
    EGID: $)  = 1001 1001


-------------------------------


--

Summary of my perl5 (revision 5 version 8 subversion 9) configuration:
  Platform:
    osname=linux, osvers=4.4.0-21-generic, archname=x86_64-linux
    uname='linux uchder 4.4.0-21-generic #37-ubuntu smp mon apr 18 18:33:37 utc 2016 x86_64 x86_64 x86_64 gnulinux '
    config_args='-des -Dprefix=/home/cpan/pit/bare/perl-5.8.9'
    hint=recommended, useposix=true, d_sigaction=define
    usethreads=undef use5005threads=undef useithreads=undef usemultiplicity=undef
    useperlio=define d_sfio=undef uselargefiles=define usesocks=undef
    use64bitint=define use64bitall=define uselongdouble=undef
    usemymalloc=n, bincompat5005=undef
  Compiler:
    cc='cc', ccflags ='-fno-strict-aliasing -pipe -I/usr/local/include -D_LARGEFILE_SOURCE -D_FILE_OFFSET_BITS=64',
    optimize='-O2',
    cppflags='-fno-strict-aliasing -pipe -I/usr/local/include'
    ccversion='', gccversion='5.3.1 20160413', gccosandvers=''
    intsize=4, longsize=8, ptrsize=8, doublesize=8, byteorder=12345678
    d_longlong=define, longlongsize=8, d_longdbl=define, longdblsize=16
    ivtype='long', ivsize=8, nvtype='double', nvsize=8, Off_t='off_t', lseeksize=8
    alignbytes=8, prototype=define
  Linker and Libraries:
    ld='cc', ldflags =' -L/usr/local/lib'
    libpth=/usr/local/lib /lib/x86_64-linux-gnu /lib/../lib /usr/lib/x86_64-linux-gnu /usr/lib/../lib /lib /usr/lib
    libs=-lnsl -lgdbm -ldl -lm -lcrypt -lutil -lc -lgdbm_compat
    perllibs=-lnsl -ldl -lm -lcrypt -lutil -lc -lgdbm_compat
    libc=libc-2.23.so, so=so, useshrplib=false, libperl=libperl.a
    gnulibc_version='2.23'
  Dynamic Linking:
    dlsrc=dl_dlopen.xs, dlext=so, d_dlsymun=undef, ccdlflags='-Wl,-E'
    cccdlflags='-fPIC', lddlflags='-shared -O2 -L/usr/local/lib'


Characteristics of this binary (from libperl): 
  Compile-time options: PERL_MALLOC_WRAP USE_64_BIT_ALL USE_64_BIT_INT
                        USE_FAST_STDIO USE_LARGE_FILES USE_PERLIO
  Locally applied patches:
	Devel::PatchPerl 1.42
  Built under linux
  Compiled at May  1 2016 21:47:54
  %ENV:
    PERL5LIB=":/home/cpan/pit/bare/conf/perl-5.8.9/.cpanplus/5.8.9/build/MJ_GL2XddZ/Async-Stream-0.02/blib/lib:/home/cpan/pit/bare/conf/perl-5.8.9/.cpanplus/5.8.9/build/MJ_GL2XddZ/Async-Stream-0.02/blib/arch"
    PERL5_CPANPLUS_IS_RUNNING="2046"
    PERL5_CPANPLUS_IS_VERSION="0.9168"
    PERL5_MINISMOKEBOX="0.68"
    PERL5_YACSMOKE_BASE="/home/cpan/pit/bare/conf/perl-5.8.9"
    PERL_EXTUTILS_AUTOINSTALL="--defaultdeps"
    PERL_MM_USE_DEFAULT="1"
  @INC:
    /home/cpan/pit/bare/conf/perl-5.8.9/.cpanplus/5.8.9/build/MJ_GL2XddZ/Async-Stream-0.02/blib/lib
    /home/cpan/pit/bare/conf/perl-5.8.9/.cpanplus/5.8.9/build/MJ_GL2XddZ/Async-Stream-0.02/blib/arch
    /home/cpan/pit/bare/perl-5.8.9/lib/5.8.9/x86_64-linux
    /home/cpan/pit/bare/perl-5.8.9/lib/5.8.9
    /home/cpan/pit/bare/perl-5.8.9/lib/site_perl/5.8.9/x86_64-linux
    /home/cpan/pit/bare/perl-5.8.9/lib/site_perl/5.8.9
    .