Report for HTTP-Engine-0.03005

Back
From: metabase:user:320bfe00-2aae-11df-837a-5e0a49663a4f
Subject: FAIL HTTP-Engine-0.03005 v5.18.4 GNU/Linux
Date: 2016-03-24T10:07:39Z

This distribution has been tested as part of the CPAN Testers
project, supporting the Perl programming language.  See
http://wiki.cpantesters.org/ for more information or email
questions to cpan-testers-discuss@perl.org


--
Dear Kazuhiro Osawa,

This is a computer-generated report for HTTP-Engine-0.03005
on perl 5.18.4, created by CPAN-Reporter-1.2017.

Thank you for uploading your work to CPAN.  However, there was a problem
testing your distribution.

If you think this report is invalid, please consult the CPAN Testers Wiki
for suggestions on how to avoid getting FAIL reports for missing library
or binary dependencies, unsupported operating systems, and so on:

http://wiki.cpantesters.org/wiki/CPANAuthorNotes

Sections of this report:

    * Tester comments
    * Program output
    * Prerequisites
    * Environment and other context

------------------------------
TESTER COMMENTS
------------------------------

Additional comments from tester:

this report is from an automated smoke testing program
and was not reviewed by a human for accuracy

------------------------------
PROGRAM OUTPUT
------------------------------

Output from '/usr/bin/make test':

PERL_DL_NONLAZY=1 "/tmp/basesmoker-reloperl-QRwt/bin/perl" "-MExtUtils::Command::MM" "-MTest::Harness" "-e" "undef *Test::Harness::Switches; test_harness(0, 'inc', 'blib/lib', 'blib/arch')" t/*.t t/*/*.t t/moose/*/*.t
# Soft dependency versions:
#  Any::Moose 0.26
#  Mouse v2.4.5
#  MooseX::Types 0.46
t/00_compile.t .............................................. ok
t/010_core/builder_options-upload_tmp.t ..................... ok
t/010_core/interface-require.t .............................. ok
t/010_core/interface.t ...................................... ok
t/010_core/load_requestbuilder_cgi.t ........................ ok
t/010_core/request-absolute_uri.t ........................... ok
t/010_core/request-as_http_request.t ........................ ok
t/010_core/request-as_string.t .............................. ok
t/010_core/request-body.t ................................... ok
t/010_core/request-content.t ................................ ok
t/010_core/request-cookie.t ................................. ok
t/010_core/request-hostname.t ............................... ok
t/010_core/request-many_upload.t ............................ ok
t/010_core/request-parameters.t ............................. ok
t/010_core/request-params.t ................................. ok
t/010_core/request-parse.t .................................. ok
t/010_core/request-proxy_request.t .......................... ok
t/010_core/request-raw_body.t ............................... ok
t/010_core/request-readbody.t ............................... ok
t/010_core/request-secure.t ................................. ok
t/010_core/request-upload.t ................................. ok
t/010_core/request-uri.t .................................... ok
t/010_core/request.t ........................................ ok
t/010_core/request_builder-noenv.t .......................... ok
t/010_core/request_processor-catch_error.t .................. ok
t/010_core/request_processor-make_request.t ................. ok
t/010_core/request_processor-response_error.t ............... ok
t/010_core/request_upload-basename.t ........................ ok
t/010_core/response-code.t .................................. ok
t/010_core/response-coerce_headers.t ........................ ok
t/010_core/response-content_length.t ........................ ok
t/010_core/response-cookie.t ................................ ok
t/010_core/response-new.t ................................... ok
t/010_core/response-set_http_response.t ..................... ok
t/010_core/response-status.t ................................ ok
t/010_core/response.t ....................................... ok
t/010_core/response_finalizer.t ............................. ok
t/010_core/response_writer.t ................................ ok
t/010_core/responsewriter-broken_io.t ....................... ok
t/010_core/responsewriter-with_io.t ......................... ok
t/020_interface/cgi.t ....................................... ok
t/020_interface/lighty-fcgi.t ............................... skipped: set TEST_LIGHTTPD to enable this test
t/020_interface/modperl_wildcard_hostname.t ................. skipped: this test requires mod_perl 2
=== 3253 === !!! Kernel has 1 child process(es).
=== 3253 === !!! Stopped child process (PID 3255) reaped when POE::Kernel->run() is ready to return.
=== 3253 === !!! Stopped child process (PID 3256) reaped when POE::Kernel->run() is ready to return.
=== 3253 === !!! Stopped child process (PID 3257) reaped when POE::Kernel->run() is ready to return.
=== 3253 === !!! Stopped child process (PID 3258) reaped when POE::Kernel->run() is ready to return.
=== 3253 === !!! Stopped child process (PID 3259) reaped when POE::Kernel->run() is ready to return.
=== 3253 === !!! Stopped child process (PID 3260) reaped when POE::Kernel->run() is ready to return.
=== 3253 === !!! At least one child process is still running when POE::Kernel->run() is ready to return.
=== 3253 === !!! Be sure to use sig_child() to reap child processes.
=== 3253 === !!! In extreme cases, failure to reap child processes has
=== 3253 === !!! resulted in a slow 'fork bomb' that has halted systems.
t/020_interface/poe-proxy.t ................................. ok
=== 3262 === !!! Kernel has 1 child process(es).
=== 3262 === !!! Stopped child process (PID 3263) reaped when POE::Kernel->run() is ready to return.
=== 3262 === !!! Stopped child process (PID 3264) reaped when POE::Kernel->run() is ready to return.
=== 3262 === !!! Stopped child process (PID 3265) reaped when POE::Kernel->run() is ready to return.
=== 3262 === !!! Stopped child process (PID 3266) reaped when POE::Kernel->run() is ready to return.
=== 3262 === !!! Stopped child process (PID 3267) reaped when POE::Kernel->run() is ready to return.
=== 3262 === !!! Stopped child process (PID 3268) reaped when POE::Kernel->run() is ready to return.
=== 3262 === !!! Stopped child process (PID 3269) reaped when POE::Kernel->run() is ready to return.
=== 3262 === !!! Stopped child process (PID 3270) reaped when POE::Kernel->run() is ready to return.
=== 3262 === !!! Be sure to use sig_child() to reap child processes.
=== 3262 === !!! In extreme cases, failure to reap child processes has
=== 3262 === !!! resulted in a slow 'fork bomb' that has halted systems.
t/020_interface/poe-uri.t ................................... ok
=== 3271 === !!! Kernel has 1 child process(es).
=== 3271 === !!! Stopped child process (PID 3272) reaped when POE::Kernel->run() is ready to return.
=== 3271 === !!! Stopped child process (PID 3273) reaped when POE::Kernel->run() is ready to return.
=== 3271 === !!! Stopped child process (PID 3274) reaped when POE::Kernel->run() is ready to return.
=== 3271 === !!! Stopped child process (PID 3275) reaped when POE::Kernel->run() is ready to return.
=== 3271 === !!! Stopped child process (PID 3276) reaped when POE::Kernel->run() is ready to return.
=== 3271 === !!! Stopped child process (PID 3277) reaped when POE::Kernel->run() is ready to return.
=== 3271 === !!! Stopped child process (PID 3278) reaped when POE::Kernel->run() is ready to return.
=== 3271 === !!! Stopped child process (PID 3279) reaped when POE::Kernel->run() is ready to return.
=== 3271 === !!! Be sure to use sig_child() to reap child processes.
=== 3271 === !!! In extreme cases, failure to reap child processes has
=== 3271 === !!! resulted in a slow 'fork bomb' that has halted systems.
t/020_interface/poe.t ....................................... ok
t/020_interface/psgi-with_plack.t ........................... ok
t/020_interface/psgi.t ...................................... ok
t/020_interface/server_simple-net_server_configure.t ........ ok
t/020_interface/server_simple-not-send-header-bug.t ......... ok
t/020_interface/server_simple-print_banner.t ................ ok
t/020_interface/server_simple.t ............................. ok
t/020_interface/standalone-keep_alive.t ..................... skipped: Interface::Standalone will be removed
t/020_interface/standalone-restart.t ........................ skipped: Interface::Standalone will be removed
t/020_interface/streaming_response.t ........................ ok
t/020_interface/test-validation.t ........................... ok
t/020_interface/test-warn_at_utf8.t ......................... ok
t/020_interface/test.t ...................................... ok
t/020_interface/test_response-with_io.t ..................... ok
t/020_interface/test_upload.t ............................... ok
t/030_daemonize/connection_info.t ........................... ok
t/030_daemonize/headers.t ................................... ok

#   Failed test at /tmp/loop_over_bdir-9051-ZypIkG/HTTP-Engine-0.03005-0/inc/Test/More.pm line 376.
#          got: '/foo|'
#     expected: '/|http://example.com/foo?http=1'

#   Failed test at /tmp/loop_over_bdir-9051-ZypIkG/HTTP-Engine-0.03005-0/inc/Test/More.pm line 376.
#          got: '/foo|'
#     expected: '/|http://example.com:8080/foo?http=1'

#   Failed test at /tmp/loop_over_bdir-9051-ZypIkG/HTTP-Engine-0.03005-0/inc/Test/More.pm line 376.
#          got: '/foo|'
#     expected: '/|http://example.com/foo?http=1'

#   Failed test at /tmp/loop_over_bdir-9051-ZypIkG/HTTP-Engine-0.03005-0/inc/Test/More.pm line 376.
#          got: '/foo|'
#     expected: '/|http://example.com:8080/foo?http=1'
# Looks like you failed 4 tests of 16.
t/030_daemonize/proxy_path.t ................................ 
Dubious, test returned 4 (wstat 1024, 0x400)
Failed 4/16 subtests 
t/030_daemonize/raw_body.t .................................. ok
t/030_daemonize/request_independence.t ...................... ok
t/030_daemonize/responsewriter_io.t ......................... ok
t/030_daemonize/upload-methods.t ............................ ok
t/030_daemonize/upload.t .................................... ok
t/030_daemonize/uri.t ....................................... ok
t/030_daemonize/utf8flagged-uri.t ........................... ok
t/040_minimal/001_simple.t .................................. ok
t/050_tests/request.t ....................................... ok
# Soft dependency versions:
#  Any::Moose 0.26
#  Mouse v2.4.5
#  MooseX::Types 0.46
t/moose/00_compile.t ........................................ ok
t/moose/010_core/builder_options-upload_tmp.t ............... ok
t/moose/010_core/interface-require.t ........................ ok
t/moose/010_core/interface.t ................................ ok
t/moose/010_core/load_requestbuilder_cgi.t .................. ok
t/moose/010_core/request-absolute_uri.t ..................... ok
t/moose/010_core/request-as_http_request.t .................. ok
t/moose/010_core/request-as_string.t ........................ ok
Class::MOP::load_class is deprecated at /home/sand/src/perl/repoperls/installed-perls/host/k93x64sid/v5.18.4/3bd2/lib/site_perl/5.18.4/x86_64-linux-ld/Class/MOP.pm line 69.
	Class::MOP::load_class("HTTP::Engine::Interface::Test") called at /tmp/loop_over_bdir-9051-ZypIkG/HTTP-Engine-0.03005-0/blib/lib/HTTP/Engine/Types/Core.pm line 26
	HTTP::Engine::Types::Core::__ANON__(HASH(0x184cce0)) called at /home/sand/src/perl/repoperls/installed-perls/host/k93x64sid/v5.18.4/3bd2/lib/site_perl/5.18.4/x86_64-linux-ld/Moose/Meta/TypeCoercion.pm line 65
	Moose::Meta::TypeCoercion::__ANON__(HASH(0x184cce0)) called at constructor HTTP::Engine::new (defined at /tmp/loop_over_bdir-9051-ZypIkG/HTTP-Engine-0.03005-0/blib/lib/HTTP/Engine.pm line 17) line 31
	HTTP::Engine::new("HTTP::Engine", "interface", HASH(0x184cce0)) called at t/Utils.pm line 141
	t::Utils::run_engine(CODE(0x33ab590), HTTP::Request=HASH(0x184cdb8)) called at t/moose/010_core/request-body.t line 27
t/moose/010_core/request-body.t ............................. ok
t/moose/010_core/request-content.t .......................... ok
Class::MOP::load_class is deprecated at /home/sand/src/perl/repoperls/installed-perls/host/k93x64sid/v5.18.4/3bd2/lib/site_perl/5.18.4/x86_64-linux-ld/Class/MOP.pm line 69.
	Class::MOP::load_class("HTTP::Engine::Interface::Test") called at /tmp/loop_over_bdir-9051-ZypIkG/HTTP-Engine-0.03005-0/blib/lib/HTTP/Engine/Types/Core.pm line 26
	HTTP::Engine::Types::Core::__ANON__(HASH(0x3e0e188)) called at /home/sand/src/perl/repoperls/installed-perls/host/k93x64sid/v5.18.4/3bd2/lib/site_perl/5.18.4/x86_64-linux-ld/Moose/Meta/TypeCoercion.pm line 65
	Moose::Meta::TypeCoercion::__ANON__(HASH(0x3e0e188)) called at constructor HTTP::Engine::new (defined at /tmp/loop_over_bdir-9051-ZypIkG/HTTP-Engine-0.03005-0/blib/lib/HTTP/Engine.pm line 17) line 31
	HTTP::Engine::new("HTTP::Engine", "interface", HASH(0x3e0e188)) called at t/Utils.pm line 141
	t::Utils::run_engine(CODE(0x3db7310), HTTP::Request=HASH(0x22a4da0)) called at t/moose/010_core/request-cookie.t line 32
t/moose/010_core/request-cookie.t ........................... ok
t/moose/010_core/request-hostname.t ......................... ok
Class::MOP::load_class is deprecated at /home/sand/src/perl/repoperls/installed-perls/host/k93x64sid/v5.18.4/3bd2/lib/site_perl/5.18.4/x86_64-linux-ld/Class/MOP.pm line 69.
	Class::MOP::load_class("HTTP::Engine::Interface::Test") called at /tmp/loop_over_bdir-9051-ZypIkG/HTTP-Engine-0.03005-0/blib/lib/HTTP/Engine/Types/Core.pm line 26
	HTTP::Engine::Types::Core::__ANON__(HASH(0x934ce0)) called at /home/sand/src/perl/repoperls/installed-perls/host/k93x64sid/v5.18.4/3bd2/lib/site_perl/5.18.4/x86_64-linux-ld/Moose/Meta/TypeCoercion.pm line 65
	Moose::Meta::TypeCoercion::__ANON__(HASH(0x934ce0)) called at constructor HTTP::Engine::new (defined at /tmp/loop_over_bdir-9051-ZypIkG/HTTP-Engine-0.03005-0/blib/lib/HTTP/Engine.pm line 17) line 31
	HTTP::Engine::new("HTTP::Engine", "interface", HASH(0x934ce0)) called at t/Utils.pm line 141
	t::Utils::run_engine(CODE(0x248ed50), HTTP::Request=HASH(0x934db8)) called at t/moose/010_core/request-many_upload.t line 91
t/moose/010_core/request-many_upload.t ...................... ok
t/moose/010_core/request-parameters.t ....................... ok
t/moose/010_core/request-params.t ........................... ok
t/moose/010_core/request-parse.t ............................ ok
t/moose/010_core/request-proxy_request.t .................... ok
t/moose/010_core/request-raw_body.t ......................... ok
t/moose/010_core/request-readbody.t ......................... ok
t/moose/010_core/request-secure.t ........................... ok
t/moose/010_core/request-upload.t ........................... ok
t/moose/010_core/request-uri.t .............................. ok
t/moose/010_core/request.t .................................. ok
t/moose/010_core/request_builder-noenv.t .................... ok

#   Failed test at /tmp/loop_over_bdir-9051-ZypIkG/HTTP-Engine-0.03005-0/inc/Test/More.pm line 420.
#                   'Class::MOP::load_class is deprecated at /home/sand/src/perl/repoperls/installed-perls/host/k93x64sid/v5.18.4/3bd2/lib/site_perl/5.18.4/x86_64-linux-ld/Class/MOP.pm line 69.
# 	Class::MOP::load_class("HTTP::Engine::Interface::Test") called at /tmp/loop_over_bdir-9051-ZypIkG/HTTP-Engine-0.03005-0/blib/lib/HTTP/Engine/Types/Core.pm line 26
# 	HTTP::Engine::Types::Core::__ANON__(HASH(0x3ea48e8)) called at /home/sand/src/perl/repoperls/installed-perls/host/k93x64sid/v5.18.4/3bd2/lib/site_perl/5.18.4/x86_64-linux-ld/Moose/Meta/TypeCoercion.pm line 65
# 	Moose::Meta::TypeCoercion::__ANON__(HASH(0x3ea48e8)) called at constructor HTTP::Engine::new (defined at /tmp/loop_over_bdir-9051-ZypIkG/HTTP-Engine-0.03005-0/blib/lib/HTTP/Engine.pm line 17) line 31
# 	HTTP::Engine::new("HTTP::Engine", "interface", HASH(0x3ea48e8)) called at t/Utils.pm line 141
# 	t::Utils::run_engine(CODE(0x22ad728), HTTP::Request=HASH(0x3bc76a0)) called at t/moose/010_core/request_processor-catch_error.t line 15
# 	eval {...} called at t/moose/010_core/request_processor-catch_error.t line 12
# orz at t/moose/010_core/request_processor-catch_error.t line 14.
# '
#     doesn't match '(?^:^orz)'
# Looks like you failed 1 test of 3.
t/moose/010_core/request_processor-catch_error.t ............ 
Dubious, test returned 1 (wstat 256, 0x100)
Failed 1/3 subtests 
Class::MOP::load_class is deprecated at /home/sand/src/perl/repoperls/installed-perls/host/k93x64sid/v5.18.4/3bd2/lib/site_perl/5.18.4/x86_64-linux-ld/Class/MOP.pm line 69.
	Class::MOP::load_class("HTTP::Engine::Interface::Test") called at /tmp/loop_over_bdir-9051-ZypIkG/HTTP-Engine-0.03005-0/blib/lib/HTTP/Engine/Types/Core.pm line 26
	HTTP::Engine::Types::Core::__ANON__(HASH(0x246c108)) called at /home/sand/src/perl/repoperls/installed-perls/host/k93x64sid/v5.18.4/3bd2/lib/site_perl/5.18.4/x86_64-linux-ld/Moose/Meta/TypeCoercion.pm line 65
	Moose::Meta::TypeCoercion::__ANON__(HASH(0x246c108)) called at constructor HTTP::Engine::new (defined at /tmp/loop_over_bdir-9051-ZypIkG/HTTP-Engine-0.03005-0/blib/lib/HTTP/Engine.pm line 17) line 31
	HTTP::Engine::new("HTTP::Engine", "interface", HASH(0x246c108)) called at t/Utils.pm line 141
	t::Utils::run_engine(CODE(0x8a87a0), HTTP::Request=HASH(0x8a7d20), "method", "GET", "raw_body", "test") called at t/moose/010_core/request_processor-make_request.t line 15
t/moose/010_core/request_processor-make_request.t ........... ok
t/moose/010_core/request_processor-response_error.t ......... ok
t/moose/010_core/request_upload-basename.t .................. ok
t/moose/010_core/response-code.t ............................ ok
t/moose/010_core/response-coerce_headers.t .................. ok
t/moose/010_core/response-content_length.t .................. ok
Class::MOP::load_class is deprecated at /home/sand/src/perl/repoperls/installed-perls/host/k93x64sid/v5.18.4/3bd2/lib/site_perl/5.18.4/x86_64-linux-ld/Class/MOP.pm line 69.
	Class::MOP::load_class("HTTP::Engine::Interface::Test") called at /tmp/loop_over_bdir-9051-ZypIkG/HTTP-Engine-0.03005-0/blib/lib/HTTP/Engine/Types/Core.pm line 26
	HTTP::Engine::Types::Core::__ANON__(HASH(0x3d94f18)) called at /home/sand/src/perl/repoperls/installed-perls/host/k93x64sid/v5.18.4/3bd2/lib/site_perl/5.18.4/x86_64-linux-ld/Moose/Meta/TypeCoercion.pm line 65
	Moose::Meta::TypeCoercion::__ANON__(HASH(0x3d94f18)) called at constructor HTTP::Engine::new (defined at /tmp/loop_over_bdir-9051-ZypIkG/HTTP-Engine-0.03005-0/blib/lib/HTTP/Engine.pm line 17) line 31
	HTTP::Engine::new("HTTP::Engine", "interface", HASH(0x3d94f18)) called at t/Utils.pm line 141
	t::Utils::run_engine(CODE(0x236b048), HTTP::Request=HASH(0x221dce0)) called at t/moose/010_core/response-cookie.t line 45
t/moose/010_core/response-cookie.t .......................... ok
t/moose/010_core/response-new.t ............................. ok
t/moose/010_core/response-set_http_response.t ............... ok
t/moose/010_core/response-status.t .......................... ok
t/moose/010_core/response.t ................................. ok
t/moose/010_core/response_finalizer.t ....................... ok
Class::MOP::load_class is deprecated at /home/sand/src/perl/repoperls/installed-perls/host/k93x64sid/v5.18.4/3bd2/lib/site_perl/5.18.4/x86_64-linux-ld/Class/MOP.pm line 69.
	Class::MOP::load_class("HTTP::Engine::RequestBuilder::CGI") called at /tmp/loop_over_bdir-9051-ZypIkG/HTTP-Engine-0.03005-0/blib/lib/HTTP/Engine/Interface.pm line 65
	HTTP::Engine::Interface::_setup_builder("HTTP::Engine::Interface::CGI", "CGI") called at /tmp/loop_over_bdir-9051-ZypIkG/HTTP-Engine-0.03005-0/blib/lib/HTTP/Engine/Interface.pm line 51
	HTTP::Engine::Interface::__INTERFACE__("HTTP::Engine::Interface::CGI") called at /tmp/loop_over_bdir-9051-ZypIkG/HTTP-Engine-0.03005-0/blib/lib/HTTP/Engine/Interface.pm line 31
	HTTP::Engine::Interface::__ANON__() called at /tmp/loop_over_bdir-9051-ZypIkG/HTTP-Engine-0.03005-0/blib/lib/HTTP/Engine/Interface/CGI.pm line 18
	require HTTP/Engine/Interface/CGI.pm called at t/moose/010_core/response_writer.t line 9
	main::BEGIN() called at /tmp/loop_over_bdir-9051-ZypIkG/HTTP-Engine-0.03005-0/blib/lib/HTTP/Engine/Interface/CGI.pm line 0
	eval {...} called at /tmp/loop_over_bdir-9051-ZypIkG/HTTP-Engine-0.03005-0/blib/lib/HTTP/Engine/Interface/CGI.pm line 0
t/moose/010_core/response_writer.t .......................... ok
t/moose/010_core/responsewriter-broken_io.t ................. ok
t/moose/010_core/responsewriter-with_io.t ................... ok
Class::MOP::load_class is deprecated at /home/sand/src/perl/repoperls/installed-perls/host/k93x64sid/v5.18.4/3bd2/lib/site_perl/5.18.4/x86_64-linux-ld/Class/MOP.pm line 69.
	Class::MOP::load_class("HTTP::Engine::RequestBuilder::CGI") called at /tmp/loop_over_bdir-9051-ZypIkG/HTTP-Engine-0.03005-0/blib/lib/HTTP/Engine/Interface.pm line 65
	HTTP::Engine::Interface::_setup_builder("HTTP::Engine::Interface::CGI", "CGI") called at /tmp/loop_over_bdir-9051-ZypIkG/HTTP-Engine-0.03005-0/blib/lib/HTTP/Engine/Interface.pm line 51
	HTTP::Engine::Interface::__INTERFACE__("HTTP::Engine::Interface::CGI") called at /tmp/loop_over_bdir-9051-ZypIkG/HTTP-Engine-0.03005-0/blib/lib/HTTP/Engine/Interface.pm line 31
	HTTP::Engine::Interface::__ANON__() called at /tmp/loop_over_bdir-9051-ZypIkG/HTTP-Engine-0.03005-0/blib/lib/HTTP/Engine/Interface/CGI.pm line 18
	require HTTP/Engine/Interface/CGI.pm called at t/moose/020_interface/cgi.t line 5
	main::BEGIN() called at /tmp/loop_over_bdir-9051-ZypIkG/HTTP-Engine-0.03005-0/blib/lib/HTTP/Engine/Interface/CGI.pm line 0
	eval {...} called at /tmp/loop_over_bdir-9051-ZypIkG/HTTP-Engine-0.03005-0/blib/lib/HTTP/Engine/Interface/CGI.pm line 0
Class::MOP::load_class is deprecated at /home/sand/src/perl/repoperls/installed-perls/host/k93x64sid/v5.18.4/3bd2/lib/site_perl/5.18.4/x86_64-linux-ld/Class/MOP.pm line 69, <DATA> line 1.
	Class::MOP::load_class("HTTP::Engine::Interface::CGI") called at /tmp/loop_over_bdir-9051-ZypIkG/HTTP-Engine-0.03005-0/blib/lib/HTTP/Engine/Types/Core.pm line 26
	HTTP::Engine::Types::Core::__ANON__(HASH(0x2b37258)) called at /home/sand/src/perl/repoperls/installed-perls/host/k93x64sid/v5.18.4/3bd2/lib/site_perl/5.18.4/x86_64-linux-ld/Moose/Meta/TypeCoercion.pm line 65
	Moose::Meta::TypeCoercion::__ANON__(HASH(0x2b37258)) called at constructor HTTP::Engine::new (defined at /tmp/loop_over_bdir-9051-ZypIkG/HTTP-Engine-0.03005-0/blib/lib/HTTP/Engine.pm line 17) line 31
	HTTP::Engine::new("HTTP::Engine", "interface", HASH(0x2b37258)) called at t/moose/020_interface/cgi.t line 36
	main::__ANON__(Test::Base::Block=HASH(0x2b37690)) called at /tmp/loop_over_bdir-9051-ZypIkG/HTTP-Engine-0.03005-0/inc/Test/Base.pm line 269
	Test::Base::run(undef) called at t/moose/020_interface/cgi.t line 39
t/moose/020_interface/cgi.t ................................. ok
t/moose/020_interface/lighty-fcgi.t ......................... skipped: set TEST_LIGHTTPD to enable this test
t/moose/020_interface/modperl_wildcard_hostname.t ........... skipped: this test requires mod_perl 2
Class::MOP::load_class is deprecated at /home/sand/src/perl/repoperls/installed-perls/host/k93x64sid/v5.18.4/3bd2/lib/site_perl/5.18.4/x86_64-linux-ld/Class/MOP.pm line 69.
	Class::MOP::load_class("HTTP::Engine::RequestBuilder::NoEnv") called at /tmp/loop_over_bdir-9051-ZypIkG/HTTP-Engine-0.03005-0/blib/lib/HTTP/Engine/Interface.pm line 65
	HTTP::Engine::Interface::_setup_builder("HTTP::Engine::Interface::POE", "NoEnv") called at /tmp/loop_over_bdir-9051-ZypIkG/HTTP-Engine-0.03005-0/blib/lib/HTTP/Engine/Interface.pm line 51
	HTTP::Engine::Interface::__INTERFACE__("HTTP::Engine::Interface::POE") called at /tmp/loop_over_bdir-9051-ZypIkG/HTTP-Engine-0.03005-0/blib/lib/HTTP/Engine/Interface.pm line 31
	HTTP::Engine::Interface::__ANON__() called at /tmp/loop_over_bdir-9051-ZypIkG/HTTP-Engine-0.03005-0/blib/lib/HTTP/Engine/Interface/POE.pm line 132
	require HTTP/Engine/Interface/POE.pm called at (eval 342) line 2
	main::BEGIN() called at /tmp/loop_over_bdir-9051-ZypIkG/HTTP-Engine-0.03005-0/blib/lib/HTTP/Engine/Interface/POE.pm line 0
	eval {...} called at /tmp/loop_over_bdir-9051-ZypIkG/HTTP-Engine-0.03005-0/blib/lib/HTTP/Engine/Interface/POE.pm line 0
	eval 'package main;
use HTTP::Engine::Interface::POE @{$args[0]};
1;
' called at /tmp/loop_over_bdir-9051-ZypIkG/HTTP-Engine-0.03005-0/inc/Test/More.pm line 884
	Test::More::_eval("package main;\x{a}use HTTP::Engine::Interface::POE \@{\$args[0]};\x{a}1;\x{a}", ARRAY(0x2606070)) called at /tmp/loop_over_bdir-9051-ZypIkG/HTTP-Engine-0.03005-0/inc/Test/More.pm line 859
	Test::More::use_ok("HTTP::Engine::Interface::POE") called at t/moose/020_interface/poe-proxy.t line 15
=== 3394 === !!! Kernel has 1 child process(es).
=== 3394 === !!! Stopped child process (PID 3395) reaped when POE::Kernel->run() is ready to return.
=== 3394 === !!! Stopped child process (PID 3396) reaped when POE::Kernel->run() is ready to return.
=== 3394 === !!! Stopped child process (PID 3397) reaped when POE::Kernel->run() is ready to return.
=== 3394 === !!! Stopped child process (PID 3398) reaped when POE::Kernel->run() is ready to return.
=== 3394 === !!! Stopped child process (PID 3399) reaped when POE::Kernel->run() is ready to return.
=== 3394 === !!! Stopped child process (PID 3400) reaped when POE::Kernel->run() is ready to return.
=== 3394 === !!! Stopped child process (PID 3401) reaped when POE::Kernel->run() is ready to return.
=== 3394 === !!! Stopped child process (PID 3402) reaped when POE::Kernel->run() is ready to return.
=== 3394 === !!! Be sure to use sig_child() to reap child processes.
=== 3394 === !!! In extreme cases, failure to reap child processes has
=== 3394 === !!! resulted in a slow 'fork bomb' that has halted systems.
t/moose/020_interface/poe-proxy.t ........................... ok
Class::MOP::load_class is deprecated at /home/sand/src/perl/repoperls/installed-perls/host/k93x64sid/v5.18.4/3bd2/lib/site_perl/5.18.4/x86_64-linux-ld/Class/MOP.pm line 69.
	Class::MOP::load_class("HTTP::Engine::RequestBuilder::NoEnv") called at /tmp/loop_over_bdir-9051-ZypIkG/HTTP-Engine-0.03005-0/blib/lib/HTTP/Engine/Interface.pm line 65
	HTTP::Engine::Interface::_setup_builder("HTTP::Engine::Interface::POE", "NoEnv") called at /tmp/loop_over_bdir-9051-ZypIkG/HTTP-Engine-0.03005-0/blib/lib/HTTP/Engine/Interface.pm line 51
	HTTP::Engine::Interface::__INTERFACE__("HTTP::Engine::Interface::POE") called at /tmp/loop_over_bdir-9051-ZypIkG/HTTP-Engine-0.03005-0/blib/lib/HTTP/Engine/Interface.pm line 31
	HTTP::Engine::Interface::__ANON__() called at /tmp/loop_over_bdir-9051-ZypIkG/HTTP-Engine-0.03005-0/blib/lib/HTTP/Engine/Interface/POE.pm line 132
	require HTTP/Engine/Interface/POE.pm called at (eval 342) line 2
	main::BEGIN() called at /tmp/loop_over_bdir-9051-ZypIkG/HTTP-Engine-0.03005-0/blib/lib/HTTP/Engine/Interface/POE.pm line 0
	eval {...} called at /tmp/loop_over_bdir-9051-ZypIkG/HTTP-Engine-0.03005-0/blib/lib/HTTP/Engine/Interface/POE.pm line 0
	eval 'package main;
use HTTP::Engine::Interface::POE @{$args[0]};
1;
' called at /tmp/loop_over_bdir-9051-ZypIkG/HTTP-Engine-0.03005-0/inc/Test/More.pm line 884
	Test::More::_eval("package main;\x{a}use HTTP::Engine::Interface::POE \@{\$args[0]};\x{a}1;\x{a}", ARRAY(0xbb9070)) called at /tmp/loop_over_bdir-9051-ZypIkG/HTTP-Engine-0.03005-0/inc/Test/More.pm line 859
	Test::More::use_ok("HTTP::Engine::Interface::POE") called at t/moose/020_interface/poe-uri.t line 16
=== 3403 === !!! Kernel has 1 child process(es).
=== 3403 === !!! Stopped child process (PID 3404) reaped when POE::Kernel->run() is ready to return.
=== 3403 === !!! Stopped child process (PID 3405) reaped when POE::Kernel->run() is ready to return.
=== 3403 === !!! Stopped child process (PID 3406) reaped when POE::Kernel->run() is ready to return.
=== 3403 === !!! Stopped child process (PID 3407) reaped when POE::Kernel->run() is ready to return.
=== 3403 === !!! Stopped child process (PID 3408) reaped when POE::Kernel->run() is ready to return.
=== 3403 === !!! Stopped child process (PID 3409) reaped when POE::Kernel->run() is ready to return.
=== 3403 === !!! Stopped child process (PID 3410) reaped when POE::Kernel->run() is ready to return.
=== 3403 === !!! Stopped child process (PID 3411) reaped when POE::Kernel->run() is ready to return.
=== 3403 === !!! Be sure to use sig_child() to reap child processes.
=== 3403 === !!! In extreme cases, failure to reap child processes has
=== 3403 === !!! resulted in a slow 'fork bomb' that has halted systems.
t/moose/020_interface/poe-uri.t ............................. ok
Class::MOP::load_class is deprecated at /home/sand/src/perl/repoperls/installed-perls/host/k93x64sid/v5.18.4/3bd2/lib/site_perl/5.18.4/x86_64-linux-ld/Class/MOP.pm line 69.
	Class::MOP::load_class("HTTP::Engine::RequestBuilder::NoEnv") called at /tmp/loop_over_bdir-9051-ZypIkG/HTTP-Engine-0.03005-0/blib/lib/HTTP/Engine/Interface.pm line 65
	HTTP::Engine::Interface::_setup_builder("HTTP::Engine::Interface::POE", "NoEnv") called at /tmp/loop_over_bdir-9051-ZypIkG/HTTP-Engine-0.03005-0/blib/lib/HTTP/Engine/Interface.pm line 51
	HTTP::Engine::Interface::__INTERFACE__("HTTP::Engine::Interface::POE") called at /tmp/loop_over_bdir-9051-ZypIkG/HTTP-Engine-0.03005-0/blib/lib/HTTP/Engine/Interface.pm line 31
	HTTP::Engine::Interface::__ANON__() called at /tmp/loop_over_bdir-9051-ZypIkG/HTTP-Engine-0.03005-0/blib/lib/HTTP/Engine/Interface/POE.pm line 132
	require HTTP/Engine/Interface/POE.pm called at (eval 342) line 2
	main::BEGIN() called at /tmp/loop_over_bdir-9051-ZypIkG/HTTP-Engine-0.03005-0/blib/lib/HTTP/Engine/Interface/POE.pm line 0
	eval {...} called at /tmp/loop_over_bdir-9051-ZypIkG/HTTP-Engine-0.03005-0/blib/lib/HTTP/Engine/Interface/POE.pm line 0
	eval 'package main;
use HTTP::Engine::Interface::POE @{$args[0]};
1;
' called at /tmp/loop_over_bdir-9051-ZypIkG/HTTP-Engine-0.03005-0/inc/Test/More.pm line 884
	Test::More::_eval("package main;\x{a}use HTTP::Engine::Interface::POE \@{\$args[0]};\x{a}1;\x{a}", ARRAY(0xd765c0)) called at /tmp/loop_over_bdir-9051-ZypIkG/HTTP-Engine-0.03005-0/inc/Test/More.pm line 859
	Test::More::use_ok("HTTP::Engine::Interface::POE") called at t/moose/020_interface/poe.t line 15
=== 3412 === !!! Kernel has 1 child process(es).
=== 3412 === !!! Stopped child process (PID 3413) reaped when POE::Kernel->run() is ready to return.
=== 3412 === !!! Stopped child process (PID 3414) reaped when POE::Kernel->run() is ready to return.
=== 3412 === !!! Stopped child process (PID 3415) reaped when POE::Kernel->run() is ready to return.
=== 3412 === !!! Stopped child process (PID 3416) reaped when POE::Kernel->run() is ready to return.
=== 3412 === !!! Stopped child process (PID 3417) reaped when POE::Kernel->run() is ready to return.
=== 3412 === !!! Stopped child process (PID 3418) reaped when POE::Kernel->run() is ready to return.
=== 3412 === !!! Stopped child process (PID 3419) reaped when POE::Kernel->run() is ready to return.
=== 3412 === !!! Stopped child process (PID 3420) reaped when POE::Kernel->run() is ready to return.
=== 3412 === !!! Be sure to use sig_child() to reap child processes.
=== 3412 === !!! In extreme cases, failure to reap child processes has
=== 3412 === !!! resulted in a slow 'fork bomb' that has halted systems.
t/moose/020_interface/poe.t ................................. ok
Class::MOP::load_class is deprecated at /home/sand/src/perl/repoperls/installed-perls/host/k93x64sid/v5.18.4/3bd2/lib/site_perl/5.18.4/x86_64-linux-ld/Class/MOP.pm line 69.
	Class::MOP::load_class("HTTP::Engine::Interface::PSGI") called at /tmp/loop_over_bdir-9051-ZypIkG/HTTP-Engine-0.03005-0/blib/lib/HTTP/Engine/Types/Core.pm line 26
	HTTP::Engine::Types::Core::__ANON__(HASH(0x232cd98)) called at /home/sand/src/perl/repoperls/installed-perls/host/k93x64sid/v5.18.4/3bd2/lib/site_perl/5.18.4/x86_64-linux-ld/Moose/Meta/TypeCoercion.pm line 65
	Moose::Meta::TypeCoercion::__ANON__(HASH(0x232cd98)) called at constructor HTTP::Engine::new (defined at /tmp/loop_over_bdir-9051-ZypIkG/HTTP-Engine-0.03005-0/blib/lib/HTTP/Engine.pm line 17) line 31
	HTTP::Engine::new("HTTP::Engine", "interface", HASH(0x232cd98)) called at t/moose/020_interface/psgi-with_plack.t line 33
	main::__ANON__(50218) called at /tmp/loop_over_bdir-9051-ZypIkG/HTTP-Engine-0.03005-0/inc/Test/TCP.pm line 118
	Test::TCP::start(Test::TCP=HASH(0x232cde0)) called at /tmp/loop_over_bdir-9051-ZypIkG/HTTP-Engine-0.03005-0/inc/Test/TCP.pm line 101
	Test::TCP::new("Test::TCP", "code", CODE(0x3f74cc0), "port", 50218) called at /tmp/loop_over_bdir-9051-ZypIkG/HTTP-Engine-0.03005-0/inc/Test/TCP.pm line 52
	Test::TCP::test_tcp("client", CODE(0x2368f70), "server", CODE(0x3f74cc0)) called at t/moose/020_interface/psgi-with_plack.t line 37
t/moose/020_interface/psgi-with_plack.t ..................... ok
Class::MOP::load_class is deprecated at /home/sand/src/perl/repoperls/installed-perls/host/k93x64sid/v5.18.4/3bd2/lib/site_perl/5.18.4/x86_64-linux-ld/Class/MOP.pm line 69.
	Class::MOP::load_class("HTTP::Engine::Interface::PSGI") called at /tmp/loop_over_bdir-9051-ZypIkG/HTTP-Engine-0.03005-0/blib/lib/HTTP/Engine/Types/Core.pm line 26
	HTTP::Engine::Types::Core::__ANON__(HASH(0x147d090)) called at /home/sand/src/perl/repoperls/installed-perls/host/k93x64sid/v5.18.4/3bd2/lib/site_perl/5.18.4/x86_64-linux-ld/Moose/Meta/TypeCoercion.pm line 65
	Moose::Meta::TypeCoercion::__ANON__(HASH(0x147d090)) called at constructor HTTP::Engine::new (defined at /tmp/loop_over_bdir-9051-ZypIkG/HTTP-Engine-0.03005-0/blib/lib/HTTP/Engine.pm line 17) line 31
	HTTP::Engine::new("HTTP::Engine", "interface", HASH(0x147d090)) called at t/moose/020_interface/psgi.t line 24
t/moose/020_interface/psgi.t ................................ ok
Class::MOP::load_class is deprecated at /home/sand/src/perl/repoperls/installed-perls/host/k93x64sid/v5.18.4/3bd2/lib/site_perl/5.18.4/x86_64-linux-ld/Class/MOP.pm line 69, <DATA> line 11.
	Class::MOP::load_class("HTTP::Engine::Interface::ServerSimple") called at /tmp/loop_over_bdir-9051-ZypIkG/HTTP-Engine-0.03005-0/blib/lib/HTTP/Engine/Types/Core.pm line 26
	HTTP::Engine::Types::Core::__ANON__(HASH(0x458dea8)) called at /home/sand/src/perl/repoperls/installed-perls/host/k93x64sid/v5.18.4/3bd2/lib/site_perl/5.18.4/x86_64-linux-ld/Moose/Meta/TypeCoercion.pm line 65
	Moose::Meta::TypeCoercion::__ANON__(HASH(0x458dea8)) called at constructor HTTP::Engine::new (defined at /tmp/loop_over_bdir-9051-ZypIkG/HTTP-Engine-0.03005-0/blib/lib/HTTP/Engine.pm line 17) line 31
	HTTP::Engine::new("HTTP::Engine", "interface", HASH(0x458dea8)) called at t/moose/020_interface/server_simple-net_server_configure.t line 52
	main::__ANON__(50348) called at /tmp/loop_over_bdir-9051-ZypIkG/HTTP-Engine-0.03005-0/inc/Test/TCP.pm line 118
	Test::TCP::start(Test::TCP=HASH(0x440a6c8)) called at /tmp/loop_over_bdir-9051-ZypIkG/HTTP-Engine-0.03005-0/inc/Test/TCP.pm line 101
	Test::TCP::new("Test::TCP", "code", CODE(0x2778e10), "port", 50348) called at /tmp/loop_over_bdir-9051-ZypIkG/HTTP-Engine-0.03005-0/inc/Test/TCP.pm line 52
	Test::TCP::test_tcp("client", CODE(0x42ae6d0), "server", CODE(0x2778e10)) called at t/moose/020_interface/server_simple-net_server_configure.t line 54
t/moose/020_interface/server_simple-net_server_configure.t .. ok
Class::MOP::load_class is deprecated at /home/sand/src/perl/repoperls/installed-perls/host/k93x64sid/v5.18.4/3bd2/lib/site_perl/5.18.4/x86_64-linux-ld/Class/MOP.pm line 69, <DATA> line 11.
	Class::MOP::load_class("HTTP::Engine::Interface::ServerSimple") called at /tmp/loop_over_bdir-9051-ZypIkG/HTTP-Engine-0.03005-0/blib/lib/HTTP/Engine/Types/Core.pm line 26
	HTTP::Engine::Types::Core::__ANON__(HASH(0x33960b8)) called at /home/sand/src/perl/repoperls/installed-perls/host/k93x64sid/v5.18.4/3bd2/lib/site_perl/5.18.4/x86_64-linux-ld/Moose/Meta/TypeCoercion.pm line 65
	Moose::Meta::TypeCoercion::__ANON__(HASH(0x33960b8)) called at constructor HTTP::Engine::new (defined at /tmp/loop_over_bdir-9051-ZypIkG/HTTP-Engine-0.03005-0/blib/lib/HTTP/Engine.pm line 17) line 31
	HTTP::Engine::new("HTTP::Engine", "interface", HASH(0x33960b8)) called at t/moose/020_interface/server_simple-not-send-header-bug.t line 39
	main::__ANON__(50038) called at /tmp/loop_over_bdir-9051-ZypIkG/HTTP-Engine-0.03005-0/inc/Test/TCP.pm line 118
	Test::TCP::start(Test::TCP=HASH(0x1b37d68)) called at /tmp/loop_over_bdir-9051-ZypIkG/HTTP-Engine-0.03005-0/inc/Test/TCP.pm line 101
	Test::TCP::new("Test::TCP", "code", CODE(0x1ea7a38), "port", 50038) called at /tmp/loop_over_bdir-9051-ZypIkG/HTTP-Engine-0.03005-0/inc/Test/TCP.pm line 52
	Test::TCP::test_tcp("client", CODE(0x1e93478), "server", CODE(0x1ea7a38)) called at t/moose/020_interface/server_simple-not-send-header-bug.t line 41
Class::MOP::load_class is deprecated at /home/sand/src/perl/repoperls/installed-perls/host/k93x64sid/v5.18.4/3bd2/lib/site_perl/5.18.4/x86_64-linux-ld/Class/MOP.pm line 69, <DATA> line 16.
	Class::MOP::load_class("HTTP::Engine::RequestBuilder::NoEnv") called at /tmp/loop_over_bdir-9051-ZypIkG/HTTP-Engine-0.03005-0/blib/lib/HTTP/Engine/Interface.pm line 65
	HTTP::Engine::Interface::_setup_builder("HTTP::Engine::Interface::ServerSimple", "NoEnv") called at /tmp/loop_over_bdir-9051-ZypIkG/HTTP-Engine-0.03005-0/blib/lib/HTTP/Engine/Interface.pm line 51
	HTTP::Engine::Interface::__INTERFACE__("HTTP::Engine::Interface::ServerSimple") called at /tmp/loop_over_bdir-9051-ZypIkG/HTTP-Engine-0.03005-0/blib/lib/HTTP/Engine/Interface.pm line 31
	HTTP::Engine::Interface::__ANON__() called at /tmp/loop_over_bdir-9051-ZypIkG/HTTP-Engine-0.03005-0/blib/lib/HTTP/Engine/Interface/ServerSimple.pm line 111
	require HTTP/Engine/Interface/ServerSimple.pm called at /home/sand/src/perl/repoperls/installed-perls/host/k93x64sid/v5.18.4/3bd2/lib/site_perl/5.18.4/Module/Runtime.pm line 317
	Module::Runtime::require_module("HTTP::Engine::Interface::ServerSimple") called at /home/sand/src/perl/repoperls/installed-perls/host/k93x64sid/v5.18.4/3bd2/lib/site_perl/5.18.4/Class/Load.pm line 174
	Class::Load::try {...} () called at /home/sand/src/perl/repoperls/installed-perls/host/k93x64sid/v5.18.4/3bd2/lib/site_perl/5.18.4/Try/Tiny.pm line 87
	eval {...} called at /home/sand/src/perl/repoperls/installed-perls/host/k93x64sid/v5.18.4/3bd2/lib/site_perl/5.18.4/Try/Tiny.pm line 83
	Try::Tiny::try(CODE(0x30145e8), Try::Tiny::Catch=REF(0x3014570)) called at /home/sand/src/perl/repoperls/installed-perls/host/k93x64sid/v5.18.4/3bd2/lib/site_perl/5.18.4/Class/Load.pm line 180
	Class::Load::try_load_class("HTTP::Engine::Interface::ServerSimple", undef) called at /home/sand/src/perl/repoperls/installed-perls/host/k93x64sid/v5.18.4/3bd2/lib/site_perl/5.18.4/Class/Load.pm line 35
	Class::Load::load_class("HTTP::Engine::Interface::ServerSimple") called at /tmp/loop_over_bdir-9051-ZypIkG/HTTP-Engine-0.03005-0/blib/lib/HTTP/Engine/Types/Core.pm line 26
	HTTP::Engine::Types::Core::__ANON__(HASH(0x33960b8)) called at /home/sand/src/perl/repoperls/installed-perls/host/k93x64sid/v5.18.4/3bd2/lib/site_perl/5.18.4/x86_64-linux-ld/Moose/Meta/TypeCoercion.pm line 65
	Moose::Meta::TypeCoercion::__ANON__(HASH(0x33960b8)) called at constructor HTTP::Engine::new (defined at /tmp/loop_over_bdir-9051-ZypIkG/HTTP-Engine-0.03005-0/blib/lib/HTTP/Engine.pm line 17) line 31
	HTTP::Engine::new("HTTP::Engine", "interface", HASH(0x33960b8)) called at t/moose/020_interface/server_simple-not-send-header-bug.t line 39
	main::__ANON__(50038) called at /tmp/loop_over_bdir-9051-ZypIkG/HTTP-Engine-0.03005-0/inc/Test/TCP.pm line 118
	Test::TCP::start(Test::TCP=HASH(0x1b37d68)) called at /tmp/loop_over_bdir-9051-ZypIkG/HTTP-Engine-0.03005-0/inc/Test/TCP.pm line 101
	Test::TCP::new("Test::TCP", "code", CODE(0x1ea7a38), "port", 50038) called at /tmp/loop_over_bdir-9051-ZypIkG/HTTP-Engine-0.03005-0/inc/Test/TCP.pm line 52
	Test::TCP::test_tcp("client", CODE(0x1e93478), "server", CODE(0x1ea7a38)) called at t/moose/020_interface/server_simple-not-send-header-bug.t line 41
t/moose/020_interface/server_simple-not-send-header-bug.t ... ok
Class::MOP::load_class is deprecated at /home/sand/src/perl/repoperls/installed-perls/host/k93x64sid/v5.18.4/3bd2/lib/site_perl/5.18.4/x86_64-linux-ld/Class/MOP.pm line 69, <DATA> line 11.
	Class::MOP::load_class("HTTP::Engine::Interface::ServerSimple") called at /tmp/loop_over_bdir-9051-ZypIkG/HTTP-Engine-0.03005-0/blib/lib/HTTP/Engine/Types/Core.pm line 26
	HTTP::Engine::Types::Core::__ANON__(HASH(0x36fd9d0)) called at /home/sand/src/perl/repoperls/installed-perls/host/k93x64sid/v5.18.4/3bd2/lib/site_perl/5.18.4/x86_64-linux-ld/Moose/Meta/TypeCoercion.pm line 65
	Moose::Meta::TypeCoercion::__ANON__(HASH(0x36fd9d0)) called at constructor HTTP::Engine::new (defined at /tmp/loop_over_bdir-9051-ZypIkG/HTTP-Engine-0.03005-0/blib/lib/HTTP/Engine.pm line 17) line 31
	HTTP::Engine::new("HTTP::Engine", "interface", HASH(0x36fd9d0)) called at t/moose/020_interface/server_simple-print_banner.t line 32
	main::__ANON__(50926) called at /tmp/loop_over_bdir-9051-ZypIkG/HTTP-Engine-0.03005-0/inc/Test/TCP.pm line 118
	Test::TCP::start(Test::TCP=HASH(0x1b64cf0)) called at /tmp/loop_over_bdir-9051-ZypIkG/HTTP-Engine-0.03005-0/inc/Test/TCP.pm line 101
	Test::TCP::new("Test::TCP", "code", CODE(0x1b50e98), "port", 50926) called at /tmp/loop_over_bdir-9051-ZypIkG/HTTP-Engine-0.03005-0/inc/Test/TCP.pm line 52
	Test::TCP::test_tcp("client", CODE(0x1b8f898), "server", CODE(0x1b50e98)) called at t/moose/020_interface/server_simple-print_banner.t line 34
t/moose/020_interface/server_simple-print_banner.t .......... ok
Class::MOP::load_class is deprecated at /home/sand/src/perl/repoperls/installed-perls/host/k93x64sid/v5.18.4/3bd2/lib/site_perl/5.18.4/x86_64-linux-ld/Class/MOP.pm line 69, <DATA> line 11.
	Class::MOP::load_class("HTTP::Engine::Interface::ServerSimple") called at /tmp/loop_over_bdir-9051-ZypIkG/HTTP-Engine-0.03005-0/blib/lib/HTTP/Engine/Types/Core.pm line 26
	HTTP::Engine::Types::Core::__ANON__(HASH(0x3fe80d0)) called at /home/sand/src/perl/repoperls/installed-perls/host/k93x64sid/v5.18.4/3bd2/lib/site_perl/5.18.4/x86_64-linux-ld/Moose/Meta/TypeCoercion.pm line 65
	Moose::Meta::TypeCoercion::__ANON__(HASH(0x3fe80d0)) called at constructor HTTP::Engine::new (defined at /tmp/loop_over_bdir-9051-ZypIkG/HTTP-Engine-0.03005-0/blib/lib/HTTP/Engine.pm line 17) line 31
	HTTP::Engine::new("HTTP::Engine", "interface", HASH(0x3fe80d0)) called at t/moose/020_interface/server_simple.t line 36
	main::__ANON__(50941) called at /tmp/loop_over_bdir-9051-ZypIkG/HTTP-Engine-0.03005-0/inc/Test/TCP.pm line 118
	Test::TCP::start(Test::TCP=HASH(0x232ee18)) called at /tmp/loop_over_bdir-9051-ZypIkG/HTTP-Engine-0.03005-0/inc/Test/TCP.pm line 101
	Test::TCP::new("Test::TCP", "code", CODE(0x3fa0340), "port", 50941) called at /tmp/loop_over_bdir-9051-ZypIkG/HTTP-Engine-0.03005-0/inc/Test/TCP.pm line 52
	Test::TCP::test_tcp("client", CODE(0x3f77b30), "server", CODE(0x3fa0340)) called at t/moose/020_interface/server_simple.t line 38
t/moose/020_interface/server_simple.t ....................... ok
t/moose/020_interface/standalone-keep_alive.t ............... skipped: Interface::Standalone will be removed
t/moose/020_interface/standalone-restart.t .................. skipped: Interface::Standalone will be removed
Class::MOP::load_class is deprecated at /home/sand/src/perl/repoperls/installed-perls/host/k93x64sid/v5.18.4/3bd2/lib/site_perl/5.18.4/x86_64-linux-ld/Class/MOP.pm line 69.
	Class::MOP::load_class("HTTP::Engine::Interface::Test") called at /tmp/loop_over_bdir-9051-ZypIkG/HTTP-Engine-0.03005-0/blib/lib/HTTP/Engine/Types/Core.pm line 26
	HTTP::Engine::Types::Core::__ANON__(HASH(0x2f76878)) called at /home/sand/src/perl/repoperls/installed-perls/host/k93x64sid/v5.18.4/3bd2/lib/site_perl/5.18.4/x86_64-linux-ld/Moose/Meta/TypeCoercion.pm line 65
	Moose::Meta::TypeCoercion::__ANON__(HASH(0x2f76878)) called at constructor HTTP::Engine::new (defined at /tmp/loop_over_bdir-9051-ZypIkG/HTTP-Engine-0.03005-0/blib/lib/HTTP/Engine.pm line 17) line 31
	HTTP::Engine::new("HTTP::Engine", "interface", HASH(0x2f76878)) called at t/moose/020_interface/streaming_response.t line 30
	eval {...} called at t/moose/020_interface/streaming_response.t line 19
t/moose/020_interface/streaming_response.t .................. ok

#   Failed test at t/moose/020_interface/test-validation.t line 23.
#          got: '1'
#     expected: '0'
# Looks like you failed 1 test of 10.
t/moose/020_interface/test-validation.t ..................... 
Dubious, test returned 1 (wstat 256, 0x100)
Failed 1/10 subtests 
t/moose/020_interface/test-warn_at_utf8.t ................... ok
Class::MOP::load_class is deprecated at /home/sand/src/perl/repoperls/installed-perls/host/k93x64sid/v5.18.4/3bd2/lib/site_perl/5.18.4/x86_64-linux-ld/Class/MOP.pm line 69, <DATA> line 1.
	Class::MOP::load_class("HTTP::Engine::Interface::Test") called at /tmp/loop_over_bdir-9051-ZypIkG/HTTP-Engine-0.03005-0/blib/lib/HTTP/Engine/Types/Core.pm line 26
	HTTP::Engine::Types::Core::__ANON__(HASH(0x37097e8)) called at /home/sand/src/perl/repoperls/installed-perls/host/k93x64sid/v5.18.4/3bd2/lib/site_perl/5.18.4/x86_64-linux-ld/Moose/Meta/TypeCoercion.pm line 65
	Moose::Meta::TypeCoercion::__ANON__(HASH(0x37097e8)) called at constructor HTTP::Engine::new (defined at /tmp/loop_over_bdir-9051-ZypIkG/HTTP-Engine-0.03005-0/blib/lib/HTTP/Engine.pm line 17) line 31
	HTTP::Engine::new("HTTP::Engine", "interface", HASH(0x37097e8)) called at t/moose/020_interface/test.t line 38
	main::__ANON__(Test::Base::Block=HASH(0x3658ec0)) called at /tmp/loop_over_bdir-9051-ZypIkG/HTTP-Engine-0.03005-0/inc/Test/Base.pm line 269
	Test::Base::run(undef) called at t/moose/020_interface/test.t line 43
t/moose/020_interface/test.t ................................ ok
Class::MOP::load_class is deprecated at /home/sand/src/perl/repoperls/installed-perls/host/k93x64sid/v5.18.4/3bd2/lib/site_perl/5.18.4/x86_64-linux-ld/Class/MOP.pm line 69.
	Class::MOP::load_class("HTTP::Engine::Interface::Test") called at /tmp/loop_over_bdir-9051-ZypIkG/HTTP-Engine-0.03005-0/blib/lib/HTTP/Engine/Types/Core.pm line 26
	HTTP::Engine::Types::Core::__ANON__(HASH(0x29c04f8)) called at /home/sand/src/perl/repoperls/installed-perls/host/k93x64sid/v5.18.4/3bd2/lib/site_perl/5.18.4/x86_64-linux-ld/Moose/Meta/TypeCoercion.pm line 65
	Moose::Meta::TypeCoercion::__ANON__(HASH(0x29c04f8)) called at constructor HTTP::Engine::new (defined at /tmp/loop_over_bdir-9051-ZypIkG/HTTP-Engine-0.03005-0/blib/lib/HTTP/Engine.pm line 17) line 31
	HTTP::Engine::new("HTTP::Engine", "interface", HASH(0x29c04f8)) called at t/moose/020_interface/test_response-with_io.t line 26
t/moose/020_interface/test_response-with_io.t ............... ok
Class::MOP::load_class is deprecated at /home/sand/src/perl/repoperls/installed-perls/host/k93x64sid/v5.18.4/3bd2/lib/site_perl/5.18.4/x86_64-linux-ld/Class/MOP.pm line 69, <DATA> line 1.
	Class::MOP::load_class("HTTP::Engine::Interface::Test") called at /tmp/loop_over_bdir-9051-ZypIkG/HTTP-Engine-0.03005-0/blib/lib/HTTP/Engine/Types/Core.pm line 26
	HTTP::Engine::Types::Core::__ANON__(HASH(0x32aacc8)) called at /home/sand/src/perl/repoperls/installed-perls/host/k93x64sid/v5.18.4/3bd2/lib/site_perl/5.18.4/x86_64-linux-ld/Moose/Meta/TypeCoercion.pm line 65
	Moose::Meta::TypeCoercion::__ANON__(HASH(0x32aacc8)) called at constructor HTTP::Engine::new (defined at /tmp/loop_over_bdir-9051-ZypIkG/HTTP-Engine-0.03005-0/blib/lib/HTTP/Engine.pm line 17) line 31
	HTTP::Engine::new("HTTP::Engine", "interface", HASH(0x32aacc8)) called at t/moose/020_interface/test_upload.t line 55
	main::__ANON__(Test::Base::Block=HASH(0x1059f08)) called at /tmp/loop_over_bdir-9051-ZypIkG/HTTP-Engine-0.03005-0/inc/Test/Base.pm line 269
	Test::Base::run(undef) called at t/moose/020_interface/test_upload.t line 91
t/moose/020_interface/test_upload.t ......................... ok
Class::MOP::load_class is deprecated at /home/sand/src/perl/repoperls/installed-perls/host/k93x64sid/v5.18.4/3bd2/lib/site_perl/5.18.4/x86_64-linux-ld/Class/MOP.pm line 69.
	Class::MOP::load_class("HTTP::Engine::Interface::Standalone") called at /tmp/loop_over_bdir-9051-ZypIkG/HTTP-Engine-0.03005-0/blib/lib/HTTP/Engine/Types/Core.pm line 26
	HTTP::Engine::Types::Core::__ANON__(HASH(0x31a0ec8)) called at /home/sand/src/perl/repoperls/installed-perls/host/k93x64sid/v5.18.4/3bd2/lib/site_perl/5.18.4/x86_64-linux-ld/Moose/Meta/TypeCoercion.pm line 65
	Moose::Meta::TypeCoercion::__ANON__(HASH(0x31a0ec8)) called at constructor HTTP::Engine::new (defined at /tmp/loop_over_bdir-9051-ZypIkG/HTTP-Engine-0.03005-0/blib/lib/HTTP/Engine.pm line 17) line 31
	HTTP::Engine::new("HTTP::Engine", "interface", HASH(0x31a0ec8)) called at t/Utils.pm line 129
	t::Utils::__ANON__(50566) called at /tmp/loop_over_bdir-9051-ZypIkG/HTTP-Engine-0.03005-0/inc/Test/TCP.pm line 118
	Test::TCP::start(Test::TCP=HASH(0x3570010)) called at /tmp/loop_over_bdir-9051-ZypIkG/HTTP-Engine-0.03005-0/inc/Test/TCP.pm line 101
	Test::TCP::new("Test::TCP", "code", CODE(0x357afe8), "port", 50566) called at /tmp/loop_over_bdir-9051-ZypIkG/HTTP-Engine-0.03005-0/inc/Test/TCP.pm line 52
	Test::TCP::test_tcp("client", CODE(0x3508a80), "server", CODE(0x357afe8), "port", 50566) called at t/Utils.pm line 132
	t::Utils::daemonize_all(CODE(0x3035aa8), "    sub {\x{a}        my \$port = shift;\x{a}        return (\x{a}        "...) called at t/moose/030_daemonize/connection_info.t line 47
Class::MOP::load_class is deprecated at /home/sand/src/perl/repoperls/installed-perls/host/k93x64sid/v5.18.4/3bd2/lib/site_perl/5.18.4/x86_64-linux-ld/Class/MOP.pm line 69.
	Class::MOP::load_class("HTTP::Engine::Interface::ServerSimple") called at /tmp/loop_over_bdir-9051-ZypIkG/HTTP-Engine-0.03005-0/blib/lib/HTTP/Engine/Types/Core.pm line 26
	HTTP::Engine::Types::Core::__ANON__(HASH(0x31a0ec8)) called at /home/sand/src/perl/repoperls/installed-perls/host/k93x64sid/v5.18.4/3bd2/lib/site_perl/5.18.4/x86_64-linux-ld/Moose/Meta/TypeCoercion.pm line 65
	Moose::Meta::TypeCoercion::__ANON__(HASH(0x31a0ec8)) called at constructor HTTP::Engine::new (defined at /tmp/loop_over_bdir-9051-ZypIkG/HTTP-Engine-0.03005-0/blib/lib/HTTP/Engine.pm line 17) line 31
	HTTP::Engine::new("HTTP::Engine", "interface", HASH(0x31a0ec8)) called at t/Utils.pm line 129
	t::Utils::__ANON__(50566) called at /tmp/loop_over_bdir-9051-ZypIkG/HTTP-Engine-0.03005-0/inc/Test/TCP.pm line 118
	Test::TCP::start(Test::TCP=HASH(0x3592a48)) called at /tmp/loop_over_bdir-9051-ZypIkG/HTTP-Engine-0.03005-0/inc/Test/TCP.pm line 101
	Test::TCP::new("Test::TCP", "code", CODE(0x357afe8), "port", 50566) called at /tmp/loop_over_bdir-9051-ZypIkG/HTTP-Engine-0.03005-0/inc/Test/TCP.pm line 52
	Test::TCP::test_tcp("client", CODE(0x3508a80), "server", CODE(0x357afe8), "port", 50566) called at t/Utils.pm line 132
	t::Utils::daemonize_all(CODE(0x3035aa8), "    sub {\x{a}        my \$port = shift;\x{a}        return (\x{a}        "...) called at t/moose/030_daemonize/connection_info.t line 47
Class::MOP::load_class is deprecated at /home/sand/src/perl/repoperls/installed-perls/host/k93x64sid/v5.18.4/3bd2/lib/site_perl/5.18.4/x86_64-linux-ld/Class/MOP.pm line 69.
	Class::MOP::load_class("HTTP::Engine::Interface::POE") called at /tmp/loop_over_bdir-9051-ZypIkG/HTTP-Engine-0.03005-0/blib/lib/HTTP/Engine/Types/Core.pm line 26
	HTTP::Engine::Types::Core::__ANON__(HASH(0x31a0ec8)) called at /home/sand/src/perl/repoperls/installed-perls/host/k93x64sid/v5.18.4/3bd2/lib/site_perl/5.18.4/x86_64-linux-ld/Moose/Meta/TypeCoercion.pm line 65
	Moose::Meta::TypeCoercion::__ANON__(HASH(0x31a0ec8)) called at constructor HTTP::Engine::new (defined at /tmp/loop_over_bdir-9051-ZypIkG/HTTP-Engine-0.03005-0/blib/lib/HTTP/Engine.pm line 17) line 31
	HTTP::Engine::new("HTTP::Engine", "interface", HASH(0x31a0ec8)) called at t/Utils.pm line 129
	t::Utils::__ANON__(50566) called at /tmp/loop_over_bdir-9051-ZypIkG/HTTP-Engine-0.03005-0/inc/Test/TCP.pm line 118
	Test::TCP::start(Test::TCP=HASH(0x356ff50)) called at /tmp/loop_over_bdir-9051-ZypIkG/HTTP-Engine-0.03005-0/inc/Test/TCP.pm line 101
	Test::TCP::new("Test::TCP", "code", CODE(0x357afe8), "port", 50566) called at /tmp/loop_over_bdir-9051-ZypIkG/HTTP-Engine-0.03005-0/inc/Test/TCP.pm line 52
	Test::TCP::test_tcp("client", CODE(0x3508a80), "server", CODE(0x357afe8), "port", 50566) called at t/Utils.pm line 132
	t::Utils::daemonize_all(CODE(0x3035aa8), "    sub {\x{a}        my \$port = shift;\x{a}        return (\x{a}        "...) called at t/moose/030_daemonize/connection_info.t line 47
t/moose/030_daemonize/connection_info.t ..................... ok
Class::MOP::load_class is deprecated at /home/sand/src/perl/repoperls/installed-perls/host/k93x64sid/v5.18.4/3bd2/lib/site_perl/5.18.4/x86_64-linux-ld/Class/MOP.pm line 69.
	Class::MOP::load_class("HTTP::Engine::Interface::Standalone") called at /tmp/loop_over_bdir-9051-ZypIkG/HTTP-Engine-0.03005-0/blib/lib/HTTP/Engine/Types/Core.pm line 26
	HTTP::Engine::Types::Core::__ANON__(HASH(0x27feba8)) called at /home/sand/src/perl/repoperls/installed-perls/host/k93x64sid/v5.18.4/3bd2/lib/site_perl/5.18.4/x86_64-linux-ld/Moose/Meta/TypeCoercion.pm line 65
	Moose::Meta::TypeCoercion::__ANON__(HASH(0x27feba8)) called at constructor HTTP::Engine::new (defined at /tmp/loop_over_bdir-9051-ZypIkG/HTTP-Engine-0.03005-0/blib/lib/HTTP/Engine.pm line 17) line 31
	HTTP::Engine::new("HTTP::Engine", "interface", HASH(0x27feba8)) called at t/Utils.pm line 129
	t::Utils::__ANON__(50141) called at /tmp/loop_over_bdir-9051-ZypIkG/HTTP-Engine-0.03005-0/inc/Test/TCP.pm line 118
	Test::TCP::start(Test::TCP=HASH(0x2bed518)) called at /tmp/loop_over_bdir-9051-ZypIkG/HTTP-Engine-0.03005-0/inc/Test/TCP.pm line 101
	Test::TCP::new("Test::TCP", "code", CODE(0x2bd5488), "port", 50141) called at /tmp/loop_over_bdir-9051-ZypIkG/HTTP-Engine-0.03005-0/inc/Test/TCP.pm line 52
	Test::TCP::test_tcp("client", CODE(0x2b65738), "server", CODE(0x2bd5488), "port", 50141) called at t/Utils.pm line 132
	t::Utils::daemonize_all(CODE(0x2694dc8), "    sub {\x{a}        my \$port = shift;\x{a}        return (\x{a}        "...) called at t/moose/030_daemonize/headers.t line 40
Class::MOP::load_class is deprecated at /home/sand/src/perl/repoperls/installed-perls/host/k93x64sid/v5.18.4/3bd2/lib/site_perl/5.18.4/x86_64-linux-ld/Class/MOP.pm line 69.
	Class::MOP::load_class("HTTP::Engine::Interface::ServerSimple") called at /tmp/loop_over_bdir-9051-ZypIkG/HTTP-Engine-0.03005-0/blib/lib/HTTP/Engine/Types/Core.pm line 26
	HTTP::Engine::Types::Core::__ANON__(HASH(0x27feba8)) called at /home/sand/src/perl/repoperls/installed-perls/host/k93x64sid/v5.18.4/3bd2/lib/site_perl/5.18.4/x86_64-linux-ld/Moose/Meta/TypeCoercion.pm line 65
	Moose::Meta::TypeCoercion::__ANON__(HASH(0x27feba8)) called at constructor HTTP::Engine::new (defined at /tmp/loop_over_bdir-9051-ZypIkG/HTTP-Engine-0.03005-0/blib/lib/HTTP/Engine.pm line 17) line 31
	HTTP::Engine::new("HTTP::Engine", "interface", HASH(0x27feba8)) called at t/Utils.pm line 129
	t::Utils::__ANON__(50141) called at /tmp/loop_over_bdir-9051-ZypIkG/HTTP-Engine-0.03005-0/inc/Test/TCP.pm line 118
	Test::TCP::start(Test::TCP=HASH(0x2b744f0)) called at /tmp/loop_over_bdir-9051-ZypIkG/HTTP-Engine-0.03005-0/inc/Test/TCP.pm line 101
	Test::TCP::new("Test::TCP", "code", CODE(0x2bd5488), "port", 50141) called at /tmp/loop_over_bdir-9051-ZypIkG/HTTP-Engine-0.03005-0/inc/Test/TCP.pm line 52
	Test::TCP::test_tcp("client", CODE(0x2b65738), "server", CODE(0x2bd5488), "port", 50141) called at t/Utils.pm line 132
	t::Utils::daemonize_all(CODE(0x2694dc8), "    sub {\x{a}        my \$port = shift;\x{a}        return (\x{a}        "...) called at t/moose/030_daemonize/headers.t line 40
Class::MOP::load_class is deprecated at /home/sand/src/perl/repoperls/installed-perls/host/k93x64sid/v5.18.4/3bd2/lib/site_perl/5.18.4/x86_64-linux-ld/Class/MOP.pm line 69.
	Class::MOP::load_class("HTTP::Engine::Interface::POE") called at /tmp/loop_over_bdir-9051-ZypIkG/HTTP-Engine-0.03005-0/blib/lib/HTTP/Engine/Types/Core.pm line 26
	HTTP::Engine::Types::Core::__ANON__(HASH(0x27feba8)) called at /home/sand/src/perl/repoperls/installed-perls/host/k93x64sid/v5.18.4/3bd2/lib/site_perl/5.18.4/x86_64-linux-ld/Moose/Meta/TypeCoercion.pm line 65
	Moose::Meta::TypeCoercion::__ANON__(HASH(0x27feba8)) called at constructor HTTP::Engine::new (defined at /tmp/loop_over_bdir-9051-ZypIkG/HTTP-Engine-0.03005-0/blib/lib/HTTP/Engine.pm line 17) line 31
	HTTP::Engine::new("HTTP::Engine", "interface", HASH(0x27feba8)) called at t/Utils.pm line 129
	t::Utils::__ANON__(50141) called at /tmp/loop_over_bdir-9051-ZypIkG/HTTP-Engine-0.03005-0/inc/Test/TCP.pm line 118
	Test::TCP::start(Test::TCP=HASH(0x2bed518)) called at /tmp/loop_over_bdir-9051-ZypIkG/HTTP-Engine-0.03005-0/inc/Test/TCP.pm line 101
	Test::TCP::new("Test::TCP", "code", CODE(0x2bd5488), "port", 50141) called at /tmp/loop_over_bdir-9051-ZypIkG/HTTP-Engine-0.03005-0/inc/Test/TCP.pm line 52
	Test::TCP::test_tcp("client", CODE(0x2b65738), "server", CODE(0x2bd5488), "port", 50141) called at t/Utils.pm line 132
	t::Utils::daemonize_all(CODE(0x2694dc8), "    sub {\x{a}        my \$port = shift;\x{a}        return (\x{a}        "...) called at t/moose/030_daemonize/headers.t line 40
t/moose/030_daemonize/headers.t ............................. ok

#   Failed test at /tmp/loop_over_bdir-9051-ZypIkG/HTTP-Engine-0.03005-0/inc/Test/More.pm line 376.
#          got: '/foo|'
#     expected: '/|http://example.com/foo?http=1'

#   Failed test at /tmp/loop_over_bdir-9051-ZypIkG/HTTP-Engine-0.03005-0/inc/Test/More.pm line 376.
#          got: '/foo|'
#     expected: '/|http://example.com:8080/foo?http=1'
Class::MOP::load_class is deprecated at /home/sand/src/perl/repoperls/installed-perls/host/k93x64sid/v5.18.4/3bd2/lib/site_perl/5.18.4/x86_64-linux-ld/Class/MOP.pm line 69.
	Class::MOP::load_class("HTTP::Engine::Interface::Standalone") called at /tmp/loop_over_bdir-9051-ZypIkG/HTTP-Engine-0.03005-0/blib/lib/HTTP/Engine/Types/Core.pm line 26
	HTTP::Engine::Types::Core::__ANON__(HASH(0x3263588)) called at /home/sand/src/perl/repoperls/installed-perls/host/k93x64sid/v5.18.4/3bd2/lib/site_perl/5.18.4/x86_64-linux-ld/Moose/Meta/TypeCoercion.pm line 65
	Moose::Meta::TypeCoercion::__ANON__(HASH(0x3263588)) called at constructor HTTP::Engine::new (defined at /tmp/loop_over_bdir-9051-ZypIkG/HTTP-Engine-0.03005-0/blib/lib/HTTP/Engine.pm line 17) line 31
	HTTP::Engine::new("HTTP::Engine", "interface", HASH(0x3263588)) called at t/Utils.pm line 129
	t::Utils::__ANON__(50123) called at /tmp/loop_over_bdir-9051-ZypIkG/HTTP-Engine-0.03005-0/inc/Test/TCP.pm line 118
	Test::TCP::start(Test::TCP=HASH(0x35eb5a0)) called at /tmp/loop_over_bdir-9051-ZypIkG/HTTP-Engine-0.03005-0/inc/Test/TCP.pm line 101
	Test::TCP::new("Test::TCP", "code", CODE(0x35f7c80), "port", 50123) called at /tmp/loop_over_bdir-9051-ZypIkG/HTTP-Engine-0.03005-0/inc/Test/TCP.pm line 52
	Test::TCP::test_tcp("client", CODE(0x35879d8), "server", CODE(0x35f7c80), "port", 50123) called at t/Utils.pm line 132
	t::Utils::daemonize_all(CODE(0x15fd990), "    sub {\x{a}        my \$port = shift;\x{a}        return (\x{a}        "...) called at t/moose/030_daemonize/proxy_path.t line 25
Class::MOP::load_class is deprecated at /home/sand/src/perl/repoperls/installed-perls/host/k93x64sid/v5.18.4/3bd2/lib/site_perl/5.18.4/x86_64-linux-ld/Class/MOP.pm line 69.
	Class::MOP::load_class("HTTP::Engine::Interface::ServerSimple") called at /tmp/loop_over_bdir-9051-ZypIkG/HTTP-Engine-0.03005-0/blib/lib/HTTP/Engine/Types/Core.pm line 26
	HTTP::Engine::Types::Core::__ANON__(HASH(0x3263588)) called at /home/sand/src/perl/repoperls/installed-perls/host/k93x64sid/v5.18.4/3bd2/lib/site_perl/5.18.4/x86_64-linux-ld/Moose/Meta/TypeCoercion.pm line 65
	Moose::Meta::TypeCoercion::__ANON__(HASH(0x3263588)) called at constructor HTTP::Engine::new (defined at /tmp/loop_over_bdir-9051-ZypIkG/HTTP-Engine-0.03005-0/blib/lib/HTTP/Engine.pm line 17) line 31
	HTTP::Engine::new("HTTP::Engine", "interface", HASH(0x3263588)) called at t/Utils.pm line 129
	t::Utils::__ANON__(50123) called at /tmp/loop_over_bdir-9051-ZypIkG/HTTP-Engine-0.03005-0/inc/Test/TCP.pm line 118
	Test::TCP::start(Test::TCP=HASH(0x35faa88)) called at /tmp/loop_over_bdir-9051-ZypIkG/HTTP-Engine-0.03005-0/inc/Test/TCP.pm line 101
	Test::TCP::new("Test::TCP", "code", CODE(0x35f7c80), "port", 50123) called at /tmp/loop_over_bdir-9051-ZypIkG/HTTP-Engine-0.03005-0/inc/Test/TCP.pm line 52
	Test::TCP::test_tcp("client", CODE(0x35879d8), "server", CODE(0x35f7c80), "port", 50123) called at t/Utils.pm line 132
	t::Utils::daemonize_all(CODE(0x15fd990), "    sub {\x{a}        my \$port = shift;\x{a}        return (\x{a}        "...) called at t/moose/030_daemonize/proxy_path.t line 25

#   Failed test at /tmp/loop_over_bdir-9051-ZypIkG/HTTP-Engine-0.03005-0/inc/Test/More.pm line 376.
#          got: '/foo|'
#     expected: '/|http://example.com/foo?http=1'

#   Failed test at /tmp/loop_over_bdir-9051-ZypIkG/HTTP-Engine-0.03005-0/inc/Test/More.pm line 376.
#          got: '/foo|'
#     expected: '/|http://example.com:8080/foo?http=1'
Class::MOP::load_class is deprecated at /home/sand/src/perl/repoperls/installed-perls/host/k93x64sid/v5.18.4/3bd2/lib/site_perl/5.18.4/x86_64-linux-ld/Class/MOP.pm line 69.
	Class::MOP::load_class("HTTP::Engine::Interface::POE") called at /tmp/loop_over_bdir-9051-ZypIkG/HTTP-Engine-0.03005-0/blib/lib/HTTP/Engine/Types/Core.pm line 26
	HTTP::Engine::Types::Core::__ANON__(HASH(0x3263588)) called at /home/sand/src/perl/repoperls/installed-perls/host/k93x64sid/v5.18.4/3bd2/lib/site_perl/5.18.4/x86_64-linux-ld/Moose/Meta/TypeCoercion.pm line 65
	Moose::Meta::TypeCoercion::__ANON__(HASH(0x3263588)) called at constructor HTTP::Engine::new (defined at /tmp/loop_over_bdir-9051-ZypIkG/HTTP-Engine-0.03005-0/blib/lib/HTTP/Engine.pm line 17) line 31
	HTTP::Engine::new("HTTP::Engine", "interface", HASH(0x3263588)) called at t/Utils.pm line 129
	t::Utils::__ANON__(50123) called at /tmp/loop_over_bdir-9051-ZypIkG/HTTP-Engine-0.03005-0/inc/Test/TCP.pm line 118
	Test::TCP::start(Test::TCP=HASH(0x35ec038)) called at /tmp/loop_over_bdir-9051-ZypIkG/HTTP-Engine-0.03005-0/inc/Test/TCP.pm line 101
	Test::TCP::new("Test::TCP", "code", CODE(0x35f7c80), "port", 50123) called at /tmp/loop_over_bdir-9051-ZypIkG/HTTP-Engine-0.03005-0/inc/Test/TCP.pm line 52
	Test::TCP::test_tcp("client", CODE(0x35879d8), "server", CODE(0x35f7c80), "port", 50123) called at t/Utils.pm line 132
	t::Utils::daemonize_all(CODE(0x15fd990), "    sub {\x{a}        my \$port = shift;\x{a}        return (\x{a}        "...) called at t/moose/030_daemonize/proxy_path.t line 25
# Looks like you failed 4 tests of 16.
t/moose/030_daemonize/proxy_path.t .......................... 
Dubious, test returned 4 (wstat 1024, 0x400)
Failed 4/16 subtests 
Class::MOP::load_class is deprecated at /home/sand/src/perl/repoperls/installed-perls/host/k93x64sid/v5.18.4/3bd2/lib/site_perl/5.18.4/x86_64-linux-ld/Class/MOP.pm line 69.
	Class::MOP::load_class("HTTP::Engine::Interface::Standalone") called at /tmp/loop_over_bdir-9051-ZypIkG/HTTP-Engine-0.03005-0/blib/lib/HTTP/Engine/Types/Core.pm line 26
	HTTP::Engine::Types::Core::__ANON__(HASH(0x2156cb0)) called at /home/sand/src/perl/repoperls/installed-perls/host/k93x64sid/v5.18.4/3bd2/lib/site_perl/5.18.4/x86_64-linux-ld/Moose/Meta/TypeCoercion.pm line 65
	Moose::Meta::TypeCoercion::__ANON__(HASH(0x2156cb0)) called at constructor HTTP::Engine::new (defined at /tmp/loop_over_bdir-9051-ZypIkG/HTTP-Engine-0.03005-0/blib/lib/HTTP/Engine.pm line 17) line 31
	HTTP::Engine::new("HTTP::Engine", "interface", HASH(0x2156cb0)) called at t/Utils.pm line 129
	t::Utils::__ANON__(50026) called at /tmp/loop_over_bdir-9051-ZypIkG/HTTP-Engine-0.03005-0/inc/Test/TCP.pm line 118
	Test::TCP::start(Test::TCP=HASH(0x4191988)) called at /tmp/loop_over_bdir-9051-ZypIkG/HTTP-Engine-0.03005-0/inc/Test/TCP.pm line 101
	Test::TCP::new("Test::TCP", "code", CODE(0x41a3730), "port", 50026) called at /tmp/loop_over_bdir-9051-ZypIkG/HTTP-Engine-0.03005-0/inc/Test/TCP.pm line 52
	Test::TCP::test_tcp("client", CODE(0x4133210), "server", CODE(0x41a3730), "port", 50026) called at t/Utils.pm line 132
	t::Utils::daemonize_all(CODE(0x3c62ae0), "    sub {\x{a}        my \$port = shift;\x{a}        return (\x{a}        "...) called at t/moose/030_daemonize/raw_body.t line 41
Class::MOP::load_class is deprecated at /home/sand/src/perl/repoperls/installed-perls/host/k93x64sid/v5.18.4/3bd2/lib/site_perl/5.18.4/x86_64-linux-ld/Class/MOP.pm line 69.
	Class::MOP::load_class("HTTP::Engine::Interface::ServerSimple") called at /tmp/loop_over_bdir-9051-ZypIkG/HTTP-Engine-0.03005-0/blib/lib/HTTP/Engine/Types/Core.pm line 26
	HTTP::Engine::Types::Core::__ANON__(HASH(0x2156cb0)) called at /home/sand/src/perl/repoperls/installed-perls/host/k93x64sid/v5.18.4/3bd2/lib/site_perl/5.18.4/x86_64-linux-ld/Moose/Meta/TypeCoercion.pm line 65
	Moose::Meta::TypeCoercion::__ANON__(HASH(0x2156cb0)) called at constructor HTTP::Engine::new (defined at /tmp/loop_over_bdir-9051-ZypIkG/HTTP-Engine-0.03005-0/blib/lib/HTTP/Engine.pm line 17) line 31
	HTTP::Engine::new("HTTP::Engine", "interface", HASH(0x2156cb0)) called at t/Utils.pm line 129
	t::Utils::__ANON__(50026) called at /tmp/loop_over_bdir-9051-ZypIkG/HTTP-Engine-0.03005-0/inc/Test/TCP.pm line 118
	Test::TCP::start(Test::TCP=HASH(0x41a6c38)) called at /tmp/loop_over_bdir-9051-ZypIkG/HTTP-Engine-0.03005-0/inc/Test/TCP.pm line 101
	Test::TCP::new("Test::TCP", "code", CODE(0x41a3730), "port", 50026) called at /tmp/loop_over_bdir-9051-ZypIkG/HTTP-Engine-0.03005-0/inc/Test/TCP.pm line 52
	Test::TCP::test_tcp("client", CODE(0x4133210), "server", CODE(0x41a3730), "port", 50026) called at t/Utils.pm line 132
	t::Utils::daemonize_all(CODE(0x3c62ae0), "    sub {\x{a}        my \$port = shift;\x{a}        return (\x{a}        "...) called at t/moose/030_daemonize/raw_body.t line 41
Class::MOP::load_class is deprecated at /home/sand/src/perl/repoperls/installed-perls/host/k93x64sid/v5.18.4/3bd2/lib/site_perl/5.18.4/x86_64-linux-ld/Class/MOP.pm line 69.
	Class::MOP::load_class("HTTP::Engine::Interface::POE") called at /tmp/loop_over_bdir-9051-ZypIkG/HTTP-Engine-0.03005-0/blib/lib/HTTP/Engine/Types/Core.pm line 26
	HTTP::Engine::Types::Core::__ANON__(HASH(0x2156cb0)) called at /home/sand/src/perl/repoperls/installed-perls/host/k93x64sid/v5.18.4/3bd2/lib/site_perl/5.18.4/x86_64-linux-ld/Moose/Meta/TypeCoercion.pm line 65
	Moose::Meta::TypeCoercion::__ANON__(HASH(0x2156cb0)) called at constructor HTTP::Engine::new (defined at /tmp/loop_over_bdir-9051-ZypIkG/HTTP-Engine-0.03005-0/blib/lib/HTTP/Engine.pm line 17) line 31
	HTTP::Engine::new("HTTP::Engine", "interface", HASH(0x2156cb0)) called at t/Utils.pm line 129
	t::Utils::__ANON__(50026) called at /tmp/loop_over_bdir-9051-ZypIkG/HTTP-Engine-0.03005-0/inc/Test/TCP.pm line 118
	Test::TCP::start(Test::TCP=HASH(0x41ba410)) called at /tmp/loop_over_bdir-9051-ZypIkG/HTTP-Engine-0.03005-0/inc/Test/TCP.pm line 101
	Test::TCP::new("Test::TCP", "code", CODE(0x41a3730), "port", 50026) called at /tmp/loop_over_bdir-9051-ZypIkG/HTTP-Engine-0.03005-0/inc/Test/TCP.pm line 52
	Test::TCP::test_tcp("client", CODE(0x4133210), "server", CODE(0x41a3730), "port", 50026) called at t/Utils.pm line 132
	t::Utils::daemonize_all(CODE(0x3c62ae0), "    sub {\x{a}        my \$port = shift;\x{a}        return (\x{a}        "...) called at t/moose/030_daemonize/raw_body.t line 41
t/moose/030_daemonize/raw_body.t ............................ ok
Class::MOP::load_class is deprecated at /home/sand/src/perl/repoperls/installed-perls/host/k93x64sid/v5.18.4/3bd2/lib/site_perl/5.18.4/x86_64-linux-ld/Class/MOP.pm line 69.
	Class::MOP::load_class("HTTP::Engine::Interface::Standalone") called at /tmp/loop_over_bdir-9051-ZypIkG/HTTP-Engine-0.03005-0/blib/lib/HTTP/Engine/Types/Core.pm line 26
	HTTP::Engine::Types::Core::__ANON__(HASH(0x4397a30)) called at /home/sand/src/perl/repoperls/installed-perls/host/k93x64sid/v5.18.4/3bd2/lib/site_perl/5.18.4/x86_64-linux-ld/Moose/Meta/TypeCoercion.pm line 65
	Moose::Meta::TypeCoercion::__ANON__(HASH(0x4397a30)) called at constructor HTTP::Engine::new (defined at /tmp/loop_over_bdir-9051-ZypIkG/HTTP-Engine-0.03005-0/blib/lib/HTTP/Engine.pm line 17) line 31
	HTTP::Engine::new("HTTP::Engine", "interface", HASH(0x4397a30)) called at t/Utils.pm line 129
	t::Utils::__ANON__(50384) called at /tmp/loop_over_bdir-9051-ZypIkG/HTTP-Engine-0.03005-0/inc/Test/TCP.pm line 118
	Test::TCP::start(Test::TCP=HASH(0x4722708)) called at /tmp/loop_over_bdir-9051-ZypIkG/HTTP-Engine-0.03005-0/inc/Test/TCP.pm line 101
	Test::TCP::new("Test::TCP", "code", CODE(0x472ca80), "port", 50384) called at /tmp/loop_over_bdir-9051-ZypIkG/HTTP-Engine-0.03005-0/inc/Test/TCP.pm line 52
	Test::TCP::test_tcp("client", CODE(0x46bac30), "server", CODE(0x472ca80), "port", 50384) called at t/Utils.pm line 132
	t::Utils::daemonize_all(CODE(0x41eafc0), "    sub {\x{a}        my \$port = shift;\x{a}        return (\x{a}        "...) called at t/moose/030_daemonize/request_independence.t line 51
Class::MOP::load_class is deprecated at /home/sand/src/perl/repoperls/installed-perls/host/k93x64sid/v5.18.4/3bd2/lib/site_perl/5.18.4/x86_64-linux-ld/Class/MOP.pm line 69.
	Class::MOP::load_class("HTTP::Engine::Interface::ServerSimple") called at /tmp/loop_over_bdir-9051-ZypIkG/HTTP-Engine-0.03005-0/blib/lib/HTTP/Engine/Types/Core.pm line 26
	HTTP::Engine::Types::Core::__ANON__(HASH(0x4397a30)) called at /home/sand/src/perl/repoperls/installed-perls/host/k93x64sid/v5.18.4/3bd2/lib/site_perl/5.18.4/x86_64-linux-ld/Moose/Meta/TypeCoercion.pm line 65
	Moose::Meta::TypeCoercion::__ANON__(HASH(0x4397a30)) called at constructor HTTP::Engine::new (defined at /tmp/loop_over_bdir-9051-ZypIkG/HTTP-Engine-0.03005-0/blib/lib/HTTP/Engine.pm line 17) line 31
	HTTP::Engine::new("HTTP::Engine", "interface", HASH(0x4397a30)) called at t/Utils.pm line 129
	t::Utils::__ANON__(50384) called at /tmp/loop_over_bdir-9051-ZypIkG/HTTP-Engine-0.03005-0/inc/Test/TCP.pm line 118
	Test::TCP::start(Test::TCP=HASH(0x4741c98)) called at /tmp/loop_over_bdir-9051-ZypIkG/HTTP-Engine-0.03005-0/inc/Test/TCP.pm line 101
	Test::TCP::new("Test::TCP", "code", CODE(0x472ca80), "port", 50384) called at /tmp/loop_over_bdir-9051-ZypIkG/HTTP-Engine-0.03005-0/inc/Test/TCP.pm line 52
	Test::TCP::test_tcp("client", CODE(0x46bac30), "server", CODE(0x472ca80), "port", 50384) called at t/Utils.pm line 132
	t::Utils::daemonize_all(CODE(0x41eafc0), "    sub {\x{a}        my \$port = shift;\x{a}        return (\x{a}        "...) called at t/moose/030_daemonize/request_independence.t line 51
Class::MOP::load_class is deprecated at /home/sand/src/perl/repoperls/installed-perls/host/k93x64sid/v5.18.4/3bd2/lib/site_perl/5.18.4/x86_64-linux-ld/Class/MOP.pm line 69.
	Class::MOP::load_class("HTTP::Engine::Interface::POE") called at /tmp/loop_over_bdir-9051-ZypIkG/HTTP-Engine-0.03005-0/blib/lib/HTTP/Engine/Types/Core.pm line 26
	HTTP::Engine::Types::Core::__ANON__(HASH(0x4397a30)) called at /home/sand/src/perl/repoperls/installed-perls/host/k93x64sid/v5.18.4/3bd2/lib/site_perl/5.18.4/x86_64-linux-ld/Moose/Meta/TypeCoercion.pm line 65
	Moose::Meta::TypeCoercion::__ANON__(HASH(0x4397a30)) called at constructor HTTP::Engine::new (defined at /tmp/loop_over_bdir-9051-ZypIkG/HTTP-Engine-0.03005-0/blib/lib/HTTP/Engine.pm line 17) line 31
	HTTP::Engine::new("HTTP::Engine", "interface", HASH(0x4397a30)) called at t/Utils.pm line 129
	t::Utils::__ANON__(50384) called at /tmp/loop_over_bdir-9051-ZypIkG/HTTP-Engine-0.03005-0/inc/Test/TCP.pm line 118
	Test::TCP::start(Test::TCP=HASH(0x4722708)) called at /tmp/loop_over_bdir-9051-ZypIkG/HTTP-Engine-0.03005-0/inc/Test/TCP.pm line 101
	Test::TCP::new("Test::TCP", "code", CODE(0x472ca80), "port", 50384) called at /tmp/loop_over_bdir-9051-ZypIkG/HTTP-Engine-0.03005-0/inc/Test/TCP.pm line 52
	Test::TCP::test_tcp("client", CODE(0x46bac30), "server", CODE(0x472ca80), "port", 50384) called at t/Utils.pm line 132
	t::Utils::daemonize_all(CODE(0x41eafc0), "    sub {\x{a}        my \$port = shift;\x{a}        return (\x{a}        "...) called at t/moose/030_daemonize/request_independence.t line 51
t/moose/030_daemonize/request_independence.t ................ ok
Class::MOP::load_class is deprecated at /home/sand/src/perl/repoperls/installed-perls/host/k93x64sid/v5.18.4/3bd2/lib/site_perl/5.18.4/x86_64-linux-ld/Class/MOP.pm line 69.
	Class::MOP::load_class("HTTP::Engine::Interface::Standalone") called at /tmp/loop_over_bdir-9051-ZypIkG/HTTP-Engine-0.03005-0/blib/lib/HTTP/Engine/Types/Core.pm line 26
	HTTP::Engine::Types::Core::__ANON__(HASH(0x3a03730)) called at /home/sand/src/perl/repoperls/installed-perls/host/k93x64sid/v5.18.4/3bd2/lib/site_perl/5.18.4/x86_64-linux-ld/Moose/Meta/TypeCoercion.pm line 65
	Moose::Meta::TypeCoercion::__ANON__(HASH(0x3a03730)) called at constructor HTTP::Engine::new (defined at /tmp/loop_over_bdir-9051-ZypIkG/HTTP-Engine-0.03005-0/blib/lib/HTTP/Engine.pm line 17) line 31
	HTTP::Engine::new("HTTP::Engine", "interface", HASH(0x3a03730)) called at t/Utils.pm line 129
	t::Utils::__ANON__(50726) called at /tmp/loop_over_bdir-9051-ZypIkG/HTTP-Engine-0.03005-0/inc/Test/TCP.pm line 118
	Test::TCP::start(Test::TCP=HASH(0x3a675c8)) called at /tmp/loop_over_bdir-9051-ZypIkG/HTTP-Engine-0.03005-0/inc/Test/TCP.pm line 101
	Test::TCP::new("Test::TCP", "code", CODE(0x3a73410), "port", 50726) called at /tmp/loop_over_bdir-9051-ZypIkG/HTTP-Engine-0.03005-0/inc/Test/TCP.pm line 52
	Test::TCP::test_tcp("client", CODE(0x3a0f6d8), "server", CODE(0x3a73410), "port", 50726) called at t/Utils.pm line 132
	t::Utils::daemonize_all(CODE(0x3a037a8), "    sub {\x{a}        require File::Temp;\x{a}        my \$port = shif"...) called at t/moose/030_daemonize/responsewriter_io.t line 29
Class::MOP::load_class is deprecated at /home/sand/src/perl/repoperls/installed-perls/host/k93x64sid/v5.18.4/3bd2/lib/site_perl/5.18.4/x86_64-linux-ld/Class/MOP.pm line 69.
	Class::MOP::load_class("HTTP::Engine::Interface::ServerSimple") called at /tmp/loop_over_bdir-9051-ZypIkG/HTTP-Engine-0.03005-0/blib/lib/HTTP/Engine/Types/Core.pm line 26
	HTTP::Engine::Types::Core::__ANON__(HASH(0x3a03730)) called at /home/sand/src/perl/repoperls/installed-perls/host/k93x64sid/v5.18.4/3bd2/lib/site_perl/5.18.4/x86_64-linux-ld/Moose/Meta/TypeCoercion.pm line 65
	Moose::Meta::TypeCoercion::__ANON__(HASH(0x3a03730)) called at constructor HTTP::Engine::new (defined at /tmp/loop_over_bdir-9051-ZypIkG/HTTP-Engine-0.03005-0/blib/lib/HTTP/Engine.pm line 17) line 31
	HTTP::Engine::new("HTTP::Engine", "interface", HASH(0x3a03730)) called at t/Utils.pm line 129
	t::Utils::__ANON__(50726) called at /tmp/loop_over_bdir-9051-ZypIkG/HTTP-Engine-0.03005-0/inc/Test/TCP.pm line 118
	Test::TCP::start(Test::TCP=HASH(0x3a0fa20)) called at /tmp/loop_over_bdir-9051-ZypIkG/HTTP-Engine-0.03005-0/inc/Test/TCP.pm line 101
	Test::TCP::new("Test::TCP", "code", CODE(0x3a73410), "port", 50726) called at /tmp/loop_over_bdir-9051-ZypIkG/HTTP-Engine-0.03005-0/inc/Test/TCP.pm line 52
	Test::TCP::test_tcp("client", CODE(0x3a0f6d8), "server", CODE(0x3a73410), "port", 50726) called at t/Utils.pm line 132
	t::Utils::daemonize_all(CODE(0x3a037a8), "    sub {\x{a}        require File::Temp;\x{a}        my \$port = shif"...) called at t/moose/030_daemonize/responsewriter_io.t line 29
Class::MOP::load_class is deprecated at /home/sand/src/perl/repoperls/installed-perls/host/k93x64sid/v5.18.4/3bd2/lib/site_perl/5.18.4/x86_64-linux-ld/Class/MOP.pm line 69.
	Class::MOP::load_class("HTTP::Engine::Interface::POE") called at /tmp/loop_over_bdir-9051-ZypIkG/HTTP-Engine-0.03005-0/blib/lib/HTTP/Engine/Types/Core.pm line 26
	HTTP::Engine::Types::Core::__ANON__(HASH(0x3a03730)) called at /home/sand/src/perl/repoperls/installed-perls/host/k93x64sid/v5.18.4/3bd2/lib/site_perl/5.18.4/x86_64-linux-ld/Moose/Meta/TypeCoercion.pm line 65
	Moose::Meta::TypeCoercion::__ANON__(HASH(0x3a03730)) called at constructor HTTP::Engine::new (defined at /tmp/loop_over_bdir-9051-ZypIkG/HTTP-Engine-0.03005-0/blib/lib/HTTP/Engine.pm line 17) line 31
	HTTP::Engine::new("HTTP::Engine", "interface", HASH(0x3a03730)) called at t/Utils.pm line 129
	t::Utils::__ANON__(50726) called at /tmp/loop_over_bdir-9051-ZypIkG/HTTP-Engine-0.03005-0/inc/Test/TCP.pm line 118
	Test::TCP::start(Test::TCP=HASH(0x3a675c8)) called at /tmp/loop_over_bdir-9051-ZypIkG/HTTP-Engine-0.03005-0/inc/Test/TCP.pm line 101
	Test::TCP::new("Test::TCP", "code", CODE(0x3a73410), "port", 50726) called at /tmp/loop_over_bdir-9051-ZypIkG/HTTP-Engine-0.03005-0/inc/Test/TCP.pm line 52
	Test::TCP::test_tcp("client", CODE(0x3a0f6d8), "server", CODE(0x3a73410), "port", 50726) called at t/Utils.pm line 132
	t::Utils::daemonize_all(CODE(0x3a037a8), "    sub {\x{a}        require File::Temp;\x{a}        my \$port = shif"...) called at t/moose/030_daemonize/responsewriter_io.t line 29
t/moose/030_daemonize/responsewriter_io.t ................... ok
Class::MOP::load_class is deprecated at /home/sand/src/perl/repoperls/installed-perls/host/k93x64sid/v5.18.4/3bd2/lib/site_perl/5.18.4/x86_64-linux-ld/Class/MOP.pm line 69.
	Class::MOP::load_class("HTTP::Engine::Interface::Standalone") called at /tmp/loop_over_bdir-9051-ZypIkG/HTTP-Engine-0.03005-0/blib/lib/HTTP/Engine/Types/Core.pm line 26
	HTTP::Engine::Types::Core::__ANON__(HASH(0x3dbe4b8)) called at /home/sand/src/perl/repoperls/installed-perls/host/k93x64sid/v5.18.4/3bd2/lib/site_perl/5.18.4/x86_64-linux-ld/Moose/Meta/TypeCoercion.pm line 65
	Moose::Meta::TypeCoercion::__ANON__(HASH(0x3dbe4b8)) called at constructor HTTP::Engine::new (defined at /tmp/loop_over_bdir-9051-ZypIkG/HTTP-Engine-0.03005-0/blib/lib/HTTP/Engine.pm line 17) line 31
	HTTP::Engine::new("HTTP::Engine", "interface", HASH(0x3dbe4b8)) called at t/Utils.pm line 129
	t::Utils::__ANON__(50740) called at /tmp/loop_over_bdir-9051-ZypIkG/HTTP-Engine-0.03005-0/inc/Test/TCP.pm line 118
	Test::TCP::start(Test::TCP=HASH(0x3e234b8)) called at /tmp/loop_over_bdir-9051-ZypIkG/HTTP-Engine-0.03005-0/inc/Test/TCP.pm line 101
	Test::TCP::new("Test::TCP", "code", CODE(0x3e2e020), "port", 50740) called at /tmp/loop_over_bdir-9051-ZypIkG/HTTP-Engine-0.03005-0/inc/Test/TCP.pm line 52
	Test::TCP::test_tcp("client", CODE(0x3dbe8f0), "server", CODE(0x3e2e020), "port", 50740) called at t/Utils.pm line 132
	t::Utils::daemonize_all(CODE(0x1dcce98), "    sub {\x{a}        my \$port = shift;\x{a}        return (\x{a}        "...) called at t/moose/030_daemonize/upload-methods.t line 42
Class::MOP::load_class is deprecated at /home/sand/src/perl/repoperls/installed-perls/host/k93x64sid/v5.18.4/3bd2/lib/site_perl/5.18.4/x86_64-linux-ld/Class/MOP.pm line 69.
	Class::MOP::load_class("HTTP::Engine::Interface::ServerSimple") called at /tmp/loop_over_bdir-9051-ZypIkG/HTTP-Engine-0.03005-0/blib/lib/HTTP/Engine/Types/Core.pm line 26
	HTTP::Engine::Types::Core::__ANON__(HASH(0x3dbe4b8)) called at /home/sand/src/perl/repoperls/installed-perls/host/k93x64sid/v5.18.4/3bd2/lib/site_perl/5.18.4/x86_64-linux-ld/Moose/Meta/TypeCoercion.pm line 65
	Moose::Meta::TypeCoercion::__ANON__(HASH(0x3dbe4b8)) called at constructor HTTP::Engine::new (defined at /tmp/loop_over_bdir-9051-ZypIkG/HTTP-Engine-0.03005-0/blib/lib/HTTP/Engine.pm line 17) line 31
	HTTP::Engine::new("HTTP::Engine", "interface", HASH(0x3dbe4b8)) called at t/Utils.pm line 129
	t::Utils::__ANON__(50740) called at /tmp/loop_over_bdir-9051-ZypIkG/HTTP-Engine-0.03005-0/inc/Test/TCP.pm line 118
	Test::TCP::start(Test::TCP=HASH(0x3e43ac8)) called at /tmp/loop_over_bdir-9051-ZypIkG/HTTP-Engine-0.03005-0/inc/Test/TCP.pm line 101
	Test::TCP::new("Test::TCP", "code", CODE(0x3e2e020), "port", 50740) called at /tmp/loop_over_bdir-9051-ZypIkG/HTTP-Engine-0.03005-0/inc/Test/TCP.pm line 52
	Test::TCP::test_tcp("client", CODE(0x3dbe8f0), "server", CODE(0x3e2e020), "port", 50740) called at t/Utils.pm line 132
	t::Utils::daemonize_all(CODE(0x1dcce98), "    sub {\x{a}        my \$port = shift;\x{a}        return (\x{a}        "...) called at t/moose/030_daemonize/upload-methods.t line 42
Class::MOP::load_class is deprecated at /home/sand/src/perl/repoperls/installed-perls/host/k93x64sid/v5.18.4/3bd2/lib/site_perl/5.18.4/x86_64-linux-ld/Class/MOP.pm line 69.
	Class::MOP::load_class("HTTP::Engine::Interface::POE") called at /tmp/loop_over_bdir-9051-ZypIkG/HTTP-Engine-0.03005-0/blib/lib/HTTP/Engine/Types/Core.pm line 26
	HTTP::Engine::Types::Core::__ANON__(HASH(0x3dbe4b8)) called at /home/sand/src/perl/repoperls/installed-perls/host/k93x64sid/v5.18.4/3bd2/lib/site_perl/5.18.4/x86_64-linux-ld/Moose/Meta/TypeCoercion.pm line 65
	Moose::Meta::TypeCoercion::__ANON__(HASH(0x3dbe4b8)) called at constructor HTTP::Engine::new (defined at /tmp/loop_over_bdir-9051-ZypIkG/HTTP-Engine-0.03005-0/blib/lib/HTTP/Engine.pm line 17) line 31
	HTTP::Engine::new("HTTP::Engine", "interface", HASH(0x3dbe4b8)) called at t/Utils.pm line 129
	t::Utils::__ANON__(50740) called at /tmp/loop_over_bdir-9051-ZypIkG/HTTP-Engine-0.03005-0/inc/Test/TCP.pm line 118
	Test::TCP::start(Test::TCP=HASH(0x3e234b8)) called at /tmp/loop_over_bdir-9051-ZypIkG/HTTP-Engine-0.03005-0/inc/Test/TCP.pm line 101
	Test::TCP::new("Test::TCP", "code", CODE(0x3e2e020), "port", 50740) called at /tmp/loop_over_bdir-9051-ZypIkG/HTTP-Engine-0.03005-0/inc/Test/TCP.pm line 52
	Test::TCP::test_tcp("client", CODE(0x3dbe8f0), "server", CODE(0x3e2e020), "port", 50740) called at t/Utils.pm line 132
	t::Utils::daemonize_all(CODE(0x1dcce98), "    sub {\x{a}        my \$port = shift;\x{a}        return (\x{a}        "...) called at t/moose/030_daemonize/upload-methods.t line 42
t/moose/030_daemonize/upload-methods.t ...................... ok
Class::MOP::load_class is deprecated at /home/sand/src/perl/repoperls/installed-perls/host/k93x64sid/v5.18.4/3bd2/lib/site_perl/5.18.4/x86_64-linux-ld/Class/MOP.pm line 69.
	Class::MOP::load_class("HTTP::Engine::Interface::Standalone") called at /tmp/loop_over_bdir-9051-ZypIkG/HTTP-Engine-0.03005-0/blib/lib/HTTP/Engine/Types/Core.pm line 26
	HTTP::Engine::Types::Core::__ANON__(HASH(0x821cb0)) called at /home/sand/src/perl/repoperls/installed-perls/host/k93x64sid/v5.18.4/3bd2/lib/site_perl/5.18.4/x86_64-linux-ld/Moose/Meta/TypeCoercion.pm line 65
	Moose::Meta::TypeCoercion::__ANON__(HASH(0x821cb0)) called at constructor HTTP::Engine::new (defined at /tmp/loop_over_bdir-9051-ZypIkG/HTTP-Engine-0.03005-0/blib/lib/HTTP/Engine.pm line 17) line 31
	HTTP::Engine::new("HTTP::Engine", "interface", HASH(0x821cb0)) called at t/Utils.pm line 129
	t::Utils::__ANON__(50940) called at /tmp/loop_over_bdir-9051-ZypIkG/HTTP-Engine-0.03005-0/inc/Test/TCP.pm line 118
	Test::TCP::start(Test::TCP=HASH(0x2887798)) called at /tmp/loop_over_bdir-9051-ZypIkG/HTTP-Engine-0.03005-0/inc/Test/TCP.pm line 101
	Test::TCP::new("Test::TCP", "code", CODE(0x286f5b8), "port", 50940) called at /tmp/loop_over_bdir-9051-ZypIkG/HTTP-Engine-0.03005-0/inc/Test/TCP.pm line 52
	Test::TCP::test_tcp("client", CODE(0x27ffce0), "server", CODE(0x286f5b8), "port", 50940) called at t/Utils.pm line 132
	t::Utils::daemonize_all(CODE(0x80de98), "    sub {\x{a}        my \$port = shift;\x{a}        return (\x{a}        "...) called at t/moose/030_daemonize/upload.t line 42
Class::MOP::load_class is deprecated at /home/sand/src/perl/repoperls/installed-perls/host/k93x64sid/v5.18.4/3bd2/lib/site_perl/5.18.4/x86_64-linux-ld/Class/MOP.pm line 69.
	Class::MOP::load_class("HTTP::Engine::Interface::ServerSimple") called at /tmp/loop_over_bdir-9051-ZypIkG/HTTP-Engine-0.03005-0/blib/lib/HTTP/Engine/Types/Core.pm line 26
	HTTP::Engine::Types::Core::__ANON__(HASH(0x821cb0)) called at /home/sand/src/perl/repoperls/installed-perls/host/k93x64sid/v5.18.4/3bd2/lib/site_perl/5.18.4/x86_64-linux-ld/Moose/Meta/TypeCoercion.pm line 65
	Moose::Meta::TypeCoercion::__ANON__(HASH(0x821cb0)) called at constructor HTTP::Engine::new (defined at /tmp/loop_over_bdir-9051-ZypIkG/HTTP-Engine-0.03005-0/blib/lib/HTTP/Engine.pm line 17) line 31
	HTTP::Engine::new("HTTP::Engine", "interface", HASH(0x821cb0)) called at t/Utils.pm line 129
	t::Utils::__ANON__(50940) called at /tmp/loop_over_bdir-9051-ZypIkG/HTTP-Engine-0.03005-0/inc/Test/TCP.pm line 118
	Test::TCP::start(Test::TCP=HASH(0x28854f8)) called at /tmp/loop_over_bdir-9051-ZypIkG/HTTP-Engine-0.03005-0/inc/Test/TCP.pm line 101
	Test::TCP::new("Test::TCP", "code", CODE(0x286f5b8), "port", 50940) called at /tmp/loop_over_bdir-9051-ZypIkG/HTTP-Engine-0.03005-0/inc/Test/TCP.pm line 52
	Test::TCP::test_tcp("client", CODE(0x27ffce0), "server", CODE(0x286f5b8), "port", 50940) called at t/Utils.pm line 132
	t::Utils::daemonize_all(CODE(0x80de98), "    sub {\x{a}        my \$port = shift;\x{a}        return (\x{a}        "...) called at t/moose/030_daemonize/upload.t line 42
Class::MOP::load_class is deprecated at /home/sand/src/perl/repoperls/installed-perls/host/k93x64sid/v5.18.4/3bd2/lib/site_perl/5.18.4/x86_64-linux-ld/Class/MOP.pm line 69.
	Class::MOP::load_class("HTTP::Engine::Interface::POE") called at /tmp/loop_over_bdir-9051-ZypIkG/HTTP-Engine-0.03005-0/blib/lib/HTTP/Engine/Types/Core.pm line 26
	HTTP::Engine::Types::Core::__ANON__(HASH(0x821cb0)) called at /home/sand/src/perl/repoperls/installed-perls/host/k93x64sid/v5.18.4/3bd2/lib/site_perl/5.18.4/x86_64-linux-ld/Moose/Meta/TypeCoercion.pm line 65
	Moose::Meta::TypeCoercion::__ANON__(HASH(0x821cb0)) called at constructor HTTP::Engine::new (defined at /tmp/loop_over_bdir-9051-ZypIkG/HTTP-Engine-0.03005-0/blib/lib/HTTP/Engine.pm line 17) line 31
	HTTP::Engine::new("HTTP::Engine", "interface", HASH(0x821cb0)) called at t/Utils.pm line 129
	t::Utils::__ANON__(50940) called at /tmp/loop_over_bdir-9051-ZypIkG/HTTP-Engine-0.03005-0/inc/Test/TCP.pm line 118
	Test::TCP::start(Test::TCP=HASH(0x2887738)) called at /tmp/loop_over_bdir-9051-ZypIkG/HTTP-Engine-0.03005-0/inc/Test/TCP.pm line 101
	Test::TCP::new("Test::TCP", "code", CODE(0x286f5b8), "port", 50940) called at /tmp/loop_over_bdir-9051-ZypIkG/HTTP-Engine-0.03005-0/inc/Test/TCP.pm line 52
	Test::TCP::test_tcp("client", CODE(0x27ffce0), "server", CODE(0x286f5b8), "port", 50940) called at t/Utils.pm line 132
	t::Utils::daemonize_all(CODE(0x80de98), "    sub {\x{a}        my \$port = shift;\x{a}        return (\x{a}        "...) called at t/moose/030_daemonize/upload.t line 42
t/moose/030_daemonize/upload.t .............................. ok
Class::MOP::load_class is deprecated at /home/sand/src/perl/repoperls/installed-perls/host/k93x64sid/v5.18.4/3bd2/lib/site_perl/5.18.4/x86_64-linux-ld/Class/MOP.pm line 69.
	Class::MOP::load_class("HTTP::Engine::Interface::Standalone") called at /tmp/loop_over_bdir-9051-ZypIkG/HTTP-Engine-0.03005-0/blib/lib/HTTP/Engine/Types/Core.pm line 26
	HTTP::Engine::Types::Core::__ANON__(HASH(0x2a260b0)) called at /home/sand/src/perl/repoperls/installed-perls/host/k93x64sid/v5.18.4/3bd2/lib/site_perl/5.18.4/x86_64-linux-ld/Moose/Meta/TypeCoercion.pm line 65
	Moose::Meta::TypeCoercion::__ANON__(HASH(0x2a260b0)) called at constructor HTTP::Engine::new (defined at /tmp/loop_over_bdir-9051-ZypIkG/HTTP-Engine-0.03005-0/blib/lib/HTTP/Engine.pm line 17) line 31
	HTTP::Engine::new("HTTP::Engine", "interface", HASH(0x2a260b0)) called at t/Utils.pm line 129
	t::Utils::__ANON__(50659) called at /tmp/loop_over_bdir-9051-ZypIkG/HTTP-Engine-0.03005-0/inc/Test/TCP.pm line 118
	Test::TCP::start(Test::TCP=HASH(0x2e18e90)) called at /tmp/loop_over_bdir-9051-ZypIkG/HTTP-Engine-0.03005-0/inc/Test/TCP.pm line 101
	Test::TCP::new("Test::TCP", "code", CODE(0x2dfe5f0), "port", 50659) called at /tmp/loop_over_bdir-9051-ZypIkG/HTTP-Engine-0.03005-0/inc/Test/TCP.pm line 52
	Test::TCP::test_tcp("client", CODE(0x2d8f0e0), "server", CODE(0x2dfe5f0), "port", 50659) called at t/Utils.pm line 132
	t::Utils::daemonize_all(CODE(0x28b9030), "    sub {\x{a}        my \$port = shift;\x{a}        return (\x{a}        "...) called at t/moose/030_daemonize/uri.t line 20
Class::MOP::load_class is deprecated at /home/sand/src/perl/repoperls/installed-perls/host/k93x64sid/v5.18.4/3bd2/lib/site_perl/5.18.4/x86_64-linux-ld/Class/MOP.pm line 69.
	Class::MOP::load_class("HTTP::Engine::Interface::ServerSimple") called at /tmp/loop_over_bdir-9051-ZypIkG/HTTP-Engine-0.03005-0/blib/lib/HTTP/Engine/Types/Core.pm line 26
	HTTP::Engine::Types::Core::__ANON__(HASH(0x2a260b0)) called at /home/sand/src/perl/repoperls/installed-perls/host/k93x64sid/v5.18.4/3bd2/lib/site_perl/5.18.4/x86_64-linux-ld/Moose/Meta/TypeCoercion.pm line 65
	Moose::Meta::TypeCoercion::__ANON__(HASH(0x2a260b0)) called at constructor HTTP::Engine::new (defined at /tmp/loop_over_bdir-9051-ZypIkG/HTTP-Engine-0.03005-0/blib/lib/HTTP/Engine.pm line 17) line 31
	HTTP::Engine::new("HTTP::Engine", "interface", HASH(0x2a260b0)) called at t/Utils.pm line 129
	t::Utils::__ANON__(50659) called at /tmp/loop_over_bdir-9051-ZypIkG/HTTP-Engine-0.03005-0/inc/Test/TCP.pm line 118
	Test::TCP::start(Test::TCP=HASH(0x2e086c0)) called at /tmp/loop_over_bdir-9051-ZypIkG/HTTP-Engine-0.03005-0/inc/Test/TCP.pm line 101
	Test::TCP::new("Test::TCP", "code", CODE(0x2dfe5f0), "port", 50659) called at /tmp/loop_over_bdir-9051-ZypIkG/HTTP-Engine-0.03005-0/inc/Test/TCP.pm line 52
	Test::TCP::test_tcp("client", CODE(0x2d8f0e0), "server", CODE(0x2dfe5f0), "port", 50659) called at t/Utils.pm line 132
	t::Utils::daemonize_all(CODE(0x28b9030), "    sub {\x{a}        my \$port = shift;\x{a}        return (\x{a}        "...) called at t/moose/030_daemonize/uri.t line 20
Class::MOP::load_class is deprecated at /home/sand/src/perl/repoperls/installed-perls/host/k93x64sid/v5.18.4/3bd2/lib/site_perl/5.18.4/x86_64-linux-ld/Class/MOP.pm line 69.
	Class::MOP::load_class("HTTP::Engine::Interface::POE") called at /tmp/loop_over_bdir-9051-ZypIkG/HTTP-Engine-0.03005-0/blib/lib/HTTP/Engine/Types/Core.pm line 26
	HTTP::Engine::Types::Core::__ANON__(HASH(0x2a260b0)) called at /home/sand/src/perl/repoperls/installed-perls/host/k93x64sid/v5.18.4/3bd2/lib/site_perl/5.18.4/x86_64-linux-ld/Moose/Meta/TypeCoercion.pm line 65
	Moose::Meta::TypeCoercion::__ANON__(HASH(0x2a260b0)) called at constructor HTTP::Engine::new (defined at /tmp/loop_over_bdir-9051-ZypIkG/HTTP-Engine-0.03005-0/blib/lib/HTTP/Engine.pm line 17) line 31
	HTTP::Engine::new("HTTP::Engine", "interface", HASH(0x2a260b0)) called at t/Utils.pm line 129
	t::Utils::__ANON__(50659) called at /tmp/loop_over_bdir-9051-ZypIkG/HTTP-Engine-0.03005-0/inc/Test/TCP.pm line 118
	Test::TCP::start(Test::TCP=HASH(0x2e18e78)) called at /tmp/loop_over_bdir-9051-ZypIkG/HTTP-Engine-0.03005-0/inc/Test/TCP.pm line 101
	Test::TCP::new("Test::TCP", "code", CODE(0x2dfe5f0), "port", 50659) called at /tmp/loop_over_bdir-9051-ZypIkG/HTTP-Engine-0.03005-0/inc/Test/TCP.pm line 52
	Test::TCP::test_tcp("client", CODE(0x2d8f0e0), "server", CODE(0x2dfe5f0), "port", 50659) called at t/Utils.pm line 132
	t::Utils::daemonize_all(CODE(0x28b9030), "    sub {\x{a}        my \$port = shift;\x{a}        return (\x{a}        "...) called at t/moose/030_daemonize/uri.t line 20
t/moose/030_daemonize/uri.t ................................. ok
Class::MOP::load_class is deprecated at /home/sand/src/perl/repoperls/installed-perls/host/k93x64sid/v5.18.4/3bd2/lib/site_perl/5.18.4/x86_64-linux-ld/Class/MOP.pm line 69.
	Class::MOP::load_class("HTTP::Engine::Interface::Standalone") called at /tmp/loop_over_bdir-9051-ZypIkG/HTTP-Engine-0.03005-0/blib/lib/HTTP/Engine/Types/Core.pm line 26
	HTTP::Engine::Types::Core::__ANON__(HASH(0x9cee28)) called at /home/sand/src/perl/repoperls/installed-perls/host/k93x64sid/v5.18.4/3bd2/lib/site_perl/5.18.4/x86_64-linux-ld/Moose/Meta/TypeCoercion.pm line 65
	Moose::Meta::TypeCoercion::__ANON__(HASH(0x9cee28)) called at constructor HTTP::Engine::new (defined at /tmp/loop_over_bdir-9051-ZypIkG/HTTP-Engine-0.03005-0/blib/lib/HTTP/Engine.pm line 17) line 31
	HTTP::Engine::new("HTTP::Engine", "interface", HASH(0x9cee28)) called at t/Utils.pm line 129
	t::Utils::__ANON__(50960) called at /tmp/loop_over_bdir-9051-ZypIkG/HTTP-Engine-0.03005-0/inc/Test/TCP.pm line 118
	Test::TCP::start(Test::TCP=HASH(0x2a62618)) called at /tmp/loop_over_bdir-9051-ZypIkG/HTTP-Engine-0.03005-0/inc/Test/TCP.pm line 101
	Test::TCP::new("Test::TCP", "code", CODE(0x2a705f8), "port", 50960) called at /tmp/loop_over_bdir-9051-ZypIkG/HTTP-Engine-0.03005-0/inc/Test/TCP.pm line 52
	Test::TCP::test_tcp("client", CODE(0x2a02ca8), "server", CODE(0x2a705f8), "port", 50960) called at t/Utils.pm line 132
	t::Utils::daemonize_all(CODE(0x250bb78), "    sub {\x{a}        my \$port = Encode::decode_utf8(shift);\x{a}    "...) called at t/moose/030_daemonize/utf8flagged-uri.t line 23
Class::MOP::load_class is deprecated at /home/sand/src/perl/repoperls/installed-perls/host/k93x64sid/v5.18.4/3bd2/lib/site_perl/5.18.4/x86_64-linux-ld/Class/MOP.pm line 69.
	Class::MOP::load_class("HTTP::Engine::Interface::ServerSimple") called at /tmp/loop_over_bdir-9051-ZypIkG/HTTP-Engine-0.03005-0/blib/lib/HTTP/Engine/Types/Core.pm line 26
	HTTP::Engine::Types::Core::__ANON__(HASH(0x9cee28)) called at /home/sand/src/perl/repoperls/installed-perls/host/k93x64sid/v5.18.4/3bd2/lib/site_perl/5.18.4/x86_64-linux-ld/Moose/Meta/TypeCoercion.pm line 65
	Moose::Meta::TypeCoercion::__ANON__(HASH(0x9cee28)) called at constructor HTTP::Engine::new (defined at /tmp/loop_over_bdir-9051-ZypIkG/HTTP-Engine-0.03005-0/blib/lib/HTTP/Engine.pm line 17) line 31
	HTTP::Engine::new("HTTP::Engine", "interface", HASH(0x9cee28)) called at t/Utils.pm line 129
	t::Utils::__ANON__(50960) called at /tmp/loop_over_bdir-9051-ZypIkG/HTTP-Engine-0.03005-0/inc/Test/TCP.pm line 118
	Test::TCP::start(Test::TCP=HASH(0x2a71060)) called at /tmp/loop_over_bdir-9051-ZypIkG/HTTP-Engine-0.03005-0/inc/Test/TCP.pm line 101
	Test::TCP::new("Test::TCP", "code", CODE(0x2a705f8), "port", 50960) called at /tmp/loop_over_bdir-9051-ZypIkG/HTTP-Engine-0.03005-0/inc/Test/TCP.pm line 52
	Test::TCP::test_tcp("client", CODE(0x2a02ca8), "server", CODE(0x2a705f8), "port", 50960) called at t/Utils.pm line 132
	t::Utils::daemonize_all(CODE(0x250bb78), "    sub {\x{a}        my \$port = Encode::decode_utf8(shift);\x{a}    "...) called at t/moose/030_daemonize/utf8flagged-uri.t line 23
Class::MOP::load_class is deprecated at /home/sand/src/perl/repoperls/installed-perls/host/k93x64sid/v5.18.4/3bd2/lib/site_perl/5.18.4/x86_64-linux-ld/Class/MOP.pm line 69.
	Class::MOP::load_class("HTTP::Engine::Interface::POE") called at /tmp/loop_over_bdir-9051-ZypIkG/HTTP-Engine-0.03005-0/blib/lib/HTTP/Engine/Types/Core.pm line 26
	HTTP::Engine::Types::Core::__ANON__(HASH(0x9cee28)) called at /home/sand/src/perl/repoperls/installed-perls/host/k93x64sid/v5.18.4/3bd2/lib/site_perl/5.18.4/x86_64-linux-ld/Moose/Meta/TypeCoercion.pm line 65
	Moose::Meta::TypeCoercion::__ANON__(HASH(0x9cee28)) called at constructor HTTP::Engine::new (defined at /tmp/loop_over_bdir-9051-ZypIkG/HTTP-Engine-0.03005-0/blib/lib/HTTP/Engine.pm line 17) line 31
	HTTP::Engine::new("HTTP::Engine", "interface", HASH(0x9cee28)) called at t/Utils.pm line 129
	t::Utils::__ANON__(50960) called at /tmp/loop_over_bdir-9051-ZypIkG/HTTP-Engine-0.03005-0/inc/Test/TCP.pm line 118
	Test::TCP::start(Test::TCP=HASH(0x2a875e0)) called at /tmp/loop_over_bdir-9051-ZypIkG/HTTP-Engine-0.03005-0/inc/Test/TCP.pm line 101
	Test::TCP::new("Test::TCP", "code", CODE(0x2a705f8), "port", 50960) called at /tmp/loop_over_bdir-9051-ZypIkG/HTTP-Engine-0.03005-0/inc/Test/TCP.pm line 52
	Test::TCP::test_tcp("client", CODE(0x2a02ca8), "server", CODE(0x2a705f8), "port", 50960) called at t/Utils.pm line 132
	t::Utils::daemonize_all(CODE(0x250bb78), "    sub {\x{a}        my \$port = Encode::decode_utf8(shift);\x{a}    "...) called at t/moose/030_daemonize/utf8flagged-uri.t line 23
t/moose/030_daemonize/utf8flagged-uri.t ..................... ok
t/moose/040_minimal/001_simple.t ............................ ok
t/moose/050_tests/request.t ................................. ok

Test Summary Report
-------------------
t/030_daemonize/proxy_path.t                              (Wstat: 1024 Tests: 16 Failed: 4)
  Failed tests:  2, 4, 10, 12
  Non-zero exit status: 4
t/moose/010_core/request_processor-catch_error.t          (Wstat: 256 Tests: 3 Failed: 1)
  Failed test:  3
  Non-zero exit status: 1
t/moose/020_interface/test-validation.t                   (Wstat: 256 Tests: 10 Failed: 1)
  Failed test:  2
  Non-zero exit status: 1
t/moose/030_daemonize/proxy_path.t                        (Wstat: 1024 Tests: 16 Failed: 4)
  Failed tests:  2, 4, 10, 12
  Non-zero exit status: 4
Files=144, Tests=1382, 43 wallclock secs ( 0.28 usr  0.58 sys + 29.20 cusr  5.78 csys = 35.84 CPU)
Result: FAIL
Failed 4/144 test programs. 10/1382 subtests failed.
Makefile:925: recipe for target 'test_dynamic' failed
make: *** [test_dynamic] Error 255

------------------------------
PREREQUISITES
------------------------------

Prerequisite modules loaded:

requires:

    Module               Need   Have    
    -------------------- ------ --------
    Any::Moose           0.13   0.26    
    CGI::Simple::Cookie  1.103  1.114   
    File::Copy           0      2.26    
    File::Spec::Unix     3.2701 3.62    
    Filter::Util::Call   0      1.45    
    HTTP::Body           1.05   1.22    
    HTTP::Headers::Fast  0.11   0.20    
    HTTP::Server::Simple 0.35   0.51    
    Mouse                0.62   v2.4.5  
    MouseX::Types        0.05   0.06    
    perl                 5.008  5.018004
    Scalar::Util         1.19   1.44    
    URI                  1.36   1.71    

build_requires:

    Module               Need   Have    
    -------------------- ------ --------
    ExtUtils::MakeMaker  6.42   7.10    
    File::Temp           0.20   0.2304  
    HTTP::Request::AsCGI 0      1.2     
    IO::File             1.14   1.16    
    IO::Scalar           0      2.111   
    IO::Socket           1.3    1.36    
    IO::Socket::INET     0      1.33    
    Test::More           0      1.001014
    Test::SharedFork     0.11   0.35    
    Test::TCP            0.16   2.15    
    YAML                 0      1.15    

configure_requires:

    Module               Need   Have    
    -------------------- ------ --------
    ExtUtils::MakeMaker  6.42   7.10    


------------------------------
ENVIRONMENT AND OTHER CONTEXT
------------------------------

Environment variables:

    AUTOMATED_TESTING = 1
    LANG = C
    PATH = /usr/lib/ccache:/home/sand/bin:/usr/local/bin:/usr/lib/ccache:/usr/bin:/bin:/usr/games:/usr/local/perl/bin:/usr/X11/bin:/sbin:/usr/sbin
    PERL5LIB = 
    PERL5OPT = 
    PERL5_CPANPLUS_IS_RUNNING = 18165
    PERL5_CPAN_IS_RUNNING = 18165
    PERL_CANARY_STABILITY_NOPROMPT = 1
    PERL_MM_USE_DEFAULT = 1
    SHELL = /usr/bin/zsh
    TERM = screen

Perl special variables (and OS-specific diagnostics, for MSWin32):

    $^X = /tmp/basesmoker-reloperl-QRwt/bin/perl
    $UID/$EUID = 1005 / 1005
    $GID = 1005 1005
    $EGID = 1005 1005

Perl module toolchain versions installed:

    Module              Have    
    ------------------- --------
    CPAN                2.12    
    CPAN::Meta          2.150005
    Cwd                 3.62    
    ExtUtils::CBuilder  0.280224
    ExtUtils::Command   7.10    
    ExtUtils::Install   1.59    
    ExtUtils::MakeMaker 7.10    
    ExtUtils::Manifest  1.70    
    ExtUtils::ParseXS   3.30    
    File::Spec          3.62    
    JSON                2.90    
    JSON::PP            2.27300 
    Module::Build       0.4216  
    Module::Signature   0.79    
    Parse::CPAN::Meta   1.4417  
    Test::Harness       3.36    
    Test::More          1.001014
    YAML                1.15    
    YAML::Syck          1.29    
    version             0.9916  


--

Summary of my perl5 (revision 5 version 18 subversion 4) configuration:
  Derived from: 51202371ba68f3f52f13124a3ea1bc3c171e0ee2
  Platform:
    osname=linux, osvers=4.4.0-1-amd64, archname=x86_64-linux-ld
    uname='linux k93x64sid 4.4.0-1-amd64 #1 smp debian 4.4.6-1 (2016-03-17) x86_64 gnulinux '
    config_args='-Dprefix=/home/sand/src/perl/repoperls/installed-perls/host/k93x64sid/v5.18.4/3bd2 -Dmyhostname=k93x64sid -Dinstallusrbinperl=n -Uversiononly -Dusedevel -des -Ui_db -Dlibswanted=cl pthread socket inet nsl gdbm dbm malloc dl ld sun m crypt sec util c cposix posix ucb BSD gdbm_compat -Uuseithreads -Duselongdouble -DDEBUGGING=-g'
    hint=recommended, useposix=true, d_sigaction=define
    useithreads=undef, usemultiplicity=undef
    useperlio=define, d_sfio=undef, uselargefiles=define, usesocks=undef
    use64bitint=define, use64bitall=define, uselongdouble=define
    usemymalloc=n, bincompat5005=undef
  Compiler:
    cc='cc', ccflags ='-fno-strict-aliasing -pipe -fstack-protector -I/usr/local/include -D_LARGEFILE_SOURCE -D_FILE_OFFSET_BITS=64',
    optimize='-O2 -g',
    cppflags='-fno-strict-aliasing -pipe -fstack-protector -I/usr/local/include'
    ccversion='', gccversion='5.3.1 20160316', gccosandvers=''
    intsize=4, longsize=8, ptrsize=8, doublesize=8, byteorder=12345678
    d_longlong=define, longlongsize=8, d_longdbl=define, longdblsize=16
    ivtype='long', ivsize=8, nvtype='long double', nvsize=16, Off_t='off_t', lseeksize=8
    alignbytes=16, prototype=define
  Linker and Libraries:
    ld='cc', ldflags =' -fstack-protector -L/usr/local/lib'
    libpth=/usr/local/lib /lib/x86_64-linux-gnu /lib/../lib /usr/lib/x86_64-linux-gnu /usr/lib/../lib /lib /usr/lib
    libs=-lpthread -lnsl -ldl -lm -lcrypt -lutil -lc
    perllibs=-lpthread -lnsl -ldl -lm -lcrypt -lutil -lc
    libc=libc-2.22.so, so=so, useshrplib=false, libperl=libperl.a
    gnulibc_version='2.22'
  Dynamic Linking:
    dlsrc=dl_dlopen.xs, dlext=so, d_dlsymun=undef, ccdlflags='-Wl,-E'
    cccdlflags='-fPIC', lddlflags='-shared -O2 -g -L/usr/local/lib -fstack-protector'


Characteristics of this binary (from libperl): 
  Compile-time options: HAS_TIMES PERLIO_LAYERS PERL_DONT_CREATE_GVSV
                        PERL_HASH_FUNC_ONE_AT_A_TIME_HARD PERL_MALLOC_WRAP
                        PERL_PRESERVE_IVUV PERL_SAWAMPERSAND PERL_USE_DEVEL
                        USE_64_BIT_ALL USE_64_BIT_INT USE_LARGE_FILES
                        USE_LOCALE USE_LOCALE_COLLATE USE_LOCALE_CTYPE
                        USE_LOCALE_NUMERIC USE_LONG_DOUBLE USE_PERLIO
                        USE_PERL_ATOF
  Locally applied patches:
	uncommitted-changes
	Devel::PatchPerl 1.40
  Built under linux
  Compiled at Mar 23 2016 22:06:45
  %ENV:
    PERL5LIB=""
    PERL5OPT=""
    PERL5_CPANPLUS_IS_RUNNING="18165"
    PERL5_CPAN_IS_RUNNING="18165"
    PERL_CANARY_STABILITY_NOPROMPT="1"
    PERL_MM_USE_DEFAULT="1"
  @INC:
    /home/sand/src/perl/repoperls/installed-perls/host/k93x64sid/v5.18.4/3bd2/lib/site_perl/5.18.4/x86_64-linux-ld
    /home/sand/src/perl/repoperls/installed-perls/host/k93x64sid/v5.18.4/3bd2/lib/site_perl/5.18.4
    /home/sand/src/perl/repoperls/installed-perls/host/k93x64sid/v5.18.4/3bd2/lib/5.18.4/x86_64-linux-ld
    /home/sand/src/perl/repoperls/installed-perls/host/k93x64sid/v5.18.4/3bd2/lib/5.18.4
    .