Report for Dist-Zilla-Plugin-Git-GatherDir-0.003

Back
From: metabase:user:314402c4-2aae-11df-837a-5e0a49663a4f
Subject: FAIL Dist-Zilla-Plugin-Git-GatherDir-0.003 v5.18.2 GNU/Linux
Date: 2014-05-12T06:11:22Z

This distribution has been tested as part of the CPAN Testers
project, supporting the Perl programming language.  See
http://wiki.cpantesters.org/ for more information or email
questions to cpan-testers-discuss@perl.org


--
Dear Stephen R. Scaffidi,

This is a computer-generated report for Dist-Zilla-Plugin-Git-GatherDir-0.003
on perl 5.18.2, created by CPAN-Reporter-1.2011.

Thank you for uploading your work to CPAN.  However, there was a problem
testing your distribution.

If you think this report is invalid, please consult the CPAN Testers Wiki
for suggestions on how to avoid getting FAIL reports for missing library
or binary dependencies, unsupported operating systems, and so on:

http://wiki.cpantesters.org/wiki/CPANAuthorNotes

Sections of this report:

    * Tester comments
    * Program output
    * Prerequisites
    * Environment and other context

------------------------------
TESTER COMMENTS
------------------------------

Additional comments from tester:

none provided

------------------------------
PROGRAM OUTPUT
------------------------------

Output from './Build test':

The method 'dump_config' was not found in the inheritance hierarchy for Dist::Zilla::Plugin::Git::GatherDir at /opt/perl-5.18.2/lib/site_perl/5.18.2/x86_64-linux/Moose/Exception.pm line 37
	Moose::Exception::_build_trace('Moose::Exception::MethodNameNotFoundInInheritanceHierarchy=HASH(0x2e8f9f8)') called at reader Moose::Exception::trace (defined at /opt/perl-5.18.2/lib/site_perl/5.18.2/x86_64-linux/Moose/Exception.pm line 9) line 7
	Moose::Exception::trace('Moose::Exception::MethodNameNotFoundInInheritanceHierarchy=HASH(0x2e8f9f8)') called at /opt/perl-5.18.2/lib/site_perl/5.18.2/x86_64-linux/Moose/Exception.pm line 49
	Moose::Exception::BUILD('Moose::Exception::MethodNameNotFoundInInheritanceHierarchy=HASH(0x2e8f9f8)', 'HASH(0x257f860)') called at /opt/perl-5.18.2/lib/site_perl/5.18.2/x86_64-linux/Class/MOP/Method.pm line 128
	Class::MOP::Method::execute('Moose::Meta::Method=HASH(0x310f6a0)', 'Moose::Exception::MethodNameNotFoundInInheritanceHierarchy=HASH(0x2e8f9f8)', 'HASH(0x257f860)') called at /opt/perl-5.18.2/lib/site_perl/5.18.2/x86_64-linux/Moose/Object.pm line 56
	Moose::Object::BUILDALL('Moose::Exception::MethodNameNotFoundInInheritanceHierarchy=HASH(0x2e8f9f8)', 'HASH(0x257f860)') called at /opt/perl-5.18.2/lib/site_perl/5.18.2/x86_64-linux/Moose/Meta/Class.pm line 282
	Moose::Meta::Class::new_object('Moose::Meta::Class=HASH(0x30ae558)', 'HASH(0x257f860)') called at /opt/perl-5.18.2/lib/site_perl/5.18.2/x86_64-linux/Moose/Object.pm line 27
	Moose::Object::new('Moose::Exception::MethodNameNotFoundInInheritanceHierarchy', 'class', 'Moose::Meta::Class=HASH(0x242c3d0)', 'method_name', 'dump_config') called at /opt/perl-5.18.2/lib/site_perl/5.18.2/x86_64-linux/Moose/Util.pm line 52
	Moose::Util::throw_exception('MethodNameNotFoundInInheritanceHierarchy', 'class', 'Moose::Meta::Class=HASH(0x242c3d0)', 'method_name', 'dump_config') called at /opt/perl-5.18.2/lib/site_perl/5.18.2/x86_64-linux/Class/MOP/Class.pm line 1062
	Class::MOP::Class::__ANON__('Moose::Meta::Class=HASH(0x242c3d0)', 'dump_config') called at /opt/perl-5.18.2/lib/site_perl/5.18.2/x86_64-linux/Class/MOP/Class.pm line 1109
	Class::MOP::Class::add_around_method_modifier('Moose::Meta::Class=HASH(0x242c3d0)', 'dump_config', 'CODE(0x2e33e68)') called at /opt/perl-5.18.2/lib/site_perl/5.18.2/x86_64-linux/Moose/Meta/Role/Application/ToClass.pm line 211
	Moose::Meta::Role::Application::ToClass::apply_method_modifiers('Moose::Meta::Role::Application::ToClass=HASH(0x3026af0)', 'around', 'Moose::Meta::Role=HASH(0x2e97d90)', 'Moose::Meta::Class=HASH(0x242c3d0)') called at /opt/perl-5.18.2/lib/site_perl/5.18.2/x86_64-linux/Moose/Meta/Role/Application.pm line 77
	Moose::Meta::Role::Application::apply_around_method_modifiers('Moose::Meta::Role::Application::ToClass=HASH(0x3026af0)', 'Moose::Meta::Role=HASH(0x2e97d90)', 'Moose::Meta::Class=HASH(0x242c3d0)') called at /opt/perl-5.18.2/lib/site_perl/5.18.2/x86_64-linux/Moose/Meta/Role/Application.pm line 63
	Moose::Meta::Role::Application::apply('Moose::Meta::Role::Application::ToClass=HASH(0x3026af0)', 'Moose::Meta::Role=HASH(0x2e97d90)', 'Moose::Meta::Class=HASH(0x242c3d0)') called at /opt/perl-5.18.2/lib/site_perl/5.18.2/x86_64-linux/Moose/Meta/Role/Application/ToClass.pm line 35
	Moose::Meta::Role::Application::ToClass::apply('Moose::Meta::Role::Application::ToClass=HASH(0x3026af0)', 'Moose::Meta::Role=HASH(0x2e97d90)', 'Moose::Meta::Class=HASH(0x242c3d0)', 'HASH(0x2e8fc68)') called at /opt/perl-5.18.2/lib/site_perl/5.18.2/x86_64-linux/Moose/Meta/Role.pm line 474
	Moose::Meta::Role::apply('Moose::Meta::Role=HASH(0x2e97d90)', 'Moose::Meta::Class=HASH(0x242c3d0)') called at /opt/perl-5.18.2/lib/site_perl/5.18.2/x86_64-linux/Moose/Util.pm line 175
	Moose::Util::_apply_all_roles('Moose::Meta::Class=HASH(0x242c3d0)', undef, 'Dist::Zilla::Role::Git::Repo') called at /opt/perl-5.18.2/lib/site_perl/5.18.2/x86_64-linux/Moose/Util.pm line 117
	Moose::Util::apply_all_roles('Moose::Meta::Class=HASH(0x242c3d0)', 'Dist::Zilla::Role::Git::Repo') called at /opt/perl-5.18.2/lib/site_perl/5.18.2/x86_64-linux/Moose.pm line 60
	Moose::with('Moose::Meta::Class=HASH(0x242c3d0)', 'Dist::Zilla::Role::Git::Repo') called at /opt/perl-5.18.2/lib/site_perl/5.18.2/x86_64-linux/Moose/Exporter.pm line 405
	Moose::with('Dist::Zilla::Role::Git::Repo') called at lib/Dist/Zilla/Plugin/Git/GatherDir.pm line 17
	require Dist/Zilla/Plugin/Git/GatherDir.pm at -e line 1
Compilation failed in require at -e line 1.

#   Failed test 'Dist::Zilla::Plugin::Git::GatherDir loaded ok'
#   at t/00-compile.t line 62.
#                   ''
#     doesn't match '(?^s:^\s*Dist::Zilla::Plugin::Git::GatherDir ok)'
# Looks like you failed 1 test of 1.
t/00-compile.t ............ 
Dubious, test returned 1 (wstat 256, 0x100)
Failed 1/1 subtests 
t/release-distmeta.t ...... skipped: these tests are for release candidate testing
t/release-pod-coverage.t .. skipped: these tests are for release candidate testing
t/release-pod-syntax.t .... skipped: these tests are for release candidate testing

Test Summary Report
-------------------
t/00-compile.t          (Wstat: 256 Tests: 1 Failed: 1)
  Failed test:  1
  Non-zero exit status: 1
Files=4, Tests=1,  0 wallclock secs ( 0.02 usr  0.03 sys +  0.33 cusr  0.08 csys =  0.46 CPU)
Result: FAIL
Failed 1/4 test programs. 1/1 subtests failed.

------------------------------
PREREQUISITES
------------------------------

Prerequisite modules loaded:

requires:

    Module                         Need   Have    
    ------------------------------ ------ --------
    Data::Dumper                   0      2.151   
    Dist::Zilla::Plugin::GatherDir 0      5.016   
    Dist::Zilla::Role::Git::Repo   0      2.022   
    File::Find::Rule               0      0.33    
    File::HomeDir                  0      1.00    
    File::Spec                     0      3.40    
    Git::Wrapper                   0      0.032   
    Moose                          0      2.1205  
    Moose::Autobox                 0      0.15    
    MooseX::Types::Path::Class     0      0.06    
    namespace::autoclean           0      0.15    
    Path::Class                    0      0.33    
    strict                         0      1.07    
    warnings                       0      1.18    

build_requires:

    Module                         Need   Have    
    ------------------------------ ------ --------
    File::Find                     0      1.23    
    File::Temp                     0      0.2304  
    Module::Build                  0.3601 0.4205  
    Test::More                     0      1.001003

configure_requires:

    Module                         Need   Have    
    ------------------------------ ------ --------
    ExtUtils::MakeMaker            6.30   6.98    
    Module::Build                  0.3601 0.4205  


------------------------------
ENVIRONMENT AND OTHER CONTEXT
------------------------------

Environment variables:

    DBIC_NO_WARN_BAD_PERL = 1
    LANG = C
    PATH = /usr/local/bin:/usr/bin:/bin:/usr/local/sbin:/usr/sbin:/sbin:/home/eserte/bin/linux-gnu:/home/eserte/bin/sh:/home/eserte/bin:/usr/games:/home/eserte/devel:/home/eserte/src/srezic-misc/scripts
    PERL5LIB = 
    PERL5OPT = 
    PERL5_CPANPLUS_IS_RUNNING = 31254
    PERL5_CPAN_IS_RUNNING = 31254
    PERL5_CPAN_IS_RUNNING_IN_RECURSION = 8700,31254
    PERLDOC = -MPod::Perldoc::ToTextOverstrike
    PERL_BATCH = yes
    PERL_CPAN_REPORTER_CONFIG = /var/tmp/cpansmoker-1001/L8aulN1d_1_config.ini
    PERL_EXTUTILS_AUTOINSTALL = --defaultdeps
    PERL_HTML_DISPLAY_CLASS = HTML::Display::Mozilla
    PERL_PARALLEL_SMOKER = yes
    SHELL = /bin/zsh
    TERM = screen
    TMPDIR = /var/tmp/cpansmoker-1001

Perl special variables (and OS-specific diagnostics, for MSWin32):

    $^X = /bbbike/perl-5.18.2/bin/perl5.18.2
    $UID/$EUID = 1001 / 1001
    $GID = 1001 109 1001
    $EGID = 1001 109 1001

Perl module toolchain versions installed:

    Module              Have    
    ------------------- --------
    CPAN                2.05    
    CPAN::Meta          2.141170
    Cwd                 3.40    
    ExtUtils::CBuilder  0.280216
    ExtUtils::Command   1.18    
    ExtUtils::Install   1.67    
    ExtUtils::MakeMaker 6.98    
    ExtUtils::Manifest  1.63    
    ExtUtils::ParseXS   3.24    
    File::Spec          3.40    
    JSON                2.90    
    JSON::PP            2.27203 
    Module::Build       0.4205  
    Module::Signature   0.73    
    Parse::CPAN::Meta   1.4414  
    Test::Harness       3.30    
    Test::More          1.001003
    YAML                0.90    
    YAML::Syck          1.27    
    version             0.9908  


--

Summary of my perl5 (revision 5 version 18 subversion 2) configuration:
   
  Platform:
    osname=linux, osvers=3.2.0-4-amd64, archname=x86_64-linux
    uname='linux eserte 3.2.0-4-amd64 #1 smp debian 3.2.57-3 x86_64 gnulinux '
    config_args='-ds -e -Dprefix=/opt/perl-5.18.2'
    hint=recommended, useposix=true, d_sigaction=define
    useithreads=undef, usemultiplicity=undef
    useperlio=define, d_sfio=undef, uselargefiles=define, usesocks=undef
    use64bitint=define, use64bitall=define, uselongdouble=undef
    usemymalloc=n, bincompat5005=undef
  Compiler:
    cc='cc', ccflags ='-fno-strict-aliasing -pipe -fstack-protector -I/usr/local/include -D_LARGEFILE_SOURCE -D_FILE_OFFSET_BITS=64',
    optimize='-O2',
    cppflags='-fno-strict-aliasing -pipe -fstack-protector -I/usr/local/include'
    ccversion='', gccversion='4.7.2', gccosandvers=''
    intsize=4, longsize=8, ptrsize=8, doublesize=8, byteorder=12345678
    d_longlong=define, longlongsize=8, d_longdbl=define, longdblsize=16
    ivtype='long', ivsize=8, nvtype='double', nvsize=8, Off_t='off_t', lseeksize=8
    alignbytes=8, prototype=define
  Linker and Libraries:
    ld='cc', ldflags =' -fstack-protector -L/usr/local/lib'
    libpth=/usr/local/lib /lib/x86_64-linux-gnu /lib/../lib /usr/lib/x86_64-linux-gnu /usr/lib/../lib /lib /usr/lib
    libs=-lnsl -ldb -ldl -lm -lcrypt -lutil -lc
    perllibs=-lnsl -ldl -lm -lcrypt -lutil -lc
    libc=, so=so, useshrplib=false, libperl=libperl.a
    gnulibc_version='2.13'
  Dynamic Linking:
    dlsrc=dl_dlopen.xs, dlext=so, d_dlsymun=undef, ccdlflags='-Wl,-E'
    cccdlflags='-fPIC', lddlflags='-shared -O2 -L/usr/local/lib -fstack-protector'


Characteristics of this binary (from libperl): 
  Compile-time options: HAS_TIMES PERLIO_LAYERS PERL_DONT_CREATE_GVSV
                        PERL_HASH_FUNC_ONE_AT_A_TIME_HARD PERL_MALLOC_WRAP
                        PERL_PRESERVE_IVUV PERL_SAWAMPERSAND USE_64_BIT_ALL
                        USE_64_BIT_INT USE_LARGE_FILES USE_LOCALE
                        USE_LOCALE_COLLATE USE_LOCALE_CTYPE
                        USE_LOCALE_NUMERIC USE_PERLIO USE_PERL_ATOF
  Built under linux
  Compiled at May  7 2014 07:25:45
  %ENV:
    PERL5LIB=""
    PERL5OPT=""
    PERL5_CPANPLUS_IS_RUNNING="31254"
    PERL5_CPAN_IS_RUNNING="31254"
    PERL5_CPAN_IS_RUNNING_IN_RECURSION="8700,31254"
    PERLDOC="-MPod::Perldoc::ToTextOverstrike"
    PERL_BATCH="yes"
    PERL_CPAN_REPORTER_CONFIG="/var/tmp/cpansmoker-1001/L8aulN1d_1_config.ini"
    PERL_EXTUTILS_AUTOINSTALL="--defaultdeps"
    PERL_HTML_DISPLAY_CLASS="HTML::Display::Mozilla"
    PERL_PARALLEL_SMOKER="yes"
  @INC:
    /opt/perl-5.18.2/lib/site_perl/5.18.2/x86_64-linux
    /opt/perl-5.18.2/lib/site_perl/5.18.2
    /opt/perl-5.18.2/lib/5.18.2/x86_64-linux
    /opt/perl-5.18.2/lib/5.18.2
    .